06-17 11:01:32.841 1257 5066 D SettingsProvider: projectionArgs: isSettingsChangesAllowed
06-17 11:01:32.841 1257 5066 D SettingsProvider: selectionArgs: false
06-17 11:01:32.841 1257 5066 D SettingsProvider: selectionArgs: 10054
06-17 11:01:32.842 1257 5066 D SecContentProvider: called from android.uid.systemui:10054
06-17 11:01:32.842 1257 5066 D RestrictionPolicy: isSettingsChangesAllowedAsUser, userId 0 : true
06-17 11:01:32.842 1257 5066 D SettingsProvider: ret = 1
06-17 11:01:32.852 1257 1435 D SettingsProvider: isChangeAllowed() : name = pref_allowed_number_dynamic
06-17 11:01:32.852 1257 1435 D SettingsProvider: edmUri: content://com.sec.knox.provider/RestrictionPolicy3
06-17 11:01:32.852 1257 1435 D SettingsProvider: projectionArgs: isSettingsChangesAllowed
06-17 11:01:32.852 1257 1435 D SettingsProvider: selectionArgs: false
06-17 11:01:32.852 1257 1435 D SettingsProvider: selectionArgs: 10054
06-17 11:01:32.852 1257 1435 D SecContentProvider: called from android.uid.systemui:10054
06-17 11:01:32.852 1257 1435 D RestrictionPolicy: isSettingsChangesAllowedAsUser, userId 0 : true
06-17 11:01:32.852 1257 1435 D SettingsProvider: ret = 1
06-17 11:01:32.853 1257 1435 D SettingsProvider: isChangeAllowed() : name = pref_dynamic_allowed_number
06-17 11:01:32.853 1257 1435 D SettingsProvider: edmUri: content://com.sec.knox.provider/RestrictionPolicy3
06-17 11:01:32.853 1257 1435 D SettingsProvider: projectionArgs: isSettingsChangesAllowed
06-17 11:01:32.853 1257 1435 D SettingsProvider: selectionArgs: false
06-17 11:01:32.853 1257 1435 D SettingsProvider: selectionArgs: 10054
06-17 11:01:32.854 1257 1435 D SecContentProvider: called from android.uid.systemui:10054
06-17 11:01:32.854 1257 1435 D RestrictionPolicy: isSettingsChangesAllowedAsUser, userId 0 : true
06-17 11:01:32.854 1257 1435 D SettingsProvider: ret = 1
06-17 11:01:32.855 1257 2390 D SettingsProvider: isChangeAllowed() : name = pref_allowed_number_wallpaper_settings
06-17 11:01:32.855 1257 2390 D SettingsProvider: edmUri: content://com.sec.knox.provider/RestrictionPolicy3
06-17 11:01:32.855 1257 2390 D SettingsProvider: projectionArgs: isSettingsChangesAllowed
06-17 11:01:32.855 1257 2390 D SettingsProvider: selectionArgs: false
06-17 11:01:32.855 1257 2390 D SettingsProvider: selectionArgs: 10054
06-17 11:01:32.856 1257 2390 D SecContentProvider: called from android.uid.systemui:10054
06-17 11:01:32.856 1257 1257 V SettingsProvider: Notifying for 0: content://settings/secure/pref_dynamic_allowed_number
06-17 11:01:32.856 1257 2390 D RestrictionPolicy: isSettingsChangesAllowedAsUser, userId 0 : true
06-17 11:01:32.856 1257 2390 D SettingsProvider: ret = 1
06-17 11:01:32.857 1257 1435 D SettingsProvider: isChangeAllowed() : name = pref_dynamic_allowed_number
06-17 11:01:32.857 1257 1435 D SettingsProvider: edmUri: content://com.sec.knox.provider/RestrictionPolicy3
06-17 11:01:32.857 1257 1435 D SettingsProvider: projectionArgs: isSettingsChangesAllowed
06-17 11:01:32.857 1257 1435 D SettingsProvider: selectionArgs: false
06-17 11:01:32.857 1257 1435 D SettingsProvider: selectionArgs: 10054
06-17 11:01:32.858 1257 1435 D SecContentProvider: called from android.uid.systemui:10054
06-17 11:01:32.858 1257 1435 D RestrictionPolicy: isSettingsChangesAllowedAsUser, userId 0 : true
06-17 11:01:32.858 1257 1435 D SettingsProvider: ret = 1
06-17 11:01:32.860 1257 1257 V SettingsProvider: Notifying for 0: content://settings/secure/pref_dynamic_allowed_number
06-17 11:01:32.877 1257 2390 D SettingsProvider: isChangeAllowed() : name = plugin_lock_event_dump
06-17 11:01:32.877 1257 2390 D SettingsProvider: edmUri: content://com.sec.knox.provider/RestrictionPolicy3
06-17 11:01:32.877 1257 2390 D SettingsProvider: projectionArgs: isSettingsChangesAllowed
06-17 11:01:32.877 1257 2390 D SettingsProvider: selectionArgs: false
06-17 11:01:32.877 1257 2390 D SettingsProvider: selectionArgs: 10054
06-17 11:01:32.877 1257 2390 D SecContentProvider: called from android.uid.systemui:10054
06-17 11:01:32.878 1257 2390 D RestrictionPolicy: isSettingsChangesAllowedAsUser, userId 0 : true
06-17 11:01:32.878 1257 2390 D SettingsProvider: ret = 1
06-17 11:01:32.879 1257 1257 V SettingsProvider: Notifying for 0: content://settings/secure/plugin_lock_event_dump
06-17 11:01:32.893 1257 2390 V WindowManager: performShow on Window{e4975fb u0 com.android.systemui.ImageWallpaper}: mDrawState=READY_TO_SHOW readyForDisplay=false starting=false during animation: policyVis=true parentHidden=false tok.hiddenRequested=false tok.hidden=false animating=false tok animating=false Callers=com.android.server.wm.WindowState.performShowLocked:4719 com.android.server.wm.WindowStateAnimator.commitFinishDrawingLocked:401 com.android.server.wm.DisplayContent.lambda$new$8$DisplayContent:990 com.android.server.wm.-$$Lambda$DisplayContent$qxt4izS31fb0LF2uo_OF9DMa7gc.accept:4
06-17 11:01:32.895 1257 2390 I WindowManager: Reparenting to leash, surface=Surface(name=e4975fb com.android.systemui.ImageWallpaper)/@0x9c19df
06-17 11:01:32.896 1257 2390 D WindowManager: makeSurface duration=2 leash=Surface(name=Surface(name=e4975fb com.android.systemui.ImageWallpaper)/@0x9c19df - animation-leash)/@0x890d8f5
06-17 11:01:32.905 1257 2390 D AdaptiveDisplaySolutionService: setAutoCurrentLimitState() : true , mADSEnableCondition : true
06-17 11:01:32.905 1257 2390 I AdaptiveDisplaySolutionService: updateAdaptiveControlState() : true
06-17 11:01:32.905 1257 2390 D AdaptiveDisplaySolutionService: [AdaptiveControl]: ACL OFF
06-17 11:01:32.905 1257 2390 V MdnieScenarioControlService: mAutoCurrentLimitOffState : true
06-17 11:01:32.905 1257 2390 D AdaptiveDisplaySolutionService: fileWriteString to /sys/class/lcd/panel/adaptive_control, 1
06-17 11:01:32.907 1257 2390 D AdaptiveDisplaySolutionService: fileWriteString to /sys/class/lcd/panel/adaptive_control, 0
06-17 11:01:32.965 1257 3383 I SamsungAlarmManager: setLocked to kernel - T:2 / 20260617T110715, SetElapsed=771738, nowELAPSED=429311
06-17 11:01:32.966 1257 3383 I SamsungAlarmManager: setLocked to kernel - T:3 / 20260617T110200, SetElapsed=456345, nowELAPSED=429311
06-17 11:01:32.968 1257 3383 D SamsungAlarmManager: setInexact Intent (T:2/F:0/AC:false) 20260617T110632 - CU:10271/CP:13729
06-17 11:01:32.968 1257 3383 I SamsungAlarmManager: setLocked to kernel - T:2 / 20260617T110632, SetElapsed=729301, nowELAPSED=429313
06-17 11:01:32.968 1257 3383 I SamsungAlarmManager: setLocked to kernel - T:3 / 20260617T110200, SetElapsed=456345, nowELAPSED=429313
06-17 11:01:33.048 1257 1280 I GameManagerService: PkgInstallationReceiver, onPackageChanged : com.microsoft.skydrive uid : 10101 userID : UserHandle{0}
06-17 11:01:33.079 1257 3383 D WallpaperManagerService: which : 2, return type : 8 (called by userId= 0)
06-17 11:01:33.101 1257 1270 D WallpaperManagerService: which : 2, return type : 8 (called by userId= 0)
06-17 11:01:33.159 1257 1270 I chatty : uid=1000(system) Binder:1257_2 identical 2 lines
06-17 11:01:33.171 1257 1270 D WallpaperManagerService: which : 2, return type : 8 (called by userId= 0)
06-17 11:01:33.176 1257 2390 D WallpaperManagerService: which : 2, return type : 8 (called by userId= 0)
06-17 11:01:33.192 1257 1270 D WallpaperManagerService: which : 2, return type : 8 (called by userId= 0)
06-17 11:01:33.197 1257 1435 D WallpaperManagerService: which : 2, return type : 8 (called by userId= 0)
06-17 11:01:33.220 1257 1270 D WallpaperManagerService: which : 2, return type : 8 (called by userId= 0)
06-17 11:01:33.224 1257 1906 D WallpaperManagerService: which : 2, return type : 8 (called by userId= 0)
06-17 11:01:33.237 1257 1274 D SettingsProvider: isChangeAllowed() : name = enabled_notification_listeners
06-17 11:01:33.237 1257 1274 D SettingsProvider: isChangeAllowed() : name = enabled_notification_assistant
06-17 11:01:33.238 1257 1274 D SettingsProvider: isChangeAllowed() : name = enabled_notification_policy_access_packages
06-17 11:01:33.281 1257 1274 D SettingsProvider: isChangeAllowed() : name = enabled_notification_listeners
06-17 11:01:33.281 1257 1906 D WallpaperManagerService: which : 2, return type : 8 (called by userId= 0)
06-17 11:01:33.284 1257 1274 D SettingsProvider: isChangeAllowed() : name = enabled_notification_assistant
06-17 11:01:33.284 1257 1274 D SettingsProvider: isChangeAllowed() : name = enabled_notification_policy_access_packages
06-17 11:01:33.286 1257 1435 D WallpaperManagerService: which : 2, return type : 8 (called by userId= 0)
06-17 11:01:33.302 1257 3383 D WallpaperManagerService: which : 2, return type : 8 (called by userId= 0)
06-17 11:01:33.308 1257 3387 D WallpaperManagerService: which : 2, return type : 8 (called by userId= 0)
06-17 11:01:33.320 1257 3387 I Telecom:SamsungTelecomServiceImpl: isInCall - callingPackage : com.android.systemui
06-17 11:01:33.327 1257 1435 D PowerManagerService: [api] userActivity : event: 0 flags: 0 (uid: 10054 pid: 12929) eventTime = 429672
06-17 11:01:33.329 1257 1906 D CustomFrequencyManagerService: FrequencyrequestList.getNextSchedTuneBoostRequest, index: 1
06-17 11:01:33.349 1257 1435 D SettingsProvider: isChangeAllowed() : name = friends_plugin_version
06-17 11:01:33.349 1257 1435 D SettingsProvider: edmUri: content://com.sec.knox.provider/RestrictionPolicy3
06-17 11:01:33.349 1257 1435 D SettingsProvider: projectionArgs: isSettingsChangesAllowed
06-17 11:01:33.349 1257 1435 D SettingsProvider: selectionArgs: false
06-17 11:01:33.349 1257 1435 D SettingsProvider: selectionArgs: 10054
06-17 11:01:33.350 1257 1435 D SecContentProvider: called from android.uid.systemui:10054
06-17 11:01:33.351 1257 1435 D RestrictionPolicy: isSettingsChangesAllowedAsUser, userId 0 : true
06-17 11:01:33.351 1257 1435 D SettingsProvider: ret = 1
06-17 11:01:33.353 1257 1906 D SettingsProvider: isChangeAllowed() : name = friends_plugin_connected
06-17 11:01:33.353 1257 1906 D SettingsProvider: edmUri: content://com.sec.knox.provider/RestrictionPolicy3
06-17 11:01:33.353 1257 1906 D SettingsProvider: projectionArgs: isSettingsChangesAllowed
06-17 11:01:33.353 1257 1906 D SettingsProvider: selectionArgs: false
06-17 11:01:33.353 1257 1906 D SettingsProvider: selectionArgs: 10054
06-17 11:01:33.353 1257 1906 D SecContentProvider: called from android.uid.systemui:10054
06-17 11:01:33.353 1257 1906 D RestrictionPolicy: isSettingsChangesAllowedAsUser, userId 0 : true
06-17 11:01:33.353 1257 1906 D SettingsProvider: ret = 1
06-17 11:01:33.365 1257 1274 D SettingsProvider: isChangeAllowed() : name = enabled_notification_listeners
06-17 11:01:33.366 1257 1274 D SettingsProvider: isChangeAllowed() : name = enabled_notification_assistant
06-17 11:01:33.366 1257 1274 D SettingsProvider: isChangeAllowed() : name = enabled_notification_policy_access_packages
06-17 11:01:33.408 1257 1276 I WindowManager: Reparenting to original parent: Surface(name=WallpaperWindowToken{18297f8 token=android.os.Binder@248a855})/@0x4613058, destroyLeash=true, surface=Surface(name=e4975fb com.android.systemui.ImageWallpaper)/@0x9c19df
06-17 11:01:33.423 1257 1906 D SettingsProvider: isChangeAllowed() : name = friends_plugin_allowed_number
06-17 11:01:33.423 1257 1906 D SettingsProvider: edmUri: content://com.sec.knox.provider/RestrictionPolicy3
06-17 11:01:33.424 1257 1906 D SettingsProvider: projectionArgs: isSettingsChangesAllowed
06-17 11:01:33.424 1257 1906 D SettingsProvider: selectionArgs: false
06-17 11:01:33.424 1257 1906 D SettingsProvider: selectionArgs: 10054
06-17 11:01:33.424 1257 1906 D SecContentProvider: called from android.uid.systemui:10054
06-17 11:01:33.424 1257 1906 D RestrictionPolicy: isSettingsChangesAllowedAsUser, userId 0 : true
06-17 11:01:33.424 1257 1906 D SettingsProvider: ret = 1
06-17 11:01:33.428 1257 1906 D SettingsProvider: isChangeAllowed() : name = plugin_lock_event_dump
06-17 11:01:33.428 1257 1906 D SettingsProvider: edmUri: content://com.sec.knox.provider/RestrictionPolicy3
06-17 11:01:33.428 1257 1906 D SettingsProvider: projectionArgs: isSettingsChangesAllowed
06-17 11:01:33.428 1257 1906 D SettingsProvider: selectionArgs: false
06-17 11:01:33.428 1257 1906 D SettingsProvider: selectionArgs: 10054
06-17 11:01:33.428 1257 1906 D SecContentProvider: called from android.uid.systemui:10054
06-17 11:01:33.428 1257 1906 D RestrictionPolicy: isSettingsChangesAllowedAsUser, userId 0 : true
06-17 11:01:33.428 1257 1906 D SettingsProvider: ret = 1
06-17 11:01:33.430 1257 1257 V SettingsProvider: Notifying for 0: content://settings/secure/plugin_lock_event_dump
06-17 11:01:33.437 1257 1906 D WallpaperManagerService: which : 2, return type : 8 (called by userId= 0)
06-17 11:01:33.492 1257 1906 D StatusBarManagerService: notifyRequestedSystemKey recent=false home=false
06-17 11:01:33.494 1257 1275 D PowerManagerService: [api] setUserActivityTimeoutOverrideFromWindowManagerInternal: timeoutMillis: 5000
06-17 11:01:33.494 1257 1275 D PowerManagerService: getScreenOffTimeoutLocked: 30000 -> 5000
06-17 11:01:33.494 1257 1275 D PowerManagerService: [api] setScreenDimDurationOverrideFromWindowManagerInternal: timeoutMillis: 0
06-17 11:01:33.590 1257 1542 W ContextImpl: Calling a method in the system process without a qualified user: android.app.ContextImpl.sendBroadcast:1088 com.samsung.android.codecsolution.Logging.insertDiagmonLog:79 com.samsung.android.codecsolution.Logging.insertLog:53 com.samsung.android.codecsolution.Logging.insertLog:45 com.samsung.android.codecsolution.CodecSolutionManagerService$1.handleMessage:250
06-17 11:01:33.590 1257 1435 I WindowManager: Reparenting to leash, surface=Surface(name=5cc142e NavigationBar0)/@0x8fc8bc1
06-17 11:01:33.592 1257 1435 D WindowManager: makeSurface duration=2 leash=Surface(name=Surface(name=5cc142e NavigationBar0)/@0x8fc8bc1 - animation-leash)/@0x2b3a049
06-17 11:01:33.609 1257 1906 I Telecom:SamsungTelecomServiceImpl: isInCall - callingPackage : com.android.systemui
06-17 11:01:33.611 1257 1906 D CustomFrequencyManagerService: FrequencyrequestList.getNextSchedTuneBoostRequest, index: 1
06-17 11:01:33.721 1257 1435 D WallpaperManagerService: which : 2, return type : 8 (called by userId= 0)
06-17 11:01:33.749 1257 1435 I Telecom:SamsungTelecomServiceImpl: isInCall - callingPackage : com.android.systemui
06-17 11:01:33.753 1257 1257 D GameManagerService: com.samsung.keyguard.KEYGUARD_STATE. check for pause
06-17 11:01:33.754 1257 1540 D GameManagerService: sendPauseConditionally()
06-17 11:01:33.811 1257 1276 I WindowManager: Reparenting to original parent: Surface(name=WindowToken{f0aeb73 android.os.BinderProxy@11cad})/@0xbb38f20, destroyLeash=true, surface=Surface(name=5cc142e NavigationBar0)/@0x8fc8bc1
06-17 11:01:33.832 1257 1276 I WindowManager: Destroying surface Surface(name=NavigationBar0$_12929)/@0xb442f68 called by com.android.server.wm.WindowStateAnimator.destroySurface:1790 com.android.server.wm.WindowStateAnimator.destroySurfaceLocked:720 com.android.server.wm.WindowState.destroySurfaceUnchecked:3534 com.android.server.wm.RootWindowContainer.performSurfacePlacementNoTrace:817 com.android.server.wm.RootWindowContainer.performSurfacePlacement:669 com.android.server.wm.WindowSurfacePlacer.performSurfacePlacementLoop:180 com.android.server.wm.WindowSurfacePlacer.performSurfacePlacement:111 com.android.server.wm.WindowSurfacePlacer.performSurfacePlacement:99
06-17 11:01:33.886 3346 3346 D SDHMS:eb.h: VideoPlayListener mIsVideoPlay : true
06-17 11:01:34.575 1257 1904 D ConnectivityService: ConnectivityService NetworkRequestInfo binderDied(NetworkRequest [ LISTEN id=367, [ Capabilities: INTERNET&NOT_RESTRICTED&TRUSTED&NOT_VPN&FOREGROUND Uid: 10134] ], android.os.BinderProxy@ce66310)
06-17 11:01:34.576 1257 1466 D ConnectivityService: releasing NetworkRequest [ LISTEN id=367, [ Capabilities: INTERNET&NOT_RESTRICTED&TRUSTED&NOT_VPN&FOREGROUND Uid: 10134] ] (release request)
06-17 11:01:34.576 1257 3387 I ActivityManager: Process com.microsoft.appmanager (pid 12963) has died: cch+75 CEM (150,1477)
06-17 11:01:34.577 1257 1455 D WifiP2pService: P2pDisabledState{ when=-1ms what=143378 obj=android.os.BinderProxy@c44e368 target=com.android.internal.util.StateMachine$SmHandler }
06-17 11:01:34.577 1257 1455 D WifiP2pService: Remove client - com.microsoft.appmanager
06-17 11:01:34.579 1257 3387 W ActivityManager: Scheduling restart of crashed service com.microsoft.appmanager/androidx.room.MultiInstanceInvalidationService in 1000ms
06-17 11:01:34.613 12929 12929 D SystemUIService: onTrimMemory : 15
06-17 11:01:34.613 12929 12929 D SystemUIService: Starting getMemoryInfo in MemoryInfoReporter thread.
06-17 11:01:34.617 1257 3338 I ActivityManager: Process com.samsung.android.app.appsedge (pid 13036) has died: cch+65 CEM (154,1476)
06-17 11:01:34.619 12929 14216 D SystemUIService: - Memory Information -
06-17 11:01:34.651 1257 3338 I ActivityManager: Process com.samsung.android.calendar (pid 13077) has died: cch+55 CEM (161,1476)
06-17 11:01:34.682 1257 3387 D SamsungAlarmManager: Cancel Alarm calling from uid:10197 pid :11025 / op:PendingIntent{39b824b: PendingIntentRecord{ecfa40f com.sec.android.daemonapp broadcastIntent}}
06-17 11:01:34.684 1257 3338 I ActivityManager: Process com.samsung.android.app.galaxyfinder:appservice (pid 13148) has died: cch+55 CEM (169,1475)
06-17 11:01:34.688 1257 3387 I SamsungAlarmManager: setLocked to kernel - T:2 / 20260617T110715, SetElapsed=771738, nowELAPSED=431033
06-17 11:01:34.688 1257 3387 I SamsungAlarmManager: setLocked to kernel - T:3 / 20260617T110200, SetElapsed=456345, nowELAPSED=431033
06-17 11:01:34.708 1257 3383 D SamsungAlarmManager: setExact Intent (T:1/F:1/AC:false) 20260617T170135 - CU:10197/CP:11025
06-17 11:01:34.708 1257 3383 I SamsungAlarmManager: setLocked to kernel - T:2 / 20260617T110715, SetElapsed=771738, nowELAPSED=431053
06-17 11:01:34.708 1257 3383 I SamsungAlarmManager: setLocked to kernel - T:3 / 20260617T110200, SetElapsed=456345, nowELAPSED=431053
06-17 11:01:34.713 1257 1257 D EdgeLightingManager: isCallingUserSupported : callingUserId=0, mUserId=0, isDualAppId=false
06-17 11:01:34.713 1257 1257 D EdgeLightingManager: hideForNotification : packageName = com.sec.android.daemonapp
06-17 11:01:34.713 1257 1257 D EdgeLightingPolicyManager:NotificationGroup: remove : sbn : StatusBarNotification(pkg=com.sec.android.daemonapp user=UserHandle{0} id=4914 tag=null key=0|com.sec.android.daemonapp|4914|null|10197: Notification(channel=weather.notification.autoRefresh pri=0 contentView=null vibrate=null sound=null defaults=0x0 flags=0x62 color=0x00000000 category=service vis=PRIVATE semFlags=0x0 semPriority=0 semMissedCount=0))
06-17 11:01:34.713 1257 1257 D EdgeLightingPolicyManager.NotificationGroup: group key = 0|com.whatsapp|g:group_key_messages ,value= summary : NotificationData { tag= null } , child : 2key = 0|com.whatsapp|1|f3nVRr13RKWQ4GQna4UvUqSgSqGMcIJZFm97HCnCmPI=
06-17 11:01:34.713 1257 1257 D EdgeLightingPolicyManager.NotificationGroup: |10255 , value = NotificationData { tag= f3nVRr13RKWQ4GQna4UvUqSgSqGMcIJZFm97HCnCmPI=
06-17 11:01:34.713 1257 1257 D EdgeLightingPolicyManager.NotificationGroup: } ,key = 0|com.whatsapp|1|ZYFXNF0t/ogbgalaIk8EWyOXr0x5+y8JgCRxSYkFyow=
06-17 11:01:34.713 1257 1257 D EdgeLightingPolicyManager.NotificationGroup: |10255 , value = NotificationData { tag= ZYFXNF0t/ogbgalaIk8EWyOXr0x5+y8JgCRxSYkFyow=
06-17 11:01:34.713 1257 1257 D EdgeLightingPolicyManager.NotificationGroup: } , }
06-17 11:01:34.713 1257 1257 D EdgeLightingPolicyManager.NotificationGroup: group key = 0|ru.oneme.app|g:ru.oneme.app.notifications.0 ,value= summary : NotificationData { tag= MESS_GROUP_NOTIF_0 } , child : 9key = 0|ru.oneme.app|9|CHAT_NOTIF_0|10450 , value = NotificationData { tag= CHAT_NOTIF_0 } ,key = 0|ru.oneme.app|31|CHAT_NOTIF_0|10450 , value = NotificationData { tag= CHAT_NOTIF_0 } ,key = 0|ru.oneme.app|16|CHAT_NOTIF_0|10450 , value = NotificationData { tag= CHAT_NOTIF_0 } ,key = 0|ru.oneme.app|7|CHAT_NOTIF_0|10450 , value = NotificationData { tag= CHAT_NOTIF_0 } ,key = 0|ru.oneme.app|43|CHAT_NOTIF_0|10450 , value = NotificationData { tag= CHAT_NOTIF_0 } ,key = 0|ru.oneme.app|13|CHAT_NOTIF_0|10450 , value = NotificationData { tag= CHAT_NOTIF_0 } ,key = 0|ru.oneme.app|25|CHAT_NOTIF_0|10450 , value = NotificationData { tag= CHAT_NOTIF_0 } ,key = 0|ru.oneme.app|150|CHAT_NOTIF_0|10450 , value = NotificationData { tag= CHAT_NOTIF_0 } ,key = 0|ru.oneme.app|6|CHAT_NOTIF_0|10450 , value = NotificationData { tag= CHAT_NOTIF_0 } , }
06-17 11:01:34.713 1257 1257 D EdgeLightingPolicyManager.NotificationGroup: group key = 0|com.samsung.android.messaging|g:MESSAGE_RECEIVED ,value= summary : NotificationData { tag= com.samsung.android.messaging:GROUP_RECEIVED: } , child : 4key = 0|com.samsung.android.messaging|123|com.samsung.android.messaging:MESSAGE_RECEIVED:308|10114 , value = NotificationData { tag= com.samsung.android.messaging:MESSAGE_RECEIVED:308 } ,key = 0|com.samsung.android.messaging|123|com.samsung.android.messaging:MESSAGE_RECEIVED:285|10114 , value = NotificationData { tag= com.samsung.android.messaging:MESSAGE_RECEIVED:285 } ,key = 0|com.samsung.android.messaging|123|com.samsung.android.messaging:MESSAGE_RECEIVED:284|10114 , value = NotificationData { tag= com.samsung.android.messaging:MESSAGE_RECEIVED:284 } ,key = 0|com.samsung.android.messaging|123|com.samsung.android.messaging:MESSAGE_RECEIVED:167|10114 , value = NotificationData { tag= com.samsung.android.messaging:MESSAGE_RECEIVED:167 } , }
06-17 11:01:34.714 1257 1257 D EdgeLightingPolicyManager.NotificationGroup: group key = 0|com.android.chrome|g:OfflinePageAutoFetchNotification ,value= summary : null , child : 1key = 0|com.android.chrome|0|OfflinePageAutoFetchInProgressNotification|10230 , value = NotificationData { tag= OfflinePageAutoFetchInProgressNotification } , }
06-17 11:01:34.714 1257 1257 D EdgeLightingPolicyManager.NotificationGroup: group key = 0|ru.yandex.searchplugin|g:searchlib_group ,value= summary : null , child : 1key = 0|ru.yandex.searchplugin|19810816|SEARCHLIB_BAR|10251 , value = NotificationData { tag= SEARCHLIB_BAR } , }
06-17 11:01:34.714 1257 1257 D EdgeLightingManager: hideForNotification : isInteractive is true
06-17 11:01:34.715 1257 1257 D LightsService: [api] [SvcLED] turnOff:: id = 4 (uid: 1000 pid: 1257)
06-17 11:01:34.715 1257 1257 D LightsService: [api] [SvcLED] LED indicator : Not supported.
06-17 11:01:34.718 1257 1257 D SmartAlertController: SmartAlert - Found Missed Event
06-17 11:01:34.720 12929 14216 D SystemUIService: summary.java-heap : 14872
06-17 11:01:34.720 12929 14216 D SystemUIService: summary.native-heap : 101412
06-17 11:01:34.720 12929 14216 D SystemUIService: summary.code : 71160
06-17 11:01:34.720 12929 14216 D SystemUIService: summary.stack : 40
06-17 11:01:34.720 12929 14216 D SystemUIService: summary.graphics : 0
06-17 11:01:34.720 12929 14216 D SystemUIService: summary.private-other : 6680
06-17 11:01:34.720 12929 14216 D SystemUIService: summary.system : 35276
06-17 11:01:34.720 12929 14216 D SystemUIService: summary.total-pss : 229440
06-17 11:01:34.720 12929 14216 D SystemUIService: summary.total-swap : 22752
06-17 11:01:34.720 12929 14216 D SystemUIService: - View count -
06-17 11:01:34.722 1257 14219 D SmartAlertController: SmartAlert - already registered or Setting disabled
06-17 11:01:34.727 1257 3383 I ActivityManager: Process com.sec.android.app.fm (pid 12771) has died: cch+55 CEM (175,1474)
06-17 11:01:34.745 12929 14216 D SystemUIService: View=1148
06-17 11:01:34.767 1257 3383 I ActivityManager: Process com.android.providers.calendar (pid 13329) has died: cch+55 CEM (184,1471)
06-17 11:01:34.767 12929 14216 D SystemUIService: ViewRootImpl=7
06-17 11:01:34.786 12929 14216 D SystemUIService: Bitmap=226
06-17 11:01:34.854 1257 3355 D ActivityManager: package com.osp.app.signin, user - 0 is SDcard whitelisted
06-17 11:01:34.855 1257 3355 W ActivityManager: wait for provider publish: waiters=1 callerApp=ProcessRecord{d139b56 13416:com.samsung.android.messaging/u0a114} cpr=ContentProviderRecord{fcfc51f u0 com.osp.app.signin/com.samsung.android.samsungaccount.profile.data.provider.ProfileProvider}
06-17 11:01:34.876 1257 1282 I ActivityManager: Start proc 14221:com.osp.app.signin/u0a104 for content provider {com.osp.app.signin/com.samsung.android.samsungaccount.profile.data.provider.ProfileProvider}
06-17 11:01:34.913 1257 3383 I ActivityManager: DSS OFF for com.osp.app.signin
06-17 11:01:35.147 1257 3383 I ActivityManager: Process com.sec.android.widgetapp.easymodecontactswidget (pid 13371) has died: cch+55 CEM (179,1474)
06-17 11:01:35.216 1257 3378 I ActivityManager: Process com.samsung.android.scloud (pid 12811) has died: cch+45 CEM (199,1478)
06-17 11:01:35.582 1257 1281 D ActivityManager: package com.microsoft.appmanager, user - 0 is SDcard whitelisted
06-17 11:01:35.607 1257 1282 I ActivityManager: Start proc 14299:com.microsoft.appmanager/u0a134 for service {com.microsoft.appmanager/androidx.room.MultiInstanceInvalidationService}
06-17 11:01:35.611 1257 3480 D SamsungAlarmManager: Cancel Alarm calling from uid:10215 pid :1766 / op:PendingIntent{5a4b4cc: PendingIntentRecord{7ff5315 com.google.android.gms startService}}
06-17 11:01:35.614 1257 3480 I SamsungAlarmManager: setLocked to kernel - T:2 / 20260617T110715, SetElapsed=771738, nowELAPSED=431959
06-17 11:01:35.615 1257 3480 I SamsungAlarmManager: setLocked to kernel - T:3 / 20260617T110200, SetElapsed=456345, nowELAPSED=431960
06-17 11:01:35.639 1257 3480 I ActivityManager: DSS OFF for com.microsoft.appmanager
06-17 11:01:35.681 1257 3480 D SamsungAlarmManager: Cancel Alarm calling from uid:10215 pid :2832 / op:PendingIntent{3bf0ef7: PendingIntentRecord{8f2d164 com.google.android.gms startService}}
06-17 11:01:35.683 1257 3480 I SamsungAlarmManager: setLocked to kernel - T:2 / 20260617T110715, SetElapsed=771738, nowELAPSED=432028
06-17 11:01:35.684 1257 3480 I SamsungAlarmManager: setLocked to kernel - T:3 / 20260617T110200, SetElapsed=456345, nowELAPSED=432029
06-17 11:01:35.780 1257 3355 D ActivityManager: package com.samsung.android.mobileservice, user - 0 is SDcard whitelisted
06-17 11:01:35.781 1257 3355 W ActivityManager: wait for provider publish: waiters=1 callerApp=ProcessRecord{5f3917 14221:com.osp.app.signin/u0a104} cpr=ContentProviderRecord{824e8fc u0 com.samsung.android.mobileservice/.deviceauth.data.local.EsuAgentProvider}
06-17 11:01:35.810 1257 1282 I ActivityManager: Start proc 14338:com.samsung.android.mobileservice/u0a107 for content provider {com.samsung.android.mobileservice/com.samsung.android.mobileservice.deviceauth.data.local.EsuAgentProvider}
06-17 11:01:35.852 1257 3383 I ActivityManager: DSS OFF for com.samsung.android.mobileservice
06-17 11:01:35.874 14299 14299 E ActivityThread: Failed to find provider info for com.microsoft.yourphonecompanion.contentprovider.featureoverride
06-17 11:01:36.010 1257 3480 D ConnectivityService: listenForNetwork for uid/pid:10134/14299 NetworkRequest [ LISTEN id=372, [ Capabilities: INTERNET&NOT_RESTRICTED&TRUSTED&NOT_VPN&FOREGROUND Uid: 10134] ]
06-17 11:01:36.046 1257 1455 D WifiP2pService: P2pDisabledState{ when=0 what=143376 target=com.android.internal.util.StateMachine$SmHandler }
06-17 11:01:36.050 1257 1455 D WifiP2pService: P2pDisabledState{ when=0 what=139412 obj=Bundle[mParcelledData.dataSize=224] target=com.android.internal.util.StateMachine$SmHandler }
06-17 11:01:36.050 1257 1455 D WifiP2pService: DefaultState{ when=0 what=139412 obj=Bundle[mParcelledData.dataSize=224] target=com.android.internal.util.StateMachine$SmHandler }
06-17 11:01:36.052 1257 1455 D WifiP2pService: P2pDisabledState{ when=0 what=139360 obj=Bundle[mParcelledData.dataSize=248] target=com.android.internal.util.StateMachine$SmHandler }
06-17 11:01:36.053 1257 1455 D WifiP2pService: DefaultState{ when=-1ms what=139360 obj=Bundle[mParcelledData.dataSize=248] target=com.android.internal.util.StateMachine$SmHandler }
06-17 11:01:36.053 1257 1455 D WifiP2pService: add a new client
06-17 11:01:36.159 2568 2568 D io_stats: !@ 179,0 r 1108963 24268973 w 25733 556392 d 15384 348656 f 23646 29207 iot 249476 253273 th 51200 0 0 pt 0 inp 2 0 432.504
06-17 11:01:36.457 1257 1278 E Watchdog: !@Sync 14 [2026-06-17 11:01:36.457] FD count : 761, wdog_way : None
06-17 11:01:36.649 12929 14201 D SystemUIService: Starting getMemoryInfo in MemoryInfoReporter thread.
06-17 11:01:36.650 12929 14544 D SystemUIService: - Memory Information -
06-17 11:01:36.655 12929 14201 E AndroidRuntime: FATAL EXCEPTION: AsyncTask #12
06-17 11:01:36.655 12929 14201 E AndroidRuntime: Process: com.android.systemui, PID: 12929
06-17 11:01:36.655 12929 14201 E AndroidRuntime: java.lang.RuntimeException: An error occurred while executing doInBackground()
06-17 11:01:36.655 12929 14201 E AndroidRuntime: at android.os.AsyncTask$4.done(AsyncTask.java:399)
06-17 11:01:36.655 12929 14201 E AndroidRuntime: at java.util.concurrent.FutureTask.finishCompletion(FutureTask.java:383)
06-17 11:01:36.655 12929 14201 E AndroidRuntime: at java.util.concurrent.FutureTask.setException(FutureTask.java:252)
06-17 11:01:36.655 12929 14201 E AndroidRuntime: at java.util.concurrent.FutureTask.run(FutureTask.java:271)
06-17 11:01:36.655 12929 14201 E AndroidRuntime: at java.util.concurrent.ThreadPoolExecutor.runWorker(ThreadPoolExecutor.java:1167)
06-17 11:01:36.655 12929 14201 E AndroidRuntime: at java.util.concurrent.ThreadPoolExecutor$Worker.run(ThreadPoolExecutor.java:641)
06-17 11:01:36.655 12929 14201 E AndroidRuntime: at java.lang.Thread.run(Thread.java:919)
06-17 11:01:36.655 12929 14201 E AndroidRuntime: Caused by: java.lang.NullPointerException: Attempt to invoke virtual method 'void java.io.InputStream.close()' on a null object reference
06-17 11:01:36.655 12929 14201 E AndroidRuntime: at com.android.internal.widget.LocalImageResolver.getBoundsOptionsForImage(LocalImageResolver.java:67)
06-17 11:01:36.655 12929 14201 E AndroidRuntime: at com.android.internal.widget.LocalImageResolver.resolveImage(LocalImageResolver.java:39)
06-17 11:01:36.655 12929 14201 E AndroidRuntime: at com.android.systemui.statusbar.notification.row.NotificationInlineImageResolver.resolveImage(NotificationInlineImageResolver.java:76)
06-17 11:01:36.655 12929 14201 E AndroidRuntime: at com.android.systemui.statusbar.notification.row.NotificationInlineImageCache$PreloadImageTask.doInBackground(NotificationInlineImageCache.java:99)
06-17 11:01:36.655 12929 14201 E AndroidRuntime: at com.android.systemui.statusbar.notification.row.NotificationInlineImageCache$PreloadImageTask.doInBackground(NotificationInlineImageCache.java:86)
06-17 11:01:36.655 12929 14201 E AndroidRuntime: at android.os.AsyncTask$3.call(AsyncTask.java:378)
06-17 11:01:36.655 12929 14201 E AndroidRuntime: at java.util.concurrent.FutureTask.run(FutureTask.java:266)
06-17 11:01:36.655 12929 14201 E AndroidRuntime: ... 3 more
06-17 11:01:36.660 12929 14199 D SystemUIService: Already in calculating memory info. So skip this.
06-17 11:01:36.660 1257 14547 I DropBoxManagerService: add tag=system_app_crash isTagEnabled=true flags=0x2
06-17 11:01:36.660 1257 3383 W RescueParty: Noticed 2 events for UID 10054 in last 16 sec
06-17 11:01:36.661 1257 3383 W ActivityManager: crash : com.android.systemui,0
06-17 11:01:36.667 1257 3383 W ActivityManager: Process com.android.systemui has crashed too many times: killing!
06-17 11:01:36.686 1257 3480 D SamsungAlarmManager: setInexact Intent (T:3/F:0/AC:false) 20360614T110136 - CU:10215/CP:1766
06-17 11:01:36.687 1257 3480 I SamsungAlarmManager: setLocked to kernel - T:2 / 20260617T110715, SetElapsed=771738, nowELAPSED=433032
06-17 11:01:36.687 1257 3480 I SamsungAlarmManager: setLocked to kernel - T:3 / 20260617T110159, SetElapsed=456345, nowELAPSED=433033
06-17 11:01:36.710 1257 1257 D CustomFrequencyManagerService: releaseDVFSLockLocked : Getting Lock type frm List : DVFS_MIN_LIMIT frequency : 1295000 uid : 1000 pid : 1257 tag : LISTVIEW_SCROLL@CPU_MIN@52
06-17 11:01:36.756 1257 1612 I StatusBarManagerService: binder died for pkg=com.android.systemui
06-17 11:01:36.756 1257 1906 D ConnectivityService: ConnectivityService NetworkRequestInfo binderDied(NetworkRequest [ LISTEN id=369, [] ], android.os.BinderProxy@117c3e5)
06-17 11:01:36.757 1257 1466 D ConnectivityService: releasing NetworkRequest [ LISTEN id=369, [] ] (release request)
06-17 11:01:36.757 1257 3378 I WindowManager: WIN DEATH: Window{e4975fb u0 com.android.systemui.ImageWallpaper}
06-17 11:01:36.758 1257 1257 W WallpaperManagerService: Wallpaper service gone: ComponentInfo{com.android.systemui/com.android.systemui.ImageWallpaper}
06-17 11:01:36.758 1257 3378 I WindowManager: Destroying surface Surface(name=com.android.systemui.ImageWallpaper$_12929)/@0x35d316b called by com.android.server.wm.WindowStateAnimator.destroySurface:1790 com.android.server.wm.WindowStateAnimator.destroySurfaceLocked:720 com.android.server.wm.WindowState.removeImmediately:2327 com.android.server.wm.WindowState.removeIfPossible:2463 com.android.server.wm.WindowState.access$300:264 com.android.server.wm.WindowState$DeathRecipient.binderDied:3034 android.os.BinderProxy.sendDeathNotice:637
06-17 11:01:36.758 1257 1257 W WallpaperManagerService: Wallpaper service gone: ComponentInfo{com.android.systemui/com.android.systemui.ImageWallpaper}
06-17 11:01:36.760 1257 4992 D WallpaperManagerService: binderDied android.app.IWallpaperManagerCallback$Stub$Proxy@502c0ce
06-17 11:01:36.760 3346 3346 D SDHMS:eb.h: VideoPlayListener mIsVideoPlay : false
06-17 11:01:36.766 1257 3387 I WindowManager: WIN DEATH: Window{4a48907 u0 ScreenDecorOverlay}
06-17 11:01:36.767 1257 3387 I WindowManager: Destroying surface Surface(name=ScreenDecorOverlay$_12929)/@0xd9b7947 called by com.android.server.wm.WindowStateAnimator.destroySurface:1790 com.android.server.wm.WindowStateAnimator.destroySurfaceLocked:720 com.android.server.wm.WindowState.removeImmediately:2327 com.android.server.wm.WindowState.removeIfPossible:2463 com.android.server.wm.WindowState.access$300:264 com.android.server.wm.WindowState$DeathRecipient.binderDied:3034 android.os.BinderProxy.sendDeathNotice:637
06-17 11:01:36.767 1257 5088 D ConnectivityService: ConnectivityService NetworkRequestInfo binderDied(NetworkRequest [ TRACK_DEFAULT id=366, [ Capabilities: INTERNET&NOT_RESTRICTED&TRUSTED Uid: 10054] ], android.os.BinderProxy@c838a9d)
06-17 11:01:36.767 1257 1466 D ConnectivityService: releasing NetworkRequest [ TRACK_DEFAULT id=366, [ Capabilities: INTERNET&NOT_RESTRICTED&TRUSTED Uid: 10054] ] (release request)
06-17 11:01:36.768 1257 3383 V AODManagerService: binderDied
06-17 11:01:36.768 1257 3378 D ConnectivityService: ConnectivityService NetworkRequestInfo binderDied(NetworkRequest [ LISTEN id=365, [ Transports: WIFI Capabilities: NOT_VPN] ], android.os.BinderProxy@aac0b12)
06-17 11:01:36.769 1257 1466 D ConnectivityService: releasing NetworkRequest [ LISTEN id=365, [ Transports: WIFI Capabilities: NOT_VPN] ] (release request)
06-17 11:01:36.769 1257 2550 D NotificationListeners: Removing active service ComponentInfo{com.android.systemui/com.android.systemui.statusbar.NotificationListener}
06-17 11:01:36.769 1257 3378 V CocktailBarStatePolicyController: binderDied : binder = android.os.BinderProxy@88c62e3
06-17 11:01:36.771 1257 3470 I WindowManager: WIN DEATH: Window{277e9f6 u0 ScreenDecorOverlayBottom}
06-17 11:01:36.771 1257 3470 I WindowManager: Destroying surface Surface(name=ScreenDecorOverlayBottom$_12929)/@0x87974e0 called by com.android.server.wm.WindowStateAnimator.destroySurface:1790 com.android.server.wm.WindowStateAnimator.destroySurfaceLocked:720 com.android.server.wm.WindowState.removeImmediately:2327 com.android.server.wm.WindowState.removeIfPossible:2463 com.android.server.wm.WindowState.access$300:264 com.android.server.wm.WindowState$DeathRecipient.binderDied:3034 android.os.BinderProxy.sendDeathNotice:637
06-17 11:01:36.808 1257 2389 I WindowManager: WIN DEATH: Window{5cc142e u0 NavigationBar0}
06-17 11:01:36.812 1257 2389 W WindowManager: Failed to deliver inset state change
06-17 11:01:36.812 1257 2389 W WindowManager: android.os.DeadObjectException
06-17 11:01:36.812 1257 2389 W WindowManager: at android.os.BinderProxy.transactNative(Native Method)
06-17 11:01:36.812 1257 2389 W WindowManager: at android.os.BinderProxy.transact(BinderProxy.java:527)
06-17 11:01:36.812 1257 2389 W WindowManager: at android.view.IWindow$Stub$Proxy.insetsChanged(IWindow.java:734)
06-17 11:01:36.812 1257 2389 W WindowManager: at com.android.server.wm.WindowState.notifyInsetsChanged(WindowState.java:3856)
06-17 11:01:36.812 1257 2389 W WindowManager: at com.android.server.wm.InsetsStateController.lambda$new$0(InsetsStateController.java:56)
06-17 11:01:36.812 1257 2389 W WindowManager: at com.android.server.wm.-$$Lambda$InsetsStateController$sIYEJIR4ztgffCLMi5Z1RvdxyYs.accept(Unknown Source:2)
06-17 11:01:36.812 1257 2389 W WindowManager: at com.android.server.wm.WindowContainer$ForAllWindowsConsumerWrapper.apply(WindowContainer.java:1184)
06-17 11:01:36.812 1257 2389 W WindowManager: at com.android.server.wm.WindowContainer$ForAllWindowsConsumerWrapper.apply(WindowContainer.java:1174)
06-17 11:01:36.812 1257 2389 W WindowManager: at com.android.server.wm.WindowState.applyInOrderWithImeWindows(WindowState.java:4957)
06-17 11:01:36.812 1257 2389 W WindowManager: at com.android.server.wm.WindowState.forAllWindows(WindowState.java:4841)
06-17 11:01:36.812 1257 2389 W WindowManager: at com.android.server.wm.WindowContainer.forAllWindows(WindowContainer.java:883)
06-17 11:01:36.812 1257 2389 W WindowManager: at com.android.server.wm.WindowContainer.forAllWindows(WindowContainer.java:883)
06-17 11:01:36.812 1257 2389 W WindowManager: at com.android.server.wm.DisplayContent.forAllWindows(DisplayContent.java:2477)
06-17 11:01:36.812 1257 2389 W WindowManager: at com.android.server.wm.WindowContainer.forAllWindows(WindowContainer.java:900)
06-17 11:01:36.812 1257 2389 W WindowManager: at com.android.server.wm.InsetsStateController.notifyInsetsChanged(InsetsStateController.java:227)
06-17 11:01:36.812 1257 2389 W WindowManager: at com.android.server.wm.InsetsStateController.onPostLayout(InsetsStateController.java:121)
06-17 11:01:36.812 1257 2389 W WindowManager: at com.android.server.wm.DisplayContent.applySurfaceChangesTransaction(DisplayContent.java:4524)
06-17 11:01:36.812 1257 2389 W WindowManager: at com.android.server.wm.RootWindowContainer.applySurfaceChangesTransaction(RootWindowContainer.java:1013)
06-17 11:01:36.812 1257 2389 W WindowManager: at com.android.server.wm.RootWindowContainer.performSurfacePlacementNoTrace(RootWindowContainer.java:734)
06-17 11:01:36.812 1257 2389 W WindowManager: at com.android.server.wm.RootWindowContainer.performSurfacePlacement(RootWindowContainer.java:669)
06-17 11:01:36.812 1257 2389 W WindowManager: at com.android.server.wm.WindowSurfacePlacer.performSurfacePlacementLoop(WindowSurfacePlacer.java:180)
06-17 11:01:36.812 1257 2389 W WindowManager: at com.android.server.wm.WindowSurfacePlacer.performSurfacePlacement(WindowSurfacePlacer.java:111)
06-17 11:01:36.812 1257 2389 W WindowManager: at com.android.server.wm.WindowSurfacePlacer.performSurfacePlacement(WindowSurfacePlacer.java:99)
06-17 11:01:36.812 1257 2389 W WindowManager: at com.android.server.wm.WindowManagerService.postWindowRemoveCleanupLocked(WindowManagerService.java:2122)
06-17 11:01:36.812 1257 2389 W WindowManager: at com.android.server.wm.WindowState.removeImmediately(WindowState.java:2336)
06-17 11:01:36.812 1257 2389 W WindowManager: at com.android.server.wm.WindowState.removeIfPossible(WindowState.java:2463)
06-17 11:01:36.812 1257 2389 W WindowManager: at com.android.server.wm.WindowState.access$300(WindowState.java:264)
06-17 11:01:36.812 1257 2389 W WindowManager: at com.android.server.wm.WindowState$DeathRecipient.binderDied(WindowState.java:3034)
06-17 11:01:36.812 1257 2389 W WindowManager: at android.os.BinderProxy.sendDeathNotice(BinderProxy.java:637)
06-17 11:01:36.815 1257 2389 W WindowManager: Failed to report 'resized' to the client of Window{bb8b054 u0 StatusBar}, removing this window.
06-17 11:01:36.816 1257 2389 D WindowManager: setKeyguardOccluded occluded=false
06-17 11:01:36.816 1257 2389 I WindowManager: Destroying surface Surface(name=StatusBar$_12929)/@0xe126302 called by com.android.server.wm.WindowStateAnimator.destroySurface:1790 com.android.server.wm.WindowStateAnimator.destroySurfaceLocked:720 com.android.server.wm.WindowState.removeImmediately:2327 com.android.server.wm.RootWindowContainer.performSurfacePlacementNoTrace:901 com.android.server.wm.RootWindowContainer.performSurfacePlacement:669 com.android.server.wm.WindowSurfacePlacer.performSurfacePlacementLoop:180 com.android.server.wm.WindowSurfacePlacer.performSurfacePlacement:111 com.android.server.wm.WindowSurfacePlacer.performSurfacePlacement:99
06-17 11:01:36.823 1257 5092 I WindowManager: WIN DEATH: Window{b1a8343 u0 Bouncer}
06-17 11:01:36.828 1257 3393 W WindowManager: Failed looking up window callers=com.android.server.wm.WindowManagerService.windowForClientLocked:6039 com.android.server.wm.WindowState$DeathRecipient.binderDied:3027 android.os.BinderProxy.sendDeathNotice:637
06-17 11:01:36.828 1257 3393 I WindowManager: WIN DEATH: null
06-17 11:01:36.829 1257 1273 D ActivityTaskManager: setLockScreenShown(true,false) is called from 1257
06-17 11:01:36.836 1257 3338 I WindowManager: WIN DEATH: Window{dcc10db u0 DockedStackDivider}
06-17 11:01:36.844 1257 3461 I WindowManager: WIN DEATH: Window{beb909b u0 AssistPreviewPanel}
06-17 11:01:36.853 1257 1275 D PowerManagerService: [api] setUserActivityTimeoutOverrideFromWindowManagerInternal: timeoutMillis: -1
06-17 11:01:36.853 1257 1275 D PowerManagerService: getScreenOffTimeoutLocked: 5000 -> 30000
06-17 11:01:36.853 1257 1275 D PowerManagerService: [api] setScreenDimDurationOverrideFromWindowManagerInternal: timeoutMillis: -1
06-17 11:01:36.858 1257 1275 V UsbDeviceManager: onKeyguardStateChanged: isShowing=true secure=false user=0
06-17 11:01:36.859 1257 1272 D UsbDeviceManager: handleMessage -> MSG_UPDATE_SCREEN_LOCK: mScreenLocked=false
06-17 11:01:36.859 1257 1275 D StorageManagerService: onKeyguardStateChanged = false
06-17 11:01:36.860 1257 1424 I StorageManagerService: handleMessage :{ when=-1ms what=15 target=com.android.server.StorageManagerService$StorageManagerServiceHandler }
06-17 11:01:36.860 1257 1424 D StorageManagerService: handleMessage :: H_KEYGUARD_CHANGED = 0
06-17 11:01:36.861 1257 1269 I ActivityManager: Process com.android.systemui (pid 12929) has died: pers PERU(309,1451)
06-17 11:01:36.884 1257 1269 W ActivityManager: Scheduling restart of crashed service com.android.systemui/.SystemUIService in 0ms
06-17 11:01:36.884 1257 1269 W ActivityManager: Scheduling restart of crashed service com.android.systemui/.keyguard.KeyguardService in 0ms
06-17 11:01:36.884 1257 1269 W ActivityManager: Scheduling restart of crashed service com.android.systemui/.ImageWallpaper in 0ms
06-17 11:01:36.885 1257 1269 W ActivityManager: Re-adding persistent process ProcessRecord{49feed7 12929:com.android.systemui/u0a54}
06-17 11:01:36.886 1257 1269 D ActivityManager: package com.android.systemui, user - 0 is SDcard whitelisted
06-17 11:01:36.890 1257 1275 W ActivityManager: setHasOverlayUi called on unknown pid: 12929
06-17 11:01:36.914 1257 1282 I ActivityManager: Start proc 14559:com.android.systemui/u0a54 for restart com.android.systemui
06-17 11:01:36.941 1257 1269 I ActivityManager: Killing 12848:com.samsung.android.app.reminder/u0a198 (adj 999): empty #25
06-17 11:01:36.954 1257 1269 I ActivityManager: Killing 12868:com.microsoft.appmanager:auth/u0a134 (adj 999): empty #25
06-17 11:01:36.962 1257 1269 I ActivityManager: Killing 12670:com.microsoft.skydrive/u0a101 (adj 999): empty #25
06-17 11:01:36.971 1257 1269 I ActivityManager: DSS OFF for com.android.systemui
06-17 11:01:36.979 1257 1269 D OomAdjuster: Set persistent 14559 com.android.systemui adj -800: pers-top-ui com.android.server.am.OomAdjuster.updateOomAdjLocked:557 com.android.server.am.ActivityManagerService.updateOomAdjLocked:19836 com.android.server.am.ActiveServices.realStartServiceLocked:2895 com.android.server.am.ActiveServices.attachApplicationLocked:3589 com.android.server.am.ActivityManagerService.attachApplicationLocked:6237 com.android.server.am.ActivityManagerService.attachApplication:6307 android.app.IActivityManager$Stub.onTransact:2386
06-17 11:01:37.022 1257 1269 D ConnectivityService: ConnectivityService NetworkRequestInfo binderDied(NetworkRequest [ LISTEN id=364, [ Capabilities: INTERNET&NOT_RESTRICTED&TRUSTED&NOT_VPN&FOREGROUND Uid: 10134] ], android.os.BinderProxy@f72b634)
06-17 11:01:37.023 1257 1466 D ConnectivityService: releasing NetworkRequest [ LISTEN id=364, [ Capabilities: INTERNET&NOT_RESTRICTED&TRUSTED&NOT_VPN&FOREGROUND Uid: 10134] ] (release request)
06-17 11:01:37.051 1257 1269 D ConnectivityService: ConnectivityService NetworkRequestInfo binderDied(NetworkRequest [ TRACK_DEFAULT id=363, [ Capabilities: INTERNET&NOT_RESTRICTED&TRUSTED Uid: 10101] ], android.os.BinderProxy@d4a1464)
06-17 11:01:37.051 1257 3393 D ConnectivityService: ConnectivityService NetworkRequestInfo binderDied(NetworkRequest [ TRACK_DEFAULT id=368, [ Capabilities: INTERNET&NOT_RESTRICTED&TRUSTED Uid: 10101] ], android.os.BinderProxy@41956cd)
06-17 11:01:37.051 1257 1466 D ConnectivityService: releasing NetworkRequest [ TRACK_DEFAULT id=363, [ Capabilities: INTERNET&NOT_RESTRICTED&TRUSTED Uid: 10101] ] (release request)
06-17 11:01:37.053 1257 1466 D ConnectivityService: releasing NetworkRequest [ TRACK_DEFAULT id=368, [ Capabilities: INTERNET&NOT_RESTRICTED&TRUSTED Uid: 10101] ] (release request)
06-17 11:01:37.063 1257 3470 I DropBoxManagerService: add tag=system_server_wtf isTagEnabled=true flags=0x2
06-17 11:01:37.069 1257 3470 I DropBoxManagerService: add tag=system_server_wtf isTagEnabled=true flags=0x2
06-17 11:01:37.111 1257 1257 D TrustManagerService: Removing dead TrustListener.
06-17 11:01:37.172 1257 1907 D SettingsProvider: isChangeAllowed() : name = wallpaper_rotate_fixed
06-17 11:01:37.173 1257 1907 D SettingsProvider: edmUri: content://com.sec.knox.provider/RestrictionPolicy3
06-17 11:01:37.173 1257 1907 D SettingsProvider: projectionArgs: isSettingsChangesAllowed
06-17 11:01:37.173 1257 1907 D SettingsProvider: selectionArgs: false
06-17 11:01:37.173 1257 1907 D SettingsProvider: selectionArgs: 10054
06-17 11:01:37.173 1257 1907 D SecContentProvider: called from android.uid.systemui:10054
06-17 11:01:37.173 1257 1907 D RestrictionPolicy: isSettingsChangesAllowedAsUser, userId 0 : true
06-17 11:01:37.173 1257 1907 D SettingsProvider: ret = 1
06-17 11:01:37.180 1257 1907 D WallpaperManagerService: mDeviceColor:black
06-17 11:01:37.198 1257 1274 D SettingsProvider: isChangeAllowed() : name = enabled_notification_listeners
06-17 11:01:37.199 1257 1274 D SettingsProvider: isChangeAllowed() : name = enabled_notification_assistant
06-17 11:01:37.199 1257 1274 D SettingsProvider: isChangeAllowed() : name = enabled_notification_policy_access_packages
06-17 11:01:37.218 1257 1907 V WifiDisplayAdapter: getWifiDisplayStatusLocked: result=WifiDisplayStatus{featureState=0, scanState=0, activeDisplayState=0, activeDisplay=null, displays=[], sessionInfo=WifiDisplaySessionInfo:
06-17 11:01:37.218 1257 1907 V WifiDisplayAdapter: Client/Owner: Client
06-17 11:01:37.218 1257 1907 V WifiDisplayAdapter: GroupId:
06-17 11:01:37.218 1257 1907 V WifiDisplayAdapter: Passphrase:
06-17 11:01:37.218 1257 1907 V WifiDisplayAdapter: SessionId: 0
06-17 11:01:37.218 1257 1907 V WifiDisplayAdapter: IP Address: , connectedState=-1}
06-17 11:01:37.219 1257 1274 D SettingsProvider: isChangeAllowed() : name = enabled_notification_listeners
06-17 11:01:37.219 1257 1274 D SettingsProvider: isChangeAllowed() : name = enabled_notification_assistant
06-17 11:01:37.220 1257 1274 D SettingsProvider: isChangeAllowed() : name = enabled_notification_policy_access_packages
06-17 11:01:37.225 1257 1907 V WifiDisplayAdapter: getWifiDisplayStatusLocked: result=WifiDisplayStatus{featureState=0, scanState=0, activeDisplayState=0, activeDisplay=null, displays=[], sessionInfo=WifiDisplaySessionInfo:
06-17 11:01:37.225 1257 1907 V WifiDisplayAdapter: Client/Owner: Client
06-17 11:01:37.225 1257 1907 V WifiDisplayAdapter: GroupId:
06-17 11:01:37.225 1257 1907 V WifiDisplayAdapter: Passphrase:
06-17 11:01:37.225 1257 1907 V WifiDisplayAdapter: SessionId: 0
06-17 11:01:37.225 1257 1907 V WifiDisplayAdapter: IP Address: , connectedState=-1}
06-17 11:01:37.239 1257 1274 D SettingsProvider: isChangeAllowed() : name = enabled_notification_listeners
06-17 11:01:37.240 1257 1274 D SettingsProvider: isChangeAllowed() : name = enabled_notification_assistant
06-17 11:01:37.240 1257 1274 D SettingsProvider: isChangeAllowed() : name = enabled_notification_policy_access_packages
06-17 11:01:37.261 1257 1274 D SettingsProvider: isChangeAllowed() : name = enabled_notification_listeners
06-17 11:01:37.262 1257 1274 D SettingsProvider: isChangeAllowed() : name = enabled_notification_assistant
06-17 11:01:37.262 1257 1274 D SettingsProvider: isChangeAllowed() : name = enabled_notification_policy_access_packages
06-17 11:01:37.276 1257 1274 D SettingsProvider: isChangeAllowed() : name = enabled_notification_listeners
06-17 11:01:37.278 1257 1274 D SettingsProvider: isChangeAllowed() : name = enabled_notification_assistant
06-17 11:01:37.279 1257 1274 D SettingsProvider: isChangeAllowed() : name = enabled_notification_policy_access_packages
06-17 11:01:37.281 1257 5092 D ActivityTaskManager: setLockScreenShown(true,false) is called from 14559
06-17 11:01:37.286 1257 1275 V UsbDeviceManager: onKeyguardStateChanged: isShowing=true secure=false user=0
06-17 11:01:37.287 1257 1272 D UsbDeviceManager: handleMessage -> MSG_UPDATE_SCREEN_LOCK: mScreenLocked=false
06-17 11:01:37.287 1257 1275 D StorageManagerService: onKeyguardStateChanged = false
