06-17 11:00:47.840 1257 5092 D SamsungAlarmManager: Cancel Alarm calling from uid:10215 pid :1766 / op:PendingIntent{6d9e9a3: PendingIntentRecord{70a54a0 com.google.android.gms startService}}
06-17 11:00:47.843 1257 5092 I SamsungAlarmManager: setLocked to kernel - T:2 / 20260617T110715, SetElapsed=771738, nowELAPSED=384188
06-17 11:00:47.845 1257 5092 I SamsungAlarmManager: setLocked to kernel - T:3 / 20260617T110100, SetElapsed=396345, nowELAPSED=384190
06-17 11:00:48.176 1257 1281 D ActivityManager: package com.microsoft.appmanager, user - 0 is SDcard whitelisted
06-17 11:00:48.209 1257 1282 I ActivityManager: Start proc 10571:com.microsoft.appmanager/u0a134 for service {com.microsoft.appmanager/androidx.room.MultiInstanceInvalidationService}
06-17 11:00:48.250 1257 1906 I ActivityManager: DSS OFF for com.microsoft.appmanager
06-17 11:00:48.331 1257 5092 D SettingsProvider: isChangeAllowed() : name = accelerometer_rotation
06-17 11:00:48.331 1257 5092 D SettingsProvider: isChangeAllowed() : name = user_rotation
06-17 11:00:48.332 1257 5092 V WindowManager: rotationForOrientation(orient=5, last=0); user=0 USER_ROTATION_LOCKED
06-17 11:00:48.332 1257 5092 V WindowManager: Computed rotation=0 for display id=0 based on lastOrientation=5 and oldRotation=0, caller=com.android.server.wm.DisplayContent.updateRotationUnchecked:1531 com.android.server.wm.WindowManagerService.updateRotationUnchecked:4230 com.android.server.wm.WindowManagerService.freezeDisplayRotation:4140 com.android.server.wm.WindowManagerService.freezeRotation:4099 android.view.IWindowManager$Stub.onTransact:2089 com.android.server.wm.WindowManagerService.onTransact:1379
06-17 11:00:48.463 10571 10571 E ActivityThread: Failed to find provider info for com.microsoft.yourphonecompanion.contentprovider.featureoverride
06-17 11:00:48.669 1257 1904 D ConnectivityService: listenForNetwork for uid/pid:10134/10571 NetworkRequest [ LISTEN id=345, [ Capabilities: INTERNET&NOT_RESTRICTED&TRUSTED&NOT_VPN&FOREGROUND Uid: 10134] ]
06-17 11:00:48.712 1257 1455 D WifiP2pService: P2pDisabledState{ when=-1ms what=143376 target=com.android.internal.util.StateMachine$SmHandler }
06-17 11:00:48.714 1257 1455 D WifiP2pService: P2pDisabledState{ when=0 what=139412 obj=Bundle[mParcelledData.dataSize=224] target=com.android.internal.util.StateMachine$SmHandler }
06-17 11:00:48.714 1257 1455 D WifiP2pService: DefaultState{ when=0 what=139412 obj=Bundle[mParcelledData.dataSize=224] target=com.android.internal.util.StateMachine$SmHandler }
06-17 11:00:48.715 1257 1455 D WifiP2pService: P2pDisabledState{ when=0 what=139360 obj=Bundle[mParcelledData.dataSize=248] target=com.android.internal.util.StateMachine$SmHandler }
06-17 11:00:48.715 1257 1455 D WifiP2pService: DefaultState{ when=-1ms what=139360 obj=Bundle[mParcelledData.dataSize=248] target=com.android.internal.util.StateMachine$SmHandler }
06-17 11:00:48.715 1257 1455 D WifiP2pService: add a new client
06-17 11:00:48.806 10078 10419 D SystemUIService: Starting getMemoryInfo in MemoryInfoReporter thread.
06-17 11:00:48.813 10078 10419 E AndroidRuntime: FATAL EXCEPTION: AsyncTask #10
06-17 11:00:48.813 10078 10419 E AndroidRuntime: Process: com.android.systemui, PID: 10078
06-17 11:00:48.813 10078 10419 E AndroidRuntime: java.lang.RuntimeException: An error occurred while executing doInBackground()
06-17 11:00:48.813 10078 10419 E AndroidRuntime: at android.os.AsyncTask$4.done(AsyncTask.java:399)
06-17 11:00:48.813 10078 10419 E AndroidRuntime: at java.util.concurrent.FutureTask.finishCompletion(FutureTask.java:383)
06-17 11:00:48.813 10078 10419 E AndroidRuntime: at java.util.concurrent.FutureTask.setException(FutureTask.java:252)
06-17 11:00:48.813 10078 10419 E AndroidRuntime: at java.util.concurrent.FutureTask.run(FutureTask.java:271)
06-17 11:00:48.813 10078 10419 E AndroidRuntime: at java.util.concurrent.ThreadPoolExecutor.runWorker(ThreadPoolExecutor.java:1167)
06-17 11:00:48.813 10078 10419 E AndroidRuntime: at java.util.concurrent.ThreadPoolExecutor$Worker.run(ThreadPoolExecutor.java:641)
06-17 11:00:48.813 10078 10419 E AndroidRuntime: at java.lang.Thread.run(Thread.java:919)
06-17 11:00:48.813 10078 10419 E AndroidRuntime: Caused by: java.lang.NullPointerException: Attempt to invoke virtual method 'void java.io.InputStream.close()' on a null object reference
06-17 11:00:48.813 10078 10419 E AndroidRuntime: at com.android.internal.widget.LocalImageResolver.getBoundsOptionsForImage(LocalImageResolver.java:67)
06-17 11:00:48.813 10078 10419 E AndroidRuntime: at com.android.internal.widget.LocalImageResolver.resolveImage(LocalImageResolver.java:39)
06-17 11:00:48.813 10078 10419 E AndroidRuntime: at com.android.systemui.statusbar.notification.row.NotificationInlineImageResolver.resolveImage(NotificationInlineImageResolver.java:76)
06-17 11:00:48.813 10078 10419 E AndroidRuntime: at com.android.systemui.statusbar.notification.row.NotificationInlineImageCache$PreloadImageTask.doInBackground(NotificationInlineImageCache.java:99)
06-17 11:00:48.813 10078 10419 E AndroidRuntime: at com.android.systemui.statusbar.notification.row.NotificationInlineImageCache$PreloadImageTask.doInBackground(NotificationInlineImageCache.java:86)
06-17 11:00:48.813 10078 10419 E AndroidRuntime: at android.os.AsyncTask$3.call(AsyncTask.java:378)
06-17 11:00:48.813 10078 10419 E AndroidRuntime: at java.util.concurrent.FutureTask.run(FutureTask.java:266)
06-17 11:00:48.813 10078 10419 E AndroidRuntime: ... 3 more
06-17 11:00:48.814 10078 10417 D SystemUIService: Already in calculating memory info. So skip this.
06-17 11:00:48.820 10078 10421 D SystemUIService: Already in calculating memory info. So skip this.
06-17 11:00:48.821 10078 10673 D SystemUIService: - Memory Information -
06-17 11:00:48.829 1257 10683 I DropBoxManagerService: add tag=system_app_crash isTagEnabled=true flags=0x2
06-17 11:00:48.830 1257 5092 W ActivityManager: crash : com.android.systemui,0
06-17 11:00:48.833 1257 5092 W ActivityManager: Process com.android.systemui has crashed too many times: killing!
06-17 11:00:48.861 1257 5092 D SamsungAlarmManager: setInexact Intent (T:3/F:0/AC:false) 20360614T110048 - CU:10215/CP:1766
06-17 11:00:48.861 1257 5092 I SamsungAlarmManager: setLocked to kernel - T:2 / 20260617T110715, SetElapsed=771738, nowELAPSED=385206
06-17 11:00:48.862 1257 5092 I SamsungAlarmManager: setLocked to kernel - T:3 / 20260617T110100, SetElapsed=396345, nowELAPSED=385207
06-17 11:00:48.940 1257 1907 I StatusBarManagerService: binder died for pkg=com.android.systemui
06-17 11:00:48.941 1257 5088 D ConnectivityService: ConnectivityService NetworkRequestInfo binderDied(NetworkRequest [ TRACK_DEFAULT id=343, [ Capabilities: INTERNET&NOT_RESTRICTED&TRUSTED Uid: 10054] ], android.os.BinderProxy@edf8da7)
06-17 11:00:48.941 1257 1466 D ConnectivityService: releasing NetworkRequest [ TRACK_DEFAULT id=343, [ Capabilities: INTERNET&NOT_RESTRICTED&TRUSTED Uid: 10054] ] (release request)
06-17 11:00:48.941 1257 1435 I WindowManager: WIN DEATH: Window{3bddfae u0 StatusBar}
06-17 11:00:48.942 1257 1435 D WindowManager: setKeyguardOccluded occluded=false
06-17 11:00:48.942 1257 1435 I WindowManager: Destroying surface Surface(name=StatusBar$_10078)/@0x87fba4d called by com.android.server.wm.WindowStateAnimator.destroySurface:1790 com.android.server.wm.WindowStateAnimator.destroySurfaceLocked:720 com.android.server.wm.WindowState.removeImmediately:2327 com.android.server.wm.WindowState.removeIfPossible:2463 com.android.server.wm.WindowState.access$300:264 com.android.server.wm.WindowState$DeathRecipient.binderDied:3034 android.os.BinderProxy.sendDeathNotice:637
06-17 11:00:48.942 3346 3346 D SDHMS:eb.h: VideoPlayListener mIsVideoPlay : false
06-17 11:00:48.944 1257 3338 D ConnectivityService: ConnectivityService NetworkRequestInfo binderDied(NetworkRequest [ LISTEN id=344, [] ], android.os.BinderProxy@1a4f2f2)
06-17 11:00:48.944 1257 1612 V AODManagerService: binderDied
06-17 11:00:48.945 1257 3461 D ConnectivityService: ConnectivityService NetworkRequestInfo binderDied(NetworkRequest [ LISTEN id=342, [ Transports: WIFI Capabilities: NOT_VPN] ], android.os.BinderProxy@bcd4fc0)
06-17 11:00:48.945 1257 1435 W WindowManager: Failed to deliver inset state change
06-17 11:00:48.945 1257 1435 W WindowManager: android.os.DeadObjectException
06-17 11:00:48.945 1257 1435 W WindowManager: at android.os.BinderProxy.transactNative(Native Method)
06-17 11:00:48.945 1257 1435 W WindowManager: at android.os.BinderProxy.transact(BinderProxy.java:527)
06-17 11:00:48.945 1257 1435 W WindowManager: at android.view.IWindow$Stub$Proxy.insetsChanged(IWindow.java:734)
06-17 11:00:48.945 1257 1435 W WindowManager: at com.android.server.wm.WindowState.notifyInsetsChanged(WindowState.java:3856)
06-17 11:00:48.945 1257 1435 W WindowManager: at com.android.server.wm.InsetsStateController.lambda$new$0(InsetsStateController.java:56)
06-17 11:00:48.945 1257 1435 W WindowManager: at com.android.server.wm.-$$Lambda$InsetsStateController$sIYEJIR4ztgffCLMi5Z1RvdxyYs.accept(Unknown Source:2)
06-17 11:00:48.945 1257 1435 W WindowManager: at com.android.server.wm.WindowContainer$ForAllWindowsConsumerWrapper.apply(WindowContainer.java:1184)
06-17 11:00:48.945 1257 1435 W WindowManager: at com.android.server.wm.WindowContainer$ForAllWindowsConsumerWrapper.apply(WindowContainer.java:1174)
06-17 11:00:48.945 1257 1435 W WindowManager: at com.android.server.wm.WindowState.applyInOrderWithImeWindows(WindowState.java:4957)
06-17 11:00:48.945 1257 1435 W WindowManager: at com.android.server.wm.WindowState.forAllWindows(WindowState.java:4841)
06-17 11:00:48.945 1257 1435 W WindowManager: at com.android.server.wm.WindowContainer.forAllWindows(WindowContainer.java:883)
06-17 11:00:48.945 1257 1435 W WindowManager: at com.android.server.wm.WindowContainer.forAllWindows(WindowContainer.java:883)
06-17 11:00:48.945 1257 1435 W WindowManager: at com.android.server.wm.DisplayContent.forAllWindows(DisplayContent.java:2477)
06-17 11:00:48.945 1257 1435 W WindowManager: at com.android.server.wm.WindowContainer.forAllWindows(WindowContainer.java:900)
06-17 11:00:48.945 1257 1435 W WindowManager: at com.android.server.wm.InsetsStateController.notifyInsetsChanged(InsetsStateController.java:227)
06-17 11:00:48.945 1257 1435 W WindowManager: at com.android.server.wm.InsetsStateController.onPostLayout(InsetsStateController.java:121)
06-17 11:00:48.945 1257 1435 W WindowManager: at com.android.server.wm.DisplayContent.applySurfaceChangesTransaction(DisplayContent.java:4524)
06-17 11:00:48.945 1257 1435 W WindowManager: at com.android.server.wm.RootWindowContainer.applySurfaceChangesTransaction(RootWindowContainer.java:1013)
06-17 11:00:48.945 1257 1435 W WindowManager: at com.android.server.wm.RootWindowContainer.performSurfacePlacementNoTrace(RootWindowContainer.java:734)
06-17 11:00:48.945 1257 1435 W WindowManager: at com.android.server.wm.RootWindowContainer.performSurfacePlacement(RootWindowContainer.java:669)
06-17 11:00:48.945 1257 1435 W WindowManager: at com.android.server.wm.WindowSurfacePlacer.performSurfacePlacementLoop(WindowSurfacePlacer.java:180)
06-17 11:00:48.945 1257 1435 W WindowManager: at com.android.server.wm.WindowSurfacePlacer.performSurfacePlacement(WindowSurfacePlacer.java:111)
06-17 11:00:48.945 1257 1435 W WindowManager: at com.android.server.wm.WindowSurfacePlacer.performSurfacePlacement(WindowSurfacePlacer.java:99)
06-17 11:00:48.945 1257 1435 W WindowManager: at com.android.server.wm.WindowManagerService.postWindowRemoveCleanupLocked(WindowManagerService.java:2122)
06-17 11:00:48.945 1257 1435 W WindowManager: at com.android.server.wm.WindowState.removeImmediately(WindowState.java:2336)
06-17 11:00:48.945 1257 1435 W WindowManager: at com.android.server.wm.WindowState.removeIfPossible(WindowState.java:2463)
06-17 11:00:48.945 1257 1435 W WindowManager: at com.android.server.wm.WindowState.access$300(WindowState.java:264)
06-17 11:00:48.945 1257 1435 W WindowManager: at com.android.server.wm.WindowState$DeathRecipient.binderDied(WindowState.java:3034)
06-17 11:00:48.945 1257 1435 W WindowManager: at android.os.BinderProxy.sendDeathNotice(BinderProxy.java:637)
06-17 11:00:48.945 1257 3484 D WallpaperManagerService: binderDied android.app.IWallpaperManagerCallback$Stub$Proxy@9c6b6e2
06-17 11:00:48.946 1257 1435 W WindowManager: Failed to deliver inset state change
06-17 11:00:48.946 1257 1435 W WindowManager: android.os.DeadObjectException
06-17 11:00:48.946 1257 1435 W WindowManager: at android.os.BinderProxy.transactNative(Native Method)
06-17 11:00:48.946 1257 1435 W WindowManager: at android.os.BinderProxy.transact(BinderProxy.java:527)
06-17 11:00:48.946 1257 1435 W WindowManager: at android.view.IWindow$Stub$Proxy.insetsChanged(IWindow.java:734)
06-17 11:00:48.946 1257 1435 W WindowManager: at com.android.server.wm.WindowState.notifyInsetsChanged(WindowState.java:3856)
06-17 11:00:48.946 1257 1435 W WindowManager: at com.android.server.wm.InsetsStateController.lambda$new$0(InsetsStateController.java:56)
06-17 11:00:48.946 1257 1435 W WindowManager: at com.android.server.wm.-$$Lambda$InsetsStateController$sIYEJIR4ztgffCLMi5Z1RvdxyYs.accept(Unknown Source:2)
06-17 11:00:48.946 1257 1435 W WindowManager: at com.android.server.wm.WindowContainer$ForAllWindowsConsumerWrapper.apply(WindowContainer.java:1184)
06-17 11:00:48.946 1257 1435 W WindowManager: at com.android.server.wm.WindowContainer$ForAllWindowsConsumerWrapper.apply(WindowContainer.java:1174)
06-17 11:00:48.946 1257 1435 W WindowManager: at com.android.server.wm.WindowState.applyInOrderWithImeWindows(WindowState.java:4957)
06-17 11:00:48.946 1257 1435 W WindowManager: at com.android.server.wm.WindowState.forAllWindows(WindowState.java:4841)
06-17 11:00:48.946 1257 1435 W WindowManager: at com.android.server.wm.WindowContainer.forAllWindows(WindowContainer.java:883)
06-17 11:00:48.946 1257 1435 W WindowManager: at com.android.server.wm.WindowContainer.forAllWindows(WindowContainer.java:883)
06-17 11:00:48.946 1257 1435 W WindowManager: at com.android.server.wm.DisplayContent.forAllWindows(DisplayContent.java:2477)
06-17 11:00:48.946 1257 1435 W WindowManager: at com.android.server.wm.WindowContainer.forAllWindows(WindowContainer.java:900)
06-17 11:00:48.946 1257 1435 W WindowManager: at com.android.server.wm.InsetsStateController.notifyInsetsChanged(InsetsStateController.java:227)
06-17 11:00:48.946 1257 1435 W WindowManager: at com.android.server.wm.InsetsStateController.onPostLayout(InsetsStateController.java:121)
06-17 11:00:48.946 1257 1435 W WindowManager: at com.android.server.wm.DisplayContent.applySurfaceChangesTransaction(DisplayContent.java:4524)
06-17 11:00:48.946 1257 1435 W WindowManager: at com.android.server.wm.RootWindowContainer.applySurfaceChangesTransaction(RootWindowContainer.java:1013)
06-17 11:00:48.946 1257 1435 W WindowManager: at com.android.server.wm.RootWindowContainer.performSurfacePlacementNoTrace(RootWindowContainer.java:734)
06-17 11:00:48.946 1257 1435 W WindowManager: at com.android.server.wm.RootWindowContainer.performSurfacePlacement(RootWindowContainer.java:669)
06-17 11:00:48.946 1257 1435 W WindowManager: at com.android.server.wm.WindowSurfacePlacer.performSurfacePlacementLoop(WindowSurfacePlacer.java:180)
06-17 11:00:48.946 1257 1435 W WindowManager: at com.android.server.wm.WindowSurfacePlacer.performSurfacePlacement(WindowSurfacePlacer.java:111)
06-17 11:00:48.946 1257 1435 W WindowManager: at com.android.server.wm.WindowSurfacePlacer.performSurfacePlacement(WindowSurfacePlacer.java:99)
06-17 11:00:48.946 1257 1435 W WindowManager: at com.android.server.wm.WindowManagerService.postWindowRemoveCleanupLocked(WindowManagerService.java:2122)
06-17 11:00:48.946 1257 1435 W WindowManager: at com.android.server.wm.WindowState.removeImmediately(WindowState.java:2336)
06-17 11:00:48.946 1257 1435 W WindowManager: at com.android.server.wm.WindowState.removeIfPossible(WindowState.java:2463)
06-17 11:00:48.946 1257 1435 W WindowManager: at com.android.server.wm.WindowState.access$300(WindowState.java:264)
06-17 11:00:48.946 1257 1435 W WindowManager: at com.android.server.wm.WindowState$DeathRecipient.binderDied(WindowState.java:3034)
06-17 11:00:48.946 1257 1435 W WindowManager: at android.os.BinderProxy.sendDeathNotice(BinderProxy.java:637)
06-17 11:00:48.946 1257 1466 D ConnectivityService: releasing NetworkRequest [ LISTEN id=344, [] ] (release request)
06-17 11:00:48.947 1257 1466 D ConnectivityService: releasing NetworkRequest [ LISTEN id=342, [ Transports: WIFI Capabilities: NOT_VPN] ] (release request)
06-17 11:00:48.948 1257 2112 D NotificationListeners: Removing active service ComponentInfo{com.android.systemui/com.android.systemui.statusbar.NotificationListener}
06-17 11:00:48.951 1257 1257 W WallpaperManagerService: Wallpaper service gone: ComponentInfo{com.android.systemui/com.android.systemui.ImageWallpaper}
06-17 11:00:48.952 1257 1257 W WallpaperManagerService: Wallpaper service gone: ComponentInfo{com.android.systemui/com.android.systemui.ImageWallpaper}
06-17 11:00:48.956 1257 1435 W WindowManager: Failed to report 'resized' to the client of Window{a4850f4 u0 ScreenDecorOverlay}, removing this window.
06-17 11:00:48.956 1257 1435 I WindowManager: Destroying surface Surface(name=ScreenDecorOverlay$_10078)/@0x48b4c3e called by com.android.server.wm.WindowStateAnimator.destroySurface:1790 com.android.server.wm.WindowStateAnimator.destroySurfaceLocked:720 com.android.server.wm.WindowState.removeImmediately:2327 com.android.server.wm.RootWindowContainer.performSurfacePlacementNoTrace:901 com.android.server.wm.RootWindowContainer.performSurfacePlacement:669 com.android.server.wm.WindowSurfacePlacer.performSurfacePlacementLoop:180 com.android.server.wm.WindowSurfacePlacer.performSurfacePlacement:111 com.android.server.wm.WindowSurfacePlacer.performSurfacePlacement:99
06-17 11:00:48.959 1257 1613 V CocktailBarStatePolicyController: binderDied : binder = android.os.BinderProxy@817a7ec
06-17 11:00:48.981 1257 3460 I WindowManager: WIN DEATH: Window{47d15e5 u0 Bouncer}
06-17 11:00:48.985 1257 1269 I WindowManager: WIN DEATH: Window{3de8656 u0 DockedStackDivider}
06-17 11:00:48.992 1257 1273 D ActivityTaskManager: setLockScreenShown(true,false) is called from 1257
06-17 11:00:48.998 1257 3389 I WindowManager: WIN DEATH: Window{9547714 u0 NavigationBar0}
06-17 11:00:49.000 1257 3389 W WindowManager: Failed to deliver inset state change
06-17 11:00:49.000 1257 3389 W WindowManager: android.os.DeadObjectException
06-17 11:00:49.000 1257 3389 W WindowManager: at android.os.BinderProxy.transactNative(Native Method)
06-17 11:00:49.000 1257 3389 W WindowManager: at android.os.BinderProxy.transact(BinderProxy.java:527)
06-17 11:00:49.000 1257 3389 W WindowManager: at android.view.IWindow$Stub$Proxy.insetsChanged(IWindow.java:734)
06-17 11:00:49.000 1257 3389 W WindowManager: at com.android.server.wm.WindowState.notifyInsetsChanged(WindowState.java:3856)
06-17 11:00:49.000 1257 3389 W WindowManager: at com.android.server.wm.InsetsStateController.lambda$new$0(InsetsStateController.java:56)
06-17 11:00:49.000 1257 3389 W WindowManager: at com.android.server.wm.-$$Lambda$InsetsStateController$sIYEJIR4ztgffCLMi5Z1RvdxyYs.accept(Unknown Source:2)
06-17 11:00:49.000 1257 3389 W WindowManager: at com.android.server.wm.WindowContainer$ForAllWindowsConsumerWrapper.apply(WindowContainer.java:1184)
06-17 11:00:49.000 1257 3389 W WindowManager: at com.android.server.wm.WindowContainer$ForAllWindowsConsumerWrapper.apply(WindowContainer.java:1174)
06-17 11:00:49.000 1257 3389 W WindowManager: at com.android.server.wm.WindowState.applyInOrderWithImeWindows(WindowState.java:4957)
06-17 11:00:49.000 1257 3389 W WindowManager: at com.android.server.wm.WindowState.forAllWindows(WindowState.java:4841)
06-17 11:00:49.000 1257 3389 W WindowManager: at com.android.server.wm.WindowContainer.forAllWindows(WindowContainer.java:883)
06-17 11:00:49.000 1257 3389 W WindowManager: at com.android.server.wm.WindowContainer.forAllWindows(WindowContainer.java:883)
06-17 11:00:49.000 1257 3389 W WindowManager: at com.android.server.wm.DisplayContent.forAllWindows(DisplayContent.java:2477)
06-17 11:00:49.000 1257 3389 W WindowManager: at com.android.server.wm.WindowContainer.forAllWindows(WindowContainer.java:900)
06-17 11:00:49.000 1257 3389 W WindowManager: at com.android.server.wm.InsetsStateController.notifyInsetsChanged(InsetsStateController.java:227)
06-17 11:00:49.000 1257 3389 W WindowManager: at com.android.server.wm.InsetsStateController.onPostLayout(InsetsStateController.java:121)
06-17 11:00:49.000 1257 3389 W WindowManager: at com.android.server.wm.DisplayContent.applySurfaceChangesTransaction(DisplayContent.java:4524)
06-17 11:00:49.000 1257 3389 W WindowManager: at com.android.server.wm.RootWindowContainer.applySurfaceChangesTransaction(RootWindowContainer.java:1013)
06-17 11:00:49.000 1257 3389 W WindowManager: at com.android.server.wm.RootWindowContainer.performSurfacePlacementNoTrace(RootWindowContainer.java:734)
06-17 11:00:49.000 1257 3389 W WindowManager: at com.android.server.wm.RootWindowContainer.performSurfacePlacement(RootWindowContainer.java:669)
06-17 11:00:49.000 1257 3389 W WindowManager: at com.android.server.wm.WindowSurfacePlacer.performSurfacePlacementLoop(WindowSurfacePlacer.java:180)
06-17 11:00:49.000 1257 3389 W WindowManager: at com.android.server.wm.WindowSurfacePlacer.performSurfacePlacement(WindowSurfacePlacer.java:111)
06-17 11:00:49.000 1257 3389 W WindowManager: at com.android.server.wm.WindowSurfacePlacer.performSurfacePlacement(WindowSurfacePlacer.java:99)
06-17 11:00:49.000 1257 3389 W WindowManager: at com.android.server.wm.WindowManagerService.postWindowRemoveCleanupLocked(WindowManagerService.java:2122)
06-17 11:00:49.000 1257 3389 W WindowManager: at com.android.server.wm.WindowState.removeImmediately(WindowState.java:2336)
06-17 11:00:49.000 1257 3389 W WindowManager: at com.android.server.wm.WindowState.removeIfPossible(WindowState.java:2463)
06-17 11:00:49.000 1257 3389 W WindowManager: at com.android.server.wm.WindowState.access$300(WindowState.java:264)
06-17 11:00:49.000 1257 3389 W WindowManager: at com.android.server.wm.WindowState$DeathRecipient.binderDied(WindowState.java:3034)
06-17 11:00:49.000 1257 3389 W WindowManager: at android.os.BinderProxy.sendDeathNotice(BinderProxy.java:637)
06-17 11:00:49.002 1257 3389 W WindowManager: Failed to report 'resized' to the client of Window{ce1b2b6 u0 ScreenDecorOverlayBottom}, removing this window.
06-17 11:00:49.003 1257 3389 I WindowManager: Destroying surface Surface(name=ScreenDecorOverlayBottom$_10078)/@0xbebee4a called by com.android.server.wm.WindowStateAnimator.destroySurface:1790 com.android.server.wm.WindowStateAnimator.destroySurfaceLocked:720 com.android.server.wm.WindowState.removeImmediately:2327 com.android.server.wm.RootWindowContainer.performSurfacePlacementNoTrace:901 com.android.server.wm.RootWindowContainer.performSurfacePlacement:669 com.android.server.wm.WindowSurfacePlacer.performSurfacePlacementLoop:180 com.android.server.wm.WindowSurfacePlacer.performSurfacePlacement:111 com.android.server.wm.WindowSurfacePlacer.performSurfacePlacement:99
06-17 11:00:49.006 1257 1614 I WindowManager: WIN DEATH: Window{30a4bbc u0 AssistPreviewPanel}
06-17 11:00:49.009 1257 1275 D PowerManagerService: [api] setUserActivityTimeoutOverrideFromWindowManagerInternal: timeoutMillis: -1
06-17 11:00:49.009 1257 1275 D PowerManagerService: getScreenOffTimeoutLocked: 5000 -> 30000
06-17 11:00:49.009 1257 1275 D PowerManagerService: [api] setScreenDimDurationOverrideFromWindowManagerInternal: timeoutMillis: -1
06-17 11:00:49.011 1257 1612 I ActivityManager: Process com.android.systemui (pid 10078) has died: pers PERU(255,1514)
06-17 11:00:49.011 1257 3383 W WindowManager: Failed looking up window callers=com.android.server.wm.WindowManagerService.windowForClientLocked:6039 com.android.server.wm.WindowState$DeathRecipient.binderDied:3027 android.os.BinderProxy.sendDeathNotice:637
06-17 11:00:49.011 1257 3383 I WindowManager: WIN DEATH: null
06-17 11:00:49.013 1257 1275 V UsbDeviceManager: onKeyguardStateChanged: isShowing=true secure=false user=0
06-17 11:00:49.013 1257 1272 D UsbDeviceManager: handleMessage -> MSG_UPDATE_SCREEN_LOCK: mScreenLocked=false
06-17 11:00:49.014 1257 1929 W WindowManager: Failed looking up window callers=com.android.server.wm.WindowManagerService.windowForClientLocked:6039 com.android.server.wm.WindowState$DeathRecipient.binderDied:3027 android.os.BinderProxy.sendDeathNotice:637
06-17 11:00:49.014 1257 1929 I WindowManager: WIN DEATH: null
06-17 11:00:49.014 1257 4992 I WindowManager: WIN DEATH: Window{46a67f u0 com.android.systemui.ImageWallpaper}
06-17 11:00:49.015 1257 4992 I WindowManager: Destroying surface Surface(name=com.android.systemui.ImageWallpaper$_10078)/@0x3cd56d8 called by com.android.server.wm.WindowStateAnimator.destroySurface:1790 com.android.server.wm.WindowStateAnimator.destroySurfaceLocked:720 com.android.server.wm.WindowState.removeImmediately:2327 com.android.server.wm.WindowState.removeIfPossible:2463 com.android.server.wm.WindowState.access$300:264 com.android.server.wm.WindowState$DeathRecipient.binderDied:3034 android.os.BinderProxy.sendDeathNotice:637
06-17 11:00:49.016 1257 1275 D StorageManagerService: onKeyguardStateChanged = false
06-17 11:00:49.016 1257 1424 I StorageManagerService: handleMessage :{ when=0 what=15 target=com.android.server.StorageManagerService$StorageManagerServiceHandler }
06-17 11:00:49.016 1257 1424 D StorageManagerService: handleMessage :: H_KEYGUARD_CHANGED = 0
06-17 11:00:49.052 1257 1612 W ActivityManager: Scheduling restart of crashed service com.android.systemui/.SystemUIService in 0ms
06-17 11:00:49.052 1257 1612 W ActivityManager: Scheduling restart of crashed service com.android.systemui/.keyguard.KeyguardService in 0ms
06-17 11:00:49.053 1257 1612 W ActivityManager: Scheduling restart of crashed service com.android.systemui/.ImageWallpaper in 0ms
06-17 11:00:49.056 1257 1612 W ActivityManager: Re-adding persistent process ProcessRecord{49feed7 10078:com.android.systemui/u0a54}
06-17 11:00:49.057 1257 1612 D ActivityManager: package com.android.systemui, user - 0 is SDcard whitelisted
06-17 11:00:49.063 1257 1275 W ActivityManager: setHasOverlayUi called on unknown pid: 10078
06-17 11:00:49.099 1257 1282 I ActivityManager: Start proc 10757:com.android.systemui/u0a54 for restart com.android.systemui
06-17 11:00:49.120 1257 1614 I ActivityManager: Killing 9246:com.samsung.android.scloud/5009 (adj 999): empty #25
06-17 11:00:49.123 1257 1614 I ActivityManager: Killing 9300:com.microsoft.appmanager:auth/u0a134 (adj 999): empty #25
06-17 11:00:49.129 1257 1614 I ActivityManager: DSS OFF for com.android.systemui
06-17 11:00:49.135 1257 1614 D OomAdjuster: Set persistent 10757 com.android.systemui adj -800: pers-top-ui com.android.server.am.OomAdjuster.updateOomAdjLocked:557 com.android.server.am.ActivityManagerService.updateOomAdjLocked:19836 com.android.server.am.ActiveServices.realStartServiceLocked:2895 com.android.server.am.ActiveServices.attachApplicationLocked:3589 com.android.server.am.ActivityManagerService.attachApplicationLocked:6237 com.android.server.am.ActivityManagerService.attachApplication:6307 android.app.IActivityManager$Stub.onTransact:2386
06-17 11:00:49.168 1257 1614 D ConnectivityService: ConnectivityService NetworkRequestInfo binderDied(NetworkRequest [ LISTEN id=337, [ Capabilities: INTERNET&NOT_RESTRICTED&TRUSTED&NOT_VPN&FOREGROUND Uid: 10134] ], android.os.BinderProxy@38c7fc6)
06-17 11:00:49.169 1257 1466 D ConnectivityService: releasing NetworkRequest [ LISTEN id=337, [ Capabilities: INTERNET&NOT_RESTRICTED&TRUSTED&NOT_VPN&FOREGROUND Uid: 10134] ] (release request)
06-17 11:00:49.188 1257 3355 I ActivityManager: Killing 9971:com.facebook.services/u0a73 (adj 999): empty #25
06-17 11:00:49.189 1257 3355 I ActivityManager: Killing 8979:com.microsoft.skydrive/u0a101 (adj 999): empty #26
06-17 11:00:49.253 1257 1270 I DropBoxManagerService: add tag=system_server_wtf isTagEnabled=true flags=0x2
06-17 11:00:49.257 1257 5092 D ConnectivityService: ConnectivityService NetworkRequestInfo binderDied(NetworkRequest [ TRACK_DEFAULT id=338, [ Capabilities: INTERNET&NOT_RESTRICTED&TRUSTED Uid: 10101] ], android.os.BinderProxy@646df50)
06-17 11:00:49.258 1257 1466 D ConnectivityService: releasing NetworkRequest [ TRACK_DEFAULT id=338, [ Capabilities: INTERNET&NOT_RESTRICTED&TRUSTED Uid: 10101] ] (release request)
06-17 11:00:49.258 1257 3387 D ConnectivityService: ConnectivityService NetworkRequestInfo binderDied(NetworkRequest [ TRACK_DEFAULT id=335, [ Capabilities: INTERNET&NOT_RESTRICTED&TRUSTED Uid: 10101] ], android.os.BinderProxy@c17a549)
06-17 11:00:49.259 1257 1466 D ConnectivityService: releasing NetworkRequest [ TRACK_DEFAULT id=335, [ Capabilities: INTERNET&NOT_RESTRICTED&TRUSTED Uid: 10101] ] (release request)
06-17 11:00:49.311 6020 6020 W ContextImpl: Calling a method in the system process without a qualified user: android.app.ContextImpl.startService:1632 android.content.ContextWrapper.startService:683 com.samsung.android.sm.battery.receiver.BatteryReceiver.c:6 com.samsung.android.sm.battery.receiver.BatteryReceiver.onReceive:16 android.app.ActivityThread.handleReceiver:4111
06-17 11:00:49.316 1257 1257 D TrustManagerService: Removing dead TrustListener.
06-17 11:00:49.318 1257 1269 W BroadcastQueue: Background execution not allowed: receiving Intent { act=android.intent.action.DROPBOX_ENTRY_ADDED flg=0x10 (has extras) } to com.google.android.gms/.stats.service.DropBoxEntryAddedReceiver
06-17 11:00:49.325 1257 1281 D ActivityManager: package com.samsung.android.dqagent, user - 0 is SDcard whitelisted
06-17 11:00:49.356 1257 1269 D ActivityManager: package com.samsung.android.lool, user - 0 is SDcard whitelisted
06-17 11:00:49.357 1257 1269 W ActivityManager: wait for provider publish: waiters=1 callerApp=ProcessRecord{cf5b77a 6020:com.samsung.android.lool/1000} cpr=ContentProviderRecord{8fc7ae0 u0 com.samsung.android.lool/com.samsung.android.sm.database.SmProvider}
06-17 11:00:49.362 1257 1282 I ActivityManager: Start proc 10797:com.samsung.android.dqagent/1000 for broadcast {com.samsung.android.dqagent/com.samsung.android.dqagent.receiver.DQADataReceiver}
06-17 11:00:49.386 1257 1270 D SettingsProvider: isChangeAllowed() : name = wallpaper_rotate_fixed
06-17 11:00:49.387 1257 1270 D SettingsProvider: edmUri: content://com.sec.knox.provider/RestrictionPolicy3
06-17 11:00:49.387 1257 1270 D SettingsProvider: projectionArgs: isSettingsChangesAllowed
06-17 11:00:49.387 1257 1270 D SettingsProvider: selectionArgs: false
06-17 11:00:49.387 1257 1270 D SettingsProvider: selectionArgs: 10054
06-17 11:00:49.387 1257 1270 D SecContentProvider: called from android.uid.systemui:10054
06-17 11:00:49.391 1257 1270 D RestrictionPolicy: isSettingsChangesAllowedAsUser, userId 0 : true
06-17 11:00:49.391 1257 1270 D SettingsProvider: ret = 1
06-17 11:00:49.393 1257 1282 I ActivityManager: Start proc 10809:com.samsung.android.sm.provider/1000 for content provider {com.samsung.android.lool/com.samsung.android.sm.database.SmProvider}
06-17 11:00:49.408 1257 3338 D WallpaperManagerService: mDeviceColor:black
06-17 11:00:49.417 1257 1270 I ActivityManager: DSS OFF for com.samsung.android.dqagent
06-17 11:00:49.419 1257 1274 D SettingsProvider: isChangeAllowed() : name = enabled_notification_listeners
06-17 11:00:49.419 1257 1274 D SettingsProvider: isChangeAllowed() : name = enabled_notification_assistant
06-17 11:00:49.420 1257 1274 D SettingsProvider: isChangeAllowed() : name = enabled_notification_policy_access_packages
06-17 11:00:49.434 1257 3387 I ActivityManager: DSS OFF for com.samsung.android.lool
06-17 11:00:49.439 1257 1274 D SettingsProvider: isChangeAllowed() : name = enabled_notification_listeners
06-17 11:00:49.440 1257 1274 D SettingsProvider: isChangeAllowed() : name = enabled_notification_assistant
06-17 11:00:49.441 1257 1274 D SettingsProvider: isChangeAllowed() : name = enabled_notification_policy_access_packages
06-17 11:00:49.455 1257 3387 V WifiDisplayAdapter: getWifiDisplayStatusLocked: result=WifiDisplayStatus{featureState=0, scanState=0, activeDisplayState=0, activeDisplay=null, displays=[], sessionInfo=WifiDisplaySessionInfo:
06-17 11:00:49.455 1257 3387 V WifiDisplayAdapter: Client/Owner: Client
06-17 11:00:49.455 1257 3387 V WifiDisplayAdapter: GroupId:
06-17 11:00:49.455 1257 3387 V WifiDisplayAdapter: Passphrase:
06-17 11:00:49.455 1257 3387 V WifiDisplayAdapter: SessionId: 0
06-17 11:00:49.455 1257 3387 V WifiDisplayAdapter: IP Address: , connectedState=-1}
06-17 11:00:49.462 1257 3338 V WifiDisplayAdapter: getWifiDisplayStatusLocked: result=WifiDisplayStatus{featureState=0, scanState=0, activeDisplayState=0, activeDisplay=null, displays=[], sessionInfo=WifiDisplaySessionInfo:
06-17 11:00:49.462 1257 3338 V WifiDisplayAdapter: Client/Owner: Client
06-17 11:00:49.462 1257 3338 V WifiDisplayAdapter: GroupId:
06-17 11:00:49.462 1257 3338 V WifiDisplayAdapter: Passphrase:
06-17 11:00:49.462 1257 3338 V WifiDisplayAdapter: SessionId: 0
06-17 11:00:49.462 1257 3338 V WifiDisplayAdapter: IP Address: , connectedState=-1}
06-17 11:00:49.503 1257 1274 D SettingsProvider: isChangeAllowed() : name = enabled_notification_listeners
06-17 11:00:49.504 1257 1274 D SettingsProvider: isChangeAllowed() : name = enabled_notification_assistant
06-17 11:00:49.504 1257 1274 D SettingsProvider: isChangeAllowed() : name = enabled_notification_policy_access_packages
06-17 11:00:49.527 1257 1270 D ActivityTaskManager: setLockScreenShown(true,false) is called from 10757
06-17 11:00:49.530 1257 1275 V UsbDeviceManager: onKeyguardStateChanged: isShowing=true secure=false user=0
06-17 11:00:49.530 1257 1272 D UsbDeviceManager: handleMessage -> MSG_UPDATE_SCREEN_LOCK: mScreenLocked=false
06-17 11:00:49.531 1257 1275 D StorageManagerService: onKeyguardStateChanged = false
06-17 11:00:49.531 1257 1424 I StorageManagerService: handleMessage :{ when=0 what=15 target=com.android.server.StorageManagerService$StorageManagerServiceHandler }
06-17 11:00:49.531 1257 1424 D StorageManagerService: handleMessage :: H_KEYGUARD_CHANGED = 0
06-17 11:00:49.532 1257 1274 D SettingsProvider: isChangeAllowed() : name = enabled_notification_listeners
06-17 11:00:49.533 1257 1274 D SettingsProvider: isChangeAllowed() : name = enabled_notification_assistant
06-17 11:00:49.534 1257 1274 D SettingsProvider: isChangeAllowed() : name = enabled_notification_policy_access_packages
06-17 11:00:49.539 1257 1257 D RestrictionPolicy: isSettingsChangesAllowedAsUser, userId 0 : true
06-17 11:00:49.540 1257 1257 D RestrictionPolicy: isAirplaneModeAllowed : true
06-17 11:00:49.541 1257 1257 D RestrictionPolicy: isCellularDataAllowed: true
06-17 11:00:49.542 1257 1257 D RestrictionPolicy: isNFCEnabled : true
06-17 11:00:49.542 1257 1257 D RestrictionPolicy: isWifiTetheringEnabled : true
06-17 11:00:49.566 1257 3387 D PowerManagerService: [api] setDozeAfterScreenOff: true (uid: 10054 pid: 10757)
06-17 11:00:49.570 1257 1483 W Looper : Slow delivery took 207ms PackageManagerHandlerThread h=android.os.Handler c= m=0
06-17 11:00:49.572 1257 1274 D SettingsProvider: isChangeAllowed() : name = enabled_notification_listeners
06-17 11:00:49.573 1257 1274 D SettingsProvider: isChangeAllowed() : name = enabled_notification_assistant
06-17 11:00:49.575 1257 1274 D SettingsProvider: isChangeAllowed() : name = enabled_notification_policy_access_packages
06-17 11:00:49.584 1257 1614 D SettingsProvider: isChangeAllowed() : name = lockstar_facewidget_area
06-17 11:00:49.584 1257 1614 D SettingsProvider: edmUri: content://com.sec.knox.provider/RestrictionPolicy3
06-17 11:00:49.584 1257 1614 D SettingsProvider: projectionArgs: isSettingsChangesAllowed
06-17 11:00:49.584 1257 1614 D SettingsProvider: selectionArgs: false
06-17 11:00:49.584 1257 1614 D SettingsProvider: selectionArgs: 10054
06-17 11:00:49.585 1257 1614 D SecContentProvider: called from android.uid.systemui:10054
06-17 11:00:49.585 1257 1614 D RestrictionPolicy: isSettingsChangesAllowedAsUser, userId 0 : true
06-17 11:00:49.585 1257 1614 D SettingsProvider: ret = 1
06-17 11:00:49.597 1257 1274 D SettingsProvider: isChangeAllowed() : name = enabled_notification_listeners
06-17 11:00:49.598 1257 1614 D WallpaperManagerService: which : 2, return type : 8 (called by userId= 0)
06-17 11:00:49.598 1257 1274 D SettingsProvider: isChangeAllowed() : name = enabled_notification_assistant
06-17 11:00:49.599 1257 1274 D SettingsProvider: isChangeAllowed() : name = enabled_notification_policy_access_packages
06-17 11:00:49.601 1257 1614 D WallpaperManagerService: WallpaperManagerCallbackClient android.app.IWallpaperManagerCallback$Stub$Proxy@1507bf7
06-17 11:00:49.604 1257 3387 D SettingsProvider: isChangeAllowed() : name = white_lockscreen_wallpaper
06-17 11:00:49.604 1257 3387 D SettingsProvider: WALLPAPER_FONT_THEME : white_lockscreen_wallpaper is allowed
06-17 11:00:49.606 1257 3387 D SettingsProvider: isChangeAllowed() : name = white_lockscreen_statusbar
06-17 11:00:49.606 1257 3387 D SettingsProvider: WALLPAPER_FONT_THEME : white_lockscreen_statusbar is allowed
06-17 11:00:49.609 1257 3387 D SettingsProvider: isChangeAllowed() : name = white_lockscreen_navigationbar
06-17 11:00:49.609 1257 3387 D SettingsProvider: WALLPAPER_FONT_THEME : white_lockscreen_navigationbar is allowed
06-17 11:00:49.685 1257 1614 D SettingsProvider: isChangeAllowed() : name = navigation_mode
06-17 11:00:49.685 1257 1614 D SettingsProvider: edmUri: content://com.sec.knox.provider/RestrictionPolicy3
06-17 11:00:49.685 1257 1614 D SettingsProvider: projectionArgs: isSettingsChangesAllowed
06-17 11:00:49.685 1257 1614 D SettingsProvider: selectionArgs: false
06-17 11:00:49.685 1257 1614 D SettingsProvider: selectionArgs: 10054
06-17 11:00:49.686 1257 1614 D SecContentProvider: called from android.uid.systemui:10054
06-17 11:00:49.686 1257 1614 D RestrictionPolicy: isSettingsChangesAllowedAsUser, userId 0 : true
06-17 11:00:49.687 1257 1614 D SettingsProvider: ret = 1
06-17 11:00:49.757 1257 3387 I ActivityManager: Killing 10253:com.sec.android.daemonapp/u0a197 (adj 999): empty #25
06-17 11:00:49.758 1257 3387 I ActivityManager: Killing 9216:com.instagram.android/u0a271 (adj 999): empty #26
06-17 11:00:49.833 1257 1614 D ConnectivityService: ConnectivityService NetworkRequestInfo binderDied(NetworkRequest [ TRACK_DEFAULT id=336, [ Capabilities: INTERNET&NOT_RESTRICTED&TRUSTED Uid: 10271] ], android.os.BinderProxy@f296d86)
06-17 11:00:49.833 1257 3355 D ConnectivityService: ConnectivityService NetworkRequestInfo binderDied(NetworkRequest [ LISTEN id=340, [ Capabilities: INTERNET&NOT_RESTRICTED&TRUSTED&NOT_VPN Uid: 10271] ], android.os.BinderProxy@fa6a647)
06-17 11:00:49.833 1257 1466 D ConnectivityService: releasing NetworkRequest [ TRACK_DEFAULT id=336, [ Capabilities: INTERNET&NOT_RESTRICTED&TRUSTED Uid: 10271] ] (release request)
06-17 11:00:49.834 1257 1466 D ConnectivityService: releasing NetworkRequest [ LISTEN id=340, [ Capabilities: INTERNET&NOT_RESTRICTED&TRUSTED&NOT_VPN Uid: 10271] ] (release request)
06-17 11:00:49.928 1257 3393 W BroadcastQueue: Background execution not allowed: receiving Intent { act=android.intent.action.DROPBOX_ENTRY_ADDED flg=0x10 (has extras) } to com.google.android.gms/.stats.service.DropBoxEntryAddedReceiver
06-17 11:00:49.936 1257 3393 I ActivityManager: Killing 10212:com.android.keychain/1000 (adj 999): empty #25
06-17 11:00:49.938 1257 1281 W BroadcastQueue: Permission Denial: broadcasting Intent { act=com.sec.android.intent.action.WALLPAPER_CHANGED flg=0x1000010 } from com.android.systemui (pid=1323, uid=10054) is not exported from uid 10157 due to receiver com.sec.android.app.clockpackage/.alarmwidget.ClockAlarmWidgetProvider
06-17 11:00:49.944 1257 1281 W BroadcastQueue: Permission Denial: broadcasting Intent { act=com.sec.android.intent.action.WALLPAPER_CHANGED flg=0x1000010 } from com.android.systemui (pid=1323, uid=10054) is not exported from uid 10157 due to receiver com.sec.android.app.clockpackage/com.sec.android.widgetapp.digitalclock.DigitalClockWidgetProvider
06-17 11:00:49.945 1257 1281 W BroadcastQueue: Permission Denial: broadcasting Intent { act=com.sec.android.intent.action.WALLPAPER_CHANGED flg=0x1000010 } from com.android.systemui (pid=1323, uid=10054) is not exported from uid 10157 due to receiver com.sec.android.app.clockpackage/com.sec.android.widgetapp.dualclockdigital.DualClockDigitalWidgetProvider
06-17 11:00:49.946 1257 1281 W BroadcastQueue: Permission Denial: broadcasting Intent { act=com.sec.android.intent.action.WALLPAPER_CHANGED flg=0x1000010 } from com.android.systemui (pid=1323, uid=10054) is not exported from uid 10157 due to receiver com.sec.android.app.clockpackage/com.sec.android.widgetapp.analogclock.AnalogClockWidgetProvider
06-17 11:00:49.973 1257 3393 D ActivityManager: package com.samsung.android.calendar, user - 0 is SDcard whitelisted
06-17 11:00:49.980 1257 1269 D ConnectivityService: listenForNetwork for uid/pid:10054/10757 NetworkRequest [ LISTEN id=346, [ Transports: WIFI Capabilities: NOT_VPN] ]
06-17 11:00:49.986 1257 3393 D ConnectivityService: requestNetwork for uid/pid:10054/10757 NetworkRequest [ TRACK_DEFAULT id=347, [ Capabilities: INTERNET&NOT_RESTRICTED&TRUSTED Uid: 10054] ]
06-17 11:00:49.987 1257 1466 D ConnectivityService: sending new Min Network Score(0): NetworkRequest [ TRACK_DEFAULT id=347, [ Capabilities: INTERNET&NOT_RESTRICTED&TRUSTED Uid: 10054] ]
06-17 11:00:50.009 1257 1269 I Telecom:SamsungTelecomServiceImpl: getCallState - callingPid : 10757 / processName : sts
06-17 11:00:50.009 1257 1282 I ActivityManager: Start proc 10947:com.samsung.android.calendar/u0a162 for broadcast {com.samsung.android.calendar/com.android.calendar.widget.month.MonthWidgetProvider}
06-17 11:00:50.024 1257 1269 I Telecom:SamsungTelecomServiceImpl: getCallState - callingPid : 10757 / processName : sts
06-17 11:00:50.051 1257 1906 I ActivityManager: DSS OFF for com.samsung.android.calendar
06-17 11:00:50.079 1257 2389 D WindowManager: notifyMovementBoundsChanged: insetRect(42, 125 - 1038, 2232), normalRect(533, 1948 - 1038, 2232), animatingRect(533, 1948 - 1038, 2232), fromIme=false, fromShelffalse, rot=0
06-17 11:00:50.088 1257 3355 I StatusBarManagerService: registerStatusBar bar=com.android.internal.statusbar.IStatusBar$Stub$Proxy@3493383
06-17 11:00:50.114 1257 3355 D SettingsProvider: isChangeAllowed() : name = navigation_bar_gesture_disabled_by_policy
06-17 11:00:50.115 1257 3355 D SettingsProvider: edmUri: content://com.sec.knox.provider/RestrictionPolicy3
06-17 11:00:50.115 1257 3355 D SettingsProvider: projectionArgs: isSettingsChangesAllowed
06-17 11:00:50.115 1257 3355 D SettingsProvider: selectionArgs: false
06-17 11:00:50.115 1257 3355 D SettingsProvider: selectionArgs: 10054
06-17 11:00:50.115 1257 3355 D SecContentProvider: called from android.uid.systemui:10054
06-17 11:00:50.115 1257 3355 D RestrictionPolicy: isSettingsChangesAllowedAsUser, userId 0 : true
06-17 11:00:50.116 1257 3355 D SettingsProvider: ret = 1
06-17 11:00:50.119 1257 3355 D SettingsProvider: isChangeAllowed() : name = navigationbar_color
06-17 11:00:50.119 1257 3355 D SettingsProvider: edmUri: content://com.sec.knox.provider/RestrictionPolicy3
06-17 11:00:50.119 1257 3355 D SettingsProvider: projectionArgs: isSettingsChangesAllowed
06-17 11:00:50.119 1257 3355 D SettingsProvider: selectionArgs: false
06-17 11:00:50.119 1257 3355 D SettingsProvider: selectionArgs: 10054
06-17 11:00:50.119 1257 3355 D SecContentProvider: called from android.uid.systemui:10054
06-17 11:00:50.119 1257 3355 D RestrictionPolicy: isSettingsChangesAllowedAsUser, userId 0 : true
06-17 11:00:50.119 1257 3355 D SettingsProvider: ret = 1
06-17 11:00:50.120 1257 2389 D SettingsProvider: isChangeAllowed() : name = navigationbar_current_color
06-17 11:00:50.120 1257 2389 D SettingsProvider: edmUri: content://com.sec.knox.provider/RestrictionPolicy3
06-17 11:00:50.120 1257 2389 D SettingsProvider: projectionArgs: isSettingsChangesAllowed
06-17 11:00:50.120 1257 2389 D SettingsProvider: selectionArgs: false
06-17 11:00:50.120 1257 2389 D SettingsProvider: selectionArgs: 10054
06-17 11:00:50.120 1257 2389 D SecContentProvider: called from android.uid.systemui:10054
06-17 11:00:50.121 1257 2389 D RestrictionPolicy: isSettingsChangesAllowedAsUser, userId 0 : true
06-17 11:00:50.121 1257 2389 D SettingsProvider: ret = 1
06-17 11:00:50.125 1257 3355 D SettingsProvider: isChangeAllowed() : name = icon_blacklist
06-17 11:00:50.125 1257 3355 D SettingsProvider: edmUri: content://com.sec.knox.provider/RestrictionPolicy3
06-17 11:00:50.125 1257 3355 D SettingsProvider: projectionArgs: isSettingsChangesAllowed
06-17 11:00:50.126 1257 3355 D SettingsProvider: selectionArgs: false
06-17 11:00:50.126 1257 3355 D SettingsProvider: selectionArgs: 10054
06-17 11:00:50.126 1257 3355 D SecContentProvider: called from android.uid.systemui:10054
06-17 11:00:50.126 1257 3355 D RestrictionPolicy: isSettingsChangesAllowedAsUser, userId 0 : true
06-17 11:00:50.127 1257 3355 D SettingsProvider: ret = 1
06-17 11:00:50.153 1257 1906 D WallpaperManagerService: which : 2, return type : 8 (called by userId= 0)
06-17 11:00:50.154 1257 3393 D WallpaperManagerService: getVideoFilePath userId=0 path=
06-17 11:00:50.154 1257 3393 D WallpaperManagerService: getVideoFilePath userId=0 pkg=com.android.systemui which= 2
06-17 11:00:50.155 1257 1906 D WallpaperManagerService: getVideoColor userId=0, which = 2, videoColor=black
06-17 11:00:50.175 1257 1906 D ActivityManager: package com.android.providers.calendar, user - 0 is SDcard whitelisted
06-17 11:00:50.176 1257 1906 W ActivityManager: wait for provider publish: waiters=1 callerApp=ProcessRecord{6db63cf 10947:com.samsung.android.calendar/u0a162} cpr=ContentProviderRecord{4ecc15c u0 com.android.providers.calendar/.CalendarProvider2}
06-17 11:00:50.194 1257 1282 I ActivityManager: Start proc 10974:com.android.providers.calendar/u0a103 for content provider {com.android.providers.calendar/com.android.providers.calendar.CalendarProvider2}
06-17 11:00:50.222 1257 3355 D ActivityManager: package com.sec.android.app.fm, user - 0 is SDcard whitelisted
06-17 11:00:50.223 1257 3355 I ActivityManager: Killing 10494:com.samsung.android.mobileservice/u0a107 (adj 999): empty #25
06-17 11:00:50.224 1257 1269 I ActivityManager: DSS OFF for com.android.providers.calendar
06-17 11:00:50.230 1257 1269 I ActivityManager: Killing 10362:com.osp.app.signin/u0a104 (adj 999): empty #25
06-17 11:00:50.253 1257 1282 I ActivityManager: Start proc 10995:com.sec.android.app.fm/u0a86 for broadcast {com.sec.android.app.fm/com.sec.android.app.fm.widget.RadioWallpaperChangedReceiver}
06-17 11:00:50.291 1257 3393 I ActivityManager: DSS OFF for com.sec.android.app.fm
06-17 11:00:50.417 1257 1614 I Telecom:SamsungTelecomServiceImpl: isInCall - callingPackage : com.android.systemui
06-17 11:00:50.440 1257 1274 D SettingsProvider: isChangeAllowed() : name = enabled_notification_listeners
06-17 11:00:50.440 1257 3355 D ActivityManager: package com.sec.android.daemonapp, user - 0 is SDcard whitelisted
06-17 11:00:50.441 1257 1274 D SettingsProvider: isChangeAllowed() : name = enabled_notification_assistant
06-17 11:00:50.441 1257 1274 D SettingsProvider: isChangeAllowed() : name = enabled_notification_policy_access_packages
06-17 11:00:50.445 1257 3355 I ActivityManager: Killing 10571:com.microsoft.appmanager/u0a134 (adj 999): empty #25
06-17 11:00:50.455 1257 3355 D SettingsProvider: isChangeAllowed() : name = flashlight_available
06-17 11:00:50.455 1257 3355 D SettingsProvider: edmUri: content://com.sec.knox.provider/RestrictionPolicy3
06-17 11:00:50.455 1257 3355 D SettingsProvider: projectionArgs: isSettingsChangesAllowed
06-17 11:00:50.455 1257 3355 D SettingsProvider: selectionArgs: false
06-17 11:00:50.455 1257 3355 D SettingsProvider: selectionArgs: 10054
06-17 11:00:50.455 1257 3355 D SecContentProvider: called from android.uid.systemui:10054
06-17 11:00:50.456 1257 3355 D RestrictionPolicy: isSettingsChangesAllowedAsUser, userId 0 : true
06-17 11:00:50.456 1257 3355 D SettingsProvider: ret = 1
06-17 11:00:50.457 1257 3355 D SettingsProvider: isChangeAllowed() : name = flashlight_enabled
06-17 11:00:50.457 1257 3355 D SettingsProvider: edmUri: content://com.sec.knox.provider/RestrictionPolicy3
06-17 11:00:50.457 1257 3355 D SettingsProvider: projectionArgs: isSettingsChangesAllowed
06-17 11:00:50.457 1257 3355 D SettingsProvider: selectionArgs: false
06-17 11:00:50.457 1257 3355 D SettingsProvider: selectionArgs: 10054
06-17 11:00:50.457 1257 3355 D SecContentProvider: called from android.uid.systemui:10054
06-17 11:00:50.457 1257 3355 D RestrictionPolicy: isSettingsChangesAllowedAsUser, userId 0 : true
06-17 11:00:50.457 1257 3355 D SettingsProvider: ret = 1
06-17 11:00:50.468 1257 1274 D SettingsProvider: isChangeAllowed() : name = enabled_notification_listeners
06-17 11:00:50.469 1257 1274 D SettingsProvider: isChangeAllowed() : name = enabled_notification_assistant
06-17 11:00:50.469 1257 1274 D SettingsProvider: isChangeAllowed() : name = enabled_notification_policy_access_packages
06-17 11:00:50.476 1257 1282 I ActivityManager: Start proc 11025:com.sec.android.daemonapp/u0a197 for broadcast {com.sec.android.daemonapp/com.sec.android.daemonapp.appwidget.WidgetBroadcastReceiver}
06-17 11:00:50.502 1257 3355 D ConnectivityService: ConnectivityService NetworkRequestInfo binderDied(NetworkRequest [ LISTEN id=345, [ Capabilities: INTERNET&NOT_RESTRICTED&TRUSTED&NOT_VPN&FOREGROUND Uid: 10134] ], android.os.BinderProxy@3c72fbb)
