06-17 11:00:35.070 1257 3470 D SettingsProvider: edmUri: content://com.sec.knox.provider/RestrictionPolicy3
06-17 11:00:35.070 1257 3470 D SettingsProvider: projectionArgs: isSettingsChangesAllowed
06-17 11:00:35.070 1257 3470 D SettingsProvider: selectionArgs: false
06-17 11:00:35.070 1257 3470 D SettingsProvider: selectionArgs: 10054
06-17 11:00:35.071 1257 3470 D SecContentProvider: called from android.uid.systemui:10054
06-17 11:00:35.071 1257 3470 D RestrictionPolicy: isSettingsChangesAllowedAsUser, userId 0 : true
06-17 11:00:35.071 1257 3470 D SettingsProvider: ret = 1
06-17 11:00:35.072 1257 1276 I WindowManager: Reparenting to original parent: Surface(name=WindowToken{3c41869 android.os.BinderProxy@7eb6733})/@0x68421b7, destroyLeash=true, surface=Surface(name=42492ee StatusBar)/@0x81c561d
06-17 11:00:35.072 1257 1270 D SettingsProvider: isChangeAllowed() : name = qs_detail_content_secondary_text_color
06-17 11:00:35.072 1257 1270 D SettingsProvider: edmUri: content://com.sec.knox.provider/RestrictionPolicy3
06-17 11:00:35.072 1257 1270 D SettingsProvider: projectionArgs: isSettingsChangesAllowed
06-17 11:00:35.072 1257 1270 D SettingsProvider: selectionArgs: false
06-17 11:00:35.072 1257 1270 D SettingsProvider: selectionArgs: 10054
06-17 11:00:35.073 1257 1270 D SecContentProvider: called from android.uid.systemui:10054
06-17 11:00:35.073 1257 1276 I WindowManager: Reparenting to original parent: Surface(name=WindowToken{4c878c1 android.os.BinderProxy@5d449cb})/@0x24008d, destroyLeash=true, surface=Surface(name=46c6866 NavigationBar0)/@0xe735660
06-17 11:00:35.073 1257 1270 D RestrictionPolicy: isSettingsChangesAllowedAsUser, userId 0 : true
06-17 11:00:35.073 1257 1270 D SettingsProvider: ret = 1
06-17 11:00:35.128 1257 3484 D ActivityManager: package com.microsoft.skydrive, user - 0 is SDcard whitelisted
06-17 11:00:35.130 1257 3484 I ActivityManager: Killing 24642:com.samsung.android.app.sharelive/5026 (adj 999): empty #25
06-17 11:00:35.152 1257 3484 I Telecom:SamsungTelecomServiceImpl: getUserSelectedOutgoingPhoneAccount - callingPackage : com.samsung.android.app.telephonyui
06-17 11:00:35.154 1257 3470 I Telecom:SamsungTelecomServiceImpl: getPhoneAccount - PhoneAccountHandle : ComponentInfo{com.android.phone/com.android.services.telephony.TelephonyConnectionService}, ***, UserHandle{0} / callingPid : 24305 / processName : sts
06-17 11:00:35.155 1257 1282 I ActivityManager: Start proc 8979:com.microsoft.skydrive/u0a101 for broadcast {com.microsoft.skydrive/com.microsoft.skydrive.samsung.SamsungMigrationStateBroadcastReceiver}
06-17 11:00:35.167 1257 3484 I Telecom:SamsungTelecomServiceImpl: getCallCapablePhoneAccounts - includeDisabledAccounts : false / callingPackage : com.samsung.android.app.telephonyui
06-17 11:00:35.169 1257 1270 I Telecom:SamsungTelecomServiceImpl: getPhoneAccount - PhoneAccountHandle : ComponentInfo{com.android.phone/com.android.services.telephony.TelephonyConnectionService}, ***, UserHandle{0} / callingPid : 24305 / processName : sts
06-17 11:00:35.176 1257 1270 I Telecom:SamsungTelecomServiceImpl: getUserSelectedOutgoingPhoneAccount - callingPackage : com.samsung.android.app.telephonyui
06-17 11:00:35.178 1257 1270 I Telecom:SamsungTelecomServiceImpl: getPhoneAccount - PhoneAccountHandle : ComponentInfo{com.android.phone/com.android.services.telephony.TelephonyConnectionService}, ***, UserHandle{0} / callingPid : 24305 / processName : sts
06-17 11:00:35.191 1257 1270 I ActivityManager: DSS OFF for com.microsoft.skydrive
06-17 11:00:35.192 1257 3470 I Telecom:SamsungTelecomServiceImpl: getCallCapablePhoneAccounts - includeDisabledAccounts : false / callingPackage : com.samsung.android.app.telephonyui
06-17 11:00:35.194 1257 3470 I Telecom:SamsungTelecomServiceImpl: getPhoneAccount - PhoneAccountHandle : ComponentInfo{com.android.phone/com.android.services.telephony.TelephonyConnectionService}, ***, UserHandle{0} / callingPid : 24305 / processName : sts
06-17 11:00:35.234 1257 1281 W BroadcastQueue: Skipping deliver [background] BroadcastRecord{eb0c96d u-1 android.intent.action.ACTION_DEFAULT_DATA_SUBSCRIPTION_CHANGED} to ReceiverList{b44c797 8592 com.android.systemui/10054/u0 remote:ff10216}: filter unregistered
06-17 11:00:35.621 1257 3387 I ActivityManager: Killing 7461:com.samsung.knox.securefolder/u0a119 (adj 999): empty #25
06-17 11:00:35.625 1257 3387 I Telecom:SamsungTelecomServiceImpl: getCallState - callingPid : 8592 / processName : sts
06-17 11:00:35.676 1257 3470 D WindowManager: makeSurface duration=2 name=com.android.systemui.ImageWallpaper$_8592
06-17 11:00:35.683 1257 1276 V WindowManager: performShow on Window{aec9770 u0 com.android.systemui.ImageWallpaper}: mDrawState=READY_TO_SHOW readyForDisplay=false starting=false during animation: policyVis=true parentHidden=false tok.hiddenRequested=false tok.hidden=false animating=false tok animating=false Callers=com.android.server.wm.WindowState.performShowLocked:4719 com.android.server.wm.WindowStateAnimator.commitFinishDrawingLocked:401 com.android.server.wm.DisplayContent.lambda$new$8$DisplayContent:990 com.android.server.wm.-$$Lambda$DisplayContent$qxt4izS31fb0LF2uo_OF9DMa7gc.accept:4
06-17 11:00:35.692 1257 1276 V WindowManager: performShow on Window{aec9770 u0 com.android.systemui.ImageWallpaper}: mDrawState=READY_TO_SHOW readyForDisplay=false starting=false during animation: policyVis=true parentHidden=false tok.hiddenRequested=false tok.hidden=false animating=false tok animating=false Callers=com.android.server.wm.WindowState.performShowLocked:4719 com.android.server.wm.DisplayContent.lambda$new$0$DisplayContent:680 com.android.server.wm.-$$Lambda$DisplayContent$0yxrqH9eGY2qTjH1u_BvaVrXCSA.accept:4 com.android.server.wm.WindowContainer$ForAllWindowsConsumerWrapper.apply:1184
06-17 11:00:35.739 1257 1257 D EdgeLightingManager: isCallingUserSupported : callingUserId=-1, mUserId=0, isDualAppId=false
06-17 11:00:35.745 1257 1257 D SmartAlertController: SmartAlert - Found Missed Event
06-17 11:00:35.747 1257 9010 D SmartAlertController: SmartAlert - already registered or Setting disabled
06-17 11:00:35.757 1257 1612 D ActivityManager: package com.samsung.knox.securefolder, user - 0 is SDcard whitelisted
06-17 11:00:35.784 1257 1282 I ActivityManager: Start proc 9015:com.samsung.knox.securefolder/u0a119 for service {com.samsung.knox.securefolder/com.samsung.knox.securefolder.switcher.SecureFolderTile}
06-17 11:00:35.790 1257 3387 D ActivityManager: package com.samsung.android.app.sharelive, user - 0 is SDcard whitelisted
06-17 11:00:35.816 1257 1282 I ActivityManager: Start proc 9028:com.samsung.android.app.sharelive/5026 for service {com.samsung.android.app.sharelive/com.samsung.android.app.sharelive.presentation.quickpanel.DeviceVisibilityTileService}
06-17 11:00:35.825 1257 1270 I ActivityManager: DSS OFF for com.samsung.knox.securefolder
06-17 11:00:35.861 1257 3470 I ActivityManager: DSS OFF for com.samsung.android.app.sharelive
06-17 11:00:35.879 1257 3387 D SettingsProvider: isChangeAllowed() : name = hide_rotation_lock_toggle_for_accessibility
06-17 11:00:35.879 1257 3387 D SettingsProvider: edmUri: content://com.sec.knox.provider/RestrictionPolicy3
06-17 11:00:35.879 1257 3387 D SettingsProvider: projectionArgs: isSettingsChangesAllowed
06-17 11:00:35.879 1257 3387 D SettingsProvider: selectionArgs: false
06-17 11:00:35.879 1257 3387 D SettingsProvider: selectionArgs: 10054
06-17 11:00:35.880 1257 3387 D SecContentProvider: called from android.uid.systemui:10054
06-17 11:00:35.880 1257 3387 D RestrictionPolicy: isSettingsChangesAllowedAsUser, userId 0 : true
06-17 11:00:35.880 1257 3387 D SettingsProvider: ret = 1
06-17 11:00:35.911 1257 5092 W UriGrantsManagerService: No content provider found for permission check: content://com.sec.kidsplat.parentalcontrol.provider.v2/setup_wizzard
06-17 11:00:35.996 1257 3470 V WindowManager: performShow on Window{aec9770 u0 com.android.systemui.ImageWallpaper}: mDrawState=READY_TO_SHOW readyForDisplay=false starting=false during animation: policyVis=true parentHidden=false tok.hiddenRequested=false tok.hidden=false animating=false tok animating=false Callers=com.android.server.wm.WindowState.performShowLocked:4719 com.android.server.wm.WindowStateAnimator.commitFinishDrawingLocked:401 com.android.server.wm.DisplayContent.lambda$new$8$DisplayContent:990 com.android.server.wm.-$$Lambda$DisplayContent$qxt4izS31fb0LF2uo_OF9DMa7gc.accept:4
06-17 11:00:36.010 1257 1276 V WindowManager: performShow on Window{aec9770 u0 com.android.systemui.ImageWallpaper}: mDrawState=READY_TO_SHOW readyForDisplay=false starting=false during animation: policyVis=true parentHidden=false tok.hiddenRequested=false tok.hidden=false animating=false tok animating=false Callers=com.android.server.wm.WindowState.performShowLocked:4719 com.android.server.wm.DisplayContent.lambda$new$0$DisplayContent:680 com.android.server.wm.-$$Lambda$DisplayContent$0yxrqH9eGY2qTjH1u_BvaVrXCSA.accept:4 com.android.server.wm.WindowContainer$ForAllWindowsConsumerWrapper.apply:1184
06-17 11:00:36.121 2568 2568 D io_stats: !@ 179,0 r 1046864 23140097 w 23819 511572 d 13909 318228 f 22258 27596 iot 233516 237985 th 51200 0 0 pt 0 inp 0 0 372.465
06-17 11:00:36.200 1257 3470 D ConnectivityService: requestNetwork for uid/pid:10101/8979 NetworkRequest [ TRACK_DEFAULT id=335, [ Capabilities: INTERNET&NOT_RESTRICTED&TRUSTED Uid: 10101] ]
06-17 11:00:36.201 1257 1466 D ConnectivityService: sending new Min Network Score(0): NetworkRequest [ TRACK_DEFAULT id=335, [ Capabilities: INTERNET&NOT_RESTRICTED&TRUSTED Uid: 10101] ]
06-17 11:00:36.327 1257 1612 D CustomFrequencyManagerService: FrequencyrequestList.getNextSchedTuneBoostRequest, index: 1
06-17 11:00:36.331 1257 3387 D ActivityManager: package com.samsung.android.mdx.kit, user - 0 is SDcard whitelisted
06-17 11:00:36.332 1257 3387 W ActivityManager: wait for provider publish: waiters=1 callerApp=ProcessRecord{c5d5bd9 9028:com.samsung.android.app.sharelive/5026} cpr=ContentProviderRecord{892699e u0 com.samsung.android.mdx.kit/.provider.CapabilityContentProvider}
06-17 11:00:36.360 1257 2459 D BatteryService: Sending ACTION_BATTERY_CHANGED. scale:100, info:{.chargerAcOnline = false, .chargerUsbOnline = true, .chargerWirelessOnline = false, .maxChargingCurrent = 0, .maxChargingVoltage = 0, .batteryStatus = CHARGING, .batteryHealth = GOOD, .batteryPresent = true, .batteryLevel = 48, .batteryVoltage = 3800, .batteryTemperature = 336, .batteryCurrent = 0, .batteryCycleCount = 0, .batteryFullCharge = 5000000, .batteryChargeCounter = 2440000, .batteryTechnology = Li-ion}
06-17 11:00:36.360 1257 2459 D BatteryService: online:4, current avg:-86, charge type:1, POGO powered:false, power sharing:false, high voltage charger:false, charger_type:0, capacity:280000, misc_event:65536, current_event:0, current_now:-268
06-17 11:00:36.362 1257 1257 D UsbDeviceManager: received ACTION_BATTERY_CHANGED
06-17 11:00:36.362 1257 1272 D UsbDeviceManager: handleMessage -> MSG_UPDATE_CHARGING_STATE: mUsbCharging=true
06-17 11:00:36.371 1257 1282 I ActivityManager: Start proc 9096:com.samsung.android.mdx.kit/5025 for content provider {com.samsung.android.mdx.kit/com.samsung.android.mdx.kit.provider.CapabilityContentProvider}
06-17 11:00:36.400 1257 1612 I ActivityManager: DSS OFF for com.samsung.android.mdx.kit
06-17 11:00:36.430 1257 1278 E Watchdog: !@Sync 12 [2026-06-17 11:00:36.430] FD count : 605, wdog_way : None
06-17 11:00:36.444 1257 5092 I Telecom:SamsungTelecomServiceImpl: getUserSelectedOutgoingPhoneAccount - callingPackage : com.samsung.android.app.telephonyui
06-17 11:00:36.446 1257 5092 I Telecom:SamsungTelecomServiceImpl: getPhoneAccount - PhoneAccountHandle : ComponentInfo{com.android.phone/com.android.services.telephony.TelephonyConnectionService}, ***, UserHandle{0} / callingPid : 24305 / processName : sts
06-17 11:00:36.460 1257 1612 I Telecom:SamsungTelecomServiceImpl: getCallCapablePhoneAccounts - includeDisabledAccounts : false / callingPackage : com.samsung.android.app.telephonyui
06-17 11:00:36.462 1257 1612 I Telecom:SamsungTelecomServiceImpl: getPhoneAccount - PhoneAccountHandle : ComponentInfo{com.android.phone/com.android.services.telephony.TelephonyConnectionService}, ***, UserHandle{0} / callingPid : 24305 / processName : sts
06-17 11:00:36.466 1257 1612 I Telecom:SamsungTelecomServiceImpl: getUserSelectedOutgoingPhoneAccount - callingPackage : com.samsung.android.app.telephonyui
06-17 11:00:36.468 1257 1612 I Telecom:SamsungTelecomServiceImpl: getPhoneAccount - PhoneAccountHandle : ComponentInfo{com.android.phone/com.android.services.telephony.TelephonyConnectionService}, ***, UserHandle{0} / callingPid : 24305 / processName : sts
06-17 11:00:36.480 1257 5092 I Telecom:SamsungTelecomServiceImpl: getCallCapablePhoneAccounts - includeDisabledAccounts : false / callingPackage : com.samsung.android.app.telephonyui
06-17 11:00:36.481 1257 3387 I Telecom:SamsungTelecomServiceImpl: getPhoneAccount - PhoneAccountHandle : ComponentInfo{com.android.phone/com.android.services.telephony.TelephonyConnectionService}, ***, UserHandle{0} / callingPid : 24305 / processName : sts
06-17 11:00:36.490 1257 5092 I Telecom:SamsungTelecomServiceImpl: getUserSelectedOutgoingPhoneAccount - callingPackage : com.samsung.android.app.telephonyui
06-17 11:00:36.491 1257 5092 I Telecom:SamsungTelecomServiceImpl: getPhoneAccount - PhoneAccountHandle : ComponentInfo{com.android.phone/com.android.services.telephony.TelephonyConnectionService}, ***, UserHandle{0} / callingPid : 24305 / processName : sts
06-17 11:00:36.501 1257 5092 I Telecom:SamsungTelecomServiceImpl: getCallCapablePhoneAccounts - includeDisabledAccounts : false / callingPackage : com.samsung.android.app.telephonyui
06-17 11:00:36.503 1257 5092 I Telecom:SamsungTelecomServiceImpl: getPhoneAccount - PhoneAccountHandle : ComponentInfo{com.android.phone/com.android.services.telephony.TelephonyConnectionService}, ***, UserHandle{0} / callingPid : 24305 / processName : sts
06-17 11:00:36.508 1257 5092 I Telecom:SamsungTelecomServiceImpl: getUserSelectedOutgoingPhoneAccount - callingPackage : com.samsung.android.app.telephonyui
06-17 11:00:36.510 1257 5092 I Telecom:SamsungTelecomServiceImpl: getPhoneAccount - PhoneAccountHandle : ComponentInfo{com.android.phone/com.android.services.telephony.TelephonyConnectionService}, ***, UserHandle{0} / callingPid : 24305 / processName : sts
06-17 11:00:36.523 1257 5092 I Telecom:SamsungTelecomServiceImpl: getCallCapablePhoneAccounts - includeDisabledAccounts : false / callingPackage : com.samsung.android.app.telephonyui
06-17 11:00:36.526 1257 5092 I Telecom:SamsungTelecomServiceImpl: getPhoneAccount - PhoneAccountHandle : ComponentInfo{com.android.phone/com.android.services.telephony.TelephonyConnectionService}, ***, UserHandle{0} / callingPid : 24305 / processName : sts
06-17 11:00:36.568 1257 5092 D SettingsProvider: isChangeAllowed() : name = quickshare_enabled
06-17 11:00:36.568 1257 5092 D SettingsProvider: edmUri: content://com.sec.knox.provider/RestrictionPolicy3
06-17 11:00:36.568 1257 5092 D SettingsProvider: projectionArgs: isSettingsChangesAllowed
06-17 11:00:36.568 1257 5092 D SettingsProvider: selectionArgs: false
06-17 11:00:36.568 1257 5092 D SettingsProvider: selectionArgs: 5026
06-17 11:00:36.568 1257 5092 D SecContentProvider: called from android.uid.sharelive:5026
06-17 11:00:36.568 1257 5092 D RestrictionPolicy: isSettingsChangesAllowedAsUser, userId 0 : true
06-17 11:00:36.569 1257 5092 D SettingsProvider: ret = 1
06-17 11:00:36.687 1257 3470 D SettingsProvider: isChangeAllowed() : name = pref_dynamic_plugin_version
06-17 11:00:36.687 1257 3470 D SettingsProvider: edmUri: content://com.sec.knox.provider/RestrictionPolicy3
06-17 11:00:36.687 1257 3470 D SettingsProvider: projectionArgs: isSettingsChangesAllowed
06-17 11:00:36.687 1257 3470 D SettingsProvider: selectionArgs: false
06-17 11:00:36.687 1257 3470 D SettingsProvider: selectionArgs: 10054
06-17 11:00:36.687 1257 3470 D SecContentProvider: called from android.uid.systemui:10054
06-17 11:00:36.688 1257 3470 D RestrictionPolicy: isSettingsChangesAllowedAsUser, userId 0 : true
06-17 11:00:36.688 1257 3470 D SettingsProvider: ret = 1
06-17 11:00:36.689 1257 3470 D SettingsProvider: isChangeAllowed() : name = pref_dynamic_plugin_connected
06-17 11:00:36.689 1257 3470 D SettingsProvider: edmUri: content://com.sec.knox.provider/RestrictionPolicy3
06-17 11:00:36.689 1257 3470 D SettingsProvider: projectionArgs: isSettingsChangesAllowed
06-17 11:00:36.689 1257 3470 D SettingsProvider: selectionArgs: false
06-17 11:00:36.689 1257 3470 D SettingsProvider: selectionArgs: 10054
06-17 11:00:36.690 1257 3470 D SecContentProvider: called from android.uid.systemui:10054
06-17 11:00:36.690 1257 3470 D RestrictionPolicy: isSettingsChangesAllowedAsUser, userId 0 : true
06-17 11:00:36.690 1257 3470 D SettingsProvider: ret = 1
06-17 11:00:36.787 1257 2389 D SettingsProvider: isChangeAllowed() : name = pref_allowed_number_sgg
06-17 11:00:36.787 1257 2389 D SettingsProvider: edmUri: content://com.sec.knox.provider/RestrictionPolicy3
06-17 11:00:36.787 1257 2389 D SettingsProvider: projectionArgs: isSettingsChangesAllowed
06-17 11:00:36.787 1257 2389 D SettingsProvider: selectionArgs: false
06-17 11:00:36.787 1257 2389 D SettingsProvider: selectionArgs: 10054
06-17 11:00:36.787 1257 2389 D SecContentProvider: called from android.uid.systemui:10054
06-17 11:00:36.788 1257 2389 D RestrictionPolicy: isSettingsChangesAllowedAsUser, userId 0 : true
06-17 11:00:36.788 1257 2389 D SettingsProvider: ret = 1
06-17 11:00:36.789 1257 2389 D SettingsProvider: isChangeAllowed() : name = pref_dynamic_allowed_number
06-17 11:00:36.789 1257 2389 D SettingsProvider: edmUri: content://com.sec.knox.provider/RestrictionPolicy3
06-17 11:00:36.789 1257 2389 D SettingsProvider: projectionArgs: isSettingsChangesAllowed
06-17 11:00:36.789 1257 2389 D SettingsProvider: selectionArgs: false
06-17 11:00:36.789 1257 2389 D SettingsProvider: selectionArgs: 10054
06-17 11:00:36.789 1257 2389 D SecContentProvider: called from android.uid.systemui:10054
06-17 11:00:36.790 1257 2389 D RestrictionPolicy: isSettingsChangesAllowedAsUser, userId 0 : true
06-17 11:00:36.790 1257 2389 D SettingsProvider: ret = 1
06-17 11:00:36.792 1257 1257 V SettingsProvider: Notifying for 0: content://settings/secure/pref_dynamic_allowed_number
06-17 11:00:36.797 1257 2389 D SettingsProvider: isChangeAllowed() : name = plugin_lock_event_dump
06-17 11:00:36.797 1257 2389 D SettingsProvider: edmUri: content://com.sec.knox.provider/RestrictionPolicy3
06-17 11:00:36.797 1257 2389 D SettingsProvider: projectionArgs: isSettingsChangesAllowed
06-17 11:00:36.798 1257 2389 D SettingsProvider: selectionArgs: false
06-17 11:00:36.798 1257 2389 D SettingsProvider: selectionArgs: 10054
06-17 11:00:36.798 1257 2389 D SecContentProvider: called from android.uid.systemui:10054
06-17 11:00:36.798 1257 2389 D RestrictionPolicy: isSettingsChangesAllowedAsUser, userId 0 : true
06-17 11:00:36.799 1257 2389 D SettingsProvider: ret = 1
06-17 11:00:36.800 1257 1257 V SettingsProvider: Notifying for 0: content://settings/secure/plugin_lock_event_dump
06-17 11:00:36.801 1257 2389 D SettingsProvider: isChangeAllowed() : name = pref_dynamic_plugin_version
06-17 11:00:36.802 1257 2389 D SettingsProvider: edmUri: content://com.sec.knox.provider/RestrictionPolicy3
06-17 11:00:36.802 1257 2389 D SettingsProvider: projectionArgs: isSettingsChangesAllowed
06-17 11:00:36.802 1257 2389 D SettingsProvider: selectionArgs: false
06-17 11:00:36.802 1257 2389 D SettingsProvider: selectionArgs: 10054
06-17 11:00:36.802 1257 2389 D SecContentProvider: called from android.uid.systemui:10054
06-17 11:00:36.802 1257 2389 D RestrictionPolicy: isSettingsChangesAllowedAsUser, userId 0 : true
06-17 11:00:36.802 1257 2389 D SettingsProvider: ret = 1
06-17 11:00:36.803 1257 2389 D SettingsProvider: isChangeAllowed() : name = pref_dynamic_plugin_connected
06-17 11:00:36.804 1257 2389 D SettingsProvider: edmUri: content://com.sec.knox.provider/RestrictionPolicy3
06-17 11:00:36.804 1257 2389 D SettingsProvider: projectionArgs: isSettingsChangesAllowed
06-17 11:00:36.804 1257 2389 D SettingsProvider: selectionArgs: false
06-17 11:00:36.804 1257 2389 D SettingsProvider: selectionArgs: 10054
06-17 11:00:36.804 1257 2389 D SecContentProvider: called from android.uid.systemui:10054
06-17 11:00:36.804 1257 2389 D RestrictionPolicy: isSettingsChangesAllowedAsUser, userId 0 : true
06-17 11:00:36.804 1257 2389 D SettingsProvider: ret = 1
06-17 11:00:36.842 1257 2389 D SettingsProvider: isChangeAllowed() : name = plugin_lock_event_dump
06-17 11:00:36.842 1257 2389 D SettingsProvider: edmUri: content://com.sec.knox.provider/RestrictionPolicy3
06-17 11:00:36.842 1257 2389 D SettingsProvider: projectionArgs: isSettingsChangesAllowed
06-17 11:00:36.842 1257 2389 D SettingsProvider: selectionArgs: false
06-17 11:00:36.842 1257 2389 D SettingsProvider: selectionArgs: 10054
06-17 11:00:36.843 1257 2389 D SecContentProvider: called from android.uid.systemui:10054
06-17 11:00:36.843 1257 2389 D RestrictionPolicy: isSettingsChangesAllowedAsUser, userId 0 : true
06-17 11:00:36.843 1257 2389 D SettingsProvider: ret = 1
06-17 11:00:36.844 1257 1257 V SettingsProvider: Notifying for 0: content://settings/secure/plugin_lock_event_dump
06-17 11:00:36.847 1257 1612 D SettingsProvider: isChangeAllowed() : name = pref_dynamic_plugin_version
06-17 11:00:36.847 1257 1612 D SettingsProvider: edmUri: content://com.sec.knox.provider/RestrictionPolicy3
06-17 11:00:36.847 1257 1612 D SettingsProvider: projectionArgs: isSettingsChangesAllowed
06-17 11:00:36.847 1257 1612 D SettingsProvider: selectionArgs: false
06-17 11:00:36.847 1257 1612 D SettingsProvider: selectionArgs: 10054
06-17 11:00:36.847 1257 1612 D SecContentProvider: called from android.uid.systemui:10054
06-17 11:00:36.848 1257 1612 D RestrictionPolicy: isSettingsChangesAllowedAsUser, userId 0 : true
06-17 11:00:36.848 1257 1612 D SettingsProvider: ret = 1
06-17 11:00:36.848 1257 1612 D SettingsProvider: isChangeAllowed() : name = pref_dynamic_plugin_connected
06-17 11:00:36.849 1257 1612 D SettingsProvider: edmUri: content://com.sec.knox.provider/RestrictionPolicy3
06-17 11:00:36.849 1257 1612 D SettingsProvider: projectionArgs: isSettingsChangesAllowed
06-17 11:00:36.849 1257 1612 D SettingsProvider: selectionArgs: false
06-17 11:00:36.849 1257 1612 D SettingsProvider: selectionArgs: 10054
06-17 11:00:36.849 1257 1612 D SecContentProvider: called from android.uid.systemui:10054
06-17 11:00:36.849 1257 1612 D RestrictionPolicy: isSettingsChangesAllowedAsUser, userId 0 : true
06-17 11:00:36.849 1257 1612 D SettingsProvider: ret = 1
06-17 11:00:36.855 1257 1612 D SettingsProvider: isChangeAllowed() : name = pref_allowed_number_wallpaper_settings
06-17 11:00:36.855 1257 1612 D SettingsProvider: edmUri: content://com.sec.knox.provider/RestrictionPolicy3
06-17 11:00:36.855 1257 1612 D SettingsProvider: projectionArgs: isSettingsChangesAllowed
06-17 11:00:36.855 1257 1612 D SettingsProvider: selectionArgs: false
06-17 11:00:36.855 1257 1612 D SettingsProvider: selectionArgs: 10054
06-17 11:00:36.855 1257 1612 D SecContentProvider: called from android.uid.systemui:10054
06-17 11:00:36.856 1257 1612 D RestrictionPolicy: isSettingsChangesAllowedAsUser, userId 0 : true
06-17 11:00:36.856 1257 1612 D SettingsProvider: ret = 1
06-17 11:00:36.857 1257 2389 D SettingsProvider: isChangeAllowed() : name = pref_dynamic_allowed_number
06-17 11:00:36.857 1257 2389 D SettingsProvider: edmUri: content://com.sec.knox.provider/RestrictionPolicy3
06-17 11:00:36.857 1257 2389 D SettingsProvider: projectionArgs: isSettingsChangesAllowed
06-17 11:00:36.857 1257 2389 D SettingsProvider: selectionArgs: false
06-17 11:00:36.857 1257 2389 D SettingsProvider: selectionArgs: 10054
06-17 11:00:36.857 1257 1612 D SettingsProvider: isChangeAllowed() : name = pref_allowed_number_dynamic
06-17 11:00:36.857 1257 1612 D SettingsProvider: edmUri: content://com.sec.knox.provider/RestrictionPolicy3
06-17 11:00:36.857 1257 1612 D SettingsProvider: projectionArgs: isSettingsChangesAllowed
06-17 11:00:36.857 1257 1612 D SettingsProvider: selectionArgs: false
06-17 11:00:36.857 1257 1612 D SettingsProvider: selectionArgs: 10054
06-17 11:00:36.857 1257 2389 D SecContentProvider: called from android.uid.systemui:10054
06-17 11:00:36.857 1257 1612 D SecContentProvider: called from android.uid.systemui:10054
06-17 11:00:36.857 1257 2389 D RestrictionPolicy: isSettingsChangesAllowedAsUser, userId 0 : true
06-17 11:00:36.858 1257 1612 D RestrictionPolicy: isSettingsChangesAllowedAsUser, userId 0 : true
06-17 11:00:36.858 1257 1612 D SettingsProvider: ret = 1
06-17 11:00:36.858 1257 2389 D SettingsProvider: ret = 1
06-17 11:00:36.859 1257 1612 D SettingsProvider: isChangeAllowed() : name = pref_dynamic_allowed_number
06-17 11:00:36.859 1257 1612 D SettingsProvider: edmUri: content://com.sec.knox.provider/RestrictionPolicy3
06-17 11:00:36.859 1257 1612 D SettingsProvider: projectionArgs: isSettingsChangesAllowed
06-17 11:00:36.859 1257 1612 D SettingsProvider: selectionArgs: false
06-17 11:00:36.859 1257 1612 D SettingsProvider: selectionArgs: 10054
06-17 11:00:36.859 1257 1612 D SecContentProvider: called from android.uid.systemui:10054
06-17 11:00:36.859 1257 1612 D RestrictionPolicy: isSettingsChangesAllowedAsUser, userId 0 : true
06-17 11:00:36.859 1257 1612 D SettingsProvider: ret = 1
06-17 11:00:36.860 1257 1257 V SettingsProvider: Notifying for 0: content://settings/secure/pref_dynamic_allowed_number
06-17 11:00:36.861 1257 1257 V SettingsProvider: Notifying for 0: content://settings/secure/pref_dynamic_allowed_number
06-17 11:00:36.870 1257 3470 D SettingsProvider: isChangeAllowed() : name = plugin_lock_event_dump
06-17 11:00:36.870 1257 3470 D SettingsProvider: edmUri: content://com.sec.knox.provider/RestrictionPolicy3
06-17 11:00:36.870 1257 3470 D SettingsProvider: projectionArgs: isSettingsChangesAllowed
06-17 11:00:36.870 1257 3470 D SettingsProvider: selectionArgs: false
06-17 11:00:36.870 1257 3470 D SettingsProvider: selectionArgs: 10054
06-17 11:00:36.870 1257 3470 D SecContentProvider: called from android.uid.systemui:10054
06-17 11:00:36.871 1257 3470 D RestrictionPolicy: isSettingsChangesAllowedAsUser, userId 0 : true
06-17 11:00:36.871 1257 3470 D SettingsProvider: ret = 1
06-17 11:00:36.872 1257 1257 V SettingsProvider: Notifying for 0: content://settings/secure/plugin_lock_event_dump
06-17 11:00:36.874 1257 3470 I Telecom:SamsungTelecomServiceImpl: getUserSelectedOutgoingPhoneAccount - callingPackage : com.samsung.android.app.telephonyui
06-17 11:00:36.875 1257 3470 I Telecom:SamsungTelecomServiceImpl: getPhoneAccount - PhoneAccountHandle : ComponentInfo{com.android.phone/com.android.services.telephony.TelephonyConnectionService}, ***, UserHandle{0} / callingPid : 24305 / processName : sts
06-17 11:00:36.887 1257 3470 I Telecom:SamsungTelecomServiceImpl: getCallCapablePhoneAccounts - includeDisabledAccounts : false / callingPackage : com.samsung.android.app.telephonyui
06-17 11:00:36.888 1257 3470 I Telecom:SamsungTelecomServiceImpl: getPhoneAccount - PhoneAccountHandle : ComponentInfo{com.android.phone/com.android.services.telephony.TelephonyConnectionService}, ***, UserHandle{0} / callingPid : 24305 / processName : sts
06-17 11:00:36.901 1257 2389 D SettingsProvider: isChangeAllowed() : name = friends_plugin_version
06-17 11:00:36.901 1257 2389 D SettingsProvider: edmUri: content://com.sec.knox.provider/RestrictionPolicy3
06-17 11:00:36.901 1257 2389 D SettingsProvider: projectionArgs: isSettingsChangesAllowed
06-17 11:00:36.901 1257 2389 D SettingsProvider: selectionArgs: false
06-17 11:00:36.901 1257 2389 D SettingsProvider: selectionArgs: 10054
06-17 11:00:36.901 1257 2389 D SecContentProvider: called from android.uid.systemui:10054
06-17 11:00:36.902 1257 2389 D RestrictionPolicy: isSettingsChangesAllowedAsUser, userId 0 : true
06-17 11:00:36.902 1257 2389 D SettingsProvider: ret = 1
06-17 11:00:36.903 1257 2389 D SettingsProvider: isChangeAllowed() : name = friends_plugin_connected
06-17 11:00:36.903 1257 2389 D SettingsProvider: edmUri: content://com.sec.knox.provider/RestrictionPolicy3
06-17 11:00:36.903 1257 2389 D SettingsProvider: projectionArgs: isSettingsChangesAllowed
06-17 11:00:36.903 1257 2389 D SettingsProvider: selectionArgs: false
06-17 11:00:36.903 1257 2389 D SettingsProvider: selectionArgs: 10054
06-17 11:00:36.903 1257 2389 D SecContentProvider: called from android.uid.systemui:10054
06-17 11:00:36.904 1257 2389 D RestrictionPolicy: isSettingsChangesAllowedAsUser, userId 0 : true
06-17 11:00:36.904 1257 2389 D SettingsProvider: ret = 1
06-17 11:00:36.940 1257 3470 D SettingsProvider: isChangeAllowed() : name = friends_plugin_allowed_number
06-17 11:00:36.940 1257 3470 D SettingsProvider: edmUri: content://com.sec.knox.provider/RestrictionPolicy3
06-17 11:00:36.940 1257 3470 D SettingsProvider: projectionArgs: isSettingsChangesAllowed
06-17 11:00:36.940 1257 3470 D SettingsProvider: selectionArgs: false
06-17 11:00:36.940 1257 3470 D SettingsProvider: selectionArgs: 10054
06-17 11:00:36.940 1257 3470 D SecContentProvider: called from android.uid.systemui:10054
06-17 11:00:36.943 1257 3470 D RestrictionPolicy: isSettingsChangesAllowedAsUser, userId 0 : true
06-17 11:00:36.943 1257 3470 D SettingsProvider: ret = 1
06-17 11:00:36.944 1257 2389 D SettingsProvider: isChangeAllowed() : name = plugin_lock_event_dump
06-17 11:00:36.944 1257 2389 D SettingsProvider: edmUri: content://com.sec.knox.provider/RestrictionPolicy3
06-17 11:00:36.944 1257 2389 D SettingsProvider: projectionArgs: isSettingsChangesAllowed
06-17 11:00:36.944 1257 2389 D SettingsProvider: selectionArgs: false
06-17 11:00:36.944 1257 2389 D SettingsProvider: selectionArgs: 10054
06-17 11:00:36.944 1257 2389 D SecContentProvider: called from android.uid.systemui:10054
06-17 11:00:36.944 1257 2389 D RestrictionPolicy: isSettingsChangesAllowedAsUser, userId 0 : true
06-17 11:00:36.944 1257 2389 D SettingsProvider: ret = 1
06-17 11:00:36.945 1257 1257 V SettingsProvider: Notifying for 0: content://settings/secure/plugin_lock_event_dump
06-17 11:00:36.951 1257 3470 V WindowManager: performShow on Window{aec9770 u0 com.android.systemui.ImageWallpaper}: mDrawState=READY_TO_SHOW readyForDisplay=false starting=false during animation: policyVis=true parentHidden=false tok.hiddenRequested=false tok.hidden=false animating=false tok animating=false Callers=com.android.server.wm.WindowState.performShowLocked:4719 com.android.server.wm.WindowStateAnimator.commitFinishDrawingLocked:401 com.android.server.wm.DisplayContent.lambda$new$8$DisplayContent:990 com.android.server.wm.-$$Lambda$DisplayContent$qxt4izS31fb0LF2uo_OF9DMa7gc.accept:4
06-17 11:00:36.953 1257 3470 I WindowManager: Reparenting to leash, surface=Surface(name=aec9770 com.android.systemui.ImageWallpaper)/@0xf89c429
06-17 11:00:36.954 1257 3470 D WindowManager: makeSurface duration=1 leash=Surface(name=Surface(name=aec9770 com.android.systemui.ImageWallpaper)/@0xf89c429 - animation-leash)/@0x82333ae
06-17 11:00:36.964 1257 2389 D AdaptiveDisplaySolutionService: setAutoCurrentLimitState() : true , mADSEnableCondition : true
06-17 11:00:36.964 1257 2389 I AdaptiveDisplaySolutionService: updateAdaptiveControlState() : true
06-17 11:00:36.964 1257 2389 D AdaptiveDisplaySolutionService: [AdaptiveControl]: ACL OFF
06-17 11:00:36.964 1257 2389 V MdnieScenarioControlService: mAutoCurrentLimitOffState : true
06-17 11:00:36.964 1257 2389 D AdaptiveDisplaySolutionService: fileWriteString to /sys/class/lcd/panel/adaptive_control, 1
06-17 11:00:36.971 1257 2389 D AdaptiveDisplaySolutionService: fileWriteString to /sys/class/lcd/panel/adaptive_control, 0
06-17 11:00:37.065 1257 2389 D WallpaperManagerService: which : 2, return type : 8 (called by userId= 0)
06-17 11:00:37.074 3346 3751 D SDHMS:com.sec.android.sdhms.thermal.siop.y: SIOP:: AP:517(499,0) BAT:336(336,0) CHG:479(479,0) USB:0(0,0) WIFI:378(424,50) PA:392(438,50) BLK:0(0,0) LRP:431(431,0) LRF:410(410) LRB:431(431)
06-17 11:00:37.083 1257 1612 D WallpaperManagerService: which : 2, return type : 8 (called by userId= 0)
06-17 11:00:37.155 1257 1612 I chatty : uid=1000(system) Binder:1257_4 identical 3 lines
06-17 11:00:37.159 1257 1612 D WallpaperManagerService: which : 2, return type : 8 (called by userId= 0)
06-17 11:00:37.173 1257 2389 D WallpaperManagerService: which : 2, return type : 8 (called by userId= 0)
06-17 11:00:37.176 1257 2389 D WallpaperManagerService: which : 2, return type : 8 (called by userId= 0)
06-17 11:00:37.195 1257 1612 D WallpaperManagerService: which : 2, return type : 8 (called by userId= 0)
06-17 11:00:37.199 1257 2389 D WallpaperManagerService: which : 2, return type : 8 (called by userId= 0)
06-17 11:00:37.213 3154 3154 W ContextImpl: Calling a method in the system process without a qualified user: android.app.ContextImpl.startService:1632 android.content.ContextWrapper.startService:683 android.content.ContextWrapper.startService:683 com.sec.android.diagmonagent.sa.receiver.CFLogReceiver.sendCFLog:23 com.sec.android.diagmonagent.sa.receiver.CFLogReceiver.onReceive:15
06-17 11:00:37.225 1257 3387 D ActivityManager: package com.instagram.android, user - 0 is SDcard whitelisted
06-17 11:00:37.248 1257 1612 D WallpaperManagerService: which : 2, return type : 8 (called by userId= 0)
06-17 11:00:37.253 1257 5092 D WallpaperManagerService: which : 2, return type : 8 (called by userId= 0)
06-17 11:00:37.267 1257 1282 I ActivityManager: Start proc 9216:com.instagram.android/u0a271 for broadcast {com.instagram.android/com.instagram.util.startup.appwarmer.KeepWarmReceiver}
06-17 11:00:37.267 1257 3484 D WallpaperManagerService: which : 2, return type : 8 (called by userId= 0)
06-17 11:00:37.271 1257 1270 D WallpaperManagerService: which : 2, return type : 8 (called by userId= 0)
06-17 11:00:37.276 1257 1270 I Telecom:SamsungTelecomServiceImpl: isInCall - callingPackage : com.android.systemui
06-17 11:00:37.283 1257 1270 D PowerManagerService: [api] userActivity : event: 0 flags: 0 (uid: 10054 pid: 8592) eventTime = 373628
06-17 11:00:37.287 1257 3387 D CustomFrequencyManagerService: FrequencyrequestList.getNextSchedTuneBoostRequest, index: 1
06-17 11:00:37.303 1257 3484 D WallpaperManagerService: which : 2, return type : 8 (called by userId= 0)
06-17 11:00:37.307 1257 5056 I ActivityManager: DSS OFF for com.instagram.android
06-17 11:00:37.349 1257 3387 D ActivityManager: package com.samsung.android.scloud, user - 0 is SDcard whitelisted
06-17 11:00:37.349 1257 3387 W ActivityManager: wait for provider publish: waiters=1 callerApp=ProcessRecord{4aa674b 8979:com.microsoft.skydrive/u0a101} cpr=ContentProviderRecord{7090528 u0 com.samsung.android.scloud/.app.datamigrator.provider.LinkContextProvider}
06-17 11:00:37.382 1257 1282 I ActivityManager: Start proc 9246:com.samsung.android.scloud/5009 for content provider {com.samsung.android.scloud/com.samsung.android.scloud.app.datamigrator.provider.LinkContextProvider}
06-17 11:00:37.400 1257 1270 D StatusBarManagerService: notifyRequestedSystemKey recent=false home=false
06-17 11:00:37.401 1257 1275 D PowerManagerService: [api] setUserActivityTimeoutOverrideFromWindowManagerInternal: timeoutMillis: 5000
06-17 11:00:37.401 1257 1275 D PowerManagerService: getScreenOffTimeoutLocked: 30000 -> 5000
06-17 11:00:37.401 1257 1275 D PowerManagerService: [api] setScreenDimDurationOverrideFromWindowManagerInternal: timeoutMillis: 0
06-17 11:00:37.421 1257 1270 I ActivityManager: DSS OFF for com.samsung.android.scloud
06-17 11:00:37.467 1257 1276 I WindowManager: Reparenting to original parent: Surface(name=WallpaperWindowToken{18297f8 token=android.os.Binder@248a855})/@0x4613058, destroyLeash=true, surface=Surface(name=aec9770 com.android.systemui.ImageWallpaper)/@0xf89c429
06-17 11:00:37.521 1257 1542 W ContextImpl: Calling a method in the system process without a qualified user: android.app.ContextImpl.sendBroadcast:1088 com.samsung.android.codecsolution.Logging.insertDiagmonLog:79 com.samsung.android.codecsolution.Logging.insertLog:53 com.samsung.android.codecsolution.Logging.insertLog:45 com.samsung.android.codecsolution.CodecSolutionManagerService$1.handleMessage:250
06-17 11:00:37.550 1257 1270 I WindowManager: Reparenting to leash, surface=Surface(name=46c6866 NavigationBar0)/@0xe735660
06-17 11:00:37.552 1257 1270 D WindowManager: makeSurface duration=3 leash=Surface(name=Surface(name=46c6866 NavigationBar0)/@0xe735660 - animation-leash)/@0x430f335
06-17 11:00:37.558 1257 3484 D ActivityManager: package com.microsoft.appmanager, user - 0 is SDcard whitelisted
06-17 11:00:37.559 1257 3484 W ActivityManager: wait for provider publish: waiters=1 callerApp=ProcessRecord{4aa674b 8979:com.microsoft.skydrive/u0a101} cpr=ContentProviderRecord{2efe3ca u0 com.microsoft.appmanager/com.microsoft.identity.client.BrokerContentProvider}
06-17 11:00:37.570 1257 5092 D CustomFrequencyManagerService: FrequencyrequestList.getNextSchedTuneBoostRequest, index: 1
06-17 11:00:37.575 1257 1270 I Telecom:SamsungTelecomServiceImpl: isInCall - callingPackage : com.android.systemui
06-17 11:00:37.587 1257 1282 I ActivityManager: Start proc 9300:com.microsoft.appmanager:auth/u0a134 for content provider {com.microsoft.appmanager/com.microsoft.identity.client.BrokerContentProvider}
06-17 11:00:37.621 1257 1614 I ActivityManager: DSS OFF for com.microsoft.appmanager
06-17 11:00:37.768 1257 1276 I WindowManager: Reparenting to original parent: Surface(name=WindowToken{4c878c1 android.os.BinderProxy@5d449cb})/@0x24008d, destroyLeash=true, surface=Surface(name=46c6866 NavigationBar0)/@0xe735660
06-17 11:00:37.773 1257 2389 D WallpaperManagerService: which : 2, return type : 8 (called by userId= 0)
06-17 11:00:37.794 1257 1276 I WindowManager: Destroying surface Surface(name=NavigationBar0$_8592)/@0x668ad46 called by com.android.server.wm.WindowStateAnimator.destroySurface:1790 com.android.server.wm.WindowStateAnimator.destroySurfaceLocked:720 com.android.server.wm.WindowState.destroySurfaceUnchecked:3534 com.android.server.wm.RootWindowContainer.performSurfacePlacementNoTrace:817 com.android.server.wm.RootWindowContainer.performSurfacePlacement:669 com.android.server.wm.WindowSurfacePlacer.performSurfacePlacementLoop:180 com.android.server.wm.WindowSurfacePlacer.performSurfacePlacement:111 com.android.server.wm.WindowSurfacePlacer.performSurfacePlacement:99
06-17 11:00:37.806 1257 1270 D SecContentProvider: called from android.uid.samsungcloud:5009
06-17 11:00:37.806 1257 1270 D SecContentProvider: called from android.uid.samsungcloud:5009
06-17 11:00:37.806 1257 1270 E BluetoothManagerService: Unable to handle updateBleAppCount
06-17 11:00:37.809 1257 1270 I Telecom:SamsungTelecomServiceImpl: isInCall - callingPackage : com.android.systemui
06-17 11:00:37.814 1257 1257 D GameManagerService: com.samsung.keyguard.KEYGUARD_STATE. check for pause
06-17 11:00:37.815 1257 1540 D GameManagerService: sendPauseConditionally()
06-17 11:00:37.937 3346 3346 D SDHMS:eb.h: VideoPlayListener mIsVideoPlay : true
06-17 11:00:38.001 1257 5056 D SamsungAlarmManager: Cancel Alarm calling from uid:10101 pid :8979 / op:PendingIntent{5d90a3: PendingIntentRecord{afa6fa0 com.microsoft.skydrive broadcastIntent}}
06-17 11:00:38.423 1257 5056 D ConnectivityService: requestNetwork for uid/pid:10271/9216 NetworkRequest [ TRACK_DEFAULT id=336, [ Capabilities: INTERNET&NOT_RESTRICTED&TRUSTED Uid: 10271] ]
06-17 11:00:38.427 1257 1466 D ConnectivityService: sending new Min Network Score(0): NetworkRequest [ TRACK_DEFAULT id=336, [ Capabilities: INTERNET&NOT_RESTRICTED&TRUSTED Uid: 10271] ]
06-17 11:00:38.430 1257 1483 I RoleManagerService: Granting default roles...
06-17 11:00:38.430 1257 1483 W Looper : Drained
06-17 11:00:38.459 1257 1483 D ActivityManager: package com.google.android.permissioncontroller, user - 0 is SDcard whitelisted
06-17 11:00:38.462 1257 3470 D ActivityManager: package com.samsung.android.app.appsedge, user - 0 is SDcard whitelisted
06-17 11:00:38.487 1257 1282 I ActivityManager: Start proc 9505:com.google.android.permissioncontroller/u0a83 for service {com.google.android.permissioncontroller/com.android.packageinstaller.role.service.RoleControllerServiceImpl}
06-17 11:00:38.491 1257 1270 D SamsungAlarmManager: setInexact Intent (T:3/F:0/AC:false) 20360614T110038 - CU:10215/CP:1766
06-17 11:00:38.491 1257 1270 I SamsungAlarmManager: setLocked to kernel - T:2 / 20260617T110715, SetElapsed=771738, nowELAPSED=374836
06-17 11:00:38.493 1257 1270 I SamsungAlarmManager: setLocked to kernel - T:3 / 20260617T110100, SetElapsed=396345, nowELAPSED=374838
06-17 11:00:38.549 1257 1282 W ActivityManager: Slow operation: 88ms so far, now at startProcess: returned from zygote!
06-17 11:00:38.564 1257 1282 W ActivityManager: Slow operation: 103ms so far, now at startProcess: done updating battery stats
06-17 11:00:38.565 1257 1282 W ActivityManager: Slow operation: 104ms so far, now at startProcess: building log message
06-17 11:00:38.565 1257 1282 I ActivityManager: Start proc 9541:com.samsung.android.app.appsedge/u0a55 for service {com.samsung.android.app.appsedge/com.samsung.android.app.appsedge.edgepanel.EdgeIntentService}
06-17 11:00:38.565 1257 1282 W ActivityManager: Slow operation: 104ms so far, now at startProcess: starting to update pids map
06-17 11:00:38.566 1257 1282 W ActivityManager: Slow operation: 105ms so far, now at startProcess: done updating pids map
06-17 11:00:38.570 1257 1907 D SamsungAlarmManager: setInexact Intent (T:3/F:0/AC:false) 20360614T110038 - CU:10215/CP:2832
06-17 11:00:38.570 1257 1907 I SamsungAlarmManager: setLocked to kernel - T:2 / 20260617T110715, SetElapsed=771738, nowELAPSED=374915
06-17 11:00:38.571 1257 1907 I SamsungAlarmManager: setLocked to kernel - T:3 / 20260617T110100, SetElapsed=396345, nowELAPSED=374916
06-17 11:00:38.574 1257 1270 I ActivityManager: DSS OFF for com.google.android.permissioncontroller
06-17 11:00:38.619 1257 3470 I ActivityManager: DSS OFF for com.samsung.android.app.appsedge
06-17 11:00:38.685 1257 1257 W LoadedApk: Slow system_server main thread handled for android.intent.action.PACKAGE_CHANGED took 250 ms, Receiver = com.android.server.appwidget.AppWidgetServiceImpl$1@112a754
06-17 11:00:38.685 1257 1257 W Looper : Slow dispatch took 251ms main h=android.app.ActivityThread$H c=android.app.-$$Lambda$LoadedApk$ReceiverDispatcher$Args$_BumDX2UKsnxLVrE6UJsJZkotuA@ca706cb m=0
06-17 11:00:38.685 1257 1257 W Looper : Slow system_server main looper dispatch took 251ms h=android.app.ActivityThread$H c=android.app.-$$Lambda$LoadedApk$ReceiverDispatcher$Args$_BumDX2UKsnxLVrE6UJsJZkotuA@ca706cb m=0
06-17 11:00:38.695 1257 1257 W Looper : Slow delivery took 260ms main h=android.app.ActivityThread$H c=android.app.-$$Lambda$LoadedApk$ReceiverDispatcher$Args$_BumDX2UKsnxLVrE6UJsJZkotuA@a0b4d54 m=0
06-17 11:00:38.696 1257 1257 W Looper : Slow system_server main looper delivery took 260ms h=android.app.ActivityThread$H c=android.app.-$$Lambda$LoadedApk$ReceiverDispatcher$Args$_BumDX2UKsnxLVrE6UJsJZkotuA@a0b4d54 m=0
06-17 11:00:38.697 1257 1257 I Telecom : DefaultDialerCache: Refreshing default dialer for user 0: now com.samsung.android.dialer: DDC.oR@Ay4
06-17 11:00:38.698 1257 1257 D CocktailBarManagerServiceContainer: onReceive : android.intent.action.PACKAGE_CHANGED
06-17 11:00:38.701 1257 1257 D ActivityManager: package com.samsung.android.app.galaxyfinder, user - 0 is SDcard whitelisted
06-17 11:00:38.754 1257 1483 W Looper : Slow delivery took 242ms PackageManagerHandlerThread h=android.os.Handler c= m=0
06-17 11:00:38.757 1257 1282 W ActivityManager: Slow operation: 57ms so far, now at startProcess: returned from zygote!
06-17 11:00:38.757 1257 1282 W ActivityManager: Slow operation: 57ms so far, now at startProcess: done updating battery stats
06-17 11:00:38.757 1257 1282 W ActivityManager: Slow operation: 58ms so far, now at startProcess: building log message
06-17 11:00:38.758 1257 1282 I ActivityManager: Start proc 9626:com.samsung.android.app.galaxyfinder:appservice/u0a76 for service {com.samsung.android.app.galaxyfinder/com.samsung.android.app.galaxyfinder.acceleration.AppCoreService}
06-17 11:00:38.758 1257 1282 W ActivityManager: Slow operation: 58ms so far, now at startProcess: starting to update pids map
06-17 11:00:38.758 1257 1282 W ActivityManager: Slow operation: 58ms so far, now at startProcess: done updating pids map
06-17 11:00:38.775 9300 9300 E ActivityThread: Failed to find provider info for com.microsoft.yourphonecompanion.contentprovider.featureoverride
06-17 11:00:38.828 1257 2003 I ActivityManager: DSS OFF for com.samsung.android.app.galaxyfinder
06-17 11:00:38.862 1257 1257 W Looper : Drained
06-17 11:00:38.877 1257 1270 D ConnectivityService: listenForNetwork for uid/pid:10134/9300 NetworkRequest [ LISTEN id=337, [ Capabilities: INTERNET&NOT_RESTRICTED&TRUSTED&NOT_VPN&FOREGROUND Uid: 10134] ]
06-17 11:00:38.911 1257 2389 D ActivityManager: package com.microsoft.appmanager, user - 0 is SDcard whitelisted
06-17 11:00:38.936 1257 3484 D CustomFrequencyManagerService: acquireDVFSLockLocked : type : DVFS_MIN_LIMIT frequency : 1354000 uid : 1000 pid : 1257 pkgName : com.samsung.android.app.galaxyfinder@1
06-17 11:00:38.954 1257 1282 I ActivityManager: Start proc 9688:com.microsoft.appmanager/u0a134 for service {com.microsoft.appmanager/androidx.room.MultiInstanceInvalidationService}
06-17 11:00:39.001 1257 1270 I ActivityManager: DSS OFF for com.microsoft.appmanager
06-17 11:00:39.353 1257 3460 D ActivityManager: package com.google.android.gsf, user - 0 is SDcard whitelisted
06-17 11:00:39.356 1257 3460 W ActivityManager: wait for provider publish: waiters=1 callerApp=ProcessRecord{4f08209 8482:com.android.vending:background/u0a220} cpr=ContentProviderRecord{4544ed4 u0 com.google.android.gsf/.gservices.GservicesProvider}
06-17 11:00:39.380 1257 1270 D ConnectivityService: requestNetwork for uid/pid:10101/8979 NetworkRequest [ TRACK_DEFAULT id=338, [ Capabilities: INTERNET&NOT_RESTRICTED&TRUSTED Uid: 10101] ]
06-17 11:00:39.381 1257 1466 D ConnectivityService: sending new Min Network Score(0): NetworkRequest [ TRACK_DEFAULT id=338, [ Capabilities: INTERNET&NOT_RESTRICTED&TRUSTED Uid: 10101] ]
06-17 11:00:39.399 1257 1483 W Looper : Drained
06-17 11:00:39.407 1257 1282 W ActivityManager: Slow operation: 55ms so far, now at startProcess: returned from zygote!
06-17 11:00:39.408 1257 1282 W ActivityManager: Slow operation: 56ms so far, now at startProcess: done updating battery stats
06-17 11:00:39.408 1257 1282 W ActivityManager: Slow operation: 57ms so far, now at startProcess: building log message
06-17 11:00:39.409 1257 1282 I ActivityManager: Start proc 9758:com.google.process.gservices/u0a215 for content provider {com.google.android.gsf/com.google.android.gsf.gservices.GservicesProvider}
06-17 11:00:39.409 1257 1282 W ActivityManager: Slow operation: 57ms so far, now at startProcess: starting to update pids map
06-17 11:00:39.409 1257 1282 W ActivityManager: Slow operation: 57ms so far, now at startProcess: done updating pids map
06-17 11:00:39.421 1257 1270 I ActivityManager: DSS OFF for com.google.android.gsf
06-17 11:00:39.594 9688 9688 E ActivityThread: Failed to find provider info for com.microsoft.yourphonecompanion.contentprovider.featureoverride
06-17 11:00:39.971 1257 1907 D ConnectivityService: listenForNetwork for uid/pid:10134/9688 NetworkRequest [ LISTEN id=339, [ Capabilities: INTERNET&NOT_RESTRICTED&TRUSTED&NOT_VPN&FOREGROUND Uid: 10134] ]
06-17 11:00:40.035 1257 1455 D WifiP2pService: P2pDisabledState{ when=0 what=143376 target=com.android.internal.util.StateMachine$SmHandler }
06-17 11:00:40.038 1257 1455 D WifiP2pService: P2pDisabledState{ when=0 what=139412 obj=Bundle[mParcelledData.dataSize=224] target=com.android.internal.util.StateMachine$SmHandler }
06-17 11:00:40.039 1257 1455 D WifiP2pService: DefaultState{ when=-1ms what=139412 obj=Bundle[mParcelledData.dataSize=224] target=com.android.internal.util.StateMachine$SmHandler }
06-17 11:00:40.040 1257 1455 D WifiP2pService: P2pDisabledState{ when=0 what=139360 obj=Bundle[mParcelledData.dataSize=248] target=com.android.internal.util.StateMachine$SmHandler }
06-17 11:00:40.040 1257 1455 D WifiP2pService: DefaultState{ when=0 what=139360 obj=Bundle[mParcelledData.dataSize=248] target=com.android.internal.util.StateMachine$SmHandler }
06-17 11:00:40.041 1257 1455 D WifiP2pService: add a new client
06-17 11:00:40.178 1257 1270 D ActivityManager: package com.samsung.android.messaging, user - 0 is SDcard whitelisted
06-17 11:00:40.210 1257 1907 D ConnectivityService: listenForNetwork for uid/pid:10271/9216 NetworkRequest [ LISTEN id=340, [ Capabilities: INTERNET&NOT_RESTRICTED&TRUSTED&NOT_VPN Uid: 10271] ]
06-17 11:00:40.236 1257 1282 W ActivityManager: Slow operation: 62ms so far, now at startProcess: returned from zygote!
06-17 11:00:40.237 1257 1282 W ActivityManager: Slow operation: 63ms so far, now at startProcess: done updating battery stats
06-17 11:00:40.237 1257 1282 W ActivityManager: Slow operation: 63ms so far, now at startProcess: building log message
06-17 11:00:40.237 1257 1282 I ActivityManager: Start proc 9921:com.samsung.android.messaging/u0a114 for service {com.samsung.android.messaging/com.samsung.android.messaging.externalservice.rcs.RcsExternalService}
06-17 11:00:40.237 1257 1282 W ActivityManager: Slow operation: 63ms so far, now at startProcess: starting to update pids map
06-17 11:00:40.237 1257 1282 W ActivityManager: Slow operation: 63ms so far, now at startProcess: done updating pids map
06-17 11:00:40.248 1257 1257 D CustomFrequencyManagerService: acquireDVFSLockLocked : type : DVFS_MIN_LIMIT frequency : 1295000 uid : 1000 pid : 1257 pkgName : LISTVIEW_SCROLL@CPU_MIN@52
