06-17 10:59:43.896 1257 1613 W WindowManager: at com.android.server.wm.InsetsStateController.lambda$new$0(InsetsStateController.java:56)
06-17 10:59:43.896 1257 1613 W WindowManager: at com.android.server.wm.-$$Lambda$InsetsStateController$sIYEJIR4ztgffCLMi5Z1RvdxyYs.accept(Unknown Source:2)
06-17 10:59:43.896 1257 1613 W WindowManager: at com.android.server.wm.WindowContainer$ForAllWindowsConsumerWrapper.apply(WindowContainer.java:1184)
06-17 10:59:43.896 1257 1613 W WindowManager: at com.android.server.wm.WindowContainer$ForAllWindowsConsumerWrapper.apply(WindowContainer.java:1174)
06-17 10:59:43.896 1257 1613 W WindowManager: at com.android.server.wm.WindowState.applyInOrderWithImeWindows(WindowState.java:4957)
06-17 10:59:43.896 1257 1613 W WindowManager: at com.android.server.wm.WindowState.forAllWindows(WindowState.java:4841)
06-17 10:59:43.896 1257 1613 W WindowManager: at com.android.server.wm.WindowContainer.forAllWindows(WindowContainer.java:883)
06-17 10:59:43.896 1257 1613 W WindowManager: at com.android.server.wm.WindowContainer.forAllWindows(WindowContainer.java:883)
06-17 10:59:43.896 1257 1613 W WindowManager: at com.android.server.wm.DisplayContent.forAllWindows(DisplayContent.java:2477)
06-17 10:59:43.896 1257 1613 W WindowManager: at com.android.server.wm.WindowContainer.forAllWindows(WindowContainer.java:900)
06-17 10:59:43.896 1257 1613 W WindowManager: at com.android.server.wm.InsetsStateController.notifyInsetsChanged(InsetsStateController.java:227)
06-17 10:59:43.896 1257 1613 W WindowManager: at com.android.server.wm.InsetsStateController.onPostLayout(InsetsStateController.java:121)
06-17 10:59:43.896 1257 1613 W WindowManager: at com.android.server.wm.DisplayContent.applySurfaceChangesTransaction(DisplayContent.java:4524)
06-17 10:59:43.896 1257 1613 W WindowManager: at com.android.server.wm.RootWindowContainer.applySurfaceChangesTransaction(RootWindowContainer.java:1013)
06-17 10:59:43.896 1257 1613 W WindowManager: at com.android.server.wm.RootWindowContainer.performSurfacePlacementNoTrace(RootWindowContainer.java:734)
06-17 10:59:43.896 1257 1613 W WindowManager: at com.android.server.wm.RootWindowContainer.performSurfacePlacement(RootWindowContainer.java:669)
06-17 10:59:43.896 1257 1613 W WindowManager: at com.android.server.wm.WindowSurfacePlacer.performSurfacePlacementLoop(WindowSurfacePlacer.java:180)
06-17 10:59:43.896 1257 1613 W WindowManager: at com.android.server.wm.WindowSurfacePlacer.performSurfacePlacement(WindowSurfacePlacer.java:111)
06-17 10:59:43.896 1257 1613 W WindowManager: at com.android.server.wm.WindowSurfacePlacer.performSurfacePlacement(WindowSurfacePlacer.java:99)
06-17 10:59:43.896 1257 1613 W WindowManager: at com.android.server.wm.WindowManagerService.postWindowRemoveCleanupLocked(WindowManagerService.java:2122)
06-17 10:59:43.896 1257 1613 W WindowManager: at com.android.server.wm.WindowState.removeImmediately(WindowState.java:2336)
06-17 10:59:43.896 1257 1613 W WindowManager: at com.android.server.wm.WindowState.removeIfPossible(WindowState.java:2463)
06-17 10:59:43.896 1257 1613 W WindowManager: at com.android.server.wm.WindowState.access$300(WindowState.java:264)
06-17 10:59:43.896 1257 1613 W WindowManager: at com.android.server.wm.WindowState$DeathRecipient.binderDied(WindowState.java:3034)
06-17 10:59:43.896 1257 1613 W WindowManager: at android.os.BinderProxy.sendDeathNotice(BinderProxy.java:637)
06-17 10:59:43.899 1257 1613 W WindowManager: Failed to report 'resized' to the client of Window{42681a1 u0 ScreenDecorOverlay}, removing this window.
06-17 10:59:43.899 1257 1613 I WindowManager: Destroying surface Surface(name=ScreenDecorOverlay$_2400)/@0xfba17fe called by com.android.server.wm.WindowStateAnimator.destroySurface:1790 com.android.server.wm.WindowStateAnimator.destroySurfaceLocked:720 com.android.server.wm.WindowState.removeImmediately:2327 com.android.server.wm.RootWindowContainer.performSurfacePlacementNoTrace:901 com.android.server.wm.RootWindowContainer.performSurfacePlacement:669 com.android.server.wm.WindowSurfacePlacer.performSurfacePlacementLoop:180 com.android.server.wm.WindowSurfacePlacer.performSurfacePlacement:111 com.android.server.wm.WindowSurfacePlacer.performSurfacePlacement:99
06-17 10:59:43.903 1257 1907 W WindowManager: Failed looking up window callers=com.android.server.wm.WindowManagerService.windowForClientLocked:6039 com.android.server.wm.WindowState$DeathRecipient.binderDied:3027 android.os.BinderProxy.sendDeathNotice:637
06-17 10:59:43.903 1257 1907 I WindowManager: WIN DEATH: null
06-17 10:59:43.904 1257 3355 I WindowManager: WIN DEATH: Window{919220f u0 Bouncer}
06-17 10:59:43.915 1257 4992 W WindowManager: Failed looking up window callers=com.android.server.wm.WindowManagerService.windowForClientLocked:6039 com.android.server.wm.WindowState$DeathRecipient.binderDied:3027 android.os.BinderProxy.sendDeathNotice:637
06-17 10:59:43.915 1257 4992 I WindowManager: WIN DEATH: null
06-17 10:59:43.916 1257 1270 W WindowManager: Failed looking up window callers=com.android.server.wm.WindowManagerService.windowForClientLocked:6039 com.android.server.wm.WindowState$DeathRecipient.binderDied:3027 android.os.BinderProxy.sendDeathNotice:637
06-17 10:59:43.917 1257 1270 I WindowManager: WIN DEATH: null
06-17 10:59:43.917 1257 1273 D ActivityTaskManager: setLockScreenShown(true,false) is called from 1257
06-17 10:59:43.918 1257 2003 I WindowManager: WIN DEATH: Window{44c5e49 u0 AssistPreviewPanel}
06-17 10:59:43.923 1257 2550 I ActivityManager: Process com.android.systemui (pid 2400) has died: pers PERU(283,1518)
06-17 10:59:43.925 1257 1929 I WindowManager: WIN DEATH: Window{ad1a5f0 u0 DockedStackDivider}
06-17 10:59:43.931 1257 1275 D PowerManagerService: [api] setUserActivityTimeoutOverrideFromWindowManagerInternal: timeoutMillis: -1
06-17 10:59:43.931 1257 1275 D PowerManagerService: getScreenOffTimeoutLocked: 5000 -> 30000
06-17 10:59:43.931 1257 1275 D PowerManagerService: [api] setScreenDimDurationOverrideFromWindowManagerInternal: timeoutMillis: -1
06-17 10:59:43.943 1257 1275 V UsbDeviceManager: onKeyguardStateChanged: isShowing=true secure=false user=0
06-17 10:59:43.944 1257 1275 D StorageManagerService: onKeyguardStateChanged = false
06-17 10:59:43.944 1257 1272 D UsbDeviceManager: handleMessage -> MSG_UPDATE_SCREEN_LOCK: mScreenLocked=false
06-17 10:59:43.945 1257 1424 I StorageManagerService: handleMessage :{ when=-1ms what=15 target=com.android.server.StorageManagerService$StorageManagerServiceHandler }
06-17 10:59:43.945 1257 1424 D StorageManagerService: handleMessage :: H_KEYGUARD_CHANGED = 0
06-17 10:59:43.954 1257 2550 W ActivityManager: Scheduling restart of crashed service com.android.systemui/.SystemUIService in 0ms
06-17 10:59:43.954 1257 2550 W ActivityManager: Scheduling restart of crashed service com.android.systemui/.keyguard.KeyguardService in 0ms
06-17 10:59:43.955 1257 2550 W ActivityManager: Scheduling restart of crashed service com.android.systemui/.ImageWallpaper in 0ms
06-17 10:59:43.956 1257 2550 W ActivityManager: Re-adding persistent process ProcessRecord{49feed7 2400:com.android.systemui/u0a54}
06-17 10:59:43.957 1257 2550 D ActivityManager: package com.android.systemui, user - 0 is SDcard whitelisted
06-17 10:59:43.963 1257 1275 W ActivityManager: setHasOverlayUi called on unknown pid: 2400
06-17 10:59:43.995 1257 1282 I ActivityManager: Start proc 3706:com.android.systemui/u0a54 for restart com.android.systemui
06-17 10:59:44.010 1257 2112 I ActivityManager: Killing 31450:com.samsung.android.sm.provider/1000 (adj 999): empty #25
06-17 10:59:44.014 1257 2112 I ActivityManager: Killing 2425:com.android.providers.calendar/u0a103 (adj 999): empty #25
06-17 10:59:44.018 1257 2112 I ActivityManager: Killing 2866:com.samsung.android.dqagent/1000 (adj 999): empty #25
06-17 10:59:44.021 1257 1270 I ActivityManager: Killing 2918:com.samsung.android.themestore/u0a131 (adj 999): empty #25
06-17 10:59:44.023 1257 1929 I ActivityManager: Killing 2743:com.android.keychain/1000 (adj 999): empty #25
06-17 10:59:44.038 1257 2112 I ActivityManager: DSS OFF for com.android.systemui
06-17 10:59:44.045 1257 2112 D OomAdjuster: Set persistent 3706 com.android.systemui adj -800: pers-top-ui com.android.server.am.OomAdjuster.updateOomAdjLocked:557 com.android.server.am.ActivityManagerService.updateOomAdjLocked:19836 com.android.server.am.ActiveServices.realStartServiceLocked:2895 com.android.server.am.ActiveServices.attachApplicationLocked:3589 com.android.server.am.ActivityManagerService.attachApplicationLocked:6237 com.android.server.am.ActivityManagerService.attachApplication:6307 android.app.IActivityManager$Stub.onTransact:2386
06-17 10:59:44.064 1257 2112 D ConnectivityService: listenForNetwork for uid/pid:10366/3318 NetworkRequest [ LISTEN id=286, [ Capabilities: INTERNET&NOT_RESTRICTED&TRUSTED&NOT_VPN Uid: 10366] ]
06-17 10:59:44.094 1257 2112 D ConnectivityService: listenForNetwork for uid/pid:10366/3318 NetworkRequest [ LISTEN id=287, [ Transports: VPN Capabilities: NOT_RESTRICTED&TRUSTED Uid: 10366] ]
06-17 10:59:44.096 1257 2112 D ConnectivityService: listenForNetwork for uid/pid:10366/3318 NetworkRequest [ LISTEN id=288, [ Transports: CELLULAR|WIFI|ETHERNET Capabilities: INTERNET&NOT_RESTRICTED&TRUSTED&NOT_VPN Uid: 10366] ]
06-17 10:59:44.132 1257 3355 I DropBoxManagerService: add tag=system_server_wtf isTagEnabled=true flags=0x2
06-17 10:59:44.144 1257 1929 D ActivityManager: package com.instagram.android, user - 0 is SDcard whitelisted
06-17 10:59:44.160 1257 1929 D ConnectivityService: requestNetwork for uid/pid:10366/3318 NetworkRequest [ TRACK_DEFAULT id=289, [ Capabilities: INTERNET&NOT_RESTRICTED&TRUSTED Uid: 10366] ]
06-17 10:59:44.161 1257 1466 D ConnectivityService: sending new Min Network Score(0): NetworkRequest [ TRACK_DEFAULT id=289, [ Capabilities: INTERNET&NOT_RESTRICTED&TRUSTED Uid: 10366] ]
06-17 10:59:44.165 1257 1282 I ActivityManager: Start proc 3745:com.instagram.android/u0a271 for broadcast {com.instagram.android/com.instagram.util.startup.appwarmer.KeepWarmReceiver}
06-17 10:59:44.190 1257 1257 D TrustManagerService: Removing dead TrustListener.
06-17 10:59:44.197 1257 1270 I ActivityManager: DSS OFF for com.instagram.android
06-17 10:59:44.231 1257 3355 I ActivityManager: Killing 32758:com.samsung.android.app.reminder/u0a198 (adj 999): empty #25
06-17 10:59:44.246 1257 3355 D SettingsProvider: isChangeAllowed() : name = wallpaper_rotate_fixed
06-17 10:59:44.246 1257 3355 D SettingsProvider: edmUri: content://com.sec.knox.provider/RestrictionPolicy3
06-17 10:59:44.246 1257 3355 D SettingsProvider: projectionArgs: isSettingsChangesAllowed
06-17 10:59:44.246 1257 3355 D SettingsProvider: selectionArgs: false
06-17 10:59:44.246 1257 3355 D SettingsProvider: selectionArgs: 10054
06-17 10:59:44.248 1257 3355 D SecContentProvider: called from android.uid.systemui:10054
06-17 10:59:44.249 1257 3355 D RestrictionPolicy: isSettingsChangesAllowedAsUser, userId 0 : true
06-17 10:59:44.249 1257 3355 D SettingsProvider: ret = 1
06-17 10:59:44.263 1257 3355 D WallpaperManagerService: mDeviceColor:black
06-17 10:59:44.272 1257 1274 D SettingsProvider: isChangeAllowed() : name = enabled_notification_listeners
06-17 10:59:44.272 1257 1274 D SettingsProvider: isChangeAllowed() : name = enabled_notification_assistant
06-17 10:59:44.273 1257 1274 D SettingsProvider: isChangeAllowed() : name = enabled_notification_policy_access_packages
06-17 10:59:44.299 1257 2003 V WifiDisplayAdapter: getWifiDisplayStatusLocked: result=WifiDisplayStatus{featureState=0, scanState=0, activeDisplayState=0, activeDisplay=null, displays=[], sessionInfo=WifiDisplaySessionInfo:
06-17 10:59:44.299 1257 2003 V WifiDisplayAdapter: Client/Owner: Client
06-17 10:59:44.299 1257 2003 V WifiDisplayAdapter: GroupId:
06-17 10:59:44.299 1257 2003 V WifiDisplayAdapter: Passphrase:
06-17 10:59:44.299 1257 2003 V WifiDisplayAdapter: SessionId: 0
06-17 10:59:44.299 1257 2003 V WifiDisplayAdapter: IP Address: , connectedState=-1}
06-17 10:59:44.305 1257 1929 V WifiDisplayAdapter: getWifiDisplayStatusLocked: result=WifiDisplayStatus{featureState=0, scanState=0, activeDisplayState=0, activeDisplay=null, displays=[], sessionInfo=WifiDisplaySessionInfo:
06-17 10:59:44.305 1257 1929 V WifiDisplayAdapter: Client/Owner: Client
06-17 10:59:44.305 1257 1929 V WifiDisplayAdapter: GroupId:
06-17 10:59:44.305 1257 1929 V WifiDisplayAdapter: Passphrase:
06-17 10:59:44.305 1257 1929 V WifiDisplayAdapter: SessionId: 0
06-17 10:59:44.305 1257 1929 V WifiDisplayAdapter: IP Address: , connectedState=-1}
06-17 10:59:44.337 1257 1274 D SettingsProvider: isChangeAllowed() : name = enabled_notification_listeners
06-17 10:59:44.338 1257 1274 D SettingsProvider: isChangeAllowed() : name = enabled_notification_assistant
06-17 10:59:44.339 1257 1274 D SettingsProvider: isChangeAllowed() : name = enabled_notification_policy_access_packages
06-17 10:59:44.357 1257 1929 D ActivityTaskManager: setLockScreenShown(true,false) is called from 3706
06-17 10:59:44.358 1257 1275 V UsbDeviceManager: onKeyguardStateChanged: isShowing=true secure=false user=0
06-17 10:59:44.358 1257 1272 D UsbDeviceManager: handleMessage -> MSG_UPDATE_SCREEN_LOCK: mScreenLocked=false
06-17 10:59:44.359 1257 1275 D StorageManagerService: onKeyguardStateChanged = false
06-17 10:59:44.360 1257 1424 I StorageManagerService: handleMessage :{ when=-1ms what=15 target=com.android.server.StorageManagerService$StorageManagerServiceHandler }
06-17 10:59:44.361 1257 1424 D StorageManagerService: handleMessage :: H_KEYGUARD_CHANGED = 0
06-17 10:59:44.369 1257 1257 D RestrictionPolicy: isSettingsChangesAllowedAsUser, userId 0 : true
06-17 10:59:44.370 1257 1257 D RestrictionPolicy: isAirplaneModeAllowed : true
06-17 10:59:44.371 1257 1257 D RestrictionPolicy: isCellularDataAllowed: true
06-17 10:59:44.371 1257 1257 D RestrictionPolicy: isNFCEnabled : true
06-17 10:59:44.372 1257 1257 D RestrictionPolicy: isWifiTetheringEnabled : true
06-17 10:59:44.374 1257 1274 D SettingsProvider: isChangeAllowed() : name = enabled_notification_listeners
06-17 10:59:44.375 1257 1274 D SettingsProvider: isChangeAllowed() : name = enabled_notification_assistant
06-17 10:59:44.375 1257 1274 D SettingsProvider: isChangeAllowed() : name = enabled_notification_policy_access_packages
06-17 10:59:44.380 1257 1904 D PowerManagerService: [api] setDozeAfterScreenOff: true (uid: 10054 pid: 3706)
06-17 10:59:44.389 1257 2112 D SettingsProvider: isChangeAllowed() : name = lockstar_facewidget_area
06-17 10:59:44.389 1257 2112 D SettingsProvider: edmUri: content://com.sec.knox.provider/RestrictionPolicy3
06-17 10:59:44.389 1257 2112 D SettingsProvider: projectionArgs: isSettingsChangesAllowed
06-17 10:59:44.389 1257 2112 D SettingsProvider: selectionArgs: false
06-17 10:59:44.389 1257 2112 D SettingsProvider: selectionArgs: 10054
06-17 10:59:44.390 1257 2112 D SecContentProvider: called from android.uid.systemui:10054
06-17 10:59:44.390 1257 2112 D RestrictionPolicy: isSettingsChangesAllowedAsUser, userId 0 : true
06-17 10:59:44.390 1257 2112 D SettingsProvider: ret = 1
06-17 10:59:44.399 1257 1929 D WallpaperManagerService: which : 2, return type : 8 (called by userId= 0)
06-17 10:59:44.402 1257 1929 D WallpaperManagerService: WallpaperManagerCallbackClient android.app.IWallpaperManagerCallback$Stub$Proxy@b200eea
06-17 10:59:44.403 1257 1929 D SettingsProvider: isChangeAllowed() : name = white_lockscreen_wallpaper
06-17 10:59:44.403 1257 1929 D SettingsProvider: WALLPAPER_FONT_THEME : white_lockscreen_wallpaper is allowed
06-17 10:59:44.404 1257 1929 D SettingsProvider: isChangeAllowed() : name = white_lockscreen_statusbar
06-17 10:59:44.404 1257 1929 D SettingsProvider: WALLPAPER_FONT_THEME : white_lockscreen_statusbar is allowed
06-17 10:59:44.405 1257 1929 D SettingsProvider: isChangeAllowed() : name = white_lockscreen_navigationbar
06-17 10:59:44.405 1257 1929 D SettingsProvider: WALLPAPER_FONT_THEME : white_lockscreen_navigationbar is allowed
06-17 10:59:44.428 1257 1274 D SettingsProvider: isChangeAllowed() : name = enabled_notification_listeners
06-17 10:59:44.428 1257 1274 D SettingsProvider: isChangeAllowed() : name = enabled_notification_assistant
06-17 10:59:44.428 1257 1274 D SettingsProvider: isChangeAllowed() : name = enabled_notification_policy_access_packages
06-17 10:59:44.439 1257 1929 D SettingsProvider: isChangeAllowed() : name = navigation_mode
06-17 10:59:44.439 1257 1929 D SettingsProvider: edmUri: content://com.sec.knox.provider/RestrictionPolicy3
06-17 10:59:44.439 1257 1929 D SettingsProvider: projectionArgs: isSettingsChangesAllowed
06-17 10:59:44.439 1257 1929 D SettingsProvider: selectionArgs: false
06-17 10:59:44.439 1257 1929 D SettingsProvider: selectionArgs: 10054
06-17 10:59:44.443 1257 1929 D SecContentProvider: called from android.uid.systemui:10054
06-17 10:59:44.443 1257 1929 D RestrictionPolicy: isSettingsChangesAllowedAsUser, userId 0 : true
06-17 10:59:44.444 1257 1929 D SettingsProvider: ret = 1
06-17 10:59:44.453 1257 1274 D SettingsProvider: isChangeAllowed() : name = enabled_notification_listeners
06-17 10:59:44.453 1257 1274 D SettingsProvider: isChangeAllowed() : name = enabled_notification_assistant
06-17 10:59:44.453 1257 1274 D SettingsProvider: isChangeAllowed() : name = enabled_notification_policy_access_packages
06-17 10:59:44.503 1257 1274 D SettingsProvider: isChangeAllowed() : name = enabled_notification_listeners
06-17 10:59:44.504 1257 1274 D SettingsProvider: isChangeAllowed() : name = enabled_notification_assistant
06-17 10:59:44.504 1257 1274 D SettingsProvider: isChangeAllowed() : name = enabled_notification_policy_access_packages
06-17 10:59:44.677 1257 1929 D ConnectivityService: listenForNetwork for uid/pid:10054/3706 NetworkRequest [ LISTEN id=290, [ Transports: WIFI Capabilities: NOT_VPN] ]
06-17 10:59:44.681 1257 1929 D ConnectivityService: requestNetwork for uid/pid:10054/3706 NetworkRequest [ TRACK_DEFAULT id=291, [ Capabilities: INTERNET&NOT_RESTRICTED&TRUSTED Uid: 10054] ]
06-17 10:59:44.682 1257 1466 D ConnectivityService: sending new Min Network Score(0): NetworkRequest [ TRACK_DEFAULT id=291, [ Capabilities: INTERNET&NOT_RESTRICTED&TRUSTED Uid: 10054] ]
06-17 10:59:44.691 1257 1929 I Telecom:SamsungTelecomServiceImpl: getCallState - callingPid : 3706 / processName : sts
06-17 10:59:44.739 1257 3355 I Telecom:SamsungTelecomServiceImpl: getCallState - callingPid : 3706 / processName : sts
06-17 10:59:44.740 1257 1613 D WindowManager: notifyMovementBoundsChanged: insetRect(42, 125 - 1038, 2232), normalRect(533, 1948 - 1038, 2232), animatingRect(533, 1948 - 1038, 2232), fromIme=false, fromShelffalse, rot=0
06-17 10:59:44.746 1257 3470 I StatusBarManagerService: registerStatusBar bar=com.android.internal.statusbar.IStatusBar$Stub$Proxy@3700645
06-17 10:59:44.762 1257 1613 D SettingsProvider: isChangeAllowed() : name = navigation_bar_gesture_disabled_by_policy
06-17 10:59:44.762 1257 1613 D SettingsProvider: edmUri: content://com.sec.knox.provider/RestrictionPolicy3
06-17 10:59:44.762 1257 1613 D SettingsProvider: projectionArgs: isSettingsChangesAllowed
06-17 10:59:44.762 1257 1613 D SettingsProvider: selectionArgs: false
06-17 10:59:44.762 1257 1613 D SettingsProvider: selectionArgs: 10054
06-17 10:59:44.762 1257 1613 D SecContentProvider: called from android.uid.systemui:10054
06-17 10:59:44.763 1257 1613 D RestrictionPolicy: isSettingsChangesAllowedAsUser, userId 0 : true
06-17 10:59:44.763 1257 1613 D SettingsProvider: ret = 1
06-17 10:59:44.766 1257 1613 D SettingsProvider: isChangeAllowed() : name = navigationbar_color
06-17 10:59:44.766 1257 1613 D SettingsProvider: edmUri: content://com.sec.knox.provider/RestrictionPolicy3
06-17 10:59:44.766 1257 1613 D SettingsProvider: projectionArgs: isSettingsChangesAllowed
06-17 10:59:44.766 1257 1613 D SettingsProvider: selectionArgs: false
06-17 10:59:44.766 1257 1613 D SettingsProvider: selectionArgs: 10054
06-17 10:59:44.766 1257 1613 D SecContentProvider: called from android.uid.systemui:10054
06-17 10:59:44.766 1257 1613 D RestrictionPolicy: isSettingsChangesAllowedAsUser, userId 0 : true
06-17 10:59:44.766 1257 1613 D SettingsProvider: ret = 1
06-17 10:59:44.767 1257 1613 D SettingsProvider: isChangeAllowed() : name = navigationbar_current_color
06-17 10:59:44.767 1257 1613 D SettingsProvider: edmUri: content://com.sec.knox.provider/RestrictionPolicy3
06-17 10:59:44.767 1257 1613 D SettingsProvider: projectionArgs: isSettingsChangesAllowed
06-17 10:59:44.767 1257 1613 D SettingsProvider: selectionArgs: false
06-17 10:59:44.767 1257 1613 D SettingsProvider: selectionArgs: 10054
06-17 10:59:44.768 1257 1613 D SecContentProvider: called from android.uid.systemui:10054
06-17 10:59:44.768 1257 1613 D RestrictionPolicy: isSettingsChangesAllowedAsUser, userId 0 : true
06-17 10:59:44.768 1257 1613 D SettingsProvider: ret = 1
06-17 10:59:44.772 1257 1613 D SettingsProvider: isChangeAllowed() : name = icon_blacklist
06-17 10:59:44.773 1257 1613 D SettingsProvider: edmUri: content://com.sec.knox.provider/RestrictionPolicy3
06-17 10:59:44.773 1257 1613 D SettingsProvider: projectionArgs: isSettingsChangesAllowed
06-17 10:59:44.773 1257 1613 D SettingsProvider: selectionArgs: false
06-17 10:59:44.773 1257 1613 D SettingsProvider: selectionArgs: 10054
06-17 10:59:44.773 1257 1613 D SecContentProvider: called from android.uid.systemui:10054
06-17 10:59:44.773 1257 1613 D RestrictionPolicy: isSettingsChangesAllowedAsUser, userId 0 : true
06-17 10:59:44.773 1257 1613 D SettingsProvider: ret = 1
06-17 10:59:44.798 1257 3355 D WallpaperManagerService: which : 2, return type : 8 (called by userId= 0)
06-17 10:59:44.799 1257 3355 D WallpaperManagerService: getVideoFilePath userId=0 path=
06-17 10:59:44.800 1257 3355 D WallpaperManagerService: getVideoFilePath userId=0 pkg=com.android.systemui which= 2
06-17 10:59:44.800 1257 3355 D WallpaperManagerService: getVideoColor userId=0, which = 2, videoColor=black
06-17 10:59:44.985 1257 1613 I Telecom:SamsungTelecomServiceImpl: isInCall - callingPackage : com.android.systemui
06-17 10:59:45.047 1257 1613 D SettingsProvider: isChangeAllowed() : name = flashlight_available
06-17 10:59:45.047 1257 1613 D SettingsProvider: edmUri: content://com.sec.knox.provider/RestrictionPolicy3
06-17 10:59:45.047 1257 1613 D SettingsProvider: projectionArgs: isSettingsChangesAllowed
06-17 10:59:45.048 1257 1613 D SettingsProvider: selectionArgs: false
06-17 10:59:45.048 1257 1613 D SettingsProvider: selectionArgs: 10054
06-17 10:59:45.048 1257 1613 D SecContentProvider: called from android.uid.systemui:10054
06-17 10:59:45.048 1257 1613 D RestrictionPolicy: isSettingsChangesAllowedAsUser, userId 0 : true
06-17 10:59:45.048 1257 1613 D SettingsProvider: ret = 1
06-17 10:59:45.049 1257 1613 D SettingsProvider: isChangeAllowed() : name = flashlight_enabled
06-17 10:59:45.049 1257 1613 D SettingsProvider: edmUri: content://com.sec.knox.provider/RestrictionPolicy3
06-17 10:59:45.049 1257 1613 D SettingsProvider: projectionArgs: isSettingsChangesAllowed
06-17 10:59:45.049 1257 1613 D SettingsProvider: selectionArgs: false
06-17 10:59:45.049 1257 1613 D SettingsProvider: selectionArgs: 10054
06-17 10:59:45.049 1257 1613 D SecContentProvider: called from android.uid.systemui:10054
06-17 10:59:45.050 1257 1613 D RestrictionPolicy: isSettingsChangesAllowedAsUser, userId 0 : true
06-17 10:59:45.050 1257 1613 D SettingsProvider: ret = 1
06-17 10:59:45.082 1257 1274 D SettingsProvider: isChangeAllowed() : name = enabled_notification_listeners
06-17 10:59:45.082 1257 1274 D SettingsProvider: isChangeAllowed() : name = enabled_notification_assistant
06-17 10:59:45.082 1257 1274 D SettingsProvider: isChangeAllowed() : name = enabled_notification_policy_access_packages
06-17 10:59:45.092 1257 3470 D SettingsProvider: isChangeAllowed() : name = face_widget_res_id
06-17 10:59:45.092 1257 3470 D SettingsProvider: edmUri: content://com.sec.knox.provider/RestrictionPolicy3
06-17 10:59:45.092 1257 3470 D SettingsProvider: projectionArgs: isSettingsChangesAllowed
06-17 10:59:45.092 1257 3470 D SettingsProvider: selectionArgs: false
06-17 10:59:45.092 1257 3470 D SettingsProvider: selectionArgs: 10054
06-17 10:59:45.092 1257 3470 D SecContentProvider: called from android.uid.systemui:10054
06-17 10:59:45.092 1257 3470 D RestrictionPolicy: isSettingsChangesAllowedAsUser, userId 0 : true
06-17 10:59:45.092 1257 3470 D SettingsProvider: ret = 1
06-17 10:59:45.094 1257 3470 D SettingsProvider: isChangeAllowed() : name = face_widget_order
06-17 10:59:45.094 1257 3470 D SettingsProvider: edmUri: content://com.sec.knox.provider/RestrictionPolicy3
06-17 10:59:45.094 1257 3470 D SettingsProvider: projectionArgs: isSettingsChangesAllowed
06-17 10:59:45.094 1257 3470 D SettingsProvider: selectionArgs: false
06-17 10:59:45.094 1257 3470 D SettingsProvider: selectionArgs: 10054
06-17 10:59:45.095 1257 3470 D SecContentProvider: called from android.uid.systemui:10054
06-17 10:59:45.095 1257 3470 D RestrictionPolicy: isSettingsChangesAllowedAsUser, userId 0 : true
06-17 10:59:45.095 1257 3470 D SettingsProvider: ret = 1
06-17 10:59:45.097 1257 1613 D ConnectivityService: listenForNetwork for uid/pid:10366/3318 NetworkRequest [ LISTEN id=292, [ Capabilities: INTERNET&NOT_RESTRICTED&TRUSTED&NOT_VPN Uid: 10366] ]
06-17 10:59:45.127 3706 3706 D StatusBar: sw screen_mode_setting : 0
06-17 10:59:45.132 1257 1613 D WindowManager: setKeyguardOccluded occluded=false
06-17 10:59:45.174 1257 3470 I Telecom:SamsungTelecomServiceImpl: getCallState - callingPid : 3318 / processName : sts
06-17 10:59:45.211 1257 3470 I Telecom:SamsungTelecomServiceImpl: @hide @test getCurrentTtyMode - callingPackage : com.android.systemui
06-17 10:59:45.223 1257 3470 D ConnectivityService: listenForNetwork for uid/pid:10054/3706 NetworkRequest [ LISTEN id=293, [] ]
06-17 10:59:45.227 1257 1929 D ActivityManager: package com.android.keychain, user - 0 is SDcard whitelisted
06-17 10:59:45.252 1257 3470 D StatusBarManagerService: setPanelExpandStateToType : state = false, barType = 0
06-17 10:59:45.256 1257 1282 I ActivityManager: Start proc 3900:com.android.keychain/1000 for service {com.android.keychain/com.android.keychain.KeyChainService}
06-17 10:59:45.260 1257 2459 D BatteryService: Sending ACTION_BATTERY_CHANGED. scale:100, info:{.chargerAcOnline = false, .chargerUsbOnline = true, .chargerWirelessOnline = false, .maxChargingCurrent = 0, .maxChargingVoltage = 0, .batteryStatus = CHARGING, .batteryHealth = GOOD, .batteryPresent = true, .batteryLevel = 48, .batteryVoltage = 3826, .batteryTemperature = 336, .batteryCurrent = 0, .batteryCycleCount = 0, .batteryFullCharge = 5000000, .batteryChargeCounter = 2440000, .batteryTechnology = Li-ion}
06-17 10:59:45.260 1257 2459 D BatteryService: online:4, current avg:-160, charge type:1, POGO powered:false, power sharing:false, high voltage charger:false, charger_type:0, capacity:280000, misc_event:65536, current_event:0, current_now:-120
06-17 10:59:45.261 1257 3470 D OverlayManager: Skipped idmap creation for android and com.samsung.systemui.hidenotch.withoutcornerround
06-17 10:59:45.264 1257 1257 D UsbDeviceManager: received ACTION_BATTERY_CHANGED
06-17 10:59:45.264 1257 1272 D UsbDeviceManager: handleMessage -> MSG_UPDATE_CHARGING_STATE: mUsbCharging=true
06-17 10:59:45.268 1257 1613 D ActivityManager: package ru.mts.mymts, user - 0 is SDcard whitelisted
06-17 10:59:45.275 1257 2112 D OverlayManager: Skipped idmap creation for android and com.samsung.systemui.hidenotch
06-17 10:59:45.281 1257 3355 D OverlayManager: Skipped idmap creation for android and com.samsung.systemui.hidenotch.withoutcornerround
06-17 10:59:45.296 1257 1904 I ActivityManager: DSS OFF for com.android.keychain
06-17 10:59:45.302 1257 1904 I ActivityManager: Killing 2370:com.samsung.android.calendar/u0a162 (adj 999): empty #25
06-17 10:59:45.305 1257 1282 I ActivityManager: Start proc 3920:com.google.android.webview:sandboxed_process0:org.chromium.content.app.SandboxedProcessService0:0/u0i5 for {ru.mts.mymts/org.chromium.content.app.SandboxedProcessService0:0}
06-17 10:59:45.305 1257 1282 I ActivityManager: check webview name : com.google.android.webview:sandboxed_process0:org.chromium.content.app.SandboxedProcessService0:0check hostingname webview : {ru.mts.mymts/org.chromium.content.app.SandboxedProcessService0:0}
06-17 10:59:45.326 1257 1929 D WindowManager: notifyMovementBoundsChanged: insetRect(42, 125 - 1038, 2232), normalRect(533, 1948 - 1038, 2232), animatingRect(533, 1948 - 1038, 2232), fromIme=false, fromShelffalse, rot=0
06-17 10:59:45.332 1257 1929 I ActivityManager: DSS OFF for ru.mts.mymts
06-17 10:59:45.389 1257 4992 I ActivityManager: Killing 2450:com.sec.android.app.fm/u0a86 (adj 999): empty #25
06-17 10:59:45.398 3706 3706 D StatusBar: sw screen_mode_setting : 0
06-17 10:59:45.404 1257 1929 D WindowManager: makeSurface duration=3 name=ScreenDecorOverlay$_3706
06-17 10:59:45.410 1257 1257 W WallpaperManagerService: Wallpaper onServiceConnected : ComponentInfo{com.android.systemui/com.android.systemui.ImageWallpaper}
06-17 10:59:45.411 1257 1257 W WindowManager: addWindowToken: Attempted to add binder token: android.os.Binder@248a855 for already created window token: WallpaperWindowToken{18297f8 token=android.os.Binder@248a855} displayId=0
06-17 10:59:45.413 1257 1257 D WallpaperManagerService: .xml file : width=2400 height=2400 name= component=null
06-17 10:59:45.413 1257 1257 D WallpaperManagerService: service : width=-1 height=-1 name= component=ComponentInfo{com.android.systemui/com.android.systemui.ImageWallpaper}
06-17 10:59:45.413 1257 1257 D WallpaperManagerService: Different wallpaper
06-17 10:59:45.413 1257 1257 D WallpaperManagerService: saveSettingsLockedInternal mode = 0
06-17 10:59:45.469 1257 1613 D WallpaperManagerService: which : 2, return type : 8 (called by userId= 0)
06-17 10:59:45.469 1257 1257 W WallpaperManagerService: Wallpaper onServiceConnected : ComponentInfo{com.android.systemui/com.android.systemui.ImageWallpaper}
06-17 10:59:45.470 1257 1257 D WallpaperManagerService: .xml file : width=2400 height=2400 name= component=null
06-17 10:59:45.470 1257 1257 D WallpaperManagerService: service : width=-1 height=-1 name= component=ComponentInfo{com.android.systemui/com.android.systemui.ImageWallpaper}
06-17 10:59:45.470 1257 1257 D WallpaperManagerService: Different wallpaper
06-17 10:59:45.470 1257 1257 D WallpaperManagerService: saveSettingsLockedInternal mode = 0
06-17 10:59:45.474 1257 1613 D WallpaperManagerService: getVideoColor userId=0, which = 2, videoColor=black
06-17 10:59:45.474 1257 1904 D WallpaperManagerService: getVideoFilePath userId=0 path=
06-17 10:59:45.475 1257 1613 D WallpaperManagerService: getVideoFilePath userId=0 pkg=com.android.systemui which= 2
06-17 10:59:45.501 1257 1904 D WindowManager: makeSurface duration=2 name=ScreenDecorOverlayBottom$_3706
06-17 10:59:45.512 1257 3355 D PowerManagerService: [api] userActivity : event: 0 flags: 0 (uid: 10054 pid: 3706) eventTime = 321857
06-17 10:59:45.540 1257 1904 D WindowManager: makeSurface duration=2 name=NavigationBar0$_3706
06-17 10:59:45.597 1257 1929 D SamsungAlarmManager: Cancel Alarm calling from uid:10197 pid :2507 / op:PendingIntent{96df897: PendingIntentRecord{ecfa40f com.sec.android.daemonapp broadcastIntent}}
06-17 10:59:45.599 1257 1929 I SamsungAlarmManager: setLocked to kernel - T:2 / 20260617T110426, SetElapsed=603245, nowELAPSED=321944
06-17 10:59:45.601 1257 1929 I SamsungAlarmManager: setLocked to kernel - T:3 / 20260617T105959, SetElapsed=336345, nowELAPSED=321946
06-17 10:59:45.624 1257 3355 D SamsungAlarmManager: setExact Intent (T:1/F:1/AC:false) 20260617T165946 - CU:10197/CP:2507
06-17 10:59:45.625 1257 3355 I SamsungAlarmManager: setLocked to kernel - T:2 / 20260617T110426, SetElapsed=603245, nowELAPSED=321970
06-17 10:59:45.625 1257 3355 I SamsungAlarmManager: setLocked to kernel - T:3 / 20260617T110000, SetElapsed=336345, nowELAPSED=321970
06-17 10:59:45.632 1257 1257 D EdgeLightingManager: isCallingUserSupported : callingUserId=0, mUserId=0, isDualAppId=false
06-17 10:59:45.632 1257 1257 D EdgeLightingManager: hideForNotification : packageName = com.sec.android.daemonapp
06-17 10:59:45.636 1257 1257 D EdgeLightingPolicyManager:NotificationGroup: remove : sbn : StatusBarNotification(pkg=com.sec.android.daemonapp user=UserHandle{0} id=4914 tag=null key=0|com.sec.android.daemonapp|4914|null|10197: Notification(channel=weather.notification.autoRefresh pri=0 contentView=null vibrate=null sound=null defaults=0x0 flags=0x62 color=0x00000000 category=service vis=PRIVATE semFlags=0x0 semPriority=0 semMissedCount=0))
06-17 10:59:45.636 1257 1257 D EdgeLightingPolicyManager.NotificationGroup: group key = 0|com.whatsapp|g:group_key_messages ,value= summary : NotificationData { tag= null } , child : 2key = 0|com.whatsapp|1|f3nVRr13RKWQ4GQna4UvUqSgSqGMcIJZFm97HCnCmPI=
06-17 10:59:45.636 1257 1257 D EdgeLightingPolicyManager.NotificationGroup: |10255 , value = NotificationData { tag= f3nVRr13RKWQ4GQna4UvUqSgSqGMcIJZFm97HCnCmPI=
06-17 10:59:45.636 1257 1257 D EdgeLightingPolicyManager.NotificationGroup: } ,key = 0|com.whatsapp|1|ZYFXNF0t/ogbgalaIk8EWyOXr0x5+y8JgCRxSYkFyow=
06-17 10:59:45.636 1257 1257 D EdgeLightingPolicyManager.NotificationGroup: |10255 , value = NotificationData { tag= ZYFXNF0t/ogbgalaIk8EWyOXr0x5+y8JgCRxSYkFyow=
06-17 10:59:45.636 1257 1257 D EdgeLightingPolicyManager.NotificationGroup: } , }
06-17 10:59:45.638 1257 1257 D EdgeLightingPolicyManager.NotificationGroup: group key = 0|ru.oneme.app|g:ru.oneme.app.notifications.0 ,value= summary : NotificationData { tag= MESS_GROUP_NOTIF_0 } , child : 9key = 0|ru.oneme.app|9|CHAT_NOTIF_0|10450 , value = NotificationData { tag= CHAT_NOTIF_0 } ,key = 0|ru.oneme.app|31|CHAT_NOTIF_0|10450 , value = NotificationData { tag= CHAT_NOTIF_0 } ,key = 0|ru.oneme.app|16|CHAT_NOTIF_0|10450 , value = NotificationData { tag= CHAT_NOTIF_0 } ,key = 0|ru.oneme.app|7|CHAT_NOTIF_0|10450 , value = NotificationData { tag= CHAT_NOTIF_0 } ,key = 0|ru.oneme.app|43|CHAT_NOTIF_0|10450 , value = NotificationData { tag= CHAT_NOTIF_0 } ,key = 0|ru.oneme.app|13|CHAT_NOTIF_0|10450 , value = NotificationData { tag= CHAT_NOTIF_0 } ,key = 0|ru.oneme.app|25|CHAT_NOTIF_0|10450 , value = NotificationData { tag= CHAT_NOTIF_0 } ,key = 0|ru.oneme.app|150|CHAT_NOTIF_0|10450 , value = NotificationData { tag= CHAT_NOTIF_0 } ,key = 0|ru.oneme.app|6|CHAT_NOTIF_0|10450 , value = NotificationData { tag= CHAT_NOTIF_0 } , }
06-17 10:59:45.638 1257 1257 D EdgeLightingPolicyManager.NotificationGroup: group key = 0|com.samsung.android.messaging|g:MESSAGE_RECEIVED ,value= summary : NotificationData { tag= com.samsung.android.messaging:GROUP_RECEIVED: } , child : 4key = 0|com.samsung.android.messaging|123|com.samsung.android.messaging:MESSAGE_RECEIVED:308|10114 , value = NotificationData { tag= com.samsung.android.messaging:MESSAGE_RECEIVED:308 } ,key = 0|com.samsung.android.messaging|123|com.samsung.android.messaging:MESSAGE_RECEIVED:285|10114 , value = NotificationData { tag= com.samsung.android.messaging:MESSAGE_RECEIVED:285 } ,key = 0|com.samsung.android.messaging|123|com.samsung.android.messaging:MESSAGE_RECEIVED:284|10114 , value = NotificationData { tag= com.samsung.android.messaging:MESSAGE_RECEIVED:284 } ,key = 0|com.samsung.android.messaging|123|com.samsung.android.messaging:MESSAGE_RECEIVED:167|10114 , value = NotificationData { tag= com.samsung.android.messaging:MESSAGE_RECEIVED:167 } , }
06-17 10:59:45.638 1257 1257 D EdgeLightingPolicyManager.NotificationGroup: group key = 0|com.android.chrome|g:OfflinePageAutoFetchNotification ,value= summary : null , child : 1key = 0|com.android.chrome|0|OfflinePageAutoFetchInProgressNotification|10230 , value = NotificationData { tag= OfflinePageAutoFetchInProgressNotification } , }
06-17 10:59:45.638 1257 1257 D EdgeLightingPolicyManager.NotificationGroup: group key = 0|ru.yandex.searchplugin|g:searchlib_group ,value= summary : null , child : 1key = 0|ru.yandex.searchplugin|19810816|SEARCHLIB_BAR|10251 , value = NotificationData { tag= SEARCHLIB_BAR } , }
06-17 10:59:45.639 1257 1257 D EdgeLightingManager: hideForNotification : isInteractive is true
06-17 10:59:45.640 1257 1257 D LightsService: [api] [SvcLED] turnOff:: id = 4 (uid: 1000 pid: 1257)
06-17 10:59:45.640 1257 1257 D LightsService: [api] [SvcLED] LED indicator : Not supported.
06-17 10:59:45.642 1257 3355 I ActivityManager: Killing 2621:com.sec.android.widgetapp.easymodecontactswidget/u0a185 (adj 999): empty #25
06-17 10:59:45.649 1257 1257 D SmartAlertController: SmartAlert - Found Missed Event
06-17 10:59:45.652 1257 4014 D SmartAlertController: SmartAlert - already registered or Setting disabled
06-17 10:59:45.679 1257 2003 I ActivityManager: Killing 30069:com.samsung.android.oneconnect:Core/u0a238 (adj 999): empty #25
06-17 10:59:45.699 1257 3355 I Telecom:SamsungTelecomServiceImpl: isInCall - callingPackage : com.android.systemui
06-17 10:59:45.701 1257 3355 I Telecom:SamsungTelecomServiceImpl: isInCall - callingPackage : com.android.systemui
06-17 10:59:45.742 1257 3355 D WindowManager: makeSurface duration=8 name=StatusBar$_3706
06-17 10:59:45.767 1257 2003 D ConnectivityService: requestNetwork for uid/pid:10271/3745 NetworkRequest [ TRACK_DEFAULT id=294, [ Capabilities: INTERNET&NOT_RESTRICTED&TRUSTED Uid: 10271] ]
06-17 10:59:45.767 1257 1466 D ConnectivityService: sending new Min Network Score(0): NetworkRequest [ TRACK_DEFAULT id=294, [ Capabilities: INTERNET&NOT_RESTRICTED&TRUSTED Uid: 10271] ]
06-17 10:59:45.782 1257 1276 I WindowManager: Reparenting to leash, surface=Surface(name=d8de95f StatusBar)/@0x6f84e7f
06-17 10:59:45.785 1257 1276 D WindowManager: makeSurface duration=3 leash=Surface(name=Surface(name=d8de95f StatusBar)/@0x6f84e7f - animation-leash)/@0x4de4e4c
06-17 10:59:45.789 1257 4992 D CustomFrequencyManagerService: FrequencyrequestList.getNextSchedTuneBoostRequest, index: 1
06-17 10:59:45.793 1257 1613 D ConnectivityService: ConnectivityService NetworkRequestInfo binderDied(NetworkRequest [ LISTEN id=253, [ Transports: WIFI Capabilities: INTERNET&NOT_RESTRICTED&TRUSTED&NOT_VPN&VALIDATED Uid: 10238] ], android.os.BinderProxy@23bebaa)
06-17 10:59:45.793 1257 2003 D ConnectivityService: ConnectivityService NetworkRequestInfo binderDied(NetworkRequest [ LISTEN id=254, [ Transports: CELLULAR|WIFI Capabilities: INTERNET&NOT_RESTRICTED&TRUSTED&NOT_VPN&VALIDATED Uid: 10238] ], android.os.BinderProxy@94aae95)
06-17 10:59:45.794 1257 1466 D ConnectivityService: releasing NetworkRequest [ LISTEN id=253, [ Transports: WIFI Capabilities: INTERNET&NOT_RESTRICTED&TRUSTED&NOT_VPN&VALIDATED Uid: 10238] ] (release request)
06-17 10:59:45.794 1257 1466 D ConnectivityService: releasing NetworkRequest [ LISTEN id=254, [ Transports: CELLULAR|WIFI Capabilities: INTERNET&NOT_RESTRICTED&TRUSTED&NOT_VPN&VALIDATED Uid: 10238] ] (release request)
06-17 10:59:45.798 1257 1929 I WindowManager: Reparenting to leash, surface=Surface(name=47f944d NavigationBar0)/@0xfc80338
06-17 10:59:45.800 1257 1929 D WindowManager: makeSurface duration=2 leash=Surface(name=Surface(name=47f944d NavigationBar0)/@0xfc80338 - animation-leash)/@0xe749f11
06-17 10:59:45.807 1257 3355 D CustomFrequencyManagerService: FrequencyrequestList.getNextSchedTuneBoostRequest, index: 1
06-17 10:59:45.819 1257 1929 W ContextImpl: Calling a method in the system process without a qualified user: android.app.ContextImpl.sendBroadcast:1103 com.android.server.am.ActivityManagerService.requestKnoxVpnToSendProxyBroadcast:21965 com.android.server.am.ActivityManagerService.registerReceiver:17177 android.app.IActivityManager$Stub.onTransact:2269 com.android.server.am.ActivityManagerService.onTransact:3357
06-17 10:59:45.885 1257 1613 D SettingsProvider: isChangeAllowed() : name = quickstar_coloring_notification_switch
06-17 10:59:45.885 1257 1613 D SettingsProvider: edmUri: content://com.sec.knox.provider/RestrictionPolicy3
06-17 10:59:45.885 1257 1613 D SettingsProvider: projectionArgs: isSettingsChangesAllowed
06-17 10:59:45.885 1257 1613 D SettingsProvider: selectionArgs: false
06-17 10:59:45.886 1257 1613 D SettingsProvider: selectionArgs: 10054
06-17 10:59:45.886 1257 1613 D SecContentProvider: called from android.uid.systemui:10054
06-17 10:59:45.888 1257 1613 D RestrictionPolicy: isSettingsChangesAllowedAsUser, userId 0 : true
06-17 10:59:45.888 1257 1613 D SettingsProvider: ret = 1
06-17 10:59:45.896 1257 1904 D SettingsProvider: isChangeAllowed() : name = aod_lock_share_page_key_order
06-17 10:59:45.896 1257 1904 D SettingsProvider: edmUri: content://com.sec.knox.provider/RestrictionPolicy3
06-17 10:59:45.896 1257 1904 D SettingsProvider: projectionArgs: isSettingsChangesAllowed
06-17 10:59:45.896 1257 1904 D SettingsProvider: selectionArgs: false
06-17 10:59:45.896 1257 1904 D SettingsProvider: selectionArgs: 10054
06-17 10:59:45.897 1257 1904 D SecContentProvider: called from android.uid.systemui:10054
06-17 10:59:45.897 1257 1904 D RestrictionPolicy: isSettingsChangesAllowedAsUser, userId 0 : true
06-17 10:59:45.897 1257 1904 D SettingsProvider: ret = 1
06-17 10:59:46.007 1257 1613 D SettingsProvider: isChangeAllowed() : name = sysui_qqs_count
06-17 10:59:46.007 1257 1613 D SettingsProvider: edmUri: content://com.sec.knox.provider/RestrictionPolicy3
06-17 10:59:46.007 1257 1613 D SettingsProvider: projectionArgs: isSettingsChangesAllowed
06-17 10:59:46.007 1257 1613 D SettingsProvider: selectionArgs: false
06-17 10:59:46.007 1257 1613 D SettingsProvider: selectionArgs: 10054
06-17 10:59:46.008 1257 1613 D SecContentProvider: called from android.uid.systemui:10054
06-17 10:59:46.008 1257 1613 D RestrictionPolicy: isSettingsChangesAllowedAsUser, userId 0 : true
06-17 10:59:46.008 1257 1613 D SettingsProvider: ret = 1
06-17 10:59:46.040 1257 1276 I WindowManager: Reparenting to original parent: Surface(name=WindowToken{255edfe android.os.BinderProxy@9b52b80})/@0x7999457, destroyLeash=true, surface=Surface(name=d8de95f StatusBar)/@0x6f84e7f
06-17 10:59:46.057 1257 1276 I WindowManager: Reparenting to original parent: Surface(name=WindowToken{194d7e4 android.os.BinderProxy@9344d76})/@0x224442d, destroyLeash=true, surface=Surface(name=47f944d NavigationBar0)/@0xfc80338
06-17 10:59:46.072 1257 1904 D SettingsProvider: isChangeAllowed() : name = qs_detail_content_primary_text_color
06-17 10:59:46.072 1257 1904 D SettingsProvider: edmUri: content://com.sec.knox.provider/RestrictionPolicy3
06-17 10:59:46.072 1257 1904 D SettingsProvider: projectionArgs: isSettingsChangesAllowed
06-17 10:59:46.072 1257 1904 D SettingsProvider: selectionArgs: false
06-17 10:59:46.072 1257 1904 D SettingsProvider: selectionArgs: 10054
06-17 10:59:46.072 1257 1904 D SecContentProvider: called from android.uid.systemui:10054
06-17 10:59:46.073 1257 1904 D RestrictionPolicy: isSettingsChangesAllowedAsUser, userId 0 : true
06-17 10:59:46.073 1257 1904 D SettingsProvider: ret = 1
06-17 10:59:46.078 1257 1613 D SettingsProvider: isChangeAllowed() : name = qs_detail_content_secondary_text_color
06-17 10:59:46.078 1257 1613 D SettingsProvider: edmUri: content://com.sec.knox.provider/RestrictionPolicy3
06-17 10:59:46.078 1257 1613 D SettingsProvider: projectionArgs: isSettingsChangesAllowed
06-17 10:59:46.078 1257 1613 D SettingsProvider: selectionArgs: false
06-17 10:59:46.078 1257 1613 D SettingsProvider: selectionArgs: 10054
06-17 10:59:46.080 1257 1613 D SecContentProvider: called from android.uid.systemui:10054
06-17 10:59:46.080 1257 1613 D RestrictionPolicy: isSettingsChangesAllowedAsUser, userId 0 : true
06-17 10:59:46.080 1257 1613 D SettingsProvider: ret = 1
06-17 10:59:46.088 1257 4992 D SettingsProvider: isChangeAllowed() : name = qs_detail_content_primary_text_color
06-17 10:59:46.088 1257 4992 D SettingsProvider: edmUri: content://com.sec.knox.provider/RestrictionPolicy3
06-17 10:59:46.088 1257 4992 D SettingsProvider: projectionArgs: isSettingsChangesAllowed
06-17 10:59:46.088 1257 4992 D SettingsProvider: selectionArgs: false
06-17 10:59:46.088 1257 4992 D SettingsProvider: selectionArgs: 10054
06-17 10:59:46.088 1257 4992 D SecContentProvider: called from android.uid.systemui:10054
06-17 10:59:46.089 1257 4992 D RestrictionPolicy: isSettingsChangesAllowedAsUser, userId 0 : true
06-17 10:59:46.089 1257 4992 D SettingsProvider: ret = 1
06-17 10:59:46.091 1257 1613 D SettingsProvider: isChangeAllowed() : name = qs_detail_content_secondary_text_color
06-17 10:59:46.091 1257 1613 D SettingsProvider: edmUri: content://com.sec.knox.provider/RestrictionPolicy3
06-17 10:59:46.091 1257 1613 D SettingsProvider: projectionArgs: isSettingsChangesAllowed
06-17 10:59:46.091 1257 1613 D SettingsProvider: selectionArgs: false
06-17 10:59:46.091 1257 1613 D SettingsProvider: selectionArgs: 10054
06-17 10:59:46.091 1257 1613 D SecContentProvider: called from android.uid.systemui:10054
06-17 10:59:46.091 1257 1613 D RestrictionPolicy: isSettingsChangesAllowedAsUser, userId 0 : true
06-17 10:59:46.091 1257 1613 D SettingsProvider: ret = 1
06-17 10:59:46.096 2568 2568 D io_stats: !@ 179,0 r 957247 21790117 w 21676 463748 d 13908 318224 f 20721 25800 iot 215936 221231 th 51200 0 0 pt 0 inp 3 0 322.440
06-17 10:59:46.112 1257 4992 I ActivityManager: Killing 581:com.samsung.android.mdx.kit/5025 (adj 999): empty #25
06-17 10:59:46.191 1257 2550 I Telecom:SamsungTelecomServiceImpl: getUserSelectedOutgoingPhoneAccount - callingPackage : com.samsung.android.app.telephonyui
06-17 10:59:46.192 1257 3355 I Telecom:SamsungTelecomServiceImpl: getPhoneAccount - PhoneAccountHandle : ComponentInfo{com.android.phone/com.android.services.telephony.TelephonyConnectionService}, ***, UserHandle{0} / callingPid : 24305 / processName : sts
06-17 10:59:46.206 1257 2003 I Telecom:SamsungTelecomServiceImpl: getCallCapablePhoneAccounts - includeDisabledAccounts : false / callingPackage : com.samsung.android.app.telephonyui
06-17 10:59:46.207 1257 2003 I Telecom:SamsungTelecomServiceImpl: getPhoneAccount - PhoneAccountHandle : ComponentInfo{com.android.phone/com.android.services.telephony.TelephonyConnectionService}, ***, UserHandle{0} / callingPid : 24305 / processName : sts
06-17 10:59:46.211 1257 1904 I Telecom:SamsungTelecomServiceImpl: getUserSelectedOutgoingPhoneAccount - callingPackage : com.samsung.android.app.telephonyui
06-17 10:59:46.213 1257 2003 I Telecom:SamsungTelecomServiceImpl: getPhoneAccount - PhoneAccountHandle : ComponentInfo{com.android.phone/com.android.services.telephony.TelephonyConnectionService}, ***, UserHandle{0} / callingPid : 24305 / processName : sts
06-17 10:59:46.224 1257 2550 I Telecom:SamsungTelecomServiceImpl: getCallCapablePhoneAccounts - includeDisabledAccounts : false / callingPackage : com.samsung.android.app.telephonyui
06-17 10:59:46.226 1257 2003 I Telecom:SamsungTelecomServiceImpl: getPhoneAccount - PhoneAccountHandle : ComponentInfo{com.android.phone/com.android.services.telephony.TelephonyConnectionService}, ***, UserHandle{0} / callingPid : 24305 / processName : sts
06-17 10:59:46.368 3346 3494 E SDHMS:ib.qa: e = /sys/class/lcd/panel/vrr: open failed: ENOENT (No such file or directory)
06-17 10:59:46.638 1257 2550 I ActivityManager: Killing 2655:com.samsung.android.app.notes/u0a382 (adj 999): empty #25
06-17 10:59:46.640 1257 1904 I Telecom:SamsungTelecomServiceImpl: getCallState - callingPid : 3706 / processName : sts
06-17 10:59:46.696 1257 3470 D ConnectivityService: listenForNetwork for uid/pid:10271/3745 NetworkRequest [ LISTEN id=295, [ Capabilities: INTERNET&NOT_RESTRICTED&TRUSTED&NOT_VPN Uid: 10271] ]
06-17 10:59:46.703 1257 2550 D WindowManager: makeSurface duration=2 name=com.android.systemui.ImageWallpaper$_3706
06-17 10:59:46.713 1257 1276 V WindowManager: performShow on Window{a1641b7 u0 com.android.systemui.ImageWallpaper}: mDrawState=READY_TO_SHOW readyForDisplay=false starting=false during animation: policyVis=true parentHidden=false tok.hiddenRequested=false tok.hidden=false animating=false tok animating=false Callers=com.android.server.wm.WindowState.performShowLocked:4719 com.android.server.wm.WindowStateAnimator.commitFinishDrawingLocked:401 com.android.server.wm.DisplayContent.lambda$new$8$DisplayContent:990 com.android.server.wm.-$$Lambda$DisplayContent$qxt4izS31fb0LF2uo_OF9DMa7gc.accept:4
06-17 10:59:46.724 1257 1276 V WindowManager: performShow on Window{a1641b7 u0 com.android.systemui.ImageWallpaper}: mDrawState=READY_TO_SHOW readyForDisplay=false starting=false during animation: policyVis=true parentHidden=false tok.hiddenRequested=false tok.hidden=false animating=false tok animating=false Callers=com.android.server.wm.WindowState.performShowLocked:4719 com.android.server.wm.DisplayContent.lambda$new$0$DisplayContent:680 com.android.server.wm.-$$Lambda$DisplayContent$0yxrqH9eGY2qTjH1u_BvaVrXCSA.accept:4 com.android.server.wm.WindowContainer$ForAllWindowsConsumerWrapper.apply:1184
06-17 10:59:46.735 1257 1257 D EdgeLightingManager: isCallingUserSupported : callingUserId=-1, mUserId=0, isDualAppId=false
06-17 10:59:46.738 1257 1257 D CustomFrequencyManagerService: acquireDVFSLockLocked : type : DVFS_MIN_LIMIT frequency : 1295000 uid : 1000 pid : 1257 pkgName : LISTVIEW_SCROLL@CPU_MIN@52
06-17 10:59:46.745 1257 1257 D SmartAlertController: SmartAlert - Found Missed Event
06-17 10:59:46.746 1257 4164 D SmartAlertController: SmartAlert - already registered or Setting disabled
06-17 10:59:46.760 3346 3751 D SDHMS:com.sec.android.sdhms.thermal.siop.y: SIOP:: AP:523(512,0) BAT:336(336,0) CHG:489(489,0) USB:0(0,0) WIFI:378(429,50) PA:396(444,50) BLK:0(0,0) LRP:437(437,0) LRF:415(415) LRB:437(437)
06-17 10:59:46.792 1257 2550 D ConnectivityService: requestNetwork for uid/pid:10220/3257 NetworkRequest [ TRACK_DEFAULT id=296, [ Capabilities: INTERNET&NOT_RESTRICTED&TRUSTED Uid: 10220] ]
