06-17 10:59:55.824 1257 3355 D SettingsProvider: selectionArgs: 10054
06-17 10:59:55.824 1257 3355 D SecContentProvider: called from android.uid.systemui:10054
06-17 10:59:55.824 1257 3355 D RestrictionPolicy: isSettingsChangesAllowedAsUser, userId 0 : true
06-17 10:59:55.824 1257 3355 D SettingsProvider: ret = 1
06-17 10:59:55.826 24447 24447 W ContextImpl: Calling a method in the system process without a qualified user: android.app.ContextImpl.startService:1632 android.content.ContextWrapper.startService:683 com.samsung.android.sm.battery.receiver.BatteryReceiver.c:6 com.samsung.android.sm.battery.receiver.BatteryReceiver.onReceive:16 android.app.ActivityThread.handleReceiver:4111
06-17 10:59:55.831 1257 1257 V SettingsProvider: Notifying for 0: content://settings/secure/plugin_lock_event_dump
06-17 10:59:55.833 1257 3383 W BroadcastQueue: Background execution not allowed: receiving Intent { act=android.intent.action.DROPBOX_ENTRY_ADDED flg=0x10 (has extras) } to com.google.android.gms/.stats.service.DropBoxEntryAddedReceiver
06-17 10:59:55.838 1257 1281 D ActivityManager: package com.samsung.android.dqagent, user - 0 is SDcard whitelisted
06-17 10:59:55.841 1257 3338 D AdaptiveDisplaySolutionService: setAutoCurrentLimitState() : true , mADSEnableCondition : true
06-17 10:59:55.841 1257 3338 I AdaptiveDisplaySolutionService: updateAdaptiveControlState() : true
06-17 10:59:55.841 1257 3338 D AdaptiveDisplaySolutionService: [AdaptiveControl]: ACL OFF
06-17 10:59:55.841 1257 3338 V MdnieScenarioControlService: mAutoCurrentLimitOffState : true
06-17 10:59:55.841 1257 3338 D AdaptiveDisplaySolutionService: fileWriteString to /sys/class/lcd/panel/adaptive_control, 1
06-17 10:59:55.850 1257 3338 D AdaptiveDisplaySolutionService: fileWriteString to /sys/class/lcd/panel/adaptive_control, 0
06-17 10:59:55.927 1257 1282 W ActivityManager: Slow operation: 90ms so far, now at startProcess: done updating battery stats
06-17 10:59:55.928 1257 1282 W ActivityManager: Slow operation: 91ms so far, now at startProcess: building log message
06-17 10:59:55.928 1257 1282 I ActivityManager: Start proc 4618:com.samsung.android.dqagent/1000 for broadcast {com.samsung.android.dqagent/com.samsung.android.dqagent.receiver.DQADataReceiver}
06-17 10:59:55.928 1257 1282 W ActivityManager: Slow operation: 91ms so far, now at startProcess: starting to update pids map
06-17 10:59:55.928 1257 1282 W ActivityManager: Slow operation: 91ms so far, now at startProcess: done updating pids map
06-17 10:59:55.929 1257 2112 I ActivityManager: DSS OFF for com.samsung.android.dqagent
06-17 10:59:55.944 1257 3338 D ActivityManager: package com.samsung.android.lool, user - 0 is SDcard whitelisted
06-17 10:59:55.945 1257 3338 W ActivityManager: wait for provider publish: waiters=1 callerApp=ProcessRecord{16a2d54 24447:com.samsung.android.lool/1000} cpr=ContentProviderRecord{7636255 u0 com.samsung.android.lool/com.samsung.android.sm.database.SmProvider}
06-17 10:59:55.976 1257 1282 I ActivityManager: Start proc 4642:com.samsung.android.sm.provider/1000 for content provider {com.samsung.android.lool/com.samsung.android.sm.database.SmProvider}
06-17 10:59:56.007 1257 1904 I ActivityManager: DSS OFF for com.samsung.android.lool
06-17 10:59:56.075 1257 1904 D WallpaperManagerService: which : 2, return type : 8 (called by userId= 0)
06-17 10:59:56.094 1257 1904 I chatty : uid=1000(system) Binder:1257_7 identical 1 line
06-17 10:59:56.101 1257 1904 D WallpaperManagerService: which : 2, return type : 8 (called by userId= 0)
06-17 10:59:56.102 2568 2568 D io_stats: !@ 179,0 r 985985 21971657 w 22082 471696 d 13909 318228 f 21069 26192 iot 219520 224646 th 51200 0 0 pt 0 inp 0 0 332.446
06-17 10:59:56.147 1257 3383 D WallpaperManagerService: which : 2, return type : 8 (called by userId= 0)
06-17 10:59:56.163 1257 3383 D WallpaperManagerService: which : 2, return type : 8 (called by userId= 0)
06-17 10:59:56.167 1257 3338 D WallpaperManagerService: which : 2, return type : 8 (called by userId= 0)
06-17 10:59:56.180 1257 3383 D WallpaperManagerService: which : 2, return type : 8 (called by userId= 0)
06-17 10:59:56.184 1257 2112 D WallpaperManagerService: which : 2, return type : 8 (called by userId= 0)
06-17 10:59:56.204 1257 2112 I chatty : uid=1000(system) Binder:1257_C identical 1 line
06-17 10:59:56.208 1257 2112 D WallpaperManagerService: which : 2, return type : 8 (called by userId= 0)
06-17 10:59:56.230 1257 3383 W BroadcastQueue: Background execution not allowed: receiving Intent { act=android.intent.action.DROPBOX_ENTRY_ADDED flg=0x10 (has extras) } to com.google.android.gms/.stats.service.DropBoxEntryAddedReceiver
06-17 10:59:56.237 1257 1281 D ActivityManager: package com.sec.android.gallery3d, user - 0 is SDcard whitelisted
06-17 10:59:56.259 1257 1282 I ActivityManager: Start proc 4687:com.sec.android.gallery3d/u0a109 for broadcast {com.sec.android.gallery3d/com.samsung.android.gallery.app.receiver.TrashUpdateReceiver}
06-17 10:59:56.260 1257 1904 D WallpaperManagerService: which : 2, return type : 8 (called by userId= 0)
06-17 10:59:56.265 1257 1904 D WallpaperManagerService: which : 2, return type : 8 (called by userId= 0)
06-17 10:59:56.299 1257 3338 I ActivityManager: DSS OFF for com.sec.android.gallery3d
06-17 10:59:56.320 1257 1904 D WallpaperManagerService: which : 2, return type : 8 (called by userId= 0)
06-17 10:59:56.324 1257 3338 D WallpaperManagerService: which : 2, return type : 8 (called by userId= 0)
06-17 10:59:56.328 1257 1904 I Telecom:SamsungTelecomServiceImpl: isInCall - callingPackage : com.android.systemui
06-17 10:59:56.334 1257 3383 D PowerManagerService: [api] userActivity : event: 0 flags: 0 (uid: 10054 pid: 4454) eventTime = 332679
06-17 10:59:56.348 1257 3338 V WindowManager: performShow on Window{3ae4265 u0 com.android.systemui.ImageWallpaper}: mDrawState=READY_TO_SHOW readyForDisplay=false starting=false during animation: policyVis=true parentHidden=false tok.hiddenRequested=false tok.hidden=false animating=false tok animating=false Callers=com.android.server.wm.WindowState.performShowLocked:4719 com.android.server.wm.WindowStateAnimator.commitFinishDrawingLocked:401 com.android.server.wm.DisplayContent.lambda$new$8$DisplayContent:990 com.android.server.wm.-$$Lambda$DisplayContent$qxt4izS31fb0LF2uo_OF9DMa7gc.accept:4
06-17 10:59:56.350 1257 3338 I WindowManager: Reparenting to leash, surface=Surface(name=3ae4265 com.android.systemui.ImageWallpaper)/@0x67710c3
06-17 10:59:56.351 1257 3338 D WindowManager: makeSurface duration=1 leash=Surface(name=Surface(name=3ae4265 com.android.systemui.ImageWallpaper)/@0x67710c3 - animation-leash)/@0x19fbd40
06-17 10:59:56.362 1257 3338 D WallpaperManagerService: which : 2, return type : 8 (called by userId= 0)
06-17 10:59:56.370 1257 3338 D CustomFrequencyManagerService: FrequencyrequestList.getNextSchedTuneBoostRequest, index: 1
06-17 10:59:56.417 1257 3338 D StatusBarManagerService: notifyRequestedSystemKey recent=false home=false
06-17 10:59:56.418 1257 1275 D PowerManagerService: [api] setUserActivityTimeoutOverrideFromWindowManagerInternal: timeoutMillis: 5000
06-17 10:59:56.418 1257 1275 D PowerManagerService: getScreenOffTimeoutLocked: 30000 -> 5000
06-17 10:59:56.418 1257 1275 D PowerManagerService: [api] setScreenDimDurationOverrideFromWindowManagerInternal: timeoutMillis: 0
06-17 10:59:56.506 1257 1542 W ContextImpl: Calling a method in the system process without a qualified user: android.app.ContextImpl.sendBroadcast:1088 com.samsung.android.codecsolution.Logging.insertDiagmonLog:79 com.samsung.android.codecsolution.Logging.insertLog:53 com.samsung.android.codecsolution.Logging.insertLog:45 com.samsung.android.codecsolution.CodecSolutionManagerService$1.handleMessage:250
06-17 10:59:56.528 1257 3338 I WindowManager: Reparenting to leash, surface=Surface(name=ed84fe NavigationBar0)/@0x56c8b69
06-17 10:59:56.529 1257 3338 D WindowManager: makeSurface duration=1 leash=Surface(name=Surface(name=ed84fe NavigationBar0)/@0x56c8b69 - animation-leash)/@0x9d43e96
06-17 10:59:56.536 1257 5066 D CustomFrequencyManagerService: FrequencyrequestList.getNextSchedTuneBoostRequest, index: 1
06-17 10:59:56.548 1257 2112 D ActivityManager: package com.samsung.android.app.notes, user - 0 is SDcard whitelisted
06-17 10:59:56.559 1257 2112 I Telecom:SamsungTelecomServiceImpl: isInCall - callingPackage : com.android.systemui
06-17 10:59:56.577 1257 1282 I ActivityManager: Start proc 4747:com.samsung.android.app.notes/u0a382 for broadcast {com.samsung.android.app.notes/com.samsung.android.app.notes.receiver.OneDriveAccountLinkReceiver}
06-17 10:59:56.610 1257 3355 I ActivityManager: DSS OFF for com.samsung.android.app.notes
06-17 10:59:56.674 1257 2112 D WallpaperManagerService: which : 2, return type : 8 (called by userId= 0)
06-17 10:59:56.701 1257 3355 I Telecom:SamsungTelecomServiceImpl: isInCall - callingPackage : com.android.systemui
06-17 10:59:56.706 1257 1257 D GameManagerService: com.samsung.keyguard.KEYGUARD_STATE. check for pause
06-17 10:59:56.706 1257 1540 D GameManagerService: sendPauseConditionally()
06-17 10:59:56.737 1257 1276 I WindowManager: Reparenting to original parent: Surface(name=WindowToken{2d048b9 android.os.BinderProxy@31eeb03})/@0x99da087, destroyLeash=true, surface=Surface(name=ed84fe NavigationBar0)/@0x56c8b69
06-17 10:59:56.756 1257 1276 I WindowManager: Destroying surface Surface(name=NavigationBar0$_4454)/@0x57c8a6e called by com.android.server.wm.WindowStateAnimator.destroySurface:1790 com.android.server.wm.WindowStateAnimator.destroySurfaceLocked:720 com.android.server.wm.WindowState.destroySurfaceUnchecked:3534 com.android.server.wm.RootWindowContainer.performSurfacePlacementNoTrace:817 com.android.server.wm.RootWindowContainer.performSurfacePlacement:669 com.android.server.wm.WindowSurfacePlacer.performSurfacePlacementLoop:180 com.android.server.wm.WindowSurfacePlacer.performSurfacePlacement:111 com.android.server.wm.WindowSurfacePlacer.performSurfacePlacement:99
06-17 10:59:56.827 3346 3751 D SDHMS:com.sec.android.sdhms.thermal.siop.y: SIOP:: AP:522(502,0) BAT:336(336,0) CHG:487(487,0) USB:0(0,0) WIFI:378(428,50) PA:396(442,50) BLK:0(0,0) LRP:435(435,0) LRF:413(413) LRB:435(435)
06-17 10:59:56.837 3346 3346 D SDHMS:eb.h: VideoPlayListener mIsVideoPlay : true
06-17 10:59:56.869 1257 1276 I WindowManager: Reparenting to original parent: Surface(name=WallpaperWindowToken{18297f8 token=android.os.Binder@248a855})/@0x4613058, destroyLeash=true, surface=Surface(name=3ae4265 com.android.systemui.ImageWallpaper)/@0x67710c3
06-17 10:59:57.080 1257 3383 D SecContentProvider: called from com.samsung.android.app.contacts
06-17 10:59:57.099 1257 3387 D ActivityManager: package com.samsung.android.app.appsedge, user - 0 is SDcard whitelisted
06-17 10:59:57.105 1257 1257 I Telecom : DefaultDialerCache: Refreshing default dialer for user 0: now com.samsung.android.dialer: DDC.oR@Amw
06-17 10:59:57.106 1257 1257 D CocktailBarManagerServiceContainer: onReceive : android.intent.action.PACKAGE_CHANGED
06-17 10:59:57.109 1257 1257 D ActivityManager: package com.samsung.android.app.galaxyfinder, user - 0 is SDcard whitelisted
06-17 10:59:57.118 1257 5066 D SamsungAlarmManager: setInexact Intent (T:3/F:0/AC:false) 20360614T105957 - CU:10215/CP:1766
06-17 10:59:57.118 1257 5066 I SamsungAlarmManager: setLocked to kernel - T:2 / 20260617T110518, SetElapsed=655342, nowELAPSED=333463
06-17 10:59:57.121 1257 5066 I SamsungAlarmManager: setLocked to kernel - T:3 / 20260617T110000, SetElapsed=336345, nowELAPSED=333466
06-17 10:59:57.139 1257 3387 D SecContentProvider: called from com.samsung.android.app.contacts
06-17 10:59:57.190 1257 5066 D SamsungAlarmManager: setInexact Intent (T:3/F:0/AC:false) 20360614T105957 - CU:10215/CP:2832
06-17 10:59:57.190 1257 5066 I SamsungAlarmManager: setLocked to kernel - T:2 / 20260617T110518, SetElapsed=655342, nowELAPSED=333535
06-17 10:59:57.190 1257 5066 I SamsungAlarmManager: setLocked to kernel - T:3 / 20260617T110000, SetElapsed=336345, nowELAPSED=333535
06-17 10:59:57.192 1257 1282 W ActivityManager: Slow operation: 98ms so far, now at startProcess: returned from zygote!
06-17 10:59:57.192 1257 1282 W ActivityManager: Slow operation: 98ms so far, now at startProcess: done updating battery stats
06-17 10:59:57.193 1257 1282 W ActivityManager: Slow operation: 99ms so far, now at startProcess: building log message
06-17 10:59:57.193 1257 1282 I ActivityManager: Start proc 4786:com.samsung.android.app.appsedge/u0a55 for service {com.samsung.android.app.appsedge/com.samsung.android.app.appsedge.edgepanel.EdgeIntentService}
06-17 10:59:57.193 1257 1282 W ActivityManager: Slow operation: 99ms so far, now at startProcess: starting to update pids map
06-17 10:59:57.194 1257 1282 W ActivityManager: Slow operation: 100ms so far, now at startProcess: done updating pids map
06-17 10:59:57.194 1257 1282 W ActivityManager: Slow operation: 85ms so far, now at startProcess: asking zygote to start proc
06-17 10:59:57.221 1257 3355 D SecContentProvider: called from com.samsung.android.app.contacts
06-17 10:59:57.253 1257 5066 I ActivityManager: DSS OFF for com.samsung.android.app.appsedge
06-17 10:59:57.266 1257 1282 W ActivityManager: Slow operation: 157ms so far, now at startProcess: returned from zygote!
06-17 10:59:57.271 1257 1282 W ActivityManager: Slow operation: 162ms so far, now at startProcess: done updating battery stats
06-17 10:59:57.271 1257 1282 W ActivityManager: Slow operation: 163ms so far, now at startProcess: building log message
06-17 10:59:57.272 1257 1282 I ActivityManager: Start proc 4815:com.samsung.android.app.galaxyfinder:appservice/u0a76 for service {com.samsung.android.app.galaxyfinder/com.samsung.android.app.galaxyfinder.acceleration.AppCoreService}
06-17 10:59:57.272 1257 1282 W ActivityManager: Slow operation: 163ms so far, now at startProcess: starting to update pids map
06-17 10:59:57.272 1257 1282 W ActivityManager: Slow operation: 163ms so far, now at startProcess: done updating pids map
06-17 10:59:57.311 1257 3355 I ActivityManager: DSS OFF for com.samsung.android.app.galaxyfinder
06-17 10:59:57.332 1257 1483 W Looper : Slow delivery took 206ms PackageManagerHandlerThread h=android.os.Handler c= m=0
06-17 10:59:57.445 1257 3355 D CustomFrequencyManagerService: acquireDVFSLockLocked : type : DVFS_MIN_LIMIT frequency : 1354000 uid : 1000 pid : 1257 pkgName : com.samsung.android.app.galaxyfinder@1
06-17 10:59:57.635 1257 5066 D ActivityManager: package com.microsoft.skydrive, user - 0 is SDcard whitelisted
06-17 10:59:57.667 1257 1282 I ActivityManager: Start proc 4860:com.microsoft.skydrive/u0a101 for broadcast {com.microsoft.skydrive/com.microsoft.skydrive.samsung.SamsungMigrationStateBroadcastReceiver}
06-17 10:59:57.701 1257 3355 I ActivityManager: DSS OFF for com.microsoft.skydrive
06-17 10:59:58.236 1257 3338 I ActivityManager: Process com.samsung.android.app.contacts (pid 3149) has died: cch+75 CEM (76,1492)
06-17 10:59:58.277 4454 4454 D SystemUIService: onTrimMemory : 10
06-17 10:59:58.277 4454 4454 D SystemUIService: Starting getMemoryInfo in MemoryInfoReporter thread.
06-17 10:59:58.284 4454 4892 D SystemUIService: - Memory Information -
06-17 10:59:58.296 1257 3355 I ActivityManager: Process ru.yandex.searchplugin:passport (pid 3207) has died: cch+75 CEM (99,1494)
06-17 10:59:58.379 4454 4892 D SystemUIService: summary.java-heap : 19464
06-17 10:59:58.379 4454 4892 D SystemUIService: summary.native-heap : 103916
06-17 10:59:58.379 4454 4892 D SystemUIService: summary.code : 93232
06-17 10:59:58.379 4454 4892 D SystemUIService: summary.stack : 40
06-17 10:59:58.379 4454 4892 D SystemUIService: summary.graphics : 0
06-17 10:59:58.379 4454 4892 D SystemUIService: summary.private-other : 6636
06-17 10:59:58.379 4454 4892 D SystemUIService: summary.system : 25598
06-17 10:59:58.379 4454 4892 D SystemUIService: summary.total-pss : 248886
06-17 10:59:58.379 4454 4892 D SystemUIService: summary.total-swap : 22696
06-17 10:59:58.379 4454 4892 D SystemUIService: - View count -
06-17 10:59:58.411 4454 4892 D SystemUIService: View=1188
06-17 10:59:58.436 4454 4892 D SystemUIService: ViewRootImpl=7
06-17 10:59:58.458 4454 4892 D SystemUIService: Bitmap=231
06-17 10:59:58.636 1257 3355 D ConnectivityService: requestNetwork for uid/pid:10101/4860 NetworkRequest [ TRACK_DEFAULT id=304, [ Capabilities: INTERNET&NOT_RESTRICTED&TRUSTED Uid: 10101] ]
06-17 10:59:58.637 1257 1466 D ConnectivityService: sending new Min Network Score(0): NetworkRequest [ TRACK_DEFAULT id=304, [ Capabilities: INTERNET&NOT_RESTRICTED&TRUSTED Uid: 10101] ]
06-17 10:59:58.641 1257 3355 I ActivityManager: Process ru.yandex.searchplugin:AppMetrica (pid 3079) has died: cch+75 CEM (110,1514)
06-17 10:59:58.667 4454 4454 D SystemUIService: onTrimMemory : 15
06-17 10:59:58.667 4454 4454 D SystemUIService: Starting getMemoryInfo in MemoryInfoReporter thread.
06-17 10:59:58.668 4454 4906 D SystemUIService: - Memory Information -
06-17 10:59:58.759 4454 4906 D SystemUIService: summary.java-heap : 20588
06-17 10:59:58.759 4454 4906 D SystemUIService: summary.native-heap : 103916
06-17 10:59:58.759 4454 4906 D SystemUIService: summary.code : 84980
06-17 10:59:58.759 4454 4906 D SystemUIService: summary.stack : 40
06-17 10:59:58.759 4454 4906 D SystemUIService: summary.graphics : 0
06-17 10:59:58.759 4454 4906 D SystemUIService: summary.private-other : 6640
06-17 10:59:58.759 4454 4906 D SystemUIService: summary.system : 29604
06-17 10:59:58.759 4454 4906 D SystemUIService: summary.total-pss : 245768
06-17 10:59:58.759 4454 4906 D SystemUIService: summary.total-swap : 21408
06-17 10:59:58.759 4454 4906 D SystemUIService: - View count -
06-17 10:59:58.780 4454 4906 D SystemUIService: View=1188
06-17 10:59:58.802 4454 4906 D SystemUIService: ViewRootImpl=7
06-17 10:59:58.823 4454 4906 D SystemUIService: Bitmap=231
06-17 10:59:58.983 1257 3355 D CustomFrequencyManagerService: releaseDVFSLockLocked : Getting Lock type frm List : DVFS_MIN_LIMIT frequency : 1354000 uid : 1000 pid : 1257 tag : com.samsung.android.app.galaxyfinder@1
06-17 10:59:59.088 1257 1269 I ActivityManager: Process ru.yandex.searchplugin (pid 3000) has died: cch+65 CEM (103,1541)
06-17 10:59:59.322 1257 1270 D SettingsProvider: isChangeAllowed() : name = accelerometer_rotation
06-17 10:59:59.323 1257 1270 D SettingsProvider: isChangeAllowed() : name = user_rotation
06-17 10:59:59.324 1257 1270 V WindowManager: rotationForOrientation(orient=5, last=0); user=0 USER_ROTATION_LOCKED
06-17 10:59:59.325 1257 1270 V WindowManager: Computed rotation=0 for display id=0 based on lastOrientation=5 and oldRotation=0, caller=com.android.server.wm.DisplayContent.updateRotationUnchecked:1531 com.android.server.wm.WindowManagerService.updateRotationUnchecked:4230 com.android.server.wm.WindowManagerService.freezeDisplayRotation:4140 com.android.server.wm.WindowManagerService.freezeRotation:4099 android.view.IWindowManager$Stub.onTransact:2089 com.android.server.wm.WindowManagerService.onTransact:1379
06-17 10:59:59.690 4454 4773 D SystemUIService: Starting getMemoryInfo in MemoryInfoReporter thread.
06-17 10:59:59.694 4454 4775 D SystemUIService: Already in calculating memory info. So skip this.
06-17 10:59:59.695 4454 4949 D SystemUIService: - Memory Information -
06-17 10:59:59.709 4454 4769 D SystemUIService: Already in calculating memory info. So skip this.
06-17 10:59:59.750 4454 4775 E AndroidRuntime: FATAL EXCEPTION: AsyncTask #12
06-17 10:59:59.750 4454 4775 E AndroidRuntime: Process: com.android.systemui, PID: 4454
06-17 10:59:59.750 4454 4775 E AndroidRuntime: java.lang.RuntimeException: An error occurred while executing doInBackground()
06-17 10:59:59.750 4454 4775 E AndroidRuntime: at android.os.AsyncTask$4.done(AsyncTask.java:399)
06-17 10:59:59.750 4454 4775 E AndroidRuntime: at java.util.concurrent.FutureTask.finishCompletion(FutureTask.java:383)
06-17 10:59:59.750 4454 4775 E AndroidRuntime: at java.util.concurrent.FutureTask.setException(FutureTask.java:252)
06-17 10:59:59.750 4454 4775 E AndroidRuntime: at java.util.concurrent.FutureTask.run(FutureTask.java:271)
06-17 10:59:59.750 4454 4775 E AndroidRuntime: at java.util.concurrent.ThreadPoolExecutor.runWorker(ThreadPoolExecutor.java:1167)
06-17 10:59:59.750 4454 4775 E AndroidRuntime: at java.util.concurrent.ThreadPoolExecutor$Worker.run(ThreadPoolExecutor.java:641)
06-17 10:59:59.750 4454 4775 E AndroidRuntime: at java.lang.Thread.run(Thread.java:919)
06-17 10:59:59.750 4454 4775 E AndroidRuntime: Caused by: java.lang.NullPointerException: Attempt to invoke virtual method 'void java.io.InputStream.close()' on a null object reference
06-17 10:59:59.750 4454 4775 E AndroidRuntime: at com.android.internal.widget.LocalImageResolver.getBoundsOptionsForImage(LocalImageResolver.java:67)
06-17 10:59:59.750 4454 4775 E AndroidRuntime: at com.android.internal.widget.LocalImageResolver.resolveImage(LocalImageResolver.java:39)
06-17 10:59:59.750 4454 4775 E AndroidRuntime: at com.android.systemui.statusbar.notification.row.NotificationInlineImageResolver.resolveImage(NotificationInlineImageResolver.java:76)
06-17 10:59:59.750 4454 4775 E AndroidRuntime: at com.android.systemui.statusbar.notification.row.NotificationInlineImageCache$PreloadImageTask.doInBackground(NotificationInlineImageCache.java:99)
06-17 10:59:59.750 4454 4775 E AndroidRuntime: at com.android.systemui.statusbar.notification.row.NotificationInlineImageCache$PreloadImageTask.doInBackground(NotificationInlineImageCache.java:86)
06-17 10:59:59.750 4454 4775 E AndroidRuntime: at android.os.AsyncTask$3.call(AsyncTask.java:378)
06-17 10:59:59.750 4454 4775 E AndroidRuntime: at java.util.concurrent.FutureTask.run(FutureTask.java:266)
06-17 10:59:59.750 4454 4775 E AndroidRuntime: ... 3 more
06-17 10:59:59.756 1257 2003 D SettingsProvider: isChangeAllowed() : name = all_splugin_disabled
06-17 10:59:59.756 1257 2003 D SettingsProvider: edmUri: content://com.sec.knox.provider/RestrictionPolicy3
06-17 10:59:59.756 1257 2003 D SettingsProvider: projectionArgs: isSettingsChangesAllowed
06-17 10:59:59.756 1257 2003 D SettingsProvider: selectionArgs: false
06-17 10:59:59.756 1257 2003 D SettingsProvider: selectionArgs: 10054
06-17 10:59:59.756 1257 2003 D SecContentProvider: called from android.uid.systemui:10054
06-17 10:59:59.756 1257 2003 D RestrictionPolicy: isSettingsChangesAllowedAsUser, userId 0 : true
06-17 10:59:59.757 1257 2003 D SettingsProvider: ret = 1
06-17 10:59:59.757 1257 1270 W RescueParty: Noticed 2 events for UID 10054 in last 15 sec
06-17 10:59:59.758 1257 4955 I DropBoxManagerService: add tag=system_app_crash isTagEnabled=true flags=0x2
06-17 10:59:59.761 1257 1270 W ActivityManager: crash : com.android.systemui,0
06-17 10:59:59.764 1257 1270 W ActivityManager: Process com.android.systemui has crashed too many times: killing!
06-17 10:59:59.826 1257 3387 V AODManagerService: binderDied
06-17 10:59:59.826 1257 5056 D ConnectivityService: ConnectivityService NetworkRequestInfo binderDied(NetworkRequest [ LISTEN id=303, [] ], android.os.BinderProxy@8b33805)
06-17 10:59:59.827 1257 1466 D ConnectivityService: releasing NetworkRequest [ LISTEN id=303, [] ] (release request)
06-17 10:59:59.828 3346 3346 D SDHMS:eb.h: VideoPlayListener mIsVideoPlay : false
06-17 10:59:59.829 1257 1257 W WallpaperManagerService: Wallpaper service gone: ComponentInfo{com.android.systemui/com.android.systemui.ImageWallpaper}
06-17 10:59:59.830 1257 1257 W WallpaperManagerService: Wallpaper service gone: ComponentInfo{com.android.systemui/com.android.systemui.ImageWallpaper}
06-17 10:59:59.830 1257 2550 I StatusBarManagerService: binder died for pkg=com.android.systemui
06-17 10:59:59.831 1257 3383 D NotificationListeners: Removing active service ComponentInfo{com.android.systemui/com.android.systemui.statusbar.NotificationListener}
06-17 10:59:59.831 1257 1614 D ConnectivityService: ConnectivityService NetworkRequestInfo binderDied(NetworkRequest [ LISTEN id=301, [ Transports: WIFI Capabilities: NOT_VPN] ], android.os.BinderProxy@23b128b)
06-17 10:59:59.831 1257 1466 D ConnectivityService: releasing NetworkRequest [ LISTEN id=301, [ Transports: WIFI Capabilities: NOT_VPN] ] (release request)
06-17 10:59:59.831 1257 1904 I WindowManager: WIN DEATH: Window{ac086 u0 Bouncer}
06-17 10:59:59.832 1257 5056 D ConnectivityService: ConnectivityService NetworkRequestInfo binderDied(NetworkRequest [ TRACK_DEFAULT id=302, [ Capabilities: INTERNET&NOT_RESTRICTED&TRUSTED Uid: 10054] ], android.os.BinderProxy@54f6f68)
06-17 10:59:59.833 1257 1466 D ConnectivityService: releasing NetworkRequest [ TRACK_DEFAULT id=302, [ Capabilities: INTERNET&NOT_RESTRICTED&TRUSTED Uid: 10054] ] (release request)
06-17 10:59:59.833 1257 3461 D WallpaperManagerService: binderDied android.app.IWallpaperManagerCallback$Stub$Proxy@a9f26cb
06-17 10:59:59.837 1257 3393 I WindowManager: WIN DEATH: Window{692756b u0 StatusBar}
06-17 10:59:59.838 1257 3393 D WindowManager: setKeyguardOccluded occluded=false
06-17 10:59:59.839 1257 3393 W KeyguardServiceWrapper: Remote Exception
06-17 10:59:59.839 1257 3393 W KeyguardServiceWrapper: android.os.DeadObjectException
06-17 10:59:59.839 1257 3393 W KeyguardServiceWrapper: at android.os.BinderProxy.transactNative(Native Method)
06-17 10:59:59.839 1257 3393 W KeyguardServiceWrapper: at android.os.BinderProxy.transact(BinderProxy.java:527)
06-17 10:59:59.839 1257 3393 W KeyguardServiceWrapper: at com.android.internal.policy.IKeyguardService$Stub$Proxy.setOccluded(IKeyguardService.java:624)
06-17 10:59:59.839 1257 3393 W KeyguardServiceWrapper: at com.android.server.policy.keyguard.KeyguardServiceWrapper.setOccluded(KeyguardServiceWrapper.java:63)
06-17 10:59:59.839 1257 3393 W KeyguardServiceWrapper: at com.android.server.policy.keyguard.KeyguardServiceDelegate.setOccluded(KeyguardServiceDelegate.java:406)
06-17 10:59:59.839 1257 3393 W KeyguardServiceWrapper: at com.android.server.policy.PhoneWindowManager.setKeyguardOccludedLw(PhoneWindowManager.java:4463)
06-17 10:59:59.839 1257 3393 W KeyguardServiceWrapper: at com.android.server.policy.PhoneWindowManager.setKeyguardCandidateLw(PhoneWindowManager.java:4443)
06-17 10:59:59.839 1257 3393 W KeyguardServiceWrapper: at com.android.server.wm.DisplayPolicy.removeWindowLw(DisplayPolicy.java:1398)
06-17 10:59:59.839 1257 3393 W KeyguardServiceWrapper: at com.android.server.wm.WindowState.removeImmediately(WindowState.java:2308)
06-17 10:59:59.839 1257 3393 W KeyguardServiceWrapper: at com.android.server.wm.WindowState.removeIfPossible(WindowState.java:2463)
06-17 10:59:59.839 1257 3393 W KeyguardServiceWrapper: at com.android.server.wm.WindowState.access$300(WindowState.java:264)
06-17 10:59:59.839 1257 3393 W KeyguardServiceWrapper: at com.android.server.wm.WindowState$DeathRecipient.binderDied(WindowState.java:3034)
06-17 10:59:59.839 1257 3393 W KeyguardServiceWrapper: at android.os.BinderProxy.sendDeathNotice(BinderProxy.java:637)
06-17 10:59:59.839 1257 3393 I WindowManager: Destroying surface Surface(name=StatusBar$_4454)/@0xf67d53b called by com.android.server.wm.WindowStateAnimator.destroySurface:1790 com.android.server.wm.WindowStateAnimator.destroySurfaceLocked:720 com.android.server.wm.WindowState.removeImmediately:2327 com.android.server.wm.WindowState.removeIfPossible:2463 com.android.server.wm.WindowState.access$300:264 com.android.server.wm.WindowState$DeathRecipient.binderDied:3034 android.os.BinderProxy.sendDeathNotice:637
06-17 10:59:59.840 1257 2112 V CocktailBarStatePolicyController: binderDied : binder = android.os.BinderProxy@5601a14
06-17 10:59:59.843 1257 3393 W WindowManager: Failed to deliver inset state change
06-17 10:59:59.843 1257 3393 W WindowManager: android.os.DeadObjectException
06-17 10:59:59.843 1257 3393 W WindowManager: at android.os.BinderProxy.transactNative(Native Method)
06-17 10:59:59.843 1257 3393 W WindowManager: at android.os.BinderProxy.transact(BinderProxy.java:527)
06-17 10:59:59.843 1257 3393 W WindowManager: at android.view.IWindow$Stub$Proxy.insetsChanged(IWindow.java:734)
06-17 10:59:59.843 1257 3393 W WindowManager: at com.android.server.wm.WindowState.notifyInsetsChanged(WindowState.java:3856)
06-17 10:59:59.843 1257 3393 W WindowManager: at com.android.server.wm.InsetsStateController.lambda$new$0(InsetsStateController.java:56)
06-17 10:59:59.843 1257 3393 W WindowManager: at com.android.server.wm.-$$Lambda$InsetsStateController$sIYEJIR4ztgffCLMi5Z1RvdxyYs.accept(Unknown Source:2)
06-17 10:59:59.843 1257 3393 W WindowManager: at com.android.server.wm.WindowContainer$ForAllWindowsConsumerWrapper.apply(WindowContainer.java:1184)
06-17 10:59:59.843 1257 3393 W WindowManager: at com.android.server.wm.WindowContainer$ForAllWindowsConsumerWrapper.apply(WindowContainer.java:1174)
06-17 10:59:59.843 1257 3393 W WindowManager: at com.android.server.wm.WindowState.applyInOrderWithImeWindows(WindowState.java:4957)
06-17 10:59:59.843 1257 3393 W WindowManager: at com.android.server.wm.WindowState.forAllWindows(WindowState.java:4841)
06-17 10:59:59.843 1257 3393 W WindowManager: at com.android.server.wm.WindowContainer.forAllWindows(WindowContainer.java:883)
06-17 10:59:59.843 1257 3393 W WindowManager: at com.android.server.wm.WindowContainer.forAllWindows(WindowContainer.java:883)
06-17 10:59:59.843 1257 3393 W WindowManager: at com.android.server.wm.DisplayContent.forAllWindows(DisplayContent.java:2477)
06-17 10:59:59.843 1257 3393 W WindowManager: at com.android.server.wm.WindowContainer.forAllWindows(WindowContainer.java:900)
06-17 10:59:59.843 1257 3393 W WindowManager: at com.android.server.wm.InsetsStateController.notifyInsetsChanged(InsetsStateController.java:227)
06-17 10:59:59.843 1257 3393 W WindowManager: at com.android.server.wm.InsetsStateController.onPostLayout(InsetsStateController.java:121)
06-17 10:59:59.843 1257 3393 W WindowManager: at com.android.server.wm.DisplayContent.applySurfaceChangesTransaction(DisplayContent.java:4524)
06-17 10:59:59.843 1257 3393 W WindowManager: at com.android.server.wm.RootWindowContainer.applySurfaceChangesTransaction(RootWindowContainer.java:1013)
06-17 10:59:59.843 1257 3393 W WindowManager: at com.android.server.wm.RootWindowContainer.performSurfacePlacementNoTrace(RootWindowContainer.java:734)
06-17 10:59:59.843 1257 3393 W WindowManager: at com.android.server.wm.RootWindowContainer.performSurfacePlacement(RootWindowContainer.java:669)
06-17 10:59:59.843 1257 3393 W WindowManager: at com.android.server.wm.WindowSurfacePlacer.performSurfacePlacementLoop(WindowSurfacePlacer.java:180)
06-17 10:59:59.843 1257 3393 W WindowManager: at com.android.server.wm.WindowSurfacePlacer.performSurfacePlacement(WindowSurfacePlacer.java:111)
06-17 10:59:59.843 1257 3393 W WindowManager: at com.android.server.wm.WindowSurfacePlacer.performSurfacePlacement(WindowSurfacePlacer.java:99)
06-17 10:59:59.843 1257 3393 W WindowManager: at com.android.server.wm.WindowManagerService.postWindowRemoveCleanupLocked(WindowManagerService.java:2122)
06-17 10:59:59.843 1257 3393 W WindowManager: at com.android.server.wm.WindowState.removeImmediately(WindowState.java:2336)
06-17 10:59:59.843 1257 3393 W WindowManager: at com.android.server.wm.WindowState.removeIfPossible(WindowState.java:2463)
06-17 10:59:59.843 1257 3393 W WindowManager: at com.android.server.wm.WindowState.access$300(WindowState.java:264)
06-17 10:59:59.843 1257 3393 W WindowManager: at com.android.server.wm.WindowState$DeathRecipient.binderDied(WindowState.java:3034)
06-17 10:59:59.843 1257 3393 W WindowManager: at android.os.BinderProxy.sendDeathNotice(BinderProxy.java:637)
06-17 10:59:59.844 1257 3393 W WindowManager: Failed to deliver inset state change
06-17 10:59:59.844 1257 3393 W WindowManager: android.os.DeadObjectException
06-17 10:59:59.844 1257 3393 W WindowManager: at android.os.BinderProxy.transactNative(Native Method)
06-17 10:59:59.844 1257 3393 W WindowManager: at android.os.BinderProxy.transact(BinderProxy.java:527)
06-17 10:59:59.844 1257 3393 W WindowManager: at android.view.IWindow$Stub$Proxy.insetsChanged(IWindow.java:734)
06-17 10:59:59.844 1257 3393 W WindowManager: at com.android.server.wm.WindowState.notifyInsetsChanged(WindowState.java:3856)
06-17 10:59:59.844 1257 3393 W WindowManager: at com.android.server.wm.InsetsStateController.lambda$new$0(InsetsStateController.java:56)
06-17 10:59:59.844 1257 3393 W WindowManager: at com.android.server.wm.-$$Lambda$InsetsStateController$sIYEJIR4ztgffCLMi5Z1RvdxyYs.accept(Unknown Source:2)
06-17 10:59:59.844 1257 3393 W WindowManager: at com.android.server.wm.WindowContainer$ForAllWindowsConsumerWrapper.apply(WindowContainer.java:1184)
06-17 10:59:59.844 1257 3393 W WindowManager: at com.android.server.wm.WindowContainer$ForAllWindowsConsumerWrapper.apply(WindowContainer.java:1174)
06-17 10:59:59.844 1257 3393 W WindowManager: at com.android.server.wm.WindowState.applyInOrderWithImeWindows(WindowState.java:4957)
06-17 10:59:59.844 1257 3393 W WindowManager: at com.android.server.wm.WindowState.forAllWindows(WindowState.java:4841)
06-17 10:59:59.844 1257 3393 W WindowManager: at com.android.server.wm.WindowContainer.forAllWindows(WindowContainer.java:883)
06-17 10:59:59.844 1257 3393 W WindowManager: at com.android.server.wm.WindowContainer.forAllWindows(WindowContainer.java:883)
06-17 10:59:59.844 1257 3393 W WindowManager: at com.android.server.wm.DisplayContent.forAllWindows(DisplayContent.java:2477)
06-17 10:59:59.844 1257 3393 W WindowManager: at com.android.server.wm.WindowContainer.forAllWindows(WindowContainer.java:900)
06-17 10:59:59.844 1257 3393 W WindowManager: at com.android.server.wm.InsetsStateController.notifyInsetsChanged(InsetsStateController.java:227)
06-17 10:59:59.844 1257 3393 W WindowManager: at com.android.server.wm.InsetsStateController.onPostLayout(InsetsStateController.java:121)
06-17 10:59:59.844 1257 3393 W WindowManager: at com.android.server.wm.DisplayContent.applySurfaceChangesTransaction(DisplayContent.java:4524)
06-17 10:59:59.844 1257 3393 W WindowManager: at com.android.server.wm.RootWindowContainer.applySurfaceChangesTransaction(RootWindowContainer.java:1013)
06-17 10:59:59.844 1257 3393 W WindowManager: at com.android.server.wm.RootWindowContainer.performSurfacePlacementNoTrace(RootWindowContainer.java:734)
06-17 10:59:59.844 1257 3393 W WindowManager: at com.android.server.wm.RootWindowContainer.performSurfacePlacement(RootWindowContainer.java:669)
06-17 10:59:59.844 1257 3393 W WindowManager: at com.android.server.wm.WindowSurfacePlacer.performSurfacePlacementLoop(WindowSurfacePlacer.java:180)
06-17 10:59:59.844 1257 3393 W WindowManager: at com.android.server.wm.WindowSurfacePlacer.performSurfacePlacement(WindowSurfacePlacer.java:111)
06-17 10:59:59.844 1257 3393 W WindowManager: at com.android.server.wm.WindowSurfacePlacer.performSurfacePlacement(WindowSurfacePlacer.java:99)
06-17 10:59:59.844 1257 3393 W WindowManager: at com.android.server.wm.WindowManagerService.postWindowRemoveCleanupLocked(WindowManagerService.java:2122)
06-17 10:59:59.844 1257 3393 W WindowManager: at com.android.server.wm.WindowState.removeImmediately(WindowState.java:2336)
06-17 10:59:59.844 1257 3393 W WindowManager: at com.android.server.wm.WindowState.removeIfPossible(WindowState.java:2463)
06-17 10:59:59.844 1257 3393 W WindowManager: at com.android.server.wm.WindowState.access$300(WindowState.java:264)
06-17 10:59:59.844 1257 3393 W WindowManager: at com.android.server.wm.WindowState$DeathRecipient.binderDied(WindowState.java:3034)
06-17 10:59:59.844 1257 3393 W WindowManager: at android.os.BinderProxy.sendDeathNotice(BinderProxy.java:637)
06-17 10:59:59.852 1257 3393 W WindowManager: Failed to report 'resized' to the client of Window{a373c92 u0 ScreenDecorOverlay}, removing this window.
06-17 10:59:59.853 1257 3393 I WindowManager: Destroying surface Surface(name=ScreenDecorOverlay$_4454)/@0x2e14803 called by com.android.server.wm.WindowStateAnimator.destroySurface:1790 com.android.server.wm.WindowStateAnimator.destroySurfaceLocked:720 com.android.server.wm.WindowState.removeImmediately:2327 com.android.server.wm.RootWindowContainer.performSurfacePlacementNoTrace:901 com.android.server.wm.RootWindowContainer.performSurfacePlacement:669 com.android.server.wm.WindowSurfacePlacer.performSurfacePlacementLoop:180 com.android.server.wm.WindowSurfacePlacer.performSurfacePlacement:111 com.android.server.wm.WindowSurfacePlacer.performSurfacePlacement:99
06-17 10:59:59.861 1257 2003 I WindowManager: WIN DEATH: Window{3ae4265 u0 com.android.systemui.ImageWallpaper}
06-17 10:59:59.862 1257 2003 I WindowManager: Destroying surface Surface(name=com.android.systemui.ImageWallpaper$_4454)/@0xf7a6db9 called by com.android.server.wm.WindowStateAnimator.destroySurface:1790 com.android.server.wm.WindowStateAnimator.destroySurfaceLocked:720 com.android.server.wm.WindowState.removeImmediately:2327 com.android.server.wm.WindowState.removeIfPossible:2463 com.android.server.wm.WindowState.access$300:264 com.android.server.wm.WindowState$DeathRecipient.binderDied:3034 android.os.BinderProxy.sendDeathNotice:637
06-17 10:59:59.867 1257 2390 I WindowManager: WIN DEATH: Window{7b695eb u0 DockedStackDivider}
06-17 10:59:59.873 1257 1435 I WindowManager: WIN DEATH: Window{ed84fe u0 NavigationBar0}
06-17 10:59:59.876 1257 1435 W WindowManager: Failed to deliver inset state change
06-17 10:59:59.876 1257 1435 W WindowManager: android.os.DeadObjectException
06-17 10:59:59.876 1257 1435 W WindowManager: at android.os.BinderProxy.transactNative(Native Method)
06-17 10:59:59.876 1257 1435 W WindowManager: at android.os.BinderProxy.transact(BinderProxy.java:527)
06-17 10:59:59.876 1257 1435 W WindowManager: at android.view.IWindow$Stub$Proxy.insetsChanged(IWindow.java:734)
06-17 10:59:59.876 1257 1435 W WindowManager: at com.android.server.wm.WindowState.notifyInsetsChanged(WindowState.java:3856)
06-17 10:59:59.876 1257 1435 W WindowManager: at com.android.server.wm.InsetsStateController.lambda$new$0(InsetsStateController.java:56)
06-17 10:59:59.876 1257 1435 W WindowManager: at com.android.server.wm.-$$Lambda$InsetsStateController$sIYEJIR4ztgffCLMi5Z1RvdxyYs.accept(Unknown Source:2)
06-17 10:59:59.876 1257 1435 W WindowManager: at com.android.server.wm.WindowContainer$ForAllWindowsConsumerWrapper.apply(WindowContainer.java:1184)
06-17 10:59:59.876 1257 1435 W WindowManager: at com.android.server.wm.WindowContainer$ForAllWindowsConsumerWrapper.apply(WindowContainer.java:1174)
06-17 10:59:59.876 1257 1435 W WindowManager: at com.android.server.wm.WindowState.applyInOrderWithImeWindows(WindowState.java:4957)
06-17 10:59:59.876 1257 1435 W WindowManager: at com.android.server.wm.WindowState.forAllWindows(WindowState.java:4841)
06-17 10:59:59.876 1257 1435 W WindowManager: at com.android.server.wm.WindowContainer.forAllWindows(WindowContainer.java:883)
06-17 10:59:59.876 1257 1435 W WindowManager: at com.android.server.wm.WindowContainer.forAllWindows(WindowContainer.java:883)
06-17 10:59:59.876 1257 1435 W WindowManager: at com.android.server.wm.DisplayContent.forAllWindows(DisplayContent.java:2477)
06-17 10:59:59.876 1257 1435 W WindowManager: at com.android.server.wm.WindowContainer.forAllWindows(WindowContainer.java:900)
06-17 10:59:59.876 1257 1435 W WindowManager: at com.android.server.wm.InsetsStateController.notifyInsetsChanged(InsetsStateController.java:227)
06-17 10:59:59.876 1257 1435 W WindowManager: at com.android.server.wm.InsetsStateController.onPostLayout(InsetsStateController.java:121)
06-17 10:59:59.876 1257 1435 W WindowManager: at com.android.server.wm.DisplayContent.applySurfaceChangesTransaction(DisplayContent.java:4524)
06-17 10:59:59.876 1257 1435 W WindowManager: at com.android.server.wm.RootWindowContainer.applySurfaceChangesTransaction(RootWindowContainer.java:1013)
06-17 10:59:59.876 1257 1435 W WindowManager: at com.android.server.wm.RootWindowContainer.performSurfacePlacementNoTrace(RootWindowContainer.java:734)
06-17 10:59:59.876 1257 1435 W WindowManager: at com.android.server.wm.RootWindowContainer.performSurfacePlacement(RootWindowContainer.java:669)
06-17 10:59:59.876 1257 1435 W WindowManager: at com.android.server.wm.WindowSurfacePlacer.performSurfacePlacementLoop(WindowSurfacePlacer.java:180)
06-17 10:59:59.876 1257 1435 W WindowManager: at com.android.server.wm.WindowSurfacePlacer.performSurfacePlacement(WindowSurfacePlacer.java:111)
06-17 10:59:59.876 1257 1435 W WindowManager: at com.android.server.wm.WindowSurfacePlacer.performSurfacePlacement(WindowSurfacePlacer.java:99)
06-17 10:59:59.876 1257 1435 W WindowManager: at com.android.server.wm.WindowManagerService.postWindowRemoveCleanupLocked(WindowManagerService.java:2122)
06-17 10:59:59.876 1257 1435 W WindowManager: at com.android.server.wm.WindowState.removeImmediately(WindowState.java:2336)
06-17 10:59:59.876 1257 1435 W WindowManager: at com.android.server.wm.WindowState.removeIfPossible(WindowState.java:2463)
06-17 10:59:59.876 1257 1435 W WindowManager: at com.android.server.wm.WindowState.access$300(WindowState.java:264)
06-17 10:59:59.876 1257 1435 W WindowManager: at com.android.server.wm.WindowState$DeathRecipient.binderDied(WindowState.java:3034)
06-17 10:59:59.876 1257 1435 W WindowManager: at android.os.BinderProxy.sendDeathNotice(BinderProxy.java:637)
06-17 10:59:59.880 1257 1435 W WindowManager: Failed to report 'resized' to the client of Window{f50be53 u0 ScreenDecorOverlayBottom}, removing this window.
06-17 10:59:59.880 1257 1435 I WindowManager: Destroying surface Surface(name=ScreenDecorOverlayBottom$_4454)/@0x426615f called by com.android.server.wm.WindowStateAnimator.destroySurface:1790 com.android.server.wm.WindowStateAnimator.destroySurfaceLocked:720 com.android.server.wm.WindowState.removeImmediately:2327 com.android.server.wm.RootWindowContainer.performSurfacePlacementNoTrace:901 com.android.server.wm.RootWindowContainer.performSurfacePlacement:669 com.android.server.wm.WindowSurfacePlacer.performSurfacePlacementLoop:180 com.android.server.wm.WindowSurfacePlacer.performSurfacePlacement:111 com.android.server.wm.WindowSurfacePlacer.performSurfacePlacement:99
06-17 10:59:59.892 1257 3383 I WindowManager: WIN DEATH: Window{b8a61a8 u0 AssistPreviewPanel}
06-17 10:59:59.896 1257 1275 D PowerManagerService: [api] setUserActivityTimeoutOverrideFromWindowManagerInternal: timeoutMillis: -1
06-17 10:59:59.896 1257 1275 D PowerManagerService: getScreenOffTimeoutLocked: 5000 -> 30000
06-17 10:59:59.896 1257 1275 D PowerManagerService: [api] setScreenDimDurationOverrideFromWindowManagerInternal: timeoutMillis: -1
06-17 10:59:59.898 1257 3355 W WindowManager: Failed looking up window callers=com.android.server.wm.WindowManagerService.windowForClientLocked:6039 com.android.server.wm.WindowState$DeathRecipient.binderDied:3027 android.os.BinderProxy.sendDeathNotice:637
06-17 10:59:59.898 1257 3355 I WindowManager: WIN DEATH: null
06-17 10:59:59.898 1257 1614 W WindowManager: Failed looking up window callers=com.android.server.wm.WindowManagerService.windowForClientLocked:6039 com.android.server.wm.WindowState$DeathRecipient.binderDied:3027 android.os.BinderProxy.sendDeathNotice:637
06-17 10:59:59.898 1257 1614 I WindowManager: WIN DEATH: null
06-17 10:59:59.899 1257 1273 D ActivityTaskManager: setLockScreenShown(true,false) is called from 1257
06-17 10:59:59.899 1257 1904 I ActivityManager: Process com.android.systemui (pid 4454) has died: pers PERU(198,1548)
06-17 10:59:59.921 1257 1904 W ActivityManager: Scheduling restart of crashed service com.android.systemui/.SystemUIService in 0ms
06-17 10:59:59.922 1257 1904 W ActivityManager: Scheduling restart of crashed service com.android.systemui/.keyguard.KeyguardService in 0ms
06-17 10:59:59.923 1257 1904 W ActivityManager: Scheduling restart of crashed service com.android.systemui/.ImageWallpaper in 0ms
06-17 10:59:59.929 1257 1904 W ActivityManager: Re-adding persistent process ProcessRecord{49feed7 4454:com.android.systemui/u0a54}
06-17 10:59:59.931 1257 1904 D ActivityManager: package com.android.systemui, user - 0 is SDcard whitelisted
06-17 10:59:59.942 1257 1275 W ActivityManager: setHasOverlayUi called on unknown pid: 4454
06-17 10:59:59.943 1257 1275 V UsbDeviceManager: onKeyguardStateChanged: isShowing=true secure=false user=0
06-17 10:59:59.943 1257 1272 D UsbDeviceManager: handleMessage -> MSG_UPDATE_SCREEN_LOCK: mScreenLocked=false
06-17 10:59:59.943 1257 1275 D StorageManagerService: onKeyguardStateChanged = false
06-17 10:59:59.959 1257 1282 I ActivityManager: Start proc 4971:com.android.systemui/u0a54 for restart com.android.systemui
06-17 10:59:59.960 1257 1424 I StorageManagerService: handleMessage :{ when=-3ms what=15 target=com.android.server.StorageManagerService$StorageManagerServiceHandler }
06-17 10:59:59.960 1257 1424 D StorageManagerService: handleMessage :: H_KEYGUARD_CHANGED = 0
06-17 10:59:59.996 1257 3383 I ActivityManager: Killing 3318:ru.mts.mymts/u0a366 (adj 999): empty #25
06-17 11:00:00.000 1257 1396 D SamsungAlarmManager: Expired : 8
06-17 11:00:00.000 1257 1396 V SamsungAlarmManager: Sending to uid : 1000 listener=com.android.server.AlarmManagerService$2@dd6ae18 alarm=Alarm{12f1af1 type 3 when 336345 android}
06-17 11:00:00.005 1257 3383 I ActivityManager: Killing 3745:com.instagram.android/u0a271 (adj 999): empty #25
06-17 11:00:00.009 1257 1396 D SamsungAlarmManager: setExact Listener (T:3/F:1/AC:false) 20260617T110100 - CU:1000/CP:1257
06-17 11:00:00.009 1257 1396 I SamsungAlarmManager: setLocked to kernel - T:2 / 20260617T110518, SetElapsed=655342, nowELAPSED=336355
06-17 11:00:00.011 1257 1396 I SamsungAlarmManager: setLocked to kernel - T:3 / 20260617T110100, SetElapsed=396345, nowELAPSED=336356
06-17 11:00:00.015 1257 1396 V SamsungAlarmManager: Sending to uid : 10129 listener=android.os.BinderProxy@835fecc alarm=Alarm{cc83044 type 1 when 1781683200000 com.sec.android.app.launcher}
06-17 11:00:00.016 1257 1396 I SamsungAlarmManager: setLocked to kernel - T:2 / 20260617T110518, SetElapsed=655342, nowELAPSED=336361
06-17 11:00:00.016 1257 1396 I SamsungAlarmManager: setLocked to kernel - T:3 / 20260617T110100, SetElapsed=396345, nowELAPSED=336361
06-17 11:00:00.018 1257 1929 I ActivityManager: DSS OFF for com.android.systemui
06-17 11:00:00.019 1257 3383 D SamsungAlarmManager: setInexact Listener (T:1/F:0/AC:false) 20260617T110100 - CU:10129/CP:2034
06-17 11:00:00.019 1257 3383 I SamsungAlarmManager: setLocked to kernel - T:2 / 20260617T110518, SetElapsed=655342, nowELAPSED=336364
06-17 11:00:00.019 1257 3383 I SamsungAlarmManager: setLocked to kernel - T:3 / 20260617T110100, SetElapsed=396345, nowELAPSED=336364
06-17 11:00:00.033 1257 1929 D OomAdjuster: Set persistent 4971 com.android.systemui adj -800: pers-top-ui com.android.server.am.OomAdjuster.updateOomAdjLocked:557 com.android.server.am.ActivityManagerService.updateOomAdjLocked:19836 com.android.server.am.ActiveServices.realStartServiceLocked:2895 com.android.server.am.ActiveServices.attachApplicationLocked:3589 com.android.server.am.ActivityManagerService.attachApplicationLocked:6237 com.android.server.am.ActivityManagerService.attachApplication:6307 android.app.IActivityManager$Stub.onTransact:2386
06-17 11:00:00.072 1257 1614 D ActivityManager: package com.samsung.android.themestore, user - 0 is SDcard whitelisted
06-17 11:00:00.075 1257 1614 I ActivityManager: Killing 3920:com.google.android.webview:sandboxed_process0:org.chromium.content.app.SandboxedProcessService0:0/u0a366i5 (adj 999): empty #25
06-17 11:00:00.104 1257 3383 W ActivityManager: Scheduling restart of crashed service ru.mts.mymts/org.chromium.content.app.SandboxedProcessService0:0 in 1000ms
06-17 11:00:00.107 1257 1286 D BatteryExternalStatsWorker: update stats
06-17 11:00:00.107 1257 1286 D BatteryExternalStatsWorker: WifiActivityEnergyInfo was updated
06-17 11:00:00.107 1257 1286 D BatteryExternalStatsWorker: BluetoothActivityEnergyInfo was updated
06-17 11:00:00.107 1257 1286 D BatteryExternalStatsWorker: ModemActivityEnergyInfo was updated
06-17 11:00:00.109 1257 3383 I ActivityManager: Killing 2802:com.sec.android.provider.badge/u0a59 (adj 999): empty #25
06-17 11:00:00.112 1257 1286 E KernelCpuUidUserSysTimeReader: Negative user/sys time delta for UID=10411
06-17 11:00:00.112 1257 1286 E KernelCpuUidUserSysTimeReader: Prev times: u=3689 s=2308 Curr times: u=3282 s=1765
06-17 11:00:00.112 1257 1286 E KernelCpuUidUserSysTimeReader: Negative user/sys time delta for UID=10333
06-17 11:00:00.112 1257 1286 E KernelCpuUidUserSysTimeReader: Prev times: u=21383 s=6409 Curr times: u=21117 s=6178
06-17 11:00:00.126 1257 1286 D BatteryExternalStatsWorker: done updateExternalStatsLocked
06-17 11:00:00.127 1257 1282 W ActivityManager: Slow operation: 55ms so far, now at startProcess: done updating battery stats
06-17 11:00:00.127 1257 1282 W ActivityManager: Slow operation: 55ms so far, now at startProcess: building log message
06-17 11:00:00.127 1257 1282 I ActivityManager: Start proc 4997:com.samsung.android.themestore/u0a131 for broadcast {com.samsung.android.themestore/com.samsung.android.themestore.receiver.SmpEventReceiver}
06-17 11:00:00.127 1257 1282 W ActivityManager: Slow operation: 56ms so far, now at startProcess: starting to update pids map
06-17 11:00:00.128 1257 1282 W ActivityManager: Slow operation: 56ms so far, now at startProcess: done updating pids map
06-17 11:00:00.129 1257 1286 D KernelCpuUidUserSysTimeReader: Removing uids 1037-1037
06-17 11:00:00.129 1257 1614 I ActivityManager: DSS OFF for com.samsung.android.themestore
06-17 11:00:00.136 1257 1435 I DropBoxManagerService: add tag=system_server_wtf isTagEnabled=true flags=0x2
06-17 11:00:00.142 1257 1435 I DropBoxManagerService: add tag=system_server_wtf isTagEnabled=true flags=0x2
06-17 11:00:00.186 1257 1257 D TrustManagerService: Removing dead TrustListener.
