06-17 11:00:50.503 1257 1466 D ConnectivityService: releasing NetworkRequest [ LISTEN id=345, [ Capabilities: INTERNET&NOT_RESTRICTED&TRUSTED&NOT_VPN&FOREGROUND Uid: 10134] ] (release request)
06-17 11:00:50.504 1257 1455 D WifiP2pService: P2pDisabledState{ when=-2ms what=143378 obj=android.os.BinderProxy@71d13a6 target=com.android.internal.util.StateMachine$SmHandler }
06-17 11:00:50.504 1257 1455 D WifiP2pService: Remove client - com.microsoft.appmanager
06-17 11:00:50.533 1257 5056 I ActivityManager: DSS OFF for com.sec.android.daemonapp
06-17 11:00:50.547 1257 3378 D SettingsProvider: isChangeAllowed() : name = face_widget_res_id
06-17 11:00:50.547 1257 3378 D SettingsProvider: edmUri: content://com.sec.knox.provider/RestrictionPolicy3
06-17 11:00:50.547 1257 3378 D SettingsProvider: projectionArgs: isSettingsChangesAllowed
06-17 11:00:50.547 1257 3378 D SettingsProvider: selectionArgs: false
06-17 11:00:50.547 1257 3378 D SettingsProvider: selectionArgs: 10054
06-17 11:00:50.547 1257 3378 D SecContentProvider: called from android.uid.systemui:10054
06-17 11:00:50.547 1257 3378 D RestrictionPolicy: isSettingsChangesAllowedAsUser, userId 0 : true
06-17 11:00:50.547 1257 3378 D SettingsProvider: ret = 1
06-17 11:00:50.549 1257 3484 D SettingsProvider: isChangeAllowed() : name = face_widget_order
06-17 11:00:50.549 1257 3484 D SettingsProvider: edmUri: content://com.sec.knox.provider/RestrictionPolicy3
06-17 11:00:50.549 1257 3484 D SettingsProvider: projectionArgs: isSettingsChangesAllowed
06-17 11:00:50.549 1257 3484 D SettingsProvider: selectionArgs: false
06-17 11:00:50.549 1257 3484 D SettingsProvider: selectionArgs: 10054
06-17 11:00:50.549 1257 3484 D SecContentProvider: called from android.uid.systemui:10054
06-17 11:00:50.549 1257 3484 D RestrictionPolicy: isSettingsChangesAllowedAsUser, userId 0 : true
06-17 11:00:50.550 1257 3484 D SettingsProvider: ret = 1
06-17 11:00:50.572 10757 10757 D StatusBar: sw screen_mode_setting : 0
06-17 11:00:50.578 1257 3378 D WindowManager: setKeyguardOccluded occluded=false
06-17 11:00:50.658 1257 3378 I Telecom:SamsungTelecomServiceImpl: @hide @test getCurrentTtyMode - callingPackage : com.android.systemui
06-17 11:00:50.666 1257 1906 D ConnectivityService: listenForNetwork for uid/pid:10054/10757 NetworkRequest [ LISTEN id=348, [] ]
06-17 11:00:50.671 1257 1906 D ActivityManager: package com.android.keychain, user - 0 is SDcard whitelisted
06-17 11:00:50.687 1257 3378 D StatusBarManagerService: setPanelExpandStateToType : state = false, barType = 0
06-17 11:00:50.699 1257 5056 D OverlayManager: Skipped idmap creation for android and com.samsung.systemui.hidenotch.withoutcornerround
06-17 11:00:50.700 1257 1282 I ActivityManager: Start proc 11058:com.android.keychain/1000 for service {com.android.keychain/com.android.keychain.KeyChainService}
06-17 11:00:50.708 1257 1906 D OverlayManager: Skipped idmap creation for android and com.samsung.systemui.hidenotch
06-17 11:00:50.714 1257 3461 D OverlayManager: Skipped idmap creation for android and com.samsung.systemui.hidenotch.withoutcornerround
06-17 11:00:50.723 1257 3378 D WindowManager: notifyMovementBoundsChanged: insetRect(42, 125 - 1038, 2232), normalRect(533, 1948 - 1038, 2232), animatingRect(533, 1948 - 1038, 2232), fromIme=false, fromShelffalse, rot=0
06-17 11:00:50.741 1257 3378 I ActivityManager: DSS OFF for com.android.keychain
06-17 11:00:50.786 10757 10757 D StatusBar: sw screen_mode_setting : 0
06-17 11:00:50.797 1257 1257 W WallpaperManagerService: Wallpaper onServiceConnected : ComponentInfo{com.android.systemui/com.android.systemui.ImageWallpaper}
06-17 11:00:50.798 1257 1257 W WindowManager: addWindowToken: Attempted to add binder token: android.os.Binder@248a855 for already created window token: WallpaperWindowToken{18297f8 token=android.os.Binder@248a855} displayId=0
06-17 11:00:50.804 1257 1257 D WallpaperManagerService: .xml file : width=2400 height=2400 name= component=null
06-17 11:00:50.804 1257 1257 D WallpaperManagerService: service : width=-1 height=-1 name= component=ComponentInfo{com.android.systemui/com.android.systemui.ImageWallpaper}
06-17 11:00:50.804 1257 3484 D WindowManager: makeSurface duration=2 name=ScreenDecorOverlay$_10757
06-17 11:00:50.804 1257 1257 D WallpaperManagerService: Different wallpaper
06-17 11:00:50.804 1257 1257 D WallpaperManagerService: saveSettingsLockedInternal mode = 0
06-17 11:00:50.807 1257 1257 W WallpaperManagerService: Wallpaper onServiceConnected : ComponentInfo{com.android.systemui/com.android.systemui.ImageWallpaper}
06-17 11:00:50.808 1257 1257 D WallpaperManagerService: .xml file : width=2400 height=2400 name= component=null
06-17 11:00:50.808 1257 1257 D WallpaperManagerService: service : width=-1 height=-1 name= component=ComponentInfo{com.android.systemui/com.android.systemui.ImageWallpaper}
06-17 11:00:50.808 1257 1257 D WallpaperManagerService: Different wallpaper
06-17 11:00:50.808 1257 1257 D WallpaperManagerService: saveSettingsLockedInternal mode = 0
06-17 11:00:50.819 1257 3484 D WallpaperManagerService: which : 2, return type : 8 (called by userId= 0)
06-17 11:00:50.821 1257 1906 D WallpaperManagerService: getVideoColor userId=0, which = 2, videoColor=black
06-17 11:00:50.821 1257 3484 D WallpaperManagerService: getVideoFilePath userId=0 path=
06-17 11:00:50.821 1257 1906 D WallpaperManagerService: getVideoFilePath userId=0 pkg=com.android.systemui which= 2
06-17 11:00:50.860 1257 1906 D PowerManagerService: [api] userActivity : event: 0 flags: 0 (uid: 10054 pid: 10757) eventTime = 387203
06-17 11:00:50.890 1257 3378 D WindowManager: makeSurface duration=2 name=ScreenDecorOverlayBottom$_10757
06-17 11:00:50.896 1257 3484 D ActivityManager: package com.sec.android.widgetapp.easymodecontactswidget, user - 0 is SDcard whitelisted
06-17 11:00:50.916 1257 5088 D WindowManager: makeSurface duration=2 name=NavigationBar0$_10757
06-17 11:00:50.919 1257 5056 I ActivityManager: Killing 9921:com.samsung.android.messaging/u0a114 (adj 999): empty #25
06-17 11:00:50.936 1257 1282 I ActivityManager: Start proc 11111:com.sec.android.widgetapp.easymodecontactswidget/u0a185 for broadcast {com.sec.android.widgetapp.easymodecontactswidget/com.sec.android.widgetapp.easymodecontactswidget.SeniorFavoriteWidgetProviderLarge}
06-17 11:00:50.946 1257 1282 W ActivityManager: Slow operation: 51ms so far, now at startProcess: done updating pids map
06-17 11:00:50.974 1257 1906 I ActivityManager: DSS OFF for com.sec.android.widgetapp.easymodecontactswidget
06-17 11:00:51.064 1257 1906 D ActivityManager: package com.samsung.android.app.notes, user - 0 is SDcard whitelisted
06-17 11:00:51.067 1257 1906 I ActivityManager: Killing 6157:com.samsung.android.kidsinstaller/u0a187 (adj 999): empty #25
06-17 11:00:51.080 1257 5056 I Telecom:SamsungTelecomServiceImpl: isInCall - callingPackage : com.android.systemui
06-17 11:00:51.083 1257 5056 I Telecom:SamsungTelecomServiceImpl: isInCall - callingPackage : com.android.systemui
06-17 11:00:51.090 1257 1282 I ActivityManager: Start proc 11131:com.samsung.android.app.notes/u0a382 for broadcast {com.samsung.android.app.notes/com.samsung.android.app.notes.widget.WidgetToolBarProvider}
06-17 11:00:51.131 2568 2568 D io_stats: !@ 179,0 r 1065453 23563493 w 24429 528240 d 15126 347624 f 22735 28127 iot 240072 244387 th 51200 0 0 pt 0 inp 0 0 387.475
06-17 11:00:51.138 1257 3383 D WindowManager: makeSurface duration=3 name=StatusBar$_10757
06-17 11:00:51.159 1257 3338 I ActivityManager: DSS OFF for com.samsung.android.app.notes
06-17 11:00:51.211 1257 1276 I WindowManager: Reparenting to leash, surface=Surface(name=a26979e StatusBar)/@0xd8cb79f
06-17 11:00:51.214 1257 1276 D WindowManager: makeSurface duration=2 leash=Surface(name=Surface(name=a26979e StatusBar)/@0xd8cb79f - animation-leash)/@0x8d6d0ec
06-17 11:00:51.223 1257 1276 I WindowManager: Reparenting to leash, surface=Surface(name=faf0c97 NavigationBar0)/@0xc08bf31
06-17 11:00:51.225 1257 1276 D WindowManager: makeSurface duration=2 leash=Surface(name=Surface(name=faf0c97 NavigationBar0)/@0xc08bf31 - animation-leash)/@0xae08616
06-17 11:00:51.234 1257 3484 D CustomFrequencyManagerService: FrequencyrequestList.getNextSchedTuneBoostRequest, index: 1
06-17 11:00:51.239 1257 3338 D CustomFrequencyManagerService: FrequencyrequestList.getNextSchedTuneBoostRequest, index: 1
06-17 11:00:51.305 1257 3338 D SettingsProvider: isChangeAllowed() : name = quickstar_coloring_notification_switch
06-17 11:00:51.305 1257 3338 D SettingsProvider: edmUri: content://com.sec.knox.provider/RestrictionPolicy3
06-17 11:00:51.305 1257 3338 D SettingsProvider: projectionArgs: isSettingsChangesAllowed
06-17 11:00:51.305 1257 3338 D SettingsProvider: selectionArgs: false
06-17 11:00:51.305 1257 3338 D SettingsProvider: selectionArgs: 10054
06-17 11:00:51.305 1257 3338 D SecContentProvider: called from android.uid.systemui:10054
06-17 11:00:51.305 1257 3338 D RestrictionPolicy: isSettingsChangesAllowedAsUser, userId 0 : true
06-17 11:00:51.306 1257 3338 D SettingsProvider: ret = 1
06-17 11:00:51.310 1257 3355 D SettingsProvider: isChangeAllowed() : name = aod_lock_share_page_key_order
06-17 11:00:51.310 1257 3355 D SettingsProvider: edmUri: content://com.sec.knox.provider/RestrictionPolicy3
06-17 11:00:51.310 1257 3355 D SettingsProvider: projectionArgs: isSettingsChangesAllowed
06-17 11:00:51.310 1257 3355 D SettingsProvider: selectionArgs: false
06-17 11:00:51.310 1257 3355 D SettingsProvider: selectionArgs: 10054
06-17 11:00:51.310 1257 3355 D SecContentProvider: called from android.uid.systemui:10054
06-17 11:00:51.311 1257 3355 D RestrictionPolicy: isSettingsChangesAllowedAsUser, userId 0 : true
06-17 11:00:51.311 1257 3355 D SettingsProvider: ret = 1
06-17 11:00:51.411 1257 3484 D SettingsProvider: isChangeAllowed() : name = sysui_qqs_count
06-17 11:00:51.411 1257 3484 D SettingsProvider: edmUri: content://com.sec.knox.provider/RestrictionPolicy3
06-17 11:00:51.411 1257 3484 D SettingsProvider: projectionArgs: isSettingsChangesAllowed
06-17 11:00:51.411 1257 3484 D SettingsProvider: selectionArgs: false
06-17 11:00:51.411 1257 3484 D SettingsProvider: selectionArgs: 10054
06-17 11:00:51.412 1257 3484 D SecContentProvider: called from android.uid.systemui:10054
06-17 11:00:51.412 1257 3484 D RestrictionPolicy: isSettingsChangesAllowedAsUser, userId 0 : true
06-17 11:00:51.412 1257 3484 D SettingsProvider: ret = 1
06-17 11:00:51.448 1257 3338 D SettingsProvider: isChangeAllowed() : name = qs_detail_content_primary_text_color
06-17 11:00:51.448 1257 3338 D SettingsProvider: edmUri: content://com.sec.knox.provider/RestrictionPolicy3
06-17 11:00:51.448 1257 3338 D SettingsProvider: projectionArgs: isSettingsChangesAllowed
06-17 11:00:51.448 1257 3338 D SettingsProvider: selectionArgs: false
06-17 11:00:51.448 1257 3338 D SettingsProvider: selectionArgs: 10054
06-17 11:00:51.449 1257 3338 D SecContentProvider: called from android.uid.systemui:10054
06-17 11:00:51.449 1257 3338 D RestrictionPolicy: isSettingsChangesAllowedAsUser, userId 0 : true
06-17 11:00:51.449 1257 3338 D SettingsProvider: ret = 1
06-17 11:00:51.451 1257 3484 D SettingsProvider: isChangeAllowed() : name = qs_detail_content_secondary_text_color
06-17 11:00:51.451 1257 3484 D SettingsProvider: edmUri: content://com.sec.knox.provider/RestrictionPolicy3
06-17 11:00:51.451 1257 3484 D SettingsProvider: projectionArgs: isSettingsChangesAllowed
06-17 11:00:51.452 1257 3484 D SettingsProvider: selectionArgs: false
06-17 11:00:51.452 1257 3484 D SettingsProvider: selectionArgs: 10054
06-17 11:00:51.453 1257 3484 D SecContentProvider: called from android.uid.systemui:10054
06-17 11:00:51.453 1257 3484 D RestrictionPolicy: isSettingsChangesAllowedAsUser, userId 0 : true
06-17 11:00:51.453 1257 3484 D SettingsProvider: ret = 1
06-17 11:00:51.460 1257 3484 D SettingsProvider: isChangeAllowed() : name = qs_detail_content_primary_text_color
06-17 11:00:51.460 1257 3484 D SettingsProvider: edmUri: content://com.sec.knox.provider/RestrictionPolicy3
06-17 11:00:51.460 1257 3484 D SettingsProvider: projectionArgs: isSettingsChangesAllowed
06-17 11:00:51.460 1257 3484 D SettingsProvider: selectionArgs: false
06-17 11:00:51.460 1257 3484 D SettingsProvider: selectionArgs: 10054
06-17 11:00:51.461 1257 3484 D SecContentProvider: called from android.uid.systemui:10054
06-17 11:00:51.461 1257 3484 D RestrictionPolicy: isSettingsChangesAllowedAsUser, userId 0 : true
06-17 11:00:51.461 1257 3484 D SettingsProvider: ret = 1
06-17 11:00:51.464 1257 3484 D SettingsProvider: isChangeAllowed() : name = qs_detail_content_secondary_text_color
06-17 11:00:51.464 1257 3484 D SettingsProvider: edmUri: content://com.sec.knox.provider/RestrictionPolicy3
06-17 11:00:51.464 1257 3484 D SettingsProvider: projectionArgs: isSettingsChangesAllowed
06-17 11:00:51.464 1257 3484 D SettingsProvider: selectionArgs: false
06-17 11:00:51.464 1257 3484 D SettingsProvider: selectionArgs: 10054
06-17 11:00:51.465 1257 3484 D SecContentProvider: called from android.uid.systemui:10054
06-17 11:00:51.465 1257 3484 D RestrictionPolicy: isSettingsChangesAllowedAsUser, userId 0 : true
06-17 11:00:51.465 1257 3484 D SettingsProvider: ret = 1
06-17 11:00:51.480 1257 1276 I WindowManager: Reparenting to original parent: Surface(name=WindowToken{d81d9 android.os.BinderProxy@7c3f723})/@0xbe53cab, destroyLeash=true, surface=Surface(name=a26979e StatusBar)/@0xd8cb79f
06-17 11:00:51.481 1257 1276 I WindowManager: Reparenting to original parent: Surface(name=WindowToken{8353b16 android.os.BinderProxy@1fc7cd8})/@0x596d6a1, destroyLeash=true, surface=Surface(name=faf0c97 NavigationBar0)/@0xc08bf31
06-17 11:00:51.526 1257 3338 I Telecom:SamsungTelecomServiceImpl: getUserSelectedOutgoingPhoneAccount - callingPackage : com.samsung.android.app.telephonyui
06-17 11:00:51.527 1257 3338 I Telecom:SamsungTelecomServiceImpl: getPhoneAccount - PhoneAccountHandle : ComponentInfo{com.android.phone/com.android.services.telephony.TelephonyConnectionService}, ***, UserHandle{0} / callingPid : 24305 / processName : sts
06-17 11:00:51.540 1257 3355 I Telecom:SamsungTelecomServiceImpl: getCallCapablePhoneAccounts - includeDisabledAccounts : false / callingPackage : com.samsung.android.app.telephonyui
06-17 11:00:51.542 1257 3355 I Telecom:SamsungTelecomServiceImpl: getPhoneAccount - PhoneAccountHandle : ComponentInfo{com.android.phone/com.android.services.telephony.TelephonyConnectionService}, ***, UserHandle{0} / callingPid : 24305 / processName : sts
06-17 11:00:51.545 1257 3383 I Telecom:SamsungTelecomServiceImpl: getUserSelectedOutgoingPhoneAccount - callingPackage : com.samsung.android.app.telephonyui
06-17 11:00:51.546 1257 3383 I Telecom:SamsungTelecomServiceImpl: getPhoneAccount - PhoneAccountHandle : ComponentInfo{com.android.phone/com.android.services.telephony.TelephonyConnectionService}, ***, UserHandle{0} / callingPid : 24305 / processName : sts
06-17 11:00:51.557 1257 3383 I Telecom:SamsungTelecomServiceImpl: getCallCapablePhoneAccounts - includeDisabledAccounts : false / callingPackage : com.samsung.android.app.telephonyui
06-17 11:00:51.558 1257 3383 I Telecom:SamsungTelecomServiceImpl: getPhoneAccount - PhoneAccountHandle : ComponentInfo{com.android.phone/com.android.services.telephony.TelephonyConnectionService}, ***, UserHandle{0} / callingPid : 24305 / processName : sts
06-17 11:00:51.835 1257 3484 D ActivityManager: package com.sec.android.app.sbrowser, user - 0 is SDcard whitelisted
06-17 11:00:51.837 1257 3484 I ActivityManager: Killing 6039:com.sec.android.app.camera:QrTileService/u0a105 (adj 999): empty #25
06-17 11:00:51.871 1257 1282 I ActivityManager: Start proc 11176:com.sec.android.app.sbrowser/u0a236 for broadcast {com.sec.android.app.sbrowser/com.sec.android.app.sbrowser.DeviceWallpaperChangedReceiver}
06-17 11:00:51.905 1257 3338 I ActivityManager: DSS OFF for com.sec.android.app.sbrowser
06-17 11:00:52.005 1257 3484 I Telecom:SamsungTelecomServiceImpl: getCallState - callingPid : 10757 / processName : sts
06-17 11:00:52.007 1257 3338 I ActivityManager: Killing 29808:com.android.nfc:QuickTile/1027 (adj 999): empty #25
06-17 11:00:52.079 1257 3383 D WindowManager: makeSurface duration=1 name=com.android.systemui.ImageWallpaper$_10757
06-17 11:00:52.088 1257 1276 V WindowManager: performShow on Window{aa0364 u0 com.android.systemui.ImageWallpaper}: mDrawState=READY_TO_SHOW readyForDisplay=false starting=false during animation: policyVis=true parentHidden=false tok.hiddenRequested=false tok.hidden=false animating=false tok animating=false Callers=com.android.server.wm.WindowState.performShowLocked:4719 com.android.server.wm.WindowStateAnimator.commitFinishDrawingLocked:401 com.android.server.wm.DisplayContent.lambda$new$8$DisplayContent:990 com.android.server.wm.-$$Lambda$DisplayContent$qxt4izS31fb0LF2uo_OF9DMa7gc.accept:4
06-17 11:00:52.096 1257 1257 D EdgeLightingManager: isCallingUserSupported : callingUserId=-1, mUserId=0, isDualAppId=false
06-17 11:00:52.101 1257 1276 V WindowManager: performShow on Window{aa0364 u0 com.android.systemui.ImageWallpaper}: mDrawState=READY_TO_SHOW readyForDisplay=false starting=false during animation: policyVis=true parentHidden=false tok.hiddenRequested=false tok.hidden=false animating=false tok animating=false Callers=com.android.server.wm.WindowState.performShowLocked:4719 com.android.server.wm.DisplayContent.lambda$new$0$DisplayContent:680 com.android.server.wm.-$$Lambda$DisplayContent$0yxrqH9eGY2qTjH1u_BvaVrXCSA.accept:4 com.android.server.wm.WindowContainer$ForAllWindowsConsumerWrapper.apply:1184
06-17 11:00:52.103 1257 1257 D SmartAlertController: SmartAlert - Found Missed Event
06-17 11:00:52.104 1257 11203 D SmartAlertController: SmartAlert - already registered or Setting disabled
06-17 11:00:52.170 1257 5056 D ActivityManager: package com.sec.android.app.camera, user - 0 is SDcard whitelisted
06-17 11:00:52.210 1257 1282 I ActivityManager: Start proc 11213:com.sec.android.app.camera:QrTileService/u0a105 for service {com.sec.android.app.camera/com.sec.android.app.camera.service.QrTileService}
06-17 11:00:52.215 3154 3154 W ContextImpl: Calling a method in the system process without a qualified user: android.app.ContextImpl.startService:1632 android.content.ContextWrapper.startService:683 android.content.ContextWrapper.startService:683 com.sec.android.diagmonagent.sa.receiver.CFLogReceiver.sendCFLog:23 com.sec.android.diagmonagent.sa.receiver.CFLogReceiver.onReceive:15
06-17 11:00:52.224 6020 6020 W ContextImpl: Calling a method in the system process without a qualified user: android.app.ContextImpl.startService:1632 android.content.ContextWrapper.startService:683 com.samsung.android.sm.battery.receiver.BatteryReceiver.c:6 com.samsung.android.sm.battery.receiver.BatteryReceiver.onReceive:16 android.app.ActivityThread.handleReceiver:4111
06-17 11:00:52.230 1257 3383 D ActivityManager: package com.android.nfc, user - 0 is SDcard whitelisted
06-17 11:00:52.235 1257 5056 W BroadcastQueue: Background execution not allowed: receiving Intent { act=android.intent.action.DROPBOX_ENTRY_ADDED flg=0x10 (has extras) } to com.google.android.gms/.stats.service.DropBoxEntryAddedReceiver
06-17 11:00:52.262 1257 1282 I ActivityManager: Start proc 11232:com.android.nfc:QuickTile/1027 for service {com.android.nfc/com.samsung.android.nfc.quicktile.NfcTile}
06-17 11:00:52.276 1257 3383 I ActivityManager: DSS OFF for com.sec.android.app.camera
06-17 11:00:52.286 1257 1483 W Looper : Drained
06-17 11:00:52.291 1257 1906 D SettingsProvider: isChangeAllowed() : name = hide_rotation_lock_toggle_for_accessibility
06-17 11:00:52.291 1257 1906 D SettingsProvider: edmUri: content://com.sec.knox.provider/RestrictionPolicy3
06-17 11:00:52.291 1257 1906 D SettingsProvider: projectionArgs: isSettingsChangesAllowed
06-17 11:00:52.291 1257 1906 D SettingsProvider: selectionArgs: false
06-17 11:00:52.291 1257 1906 D SettingsProvider: selectionArgs: 10054
06-17 11:00:52.291 1257 1906 D SecContentProvider: called from android.uid.systemui:10054
06-17 11:00:52.292 1257 1906 D RestrictionPolicy: isSettingsChangesAllowedAsUser, userId 0 : true
06-17 11:00:52.292 1257 1906 D SettingsProvider: ret = 1
06-17 11:00:52.304 1257 3387 I ActivityManager: DSS OFF for com.android.nfc
06-17 11:00:52.332 1257 3378 W BroadcastQueue: Background execution not allowed: receiving Intent { act=android.intent.action.DROPBOX_ENTRY_ADDED flg=0x10 (has extras) } to com.google.android.gms/.stats.service.DropBoxEntryAddedReceiver
06-17 11:00:52.339 1257 1281 D ActivityManager: package com.samsung.android.themestore, user - 0 is SDcard whitelisted
06-17 11:00:52.366 1257 1282 I ActivityManager: Start proc 11254:com.samsung.android.themestore/u0a131 for broadcast {com.samsung.android.themestore/com.samsung.android.themestore.receiver.SmpEventReceiver}
06-17 11:00:52.406 1257 5056 I ActivityManager: DSS OFF for com.samsung.android.themestore
06-17 11:00:52.409 1257 3383 V WindowManager: performShow on Window{aa0364 u0 com.android.systemui.ImageWallpaper}: mDrawState=READY_TO_SHOW readyForDisplay=false starting=false during animation: policyVis=true parentHidden=false tok.hiddenRequested=false tok.hidden=false animating=false tok animating=false Callers=com.android.server.wm.WindowState.performShowLocked:4719 com.android.server.wm.WindowStateAnimator.commitFinishDrawingLocked:401 com.android.server.wm.DisplayContent.lambda$new$8$DisplayContent:990 com.android.server.wm.-$$Lambda$DisplayContent$qxt4izS31fb0LF2uo_OF9DMa7gc.accept:4
06-17 11:00:52.418 1257 1276 V WindowManager: performShow on Window{aa0364 u0 com.android.systemui.ImageWallpaper}: mDrawState=READY_TO_SHOW readyForDisplay=false starting=false during animation: policyVis=true parentHidden=false tok.hiddenRequested=false tok.hidden=false animating=false tok animating=false Callers=com.android.server.wm.WindowState.performShowLocked:4719 com.android.server.wm.DisplayContent.lambda$new$0$DisplayContent:680 com.android.server.wm.-$$Lambda$DisplayContent$0yxrqH9eGY2qTjH1u_BvaVrXCSA.accept:4 com.android.server.wm.WindowContainer$ForAllWindowsConsumerWrapper.apply:1184
06-17 11:00:52.425 1257 3338 D ActivityManager: package com.samsung.android.kidsinstaller, user - 0 is SDcard whitelisted
06-17 11:00:52.451 1257 1282 I ActivityManager: Start proc 11275:com.samsung.android.kidsinstaller/u0a187 for service {com.samsung.android.kidsinstaller/com.samsung.android.kidsinstaller.quickpanel.service.KidsTileService}
06-17 11:00:52.471 1257 1257 D EdgeLightingManager: isCallingUserSupported : callingUserId=0, mUserId=0, isDualAppId=false
06-17 11:00:52.471 1257 1257 D EdgeLightingManager: showForNotification : isInteractive=true, isHeadUp=false, color=0, sbn = StatusBarNotification(pkg=com.sec.android.daemonapp user=UserHandle{0} id=4914 tag=null key=0|com.sec.android.daemonapp|4914|null|10197: Notification(channel=weather.notification.autoRefresh pri=0 contentView=null vibrate=null sound=null defaults=0x0 flags=0x62 color=0x00000000 category=service vis=PRIVATE semFlags=0x0 semPriority=0 semMissedCount=0))
06-17 11:00:52.472 1257 1257 D EdgeLightingClientManager: isAvailableEdgeLighting: condition=1 mCondition=3 mIsConnected=false0
06-17 11:00:52.472 1257 1257 D EdgeLightingPolicyManager: isAcceptableApplication: pkg=com.sec.android.daemonapp , range=256 , includeAllApp=false , userId=0 , infoRange=0 , infoCategory=0
06-17 11:00:52.472 1257 1257 D EdgeLightingPolicyManager: putNotification tickerText:false,titleText:false,text:true,sub:falsecn= + null
06-17 11:00:52.472 1257 1257 D EdgeLightingPolicyManager.NotificationGroup: group key = 0|com.whatsapp|g:group_key_messages ,value= summary : NotificationData { tag= null } , child : 2key = 0|com.whatsapp|1|f3nVRr13RKWQ4GQna4UvUqSgSqGMcIJZFm97HCnCmPI=
06-17 11:00:52.472 1257 1257 D EdgeLightingPolicyManager.NotificationGroup: |10255 , value = NotificationData { tag= f3nVRr13RKWQ4GQna4UvUqSgSqGMcIJZFm97HCnCmPI=
06-17 11:00:52.472 1257 1257 D EdgeLightingPolicyManager.NotificationGroup: } ,key = 0|com.whatsapp|1|ZYFXNF0t/ogbgalaIk8EWyOXr0x5+y8JgCRxSYkFyow=
06-17 11:00:52.472 1257 1257 D EdgeLightingPolicyManager.NotificationGroup: |10255 , value = NotificationData { tag= ZYFXNF0t/ogbgalaIk8EWyOXr0x5+y8JgCRxSYkFyow=
06-17 11:00:52.472 1257 1257 D EdgeLightingPolicyManager.NotificationGroup: } , }
06-17 11:00:52.472 1257 1257 D EdgeLightingPolicyManager.NotificationGroup: group key = 0|ru.oneme.app|g:ru.oneme.app.notifications.0 ,value= summary : NotificationData { tag= MESS_GROUP_NOTIF_0 } , child : 9key = 0|ru.oneme.app|9|CHAT_NOTIF_0|10450 , value = NotificationData { tag= CHAT_NOTIF_0 } ,key = 0|ru.oneme.app|31|CHAT_NOTIF_0|10450 , value = NotificationData { tag= CHAT_NOTIF_0 } ,key = 0|ru.oneme.app|16|CHAT_NOTIF_0|10450 , value = NotificationData { tag= CHAT_NOTIF_0 } ,key = 0|ru.oneme.app|7|CHAT_NOTIF_0|10450 , value = NotificationData { tag= CHAT_NOTIF_0 } ,key = 0|ru.oneme.app|43|CHAT_NOTIF_0|10450 , value = NotificationData { tag= CHAT_NOTIF_0 } ,key = 0|ru.oneme.app|13|CHAT_NOTIF_0|10450 , value = NotificationData { tag= CHAT_NOTIF_0 } ,key = 0|ru.oneme.app|25|CHAT_NOTIF_0|10450 , value = NotificationData { tag= CHAT_NOTIF_0 } ,key = 0|ru.oneme.app|150|CHAT_NOTIF_0|10450 , value = NotificationData { tag= CHAT_NOTIF_0 } ,key = 0|ru.oneme.app|6|CHAT_NOTIF_0|10450 , value = NotificationData { tag= CHAT_NOTIF_0 } , }
06-17 11:00:52.472 1257 1257 D EdgeLightingPolicyManager.NotificationGroup: group key = 0|com.samsung.android.messaging|g:MESSAGE_RECEIVED ,value= summary : NotificationData { tag= com.samsung.android.messaging:GROUP_RECEIVED: } , child : 4key = 0|com.samsung.android.messaging|123|com.samsung.android.messaging:MESSAGE_RECEIVED:308|10114 , value = NotificationData { tag= com.samsung.android.messaging:MESSAGE_RECEIVED:308 } ,key = 0|com.samsung.android.messaging|123|com.samsung.android.messaging:MESSAGE_RECEIVED:285|10114 , value = NotificationData { tag= com.samsung.android.messaging:MESSAGE_RECEIVED:285 } ,key = 0|com.samsung.android.messaging|123|com.samsung.android.messaging:MESSAGE_RECEIVED:284|10114 , value = NotificationData { tag= com.samsung.android.messaging:MESSAGE_RECEIVED:284 } ,key = 0|com.samsung.android.messaging|123|com.samsung.android.messaging:MESSAGE_RECEIVED:167|10114 , value = NotificationData { tag= com.samsung.android.messaging:MESSAGE_RECEIVED:167 } , }
06-17 11:00:52.472 1257 1257 D EdgeLightingPolicyManager.NotificationGroup: group key = 0|com.sec.android.daemonapp|4914|null|10197 ,value= summary : null , child : 1key = 0|com.sec.android.daemonapp|4914|null|10197 , value = NotificationData { tag= null } , }
06-17 11:00:52.472 1257 1257 D EdgeLightingPolicyManager.NotificationGroup: group key = 0|com.android.chrome|g:OfflinePageAutoFetchNotification ,value= summary : null , child : 1key = 0|com.android.chrome|0|OfflinePageAutoFetchInProgressNotification|10230 , value = NotificationData { tag= OfflinePageAutoFetchInProgressNotification } , }
06-17 11:00:52.472 1257 1257 D EdgeLightingPolicyManager.NotificationGroup: group key = 0|ru.yandex.searchplugin|g:searchlib_group ,value= summary : null , child : 1key = 0|ru.yandex.searchplugin|19810816|SEARCHLIB_BAR|10251 , value = NotificationData { tag= SEARCHLIB_BAR } , }
06-17 11:00:52.472 1257 1257 D EdgeLightingPolicyManager: isAcceptableApplication: pkg=com.sec.android.daemonapp , range=1 , includeAllApp=false , userId=0 , infoRange=0 , infoCategory=0
06-17 11:00:52.472 1257 1257 D EdgeLightingPolicyManager: isAcceptableApplication: getAcceptablePolicy false
06-17 11:00:52.472 1257 1257 D EdgeLightingManager: showForNotificationScreenOn : return false by isAcceptableApplication.
06-17 11:00:52.483 1257 1257 D SmartAlertController: SmartAlert - Found Missed Event
06-17 11:00:52.485 1257 11289 D SmartAlertController: SmartAlert - already registered or Setting disabled
06-17 11:00:52.492 1257 1483 W Looper : Slow delivery took 205ms PackageManagerHandlerThread h=android.os.Handler c= m=0
06-17 11:00:52.502 1257 3484 I ActivityManager: DSS OFF for com.samsung.android.kidsinstaller
06-17 11:00:52.630 1257 3383 W UriGrantsManagerService: No content provider found for permission check: content://com.sec.kidsplat.parentalcontrol.provider.v2/setup_wizzard
06-17 11:00:52.734 1257 5056 D CustomFrequencyManagerService: FrequencyrequestList.getNextSchedTuneBoostRequest, index: 1
06-17 11:00:52.829 1257 1274 D SettingsProvider: isChangeAllowed() : name = enabled_notification_listeners
06-17 11:00:52.830 1257 1274 D SettingsProvider: isChangeAllowed() : name = enabled_notification_assistant
06-17 11:00:52.830 1257 1274 D SettingsProvider: isChangeAllowed() : name = enabled_notification_policy_access_packages
06-17 11:00:52.865 1257 3383 I Telecom:SamsungTelecomServiceImpl: getUserSelectedOutgoingPhoneAccount - callingPackage : com.samsung.android.app.telephonyui
06-17 11:00:52.867 1257 3383 I Telecom:SamsungTelecomServiceImpl: getPhoneAccount - PhoneAccountHandle : ComponentInfo{com.android.phone/com.android.services.telephony.TelephonyConnectionService}, ***, UserHandle{0} / callingPid : 24305 / processName : sts
06-17 11:00:52.878 1257 3383 I Telecom:SamsungTelecomServiceImpl: getCallCapablePhoneAccounts - includeDisabledAccounts : false / callingPackage : com.samsung.android.app.telephonyui
06-17 11:00:52.879 1257 3383 I Telecom:SamsungTelecomServiceImpl: getPhoneAccount - PhoneAccountHandle : ComponentInfo{com.android.phone/com.android.services.telephony.TelephonyConnectionService}, ***, UserHandle{0} / callingPid : 24305 / processName : sts
06-17 11:00:52.883 1257 5056 I Telecom:SamsungTelecomServiceImpl: getUserSelectedOutgoingPhoneAccount - callingPackage : com.samsung.android.app.telephonyui
06-17 11:00:52.884 1257 3383 I Telecom:SamsungTelecomServiceImpl: getPhoneAccount - PhoneAccountHandle : ComponentInfo{com.android.phone/com.android.services.telephony.TelephonyConnectionService}, ***, UserHandle{0} / callingPid : 24305 / processName : sts
06-17 11:00:52.895 1257 3383 I Telecom:SamsungTelecomServiceImpl: getCallCapablePhoneAccounts - includeDisabledAccounts : false / callingPackage : com.samsung.android.app.telephonyui
06-17 11:00:52.897 1257 5056 I Telecom:SamsungTelecomServiceImpl: getPhoneAccount - PhoneAccountHandle : ComponentInfo{com.android.phone/com.android.services.telephony.TelephonyConnectionService}, ***, UserHandle{0} / callingPid : 24305 / processName : sts
06-17 11:00:52.906 1257 5056 I Telecom:SamsungTelecomServiceImpl: getUserSelectedOutgoingPhoneAccount - callingPackage : com.samsung.android.app.telephonyui
06-17 11:00:52.907 1257 3383 I Telecom:SamsungTelecomServiceImpl: getPhoneAccount - PhoneAccountHandle : ComponentInfo{com.android.phone/com.android.services.telephony.TelephonyConnectionService}, ***, UserHandle{0} / callingPid : 24305 / processName : sts
06-17 11:00:52.917 1257 3383 W BroadcastQueue: Permission Denial: broadcasting Intent { act=com.sec.android.intent.action.WALLPAPER_CHANGED flg=0x1000010 } from com.android.systemui (pid=2400, uid=10054) is not exported from uid 10157 due to receiver com.sec.android.app.clockpackage/.alarmwidget.ClockAlarmWidgetProvider
06-17 11:00:52.921 1257 5056 I Telecom:SamsungTelecomServiceImpl: getCallCapablePhoneAccounts - includeDisabledAccounts : false / callingPackage : com.samsung.android.app.telephonyui
06-17 11:00:52.923 1257 5056 I Telecom:SamsungTelecomServiceImpl: getPhoneAccount - PhoneAccountHandle : ComponentInfo{com.android.phone/com.android.services.telephony.TelephonyConnectionService}, ***, UserHandle{0} / callingPid : 24305 / processName : sts
06-17 11:00:52.924 1257 1281 W BroadcastQueue: Permission Denial: broadcasting Intent { act=com.sec.android.intent.action.WALLPAPER_CHANGED flg=0x1000010 } from com.android.systemui (pid=2400, uid=10054) is not exported from uid 10157 due to receiver com.sec.android.app.clockpackage/com.sec.android.widgetapp.digitalclock.DigitalClockWidgetProvider
06-17 11:00:52.927 1257 5056 I Telecom:SamsungTelecomServiceImpl: getUserSelectedOutgoingPhoneAccount - callingPackage : com.samsung.android.app.telephonyui
06-17 11:00:52.929 1257 5056 I Telecom:SamsungTelecomServiceImpl: getPhoneAccount - PhoneAccountHandle : ComponentInfo{com.android.phone/com.android.services.telephony.TelephonyConnectionService}, ***, UserHandle{0} / callingPid : 24305 / processName : sts
06-17 11:00:52.930 1257 1281 W BroadcastQueue: Permission Denial: broadcasting Intent { act=com.sec.android.intent.action.WALLPAPER_CHANGED flg=0x1000010 } from com.android.systemui (pid=2400, uid=10054) is not exported from uid 10157 due to receiver com.sec.android.app.clockpackage/com.sec.android.widgetapp.dualclockdigital.DualClockDigitalWidgetProvider
06-17 11:00:52.933 1257 1281 W BroadcastQueue: Permission Denial: broadcasting Intent { act=com.sec.android.intent.action.WALLPAPER_CHANGED flg=0x1000010 } from com.android.systemui (pid=2400, uid=10054) is not exported from uid 10157 due to receiver com.sec.android.app.clockpackage/com.sec.android.widgetapp.analogclock.AnalogClockWidgetProvider
06-17 11:00:52.946 1257 3383 I Telecom:SamsungTelecomServiceImpl: getCallCapablePhoneAccounts - includeDisabledAccounts : false / callingPackage : com.samsung.android.app.telephonyui
06-17 11:00:52.952 1257 3389 I Telecom:SamsungTelecomServiceImpl: getPhoneAccount - PhoneAccountHandle : ComponentInfo{com.android.phone/com.android.services.telephony.TelephonyConnectionService}, ***, UserHandle{0} / callingPid : 24305 / processName : sts
06-17 11:00:52.965 1257 5056 I Telecom:SamsungTelecomServiceImpl: getUserSelectedOutgoingPhoneAccount - callingPackage : com.samsung.android.app.telephonyui
06-17 11:00:52.967 1257 3389 I Telecom:SamsungTelecomServiceImpl: getPhoneAccount - PhoneAccountHandle : ComponentInfo{com.android.phone/com.android.services.telephony.TelephonyConnectionService}, ***, UserHandle{0} / callingPid : 24305 / processName : sts
06-17 11:00:52.985 1257 5056 I Telecom:SamsungTelecomServiceImpl: getCallCapablePhoneAccounts - includeDisabledAccounts : false / callingPackage : com.samsung.android.app.telephonyui
06-17 11:00:52.987 1257 5056 I Telecom:SamsungTelecomServiceImpl: getPhoneAccount - PhoneAccountHandle : ComponentInfo{com.android.phone/com.android.services.telephony.TelephonyConnectionService}, ***, UserHandle{0} / callingPid : 24305 / processName : sts
06-17 11:00:53.054 3154 3154 W ContextImpl: Calling a method in the system process without a qualified user: android.app.ContextImpl.startService:1632 android.content.ContextWrapper.startService:683 android.content.ContextWrapper.startService:683 com.sec.android.diagmonagent.sa.receiver.CFLogReceiver.sendCFLog:23 com.sec.android.diagmonagent.sa.receiver.CFLogReceiver.onReceive:15
06-17 11:00:53.063 1257 3389 D ActivityManager: package com.sec.android.provider.badge, user - 0 is SDcard whitelisted
06-17 11:00:53.087 1257 1282 I ActivityManager: Start proc 11338:com.sec.android.provider.badge/u0a59 for broadcast {com.sec.android.provider.badge/com.sec.android.provider.badge.BadgeCountReceiver}
06-17 11:00:53.124 1257 3389 I ActivityManager: DSS OFF for com.sec.android.provider.badge
06-17 11:00:53.168 1257 3378 D SettingsProvider: isChangeAllowed() : name = pref_dynamic_plugin_version
06-17 11:00:53.168 1257 3378 D SettingsProvider: edmUri: content://com.sec.knox.provider/RestrictionPolicy3
06-17 11:00:53.168 1257 3378 D SettingsProvider: projectionArgs: isSettingsChangesAllowed
06-17 11:00:53.168 1257 3378 D SettingsProvider: selectionArgs: false
06-17 11:00:53.168 1257 3378 D SettingsProvider: selectionArgs: 10054
06-17 11:00:53.169 1257 3378 D SecContentProvider: called from android.uid.systemui:10054
06-17 11:00:53.169 1257 3378 D RestrictionPolicy: isSettingsChangesAllowedAsUser, userId 0 : true
06-17 11:00:53.169 1257 3378 D SettingsProvider: ret = 1
06-17 11:00:53.170 1257 3378 D SettingsProvider: isChangeAllowed() : name = pref_dynamic_plugin_connected
06-17 11:00:53.170 1257 3378 D SettingsProvider: edmUri: content://com.sec.knox.provider/RestrictionPolicy3
06-17 11:00:53.170 1257 3378 D SettingsProvider: projectionArgs: isSettingsChangesAllowed
06-17 11:00:53.170 1257 3378 D SettingsProvider: selectionArgs: false
06-17 11:00:53.170 1257 3378 D SettingsProvider: selectionArgs: 10054
06-17 11:00:53.171 1257 3378 D SecContentProvider: called from android.uid.systemui:10054
06-17 11:00:53.171 1257 3378 D RestrictionPolicy: isSettingsChangesAllowedAsUser, userId 0 : true
06-17 11:00:53.171 1257 3378 D SettingsProvider: ret = 1
06-17 11:00:53.222 6020 6020 W ContextImpl: Calling a method in the system process without a qualified user: android.app.ContextImpl.startService:1632 android.content.ContextWrapper.startService:683 com.samsung.android.sm.battery.receiver.BatteryReceiver.c:6 com.samsung.android.sm.battery.receiver.BatteryReceiver.onReceive:16 android.app.ActivityThread.handleReceiver:4111
06-17 11:00:53.229 1257 3378 W BroadcastQueue: Background execution not allowed: receiving Intent { act=android.intent.action.DROPBOX_ENTRY_ADDED flg=0x10 (has extras) } to com.google.android.gms/.stats.service.DropBoxEntryAddedReceiver
06-17 11:00:53.271 1257 1483 W Looper : Drained
06-17 11:00:53.276 1257 3378 D SettingsProvider: isChangeAllowed() : name = pref_allowed_number_sgg
06-17 11:00:53.276 1257 3378 D SettingsProvider: edmUri: content://com.sec.knox.provider/RestrictionPolicy3
06-17 11:00:53.276 1257 3378 D SettingsProvider: projectionArgs: isSettingsChangesAllowed
06-17 11:00:53.276 1257 3378 D SettingsProvider: selectionArgs: false
06-17 11:00:53.276 1257 3378 D SettingsProvider: selectionArgs: 10054
06-17 11:00:53.277 1257 3378 D SecContentProvider: called from android.uid.systemui:10054
06-17 11:00:53.277 1257 3378 D RestrictionPolicy: isSettingsChangesAllowedAsUser, userId 0 : true
06-17 11:00:53.278 1257 3378 D SettingsProvider: ret = 1
06-17 11:00:53.281 1257 3389 D SettingsProvider: isChangeAllowed() : name = pref_dynamic_allowed_number
06-17 11:00:53.281 1257 3389 D SettingsProvider: edmUri: content://com.sec.knox.provider/RestrictionPolicy3
06-17 11:00:53.281 1257 3389 D SettingsProvider: projectionArgs: isSettingsChangesAllowed
06-17 11:00:53.281 1257 3389 D SettingsProvider: selectionArgs: false
06-17 11:00:53.281 1257 3389 D SettingsProvider: selectionArgs: 10054
06-17 11:00:53.281 1257 3389 D SecContentProvider: called from android.uid.systemui:10054
06-17 11:00:53.281 1257 3389 D RestrictionPolicy: isSettingsChangesAllowedAsUser, userId 0 : true
06-17 11:00:53.282 1257 3389 D SettingsProvider: ret = 1
06-17 11:00:53.287 1257 3378 D SettingsProvider: isChangeAllowed() : name = plugin_lock_event_dump
06-17 11:00:53.287 1257 3378 D SettingsProvider: edmUri: content://com.sec.knox.provider/RestrictionPolicy3
06-17 11:00:53.287 1257 3378 D SettingsProvider: projectionArgs: isSettingsChangesAllowed
06-17 11:00:53.287 1257 3378 D SettingsProvider: selectionArgs: false
06-17 11:00:53.287 1257 3378 D SettingsProvider: selectionArgs: 10054
06-17 11:00:53.287 1257 3378 D SecContentProvider: called from android.uid.systemui:10054
06-17 11:00:53.287 1257 3378 D RestrictionPolicy: isSettingsChangesAllowedAsUser, userId 0 : true
06-17 11:00:53.288 1257 3378 D SettingsProvider: ret = 1
06-17 11:00:53.292 1257 3389 D SettingsProvider: isChangeAllowed() : name = pref_dynamic_plugin_version
06-17 11:00:53.292 1257 3389 D SettingsProvider: edmUri: content://com.sec.knox.provider/RestrictionPolicy3
06-17 11:00:53.292 1257 3389 D SettingsProvider: projectionArgs: isSettingsChangesAllowed
06-17 11:00:53.292 1257 3389 D SettingsProvider: selectionArgs: false
06-17 11:00:53.292 1257 3389 D SettingsProvider: selectionArgs: 10054
06-17 11:00:53.293 1257 3378 V MARsPolicyManager: onAppWidgetManagerActions pkgName = ru.yandex.searchplugin, action = android.appwidget.action.APPWIDGET_UPDATE, userId = 0
06-17 11:00:53.294 1257 1257 V SettingsProvider: Notifying for 0: content://settings/secure/pref_dynamic_allowed_number
06-17 11:00:53.297 1257 3378 D ActivityManager: package ru.yandex.searchplugin, user - 0 is SDcard whitelisted
06-17 11:00:53.301 1257 1257 V SettingsProvider: Notifying for 0: content://settings/secure/plugin_lock_event_dump
06-17 11:00:53.303 1257 3389 D SecContentProvider: called from android.uid.systemui:10054
06-17 11:00:53.304 1257 3389 D RestrictionPolicy: isSettingsChangesAllowedAsUser, userId 0 : true
06-17 11:00:53.304 1257 3389 D SettingsProvider: ret = 1
06-17 11:00:53.308 1257 3378 D SettingsProvider: isChangeAllowed() : name = pref_dynamic_plugin_connected
06-17 11:00:53.308 1257 3378 D SettingsProvider: edmUri: content://com.sec.knox.provider/RestrictionPolicy3
06-17 11:00:53.308 1257 3378 D SettingsProvider: projectionArgs: isSettingsChangesAllowed
06-17 11:00:53.308 1257 3378 D SettingsProvider: selectionArgs: false
06-17 11:00:53.308 1257 3378 D SettingsProvider: selectionArgs: 10054
06-17 11:00:53.309 1257 3378 D SecContentProvider: called from android.uid.systemui:10054
06-17 11:00:53.309 1257 3378 D RestrictionPolicy: isSettingsChangesAllowedAsUser, userId 0 : true
06-17 11:00:53.309 1257 3378 D SettingsProvider: ret = 1
06-17 11:00:53.321 1257 1282 I ActivityManager: Start proc 11368:ru.yandex.searchplugin/u0a251 for broadcast {ru.yandex.searchplugin/ru.yandex.searchplugin.widgets.weather.WeatherNowcastWidget}
06-17 11:00:53.351 1257 5056 I ActivityManager: DSS OFF for ru.yandex.searchplugin
06-17 11:00:53.374 1257 3484 D SettingsProvider: isChangeAllowed() : name = plugin_lock_event_dump
06-17 11:00:53.374 1257 3484 D SettingsProvider: edmUri: content://com.sec.knox.provider/RestrictionPolicy3
06-17 11:00:53.374 1257 3484 D SettingsProvider: projectionArgs: isSettingsChangesAllowed
06-17 11:00:53.374 1257 3484 D SettingsProvider: selectionArgs: false
06-17 11:00:53.374 1257 3484 D SettingsProvider: selectionArgs: 10054
06-17 11:00:53.374 1257 3484 D SecContentProvider: called from android.uid.systemui:10054
06-17 11:00:53.375 1257 3484 D RestrictionPolicy: isSettingsChangesAllowedAsUser, userId 0 : true
06-17 11:00:53.375 1257 3484 D SettingsProvider: ret = 1
06-17 11:00:53.378 1257 1257 V SettingsProvider: Notifying for 0: content://settings/secure/plugin_lock_event_dump
06-17 11:00:53.381 1257 3389 D SettingsProvider: isChangeAllowed() : name = pref_dynamic_plugin_version
06-17 11:00:53.381 1257 3389 D SettingsProvider: edmUri: content://com.sec.knox.provider/RestrictionPolicy3
06-17 11:00:53.381 1257 3389 D SettingsProvider: projectionArgs: isSettingsChangesAllowed
06-17 11:00:53.381 1257 3389 D SettingsProvider: selectionArgs: false
06-17 11:00:53.381 1257 3389 D SettingsProvider: selectionArgs: 10054
06-17 11:00:53.381 1257 3389 D SecContentProvider: called from android.uid.systemui:10054
06-17 11:00:53.382 1257 3389 D RestrictionPolicy: isSettingsChangesAllowedAsUser, userId 0 : true
06-17 11:00:53.382 1257 3389 D SettingsProvider: ret = 1
06-17 11:00:53.383 1257 3389 D SettingsProvider: isChangeAllowed() : name = pref_dynamic_plugin_connected
06-17 11:00:53.383 1257 3389 D SettingsProvider: edmUri: content://com.sec.knox.provider/RestrictionPolicy3
06-17 11:00:53.383 1257 3389 D SettingsProvider: projectionArgs: isSettingsChangesAllowed
06-17 11:00:53.383 1257 3389 D SettingsProvider: selectionArgs: false
06-17 11:00:53.383 1257 3389 D SettingsProvider: selectionArgs: 10054
06-17 11:00:53.384 1257 3389 D SecContentProvider: called from android.uid.systemui:10054
06-17 11:00:53.384 1257 3389 D RestrictionPolicy: isSettingsChangesAllowedAsUser, userId 0 : true
06-17 11:00:53.384 1257 3389 D SettingsProvider: ret = 1
06-17 11:00:53.387 1257 3389 D SettingsProvider: isChangeAllowed() : name = pref_allowed_number_wallpaper_settings
06-17 11:00:53.387 1257 3389 D SettingsProvider: edmUri: content://com.sec.knox.provider/RestrictionPolicy3
06-17 11:00:53.387 1257 3389 D SettingsProvider: projectionArgs: isSettingsChangesAllowed
06-17 11:00:53.387 1257 3389 D SettingsProvider: selectionArgs: false
06-17 11:00:53.387 1257 3389 D SettingsProvider: selectionArgs: 10054
06-17 11:00:53.388 1257 3389 D SecContentProvider: called from android.uid.systemui:10054
06-17 11:00:53.389 1257 3389 D RestrictionPolicy: isSettingsChangesAllowedAsUser, userId 0 : true
06-17 11:00:53.390 1257 3389 D SettingsProvider: ret = 1
06-17 11:00:53.391 1257 3389 D SettingsProvider: isChangeAllowed() : name = pref_dynamic_allowed_number
06-17 11:00:53.391 1257 3389 D SettingsProvider: edmUri: content://com.sec.knox.provider/RestrictionPolicy3
06-17 11:00:53.391 1257 3389 D SettingsProvider: projectionArgs: isSettingsChangesAllowed
06-17 11:00:53.391 1257 3389 D SettingsProvider: selectionArgs: false
06-17 11:00:53.391 1257 3389 D SettingsProvider: selectionArgs: 10054
06-17 11:00:53.391 1257 3389 D SecContentProvider: called from android.uid.systemui:10054
06-17 11:00:53.392 1257 3389 D RestrictionPolicy: isSettingsChangesAllowedAsUser, userId 0 : true
06-17 11:00:53.392 1257 3389 D SettingsProvider: ret = 1
06-17 11:00:53.394 1257 1257 V SettingsProvider: Notifying for 0: content://settings/secure/pref_dynamic_allowed_number
06-17 11:00:53.396 1257 3389 D SettingsProvider: isChangeAllowed() : name = pref_allowed_number_dynamic
06-17 11:00:53.396 1257 3389 D SettingsProvider: edmUri: content://com.sec.knox.provider/RestrictionPolicy3
06-17 11:00:53.396 1257 3389 D SettingsProvider: projectionArgs: isSettingsChangesAllowed
06-17 11:00:53.396 1257 3389 D SettingsProvider: selectionArgs: false
06-17 11:00:53.396 1257 3389 D SettingsProvider: selectionArgs: 10054
06-17 11:00:53.397 1257 3389 D SecContentProvider: called from android.uid.systemui:10054
06-17 11:00:53.397 1257 3389 D RestrictionPolicy: isSettingsChangesAllowedAsUser, userId 0 : true
06-17 11:00:53.398 1257 3389 D SettingsProvider: ret = 1
06-17 11:00:53.399 1257 5056 D SettingsProvider: isChangeAllowed() : name = pref_dynamic_allowed_number
06-17 11:00:53.399 1257 5056 D SettingsProvider: edmUri: content://com.sec.knox.provider/RestrictionPolicy3
06-17 11:00:53.399 1257 5056 D SettingsProvider: projectionArgs: isSettingsChangesAllowed
06-17 11:00:53.399 1257 5056 D SettingsProvider: selectionArgs: false
06-17 11:00:53.399 1257 5056 D SettingsProvider: selectionArgs: 10054
06-17 11:00:53.399 1257 5056 D SecContentProvider: called from android.uid.systemui:10054
06-17 11:00:53.399 1257 5056 D RestrictionPolicy: isSettingsChangesAllowedAsUser, userId 0 : true
06-17 11:00:53.399 1257 5056 D SettingsProvider: ret = 1
06-17 11:00:53.401 1257 1257 V SettingsProvider: Notifying for 0: content://settings/secure/pref_dynamic_allowed_number
06-17 11:00:53.411 1257 3378 D SettingsProvider: isChangeAllowed() : name = plugin_lock_event_dump
06-17 11:00:53.411 1257 3378 D SettingsProvider: edmUri: content://com.sec.knox.provider/RestrictionPolicy3
06-17 11:00:53.411 1257 3378 D SettingsProvider: projectionArgs: isSettingsChangesAllowed
06-17 11:00:53.411 1257 3378 D SettingsProvider: selectionArgs: false
06-17 11:00:53.411 1257 3378 D SettingsProvider: selectionArgs: 10054
06-17 11:00:53.412 1257 3378 D SecContentProvider: called from android.uid.systemui:10054
06-17 11:00:53.413 1257 3378 D RestrictionPolicy: isSettingsChangesAllowedAsUser, userId 0 : true
06-17 11:00:53.413 1257 3378 D SettingsProvider: ret = 1
06-17 11:00:53.415 1257 1257 V SettingsProvider: Notifying for 0: content://settings/secure/plugin_lock_event_dump
06-17 11:00:53.427 1257 5056 D AdaptiveDisplaySolutionService: setAutoCurrentLimitState() : true , mADSEnableCondition : true
06-17 11:00:53.427 1257 5056 I AdaptiveDisplaySolutionService: updateAdaptiveControlState() : true
06-17 11:00:53.427 1257 5056 D AdaptiveDisplaySolutionService: [AdaptiveControl]: ACL OFF
06-17 11:00:53.427 1257 5056 V MdnieScenarioControlService: mAutoCurrentLimitOffState : true
06-17 11:00:53.427 1257 5056 D AdaptiveDisplaySolutionService: fileWriteString to /sys/class/lcd/panel/adaptive_control, 1
06-17 11:00:53.437 1257 5056 D AdaptiveDisplaySolutionService: fileWriteString to /sys/class/lcd/panel/adaptive_control, 0
06-17 11:00:53.544 1257 3378 D WallpaperManagerService: which : 2, return type : 8 (called by userId= 0)
06-17 11:00:53.559 1257 3378 D WallpaperManagerService: which : 2, return type : 8 (called by userId= 0)
06-17 11:00:53.564 1257 5056 D WallpaperManagerService: which : 2, return type : 8 (called by userId= 0)
06-17 11:00:53.613 1257 3389 D WallpaperManagerService: which : 2, return type : 8 (called by userId= 0)
06-17 11:00:53.627 1257 3389 I chatty : uid=1000(system) Binder:1257_15 identical 2 lines
06-17 11:00:53.640 1257 3389 D WallpaperManagerService: which : 2, return type : 8 (called by userId= 0)
06-17 11:00:53.644 1257 5056 D WallpaperManagerService: which : 2, return type : 8 (called by userId= 0)
06-17 11:00:53.665 1257 5056 I chatty : uid=1000(system) Binder:1257_1D identical 1 line
06-17 11:00:53.669 1257 5056 D WallpaperManagerService: which : 2, return type : 8 (called by userId= 0)
06-17 11:00:53.704 1257 1409 D PowerManagerService: [api] userActivityFromNative : 230 (event: 2 flags: 0) eventTime = 390048
06-17 11:00:53.707 1257 5056 D CustomFrequencyManagerService: FrequencyrequestList.getNextSchedTuneBoostRequest, index: 1
06-17 11:00:53.711 1257 1257 D GameManagerService: identifyGamePackage. com.sec.android.app.launcher, mCurrentUserId: 0, callerUserId: 0
06-17 11:00:53.711 1257 1257 D GamePkgDataHelper: getGamePkgData(). com.sec.android.app.launcher
06-17 11:00:53.712 1257 1257 D CustomFrequencyManagerService: acquireDVFSLockLocked : type : DVFS_MIN_LIMIT frequency : 1295000 uid : 1000 pid : 1257 pkgName : GESTURE_DETECTED@CPU_MIN@57
06-17 11:00:53.714 1257 3389 D WallpaperManagerService: which : 2, return type : 8 (called by userId= 0)
06-17 11:00:53.716 1257 3484 D CustomFrequencyManagerService: FrequencyrequestList.getNextSchedTuneBoostRequest, index: 1
06-17 11:00:53.719 1257 3383 D WallpaperManagerService: which : 2, return type : 8 (called by userId= 0)
