06-17 11:00:00.208 1257 3393 D ConnectivityService: ConnectivityService NetworkRequestInfo binderDied(NetworkRequest [ LISTEN id=288, [ Transports: CELLULAR|WIFI|ETHERNET Capabilities: INTERNET&NOT_RESTRICTED&TRUSTED&NOT_VPN Uid: 10366] ], android.os.BinderProxy@1a3e970)
06-17 11:00:00.208 1257 2003 D ConnectivityService: ConnectivityService NetworkRequestInfo binderDied(NetworkRequest [ LISTEN id=287, [ Transports: VPN Capabilities: NOT_RESTRICTED&TRUSTED Uid: 10366] ], android.os.BinderProxy@8ab4e9)
06-17 11:00:00.208 1257 1612 D ConnectivityService: ConnectivityService NetworkRequestInfo binderDied(NetworkRequest [ LISTEN id=292, [ Capabilities: INTERNET&NOT_RESTRICTED&TRUSTED&NOT_VPN Uid: 10366] ], android.os.BinderProxy@b5c8fb3)
06-17 11:00:00.208 1257 3378 D ConnectivityService: ConnectivityService NetworkRequestInfo binderDied(NetworkRequest [ LISTEN id=284, [ Transports: VPN Capabilities: NOT_RESTRICTED&TRUSTED Uid: 10366] ], android.os.BinderProxy@364356e)
06-17 11:00:00.208 1257 5066 D ConnectivityService: ConnectivityService NetworkRequestInfo binderDied(NetworkRequest [ LISTEN id=285, [ Transports: CELLULAR|WIFI|ETHERNET Capabilities: INTERNET&NOT_RESTRICTED&TRUSTED&NOT_VPN Uid: 10366] ], android.os.BinderProxy@b06740f)
06-17 11:00:00.208 1257 1612 D ConnectivityService: ConnectivityService NetworkRequestInfo binderDied(NetworkRequest [ REQUEST id=283, [ Transports: CELLULAR|WIFI Capabilities: INTERNET&NOT_RESTRICTED&TRUSTED&NOT_VPN Uid: 10366] ], android.os.BinderProxy@ad0b6a5)
06-17 11:00:00.208 1257 2390 D ConnectivityService: ConnectivityService NetworkRequestInfo binderDied(NetworkRequest [ LISTEN id=286, [ Capabilities: INTERNET&NOT_RESTRICTED&TRUSTED&NOT_VPN Uid: 10366] ], android.os.BinderProxy@bb62c9c)
06-17 11:00:00.209 1257 1466 D ConnectivityService: releasing NetworkRequest [ LISTEN id=292, [ Capabilities: INTERNET&NOT_RESTRICTED&TRUSTED&NOT_VPN Uid: 10366] ] (release request)
06-17 11:00:00.209 1257 1904 D ConnectivityService: ConnectivityService NetworkRequestInfo binderDied(NetworkRequest [ TRACK_DEFAULT id=289, [ Capabilities: INTERNET&NOT_RESTRICTED&TRUSTED Uid: 10366] ], android.os.BinderProxy@b223a7a)
06-17 11:00:00.209 1257 1466 D ConnectivityService: releasing NetworkRequest [ LISTEN id=284, [ Transports: VPN Capabilities: NOT_RESTRICTED&TRUSTED Uid: 10366] ] (release request)
06-17 11:00:00.210 1257 1466 D ConnectivityService: releasing NetworkRequest [ LISTEN id=287, [ Transports: VPN Capabilities: NOT_RESTRICTED&TRUSTED Uid: 10366] ] (release request)
06-17 11:00:00.210 1257 1466 D ConnectivityService: releasing NetworkRequest [ LISTEN id=285, [ Transports: CELLULAR|WIFI|ETHERNET Capabilities: INTERNET&NOT_RESTRICTED&TRUSTED&NOT_VPN Uid: 10366] ] (release request)
06-17 11:00:00.210 1257 1929 D ConnectivityService: ConnectivityService NetworkRequestInfo binderDied(NetworkRequest [ LISTEN id=295, [ Capabilities: INTERNET&NOT_RESTRICTED&TRUSTED&NOT_VPN Uid: 10271] ], android.os.BinderProxy@fc0422b)
06-17 11:00:00.210 1257 1466 D ConnectivityService: releasing NetworkRequest [ REQUEST id=283, [ Transports: CELLULAR|WIFI Capabilities: INTERNET&NOT_RESTRICTED&TRUSTED&NOT_VPN Uid: 10366] ] (release request)
06-17 11:00:00.210 1257 1929 D ConnectivityService: ConnectivityService NetworkRequestInfo binderDied(NetworkRequest [ TRACK_DEFAULT id=294, [ Capabilities: INTERNET&NOT_RESTRICTED&TRUSTED Uid: 10271] ], android.os.BinderProxy@1477688)
06-17 11:00:00.211 1257 1466 D ConnectivityService: releasing NetworkRequest [ LISTEN id=286, [ Capabilities: INTERNET&NOT_RESTRICTED&TRUSTED&NOT_VPN Uid: 10366] ] (release request)
06-17 11:00:00.212 1257 1466 D ConnectivityService: releasing NetworkRequest [ LISTEN id=288, [ Transports: CELLULAR|WIFI|ETHERNET Capabilities: INTERNET&NOT_RESTRICTED&TRUSTED&NOT_VPN Uid: 10366] ] (release request)
06-17 11:00:00.212 1257 1466 D ConnectivityService: releasing NetworkRequest [ TRACK_DEFAULT id=289, [ Capabilities: INTERNET&NOT_RESTRICTED&TRUSTED Uid: 10366] ] (release request)
06-17 11:00:00.213 1257 1466 D ConnectivityService: releasing NetworkRequest [ LISTEN id=295, [ Capabilities: INTERNET&NOT_RESTRICTED&TRUSTED&NOT_VPN Uid: 10271] ] (release request)
06-17 11:00:00.213 1257 1466 D ConnectivityService: releasing NetworkRequest [ TRACK_DEFAULT id=294, [ Capabilities: INTERNET&NOT_RESTRICTED&TRUSTED Uid: 10271] ] (release request)
06-17 11:00:00.234 1257 1929 D ActivityManager: package com.samsung.android.scloud, user - 0 is SDcard whitelisted
06-17 11:00:00.234 1257 1929 W ActivityManager: wait for provider publish: waiters=1 callerApp=ProcessRecord{2a8cba3 4860:com.microsoft.skydrive/u0a101} cpr=ContentProviderRecord{2fc8ea0 u0 com.samsung.android.scloud/.app.datamigrator.provider.LinkContextProvider}
06-17 11:00:00.254 1257 1282 I ActivityManager: Start proc 5044:com.samsung.android.scloud/5009 for content provider {com.samsung.android.scloud/com.samsung.android.scloud.app.datamigrator.provider.LinkContextProvider}
06-17 11:00:00.256 1257 1614 D SettingsProvider: isChangeAllowed() : name = wallpaper_rotate_fixed
06-17 11:00:00.256 1257 1614 D SettingsProvider: edmUri: content://com.sec.knox.provider/RestrictionPolicy3
06-17 11:00:00.256 1257 1614 D SettingsProvider: projectionArgs: isSettingsChangesAllowed
06-17 11:00:00.256 1257 1614 D SettingsProvider: selectionArgs: false
06-17 11:00:00.256 1257 1614 D SettingsProvider: selectionArgs: 10054
06-17 11:00:00.257 1257 1614 D SecContentProvider: called from android.uid.systemui:10054
06-17 11:00:00.257 1257 1614 D RestrictionPolicy: isSettingsChangesAllowedAsUser, userId 0 : true
06-17 11:00:00.257 1257 1614 D SettingsProvider: ret = 1
06-17 11:00:00.269 1257 1904 D WallpaperManagerService: mDeviceColor:black
06-17 11:00:00.282 1257 1274 D SettingsProvider: isChangeAllowed() : name = enabled_notification_listeners
06-17 11:00:00.283 1257 1274 D SettingsProvider: isChangeAllowed() : name = enabled_notification_assistant
06-17 11:00:00.283 1257 1274 D SettingsProvider: isChangeAllowed() : name = enabled_notification_policy_access_packages
06-17 11:00:00.300 1257 1614 I ActivityManager: DSS OFF for com.samsung.android.scloud
06-17 11:00:00.305 1257 1274 D SettingsProvider: isChangeAllowed() : name = enabled_notification_listeners
06-17 11:00:00.307 1257 1274 D SettingsProvider: isChangeAllowed() : name = enabled_notification_assistant
06-17 11:00:00.308 1257 1274 D SettingsProvider: isChangeAllowed() : name = enabled_notification_policy_access_packages
06-17 11:00:00.311 1257 1614 I ActivityManager: Killing 4174:com.facebook.services/u0a73 (adj 999): empty #25
06-17 11:00:00.317 1257 1904 V WifiDisplayAdapter: getWifiDisplayStatusLocked: result=WifiDisplayStatus{featureState=0, scanState=0, activeDisplayState=0, activeDisplay=null, displays=[], sessionInfo=WifiDisplaySessionInfo:
06-17 11:00:00.317 1257 1904 V WifiDisplayAdapter: Client/Owner: Client
06-17 11:00:00.317 1257 1904 V WifiDisplayAdapter: GroupId:
06-17 11:00:00.317 1257 1904 V WifiDisplayAdapter: Passphrase:
06-17 11:00:00.317 1257 1904 V WifiDisplayAdapter: SessionId: 0
06-17 11:00:00.317 1257 1904 V WifiDisplayAdapter: IP Address: , connectedState=-1}
06-17 11:00:00.325 1257 1904 V WifiDisplayAdapter: getWifiDisplayStatusLocked: result=WifiDisplayStatus{featureState=0, scanState=0, activeDisplayState=0, activeDisplay=null, displays=[], sessionInfo=WifiDisplaySessionInfo:
06-17 11:00:00.325 1257 1904 V WifiDisplayAdapter: Client/Owner: Client
06-17 11:00:00.325 1257 1904 V WifiDisplayAdapter: GroupId:
06-17 11:00:00.325 1257 1904 V WifiDisplayAdapter: Passphrase:
06-17 11:00:00.325 1257 1904 V WifiDisplayAdapter: SessionId: 0
06-17 11:00:00.325 1257 1904 V WifiDisplayAdapter: IP Address: , connectedState=-1}
06-17 11:00:00.364 1257 1274 D SettingsProvider: isChangeAllowed() : name = enabled_notification_listeners
06-17 11:00:00.364 1257 1274 D SettingsProvider: isChangeAllowed() : name = enabled_notification_assistant
06-17 11:00:00.364 1257 1274 D SettingsProvider: isChangeAllowed() : name = enabled_notification_policy_access_packages
06-17 11:00:00.380 1257 1614 D ActivityTaskManager: setLockScreenShown(true,false) is called from 4971
06-17 11:00:00.381 1257 1275 V UsbDeviceManager: onKeyguardStateChanged: isShowing=true secure=false user=0
06-17 11:00:00.382 1257 1272 D UsbDeviceManager: handleMessage -> MSG_UPDATE_SCREEN_LOCK: mScreenLocked=false
06-17 11:00:00.382 1257 1275 D StorageManagerService: onKeyguardStateChanged = false
06-17 11:00:00.382 1257 1424 I StorageManagerService: handleMessage :{ when=0 what=15 target=com.android.server.StorageManagerService$StorageManagerServiceHandler }
06-17 11:00:00.383 1257 1424 D StorageManagerService: handleMessage :: H_KEYGUARD_CHANGED = 0
06-17 11:00:00.395 1257 1274 D SettingsProvider: isChangeAllowed() : name = enabled_notification_listeners
06-17 11:00:00.395 1257 1257 D RestrictionPolicy: isSettingsChangesAllowedAsUser, userId 0 : true
06-17 11:00:00.395 1257 1274 D SettingsProvider: isChangeAllowed() : name = enabled_notification_assistant
06-17 11:00:00.396 1257 1274 D SettingsProvider: isChangeAllowed() : name = enabled_notification_policy_access_packages
06-17 11:00:00.399 1257 1257 D RestrictionPolicy: isAirplaneModeAllowed : true
06-17 11:00:00.399 1257 1257 D RestrictionPolicy: isCellularDataAllowed: true
06-17 11:00:00.400 1257 1257 D RestrictionPolicy: isNFCEnabled : true
06-17 11:00:00.400 1257 1257 D RestrictionPolicy: isWifiTetheringEnabled : true
06-17 11:00:00.401 1257 1906 D ActivityManager: package com.microsoft.appmanager, user - 0 is SDcard whitelisted
06-17 11:00:00.402 1257 1906 W ActivityManager: wait for provider publish: waiters=1 callerApp=ProcessRecord{2a8cba3 4860:com.microsoft.skydrive/u0a101} cpr=ContentProviderRecord{dffe706 u0 com.microsoft.appmanager/com.microsoft.identity.client.BrokerContentProvider}
06-17 11:00:00.422 1257 1435 D PowerManagerService: [api] setDozeAfterScreenOff: true (uid: 10054 pid: 4971)
06-17 11:00:00.429 1257 1282 I ActivityManager: Start proc 5099:com.microsoft.appmanager:auth/u0a134 for content provider {com.microsoft.appmanager/com.microsoft.identity.client.BrokerContentProvider}
06-17 11:00:00.432 1257 1435 D SettingsProvider: isChangeAllowed() : name = lockstar_facewidget_area
06-17 11:00:00.432 1257 1435 D SettingsProvider: edmUri: content://com.sec.knox.provider/RestrictionPolicy3
06-17 11:00:00.432 1257 1435 D SettingsProvider: projectionArgs: isSettingsChangesAllowed
06-17 11:00:00.432 1257 1435 D SettingsProvider: selectionArgs: false
06-17 11:00:00.432 1257 1435 D SettingsProvider: selectionArgs: 10054
06-17 11:00:00.432 1257 1435 D SecContentProvider: called from android.uid.systemui:10054
06-17 11:00:00.433 1257 1435 D RestrictionPolicy: isSettingsChangesAllowedAsUser, userId 0 : true
06-17 11:00:00.433 1257 1435 D SettingsProvider: ret = 1
06-17 11:00:00.443 1257 3387 D WallpaperManagerService: which : 2, return type : 8 (called by userId= 0)
06-17 11:00:00.446 1257 3387 D WallpaperManagerService: WallpaperManagerCallbackClient android.app.IWallpaperManagerCallback$Stub$Proxy@a3c4ab7
06-17 11:00:00.449 1257 1614 D SettingsProvider: isChangeAllowed() : name = white_lockscreen_wallpaper
06-17 11:00:00.449 1257 1614 D SettingsProvider: WALLPAPER_FONT_THEME : white_lockscreen_wallpaper is allowed
06-17 11:00:00.450 1257 3480 D SettingsProvider: isChangeAllowed() : name = white_lockscreen_statusbar
06-17 11:00:00.450 1257 3480 D SettingsProvider: WALLPAPER_FONT_THEME : white_lockscreen_statusbar is allowed
06-17 11:00:00.452 1257 1614 D SettingsProvider: isChangeAllowed() : name = white_lockscreen_navigationbar
06-17 11:00:00.452 1257 1614 D SettingsProvider: WALLPAPER_FONT_THEME : white_lockscreen_navigationbar is allowed
06-17 11:00:00.459 1257 3480 I ActivityManager: DSS OFF for com.microsoft.appmanager
06-17 11:00:00.468 1257 3480 I ActivityManager: Killing 2507:com.sec.android.daemonapp/u0a197 (adj 999): empty #25
06-17 11:00:00.471 1257 1274 D SettingsProvider: isChangeAllowed() : name = enabled_notification_listeners
06-17 11:00:00.472 1257 1274 D SettingsProvider: isChangeAllowed() : name = enabled_notification_assistant
06-17 11:00:00.474 1257 1274 D SettingsProvider: isChangeAllowed() : name = enabled_notification_policy_access_packages
06-17 11:00:00.488 1257 1274 D SettingsProvider: isChangeAllowed() : name = enabled_notification_listeners
06-17 11:00:00.489 1257 1274 D SettingsProvider: isChangeAllowed() : name = enabled_notification_assistant
06-17 11:00:00.489 1257 1274 D SettingsProvider: isChangeAllowed() : name = enabled_notification_policy_access_packages
06-17 11:00:00.559 1257 1435 D SettingsProvider: isChangeAllowed() : name = navigation_mode
06-17 11:00:00.559 1257 1435 D SettingsProvider: edmUri: content://com.sec.knox.provider/RestrictionPolicy3
06-17 11:00:00.559 1257 1435 D SettingsProvider: projectionArgs: isSettingsChangesAllowed
06-17 11:00:00.559 1257 1435 D SettingsProvider: selectionArgs: false
06-17 11:00:00.559 1257 1435 D SettingsProvider: selectionArgs: 10054
06-17 11:00:00.559 1257 1435 D SecContentProvider: called from android.uid.systemui:10054
06-17 11:00:00.560 1257 1435 D RestrictionPolicy: isSettingsChangesAllowedAsUser, userId 0 : true
06-17 11:00:00.560 1257 1435 D SettingsProvider: ret = 1
06-17 11:00:00.726 1257 1274 D SettingsProvider: isChangeAllowed() : name = enabled_notification_listeners
06-17 11:00:00.727 1257 1274 D SettingsProvider: isChangeAllowed() : name = enabled_notification_assistant
06-17 11:00:00.727 1257 1274 D SettingsProvider: isChangeAllowed() : name = enabled_notification_policy_access_packages
06-17 11:00:00.786 1257 1435 D ConnectivityService: listenForNetwork for uid/pid:10054/4971 NetworkRequest [ LISTEN id=305, [ Transports: WIFI Capabilities: NOT_VPN] ]
06-17 11:00:00.791 1257 3480 D ConnectivityService: requestNetwork for uid/pid:10054/4971 NetworkRequest [ TRACK_DEFAULT id=306, [ Capabilities: INTERNET&NOT_RESTRICTED&TRUSTED Uid: 10054] ]
06-17 11:00:00.792 1257 1466 D ConnectivityService: sending new Min Network Score(0): NetworkRequest [ TRACK_DEFAULT id=306, [ Capabilities: INTERNET&NOT_RESTRICTED&TRUSTED Uid: 10054] ]
06-17 11:00:00.795 1257 3480 W BroadcastQueue: Permission Denial: broadcasting Intent { act=com.sec.android.intent.action.WALLPAPER_CHANGED flg=0x1000010 } from com.android.systemui (pid=28661, uid=10054) is not exported from uid 10157 due to receiver com.sec.android.app.clockpackage/.alarmwidget.ClockAlarmWidgetProvider
06-17 11:00:00.797 1257 3480 I ActivityManager: Killing 3900:com.android.keychain/1000 (adj 999): empty #25
06-17 11:00:00.800 1257 1281 W BroadcastQueue: Permission Denial: broadcasting Intent { act=com.sec.android.intent.action.WALLPAPER_CHANGED flg=0x1000010 } from com.android.systemui (pid=28661, uid=10054) is not exported from uid 10157 due to receiver com.sec.android.app.clockpackage/com.sec.android.widgetapp.digitalclock.DigitalClockWidgetProvider
06-17 11:00:00.802 1257 1281 W BroadcastQueue: Permission Denial: broadcasting Intent { act=com.sec.android.intent.action.WALLPAPER_CHANGED flg=0x1000010 } from com.android.systemui (pid=28661, uid=10054) is not exported from uid 10157 due to receiver com.sec.android.app.clockpackage/com.sec.android.widgetapp.dualclockdigital.DualClockDigitalWidgetProvider
06-17 11:00:00.804 1257 1281 W BroadcastQueue: Permission Denial: broadcasting Intent { act=com.sec.android.intent.action.WALLPAPER_CHANGED flg=0x1000010 } from com.android.systemui (pid=28661, uid=10054) is not exported from uid 10157 due to receiver com.sec.android.app.clockpackage/com.sec.android.widgetapp.analogclock.AnalogClockWidgetProvider
06-17 11:00:00.809 1257 1281 D ActivityManager: package com.samsung.android.app.reminder, user - 0 is SDcard whitelisted
06-17 11:00:00.818 1257 3480 I Telecom:SamsungTelecomServiceImpl: getCallState - callingPid : 4971 / processName : sts
06-17 11:00:00.844 1257 1282 I ActivityManager: Start proc 5172:com.samsung.android.app.reminder/u0a198 for broadcast {com.samsung.android.app.reminder/com.samsung.android.app.reminder.remote.widget.SelectedReminderWidgetProvider}
06-17 11:00:00.847 1257 1904 I Telecom:SamsungTelecomServiceImpl: getCallState - callingPid : 4971 / processName : sts
06-17 11:00:00.873 1257 3480 I ActivityManager: DSS OFF for com.samsung.android.app.reminder
06-17 11:00:00.887 1257 1904 D WindowManager: notifyMovementBoundsChanged: insetRect(42, 125 - 1038, 2232), normalRect(533, 1948 - 1038, 2232), animatingRect(533, 1948 - 1038, 2232), fromIme=false, fromShelffalse, rot=0
06-17 11:00:00.895 1257 3480 I StatusBarManagerService: registerStatusBar bar=com.android.internal.statusbar.IStatusBar$Stub$Proxy@2ea6769
06-17 11:00:00.914 1257 3480 D SettingsProvider: isChangeAllowed() : name = navigation_bar_gesture_disabled_by_policy
06-17 11:00:00.914 1257 3480 D SettingsProvider: edmUri: content://com.sec.knox.provider/RestrictionPolicy3
06-17 11:00:00.914 1257 3480 D SettingsProvider: projectionArgs: isSettingsChangesAllowed
06-17 11:00:00.914 1257 3480 D SettingsProvider: selectionArgs: false
06-17 11:00:00.914 1257 3480 D SettingsProvider: selectionArgs: 10054
06-17 11:00:00.914 1257 3480 D SecContentProvider: called from android.uid.systemui:10054
06-17 11:00:00.915 1257 3480 D RestrictionPolicy: isSettingsChangesAllowedAsUser, userId 0 : true
06-17 11:00:00.915 1257 3480 D SettingsProvider: ret = 1
06-17 11:00:00.918 1257 3480 D SettingsProvider: isChangeAllowed() : name = navigationbar_color
06-17 11:00:00.918 1257 3480 D SettingsProvider: edmUri: content://com.sec.knox.provider/RestrictionPolicy3
06-17 11:00:00.918 1257 3480 D SettingsProvider: projectionArgs: isSettingsChangesAllowed
06-17 11:00:00.918 1257 3480 D SettingsProvider: selectionArgs: false
06-17 11:00:00.918 1257 3480 D SettingsProvider: selectionArgs: 10054
06-17 11:00:00.919 1257 3480 D SecContentProvider: called from android.uid.systemui:10054
06-17 11:00:00.919 1257 3480 D RestrictionPolicy: isSettingsChangesAllowedAsUser, userId 0 : true
06-17 11:00:00.919 1257 3480 D SettingsProvider: ret = 1
06-17 11:00:00.920 1257 3480 D SettingsProvider: isChangeAllowed() : name = navigationbar_current_color
06-17 11:00:00.920 1257 3480 D SettingsProvider: edmUri: content://com.sec.knox.provider/RestrictionPolicy3
06-17 11:00:00.920 1257 3480 D SettingsProvider: projectionArgs: isSettingsChangesAllowed
06-17 11:00:00.920 1257 3480 D SettingsProvider: selectionArgs: false
06-17 11:00:00.920 1257 3480 D SettingsProvider: selectionArgs: 10054
06-17 11:00:00.920 1257 3480 D SecContentProvider: called from android.uid.systemui:10054
06-17 11:00:00.920 1257 3480 D RestrictionPolicy: isSettingsChangesAllowedAsUser, userId 0 : true
06-17 11:00:00.920 1257 3480 D SettingsProvider: ret = 1
06-17 11:00:00.924 1257 3480 D SettingsProvider: isChangeAllowed() : name = icon_blacklist
06-17 11:00:00.924 1257 3480 D SettingsProvider: edmUri: content://com.sec.knox.provider/RestrictionPolicy3
06-17 11:00:00.924 1257 3480 D SettingsProvider: projectionArgs: isSettingsChangesAllowed
06-17 11:00:00.924 1257 3480 D SettingsProvider: selectionArgs: false
06-17 11:00:00.924 1257 3480 D SettingsProvider: selectionArgs: 10054
06-17 11:00:00.925 1257 3480 D SecContentProvider: called from android.uid.systemui:10054
06-17 11:00:00.925 1257 3480 D RestrictionPolicy: isSettingsChangesAllowedAsUser, userId 0 : true
06-17 11:00:00.925 1257 3480 D SettingsProvider: ret = 1
06-17 11:00:00.948 1257 3480 D WallpaperManagerService: which : 2, return type : 8 (called by userId= 0)
06-17 11:00:00.950 1257 3480 D WallpaperManagerService: getVideoFilePath userId=0 path=
06-17 11:00:00.950 1257 3480 D WallpaperManagerService: getVideoFilePath userId=0 pkg=com.android.systemui which= 2
06-17 11:00:00.950 1257 3480 D WallpaperManagerService: getVideoColor userId=0, which = 2, videoColor=black
06-17 11:00:01.009 1257 3480 D SecContentProvider: called from android.uid.samsungcloud:5009
06-17 11:00:01.009 1257 3480 D SecContentProvider: called from android.uid.samsungcloud:5009
06-17 11:00:01.009 1257 3480 E BluetoothManagerService: Unable to handle updateBleAppCount
06-17 11:00:01.105 2568 2568 D io_stats: !@ 179,0 r 997542 22348609 w 22243 479508 d 13909 318228 f 21092 26223 iot 222972 228033 th 51200 0 0 pt 0 inp 4 0 337.449
06-17 11:00:01.147 1257 1904 I Telecom:SamsungTelecomServiceImpl: isInCall - callingPackage : com.android.systemui
06-17 11:00:01.174 5099 5099 E ActivityThread: Failed to find provider info for com.microsoft.yourphonecompanion.contentprovider.featureoverride
06-17 11:00:01.187 1257 3480 D SamsungAlarmManager: Cancel Alarm calling from uid:10101 pid :4860 / op:PendingIntent{9b5f2b0: PendingIntentRecord{68a2529 com.microsoft.skydrive broadcastIntent}}
06-17 11:00:01.195 1257 1435 D SettingsProvider: isChangeAllowed() : name = flashlight_available
06-17 11:00:01.196 1257 1435 D SettingsProvider: edmUri: content://com.sec.knox.provider/RestrictionPolicy3
06-17 11:00:01.196 1257 1435 D SettingsProvider: projectionArgs: isSettingsChangesAllowed
06-17 11:00:01.196 1257 1435 D SettingsProvider: selectionArgs: false
06-17 11:00:01.196 1257 1435 D SettingsProvider: selectionArgs: 10054
06-17 11:00:01.196 1257 1435 D SecContentProvider: called from android.uid.systemui:10054
06-17 11:00:01.197 1257 1435 D RestrictionPolicy: isSettingsChangesAllowedAsUser, userId 0 : true
06-17 11:00:01.197 1257 1435 D SettingsProvider: ret = 1
06-17 11:00:01.202 1257 3480 D SettingsProvider: isChangeAllowed() : name = flashlight_enabled
06-17 11:00:01.202 1257 3480 D SettingsProvider: edmUri: content://com.sec.knox.provider/RestrictionPolicy3
06-17 11:00:01.202 1257 3480 D SettingsProvider: projectionArgs: isSettingsChangesAllowed
06-17 11:00:01.203 1257 3480 D SettingsProvider: selectionArgs: false
06-17 11:00:01.203 1257 3480 D SettingsProvider: selectionArgs: 10054
06-17 11:00:01.204 1257 3480 D SecContentProvider: called from android.uid.systemui:10054
06-17 11:00:01.204 1257 3480 D RestrictionPolicy: isSettingsChangesAllowedAsUser, userId 0 : true
06-17 11:00:01.204 1257 3480 D SettingsProvider: ret = 1
06-17 11:00:01.317 1257 1483 I RoleManagerService: Granting default roles...
06-17 11:00:01.318 1257 1483 W Looper : Drained
06-17 11:00:01.387 1257 1483 D ActivityManager: package com.google.android.permissioncontroller, user - 0 is SDcard whitelisted
06-17 11:00:01.397 1257 2390 D ActivityManager: package com.microsoft.appmanager, user - 0 is SDcard whitelisted
06-17 11:00:01.411 1257 1280 I GameManagerService: PkgInstallationReceiver, onPackageChanged : com.sec.unifiedwfc uid : 10144 userID : UserHandle{0}
06-17 11:00:01.437 1257 1282 W ActivityManager: Slow operation: 52ms so far, now at startProcess: returned from zygote!
06-17 11:00:01.440 1257 1282 W ActivityManager: Slow operation: 55ms so far, now at startProcess: done updating battery stats
06-17 11:00:01.440 1257 1282 W ActivityManager: Slow operation: 55ms so far, now at startProcess: building log message
06-17 11:00:01.440 1257 1282 I ActivityManager: Start proc 5298:com.google.android.permissioncontroller/u0a83 for service {com.google.android.permissioncontroller/com.android.packageinstaller.role.service.RoleControllerServiceImpl}
06-17 11:00:01.440 1257 1282 W ActivityManager: Slow operation: 55ms so far, now at startProcess: starting to update pids map
06-17 11:00:01.442 1257 1282 W ActivityManager: Slow operation: 57ms so far, now at startProcess: done updating pids map
06-17 11:00:01.444 4971 4971 D StatusBar: sw screen_mode_setting : 0
06-17 11:00:01.456 1257 5088 D WindowManager: setKeyguardOccluded occluded=false
06-17 11:00:01.461 1257 3480 I ActivityManager: DSS OFF for com.google.android.permissioncontroller
06-17 11:00:01.463 1257 1929 D ConnectivityService: listenForNetwork for uid/pid:10134/5099 NetworkRequest [ LISTEN id=307, [ Capabilities: INTERNET&NOT_RESTRICTED&TRUSTED&NOT_VPN&FOREGROUND Uid: 10134] ]
06-17 11:00:01.466 1257 1282 W ActivityManager: Slow operation: 71ms so far, now at startProcess: returned from zygote!
06-17 11:00:01.483 1257 1282 W ActivityManager: Slow operation: 88ms so far, now at startProcess: done updating battery stats
06-17 11:00:01.484 1257 1282 W ActivityManager: Slow operation: 89ms so far, now at startProcess: building log message
06-17 11:00:01.484 1257 1282 I ActivityManager: Start proc 5333:com.microsoft.appmanager/u0a134 for service {com.microsoft.appmanager/androidx.room.MultiInstanceInvalidationService}
06-17 11:00:01.484 1257 1282 W ActivityManager: Slow operation: 89ms so far, now at startProcess: starting to update pids map
06-17 11:00:01.487 1257 1282 W ActivityManager: Slow operation: 92ms so far, now at startProcess: done updating pids map
06-17 11:00:01.501 1257 1257 I Telecom : DefaultDialerCache: Refreshing default dialer for user 0: now com.samsung.android.dialer: DDC.oR@AnA
06-17 11:00:01.502 1257 1257 D CocktailBarManagerServiceContainer: onReceive : android.intent.action.PACKAGE_CHANGED
06-17 11:00:01.543 1257 1929 I ActivityManager: DSS OFF for com.microsoft.appmanager
06-17 11:00:01.630 1257 1483 W Looper : Slow delivery took 207ms PackageManagerHandlerThread h=android.os.Handler c= m=0
06-17 11:00:01.633 1257 3393 I Telecom:SamsungTelecomServiceImpl: @hide @test getCurrentTtyMode - callingPackage : com.android.systemui
06-17 11:00:01.643 1257 1906 D ActivityManager: package com.samsung.android.calendar, user - 0 is SDcard whitelisted
06-17 11:00:01.645 1257 1906 I ActivityManager: Killing 4618:com.samsung.android.dqagent/1000 (adj 999): empty #25
06-17 11:00:01.671 1257 1904 D ConnectivityService: listenForNetwork for uid/pid:10054/4971 NetworkRequest [ LISTEN id=308, [] ]
06-17 11:00:01.674 1257 1904 D SettingsProvider: isChangeAllowed() : name = face_widget_res_id
06-17 11:00:01.674 1257 1904 D SettingsProvider: edmUri: content://com.sec.knox.provider/RestrictionPolicy3
06-17 11:00:01.674 1257 1904 D SettingsProvider: projectionArgs: isSettingsChangesAllowed
06-17 11:00:01.674 1257 1904 D SettingsProvider: selectionArgs: false
06-17 11:00:01.674 1257 1904 D SettingsProvider: selectionArgs: 10054
06-17 11:00:01.676 1257 1904 D SecContentProvider: called from android.uid.systemui:10054
06-17 11:00:01.677 1257 1904 D RestrictionPolicy: isSettingsChangesAllowedAsUser, userId 0 : true
06-17 11:00:01.677 1257 1904 D SettingsProvider: ret = 1
06-17 11:00:01.683 1257 2390 D SettingsProvider: isChangeAllowed() : name = face_widget_order
06-17 11:00:01.683 1257 2390 D SettingsProvider: edmUri: content://com.sec.knox.provider/RestrictionPolicy3
06-17 11:00:01.683 1257 2390 D SettingsProvider: projectionArgs: isSettingsChangesAllowed
06-17 11:00:01.683 1257 2390 D SettingsProvider: selectionArgs: false
06-17 11:00:01.683 1257 2390 D SettingsProvider: selectionArgs: 10054
06-17 11:00:01.684 1257 2390 D SecContentProvider: called from android.uid.systemui:10054
06-17 11:00:01.684 1257 2390 D RestrictionPolicy: isSettingsChangesAllowedAsUser, userId 0 : true
06-17 11:00:01.684 1257 2390 D SettingsProvider: ret = 1
06-17 11:00:01.694 1257 1282 W ActivityManager: Slow operation: 58ms so far, now at startProcess: returned from zygote!
06-17 11:00:01.700 1257 3393 D StatusBarManagerService: setPanelExpandStateToType : state = false, barType = 0
06-17 11:00:01.702 1257 1906 D ActivityManager: package com.android.keychain, user - 0 is SDcard whitelisted
06-17 11:00:01.705 1257 1282 W ActivityManager: Slow operation: 69ms so far, now at startProcess: done updating battery stats
06-17 11:00:01.709 1257 1282 W ActivityManager: Slow operation: 74ms so far, now at startProcess: building log message
06-17 11:00:01.709 1257 1282 I ActivityManager: Start proc 5404:com.samsung.android.calendar/u0a162 for broadcast {com.samsung.android.calendar/com.android.calendar.widget.month.MonthWidgetProvider}
06-17 11:00:01.710 1257 1282 W ActivityManager: Slow operation: 74ms so far, now at startProcess: starting to update pids map
06-17 11:00:01.710 1257 1282 W ActivityManager: Slow operation: 74ms so far, now at startProcess: done updating pids map
06-17 11:00:01.724 1257 5088 D OverlayManager: Skipped idmap creation for android and com.samsung.systemui.hidenotch.withoutcornerround
06-17 11:00:01.736 1257 3480 D OverlayManager: Skipped idmap creation for android and com.samsung.systemui.hidenotch
06-17 11:00:01.740 1257 5088 D OverlayManager: Skipped idmap creation for android and com.samsung.systemui.hidenotch.withoutcornerround
06-17 11:00:01.755 1257 1282 W ActivityManager: Slow operation: 54ms so far, now at startProcess: returned from zygote!
06-17 11:00:01.755 1257 1282 W ActivityManager: Slow operation: 54ms so far, now at startProcess: done updating battery stats
06-17 11:00:01.755 1257 1282 W ActivityManager: Slow operation: 54ms so far, now at startProcess: building log message
06-17 11:00:01.755 1257 1282 I ActivityManager: Start proc 5433:com.android.keychain/1000 for service {com.android.keychain/com.android.keychain.KeyChainService}
06-17 11:00:01.755 1257 1282 W ActivityManager: Slow operation: 54ms so far, now at startProcess: starting to update pids map
06-17 11:00:01.756 1257 1282 W ActivityManager: Slow operation: 55ms so far, now at startProcess: done updating pids map
06-17 11:00:01.768 1257 3389 I ActivityManager: DSS OFF for com.samsung.android.calendar
06-17 11:00:01.771 1257 1906 D WindowManager: notifyMovementBoundsChanged: insetRect(42, 125 - 1038, 2232), normalRect(533, 1948 - 1038, 2232), animatingRect(533, 1948 - 1038, 2232), fromIme=false, fromShelffalse, rot=0
06-17 11:00:01.817 1257 1929 I ActivityManager: DSS OFF for com.android.keychain
06-17 11:00:01.870 4971 4971 D StatusBar: sw screen_mode_setting : 0
06-17 11:00:01.885 1257 1257 W WallpaperManagerService: Wallpaper onServiceConnected : ComponentInfo{com.android.systemui/com.android.systemui.ImageWallpaper}
06-17 11:00:01.885 1257 1257 W WindowManager: addWindowToken: Attempted to add binder token: android.os.Binder@248a855 for already created window token: WallpaperWindowToken{18297f8 token=android.os.Binder@248a855} displayId=0
06-17 11:00:01.890 1257 1257 D WallpaperManagerService: .xml file : width=2400 height=2400 name= component=null
06-17 11:00:01.890 1257 1257 D WallpaperManagerService: service : width=-1 height=-1 name= component=ComponentInfo{com.android.systemui/com.android.systemui.ImageWallpaper}
06-17 11:00:01.890 1257 1257 D WallpaperManagerService: Different wallpaper
06-17 11:00:01.890 1257 1257 D WallpaperManagerService: saveSettingsLockedInternal mode = 0
06-17 11:00:01.902 1257 3389 D WindowManager: makeSurface duration=2 name=ScreenDecorOverlay$_4971
06-17 11:00:02.090 1257 1929 D WindowManager: makeSurface duration=1 name=ScreenDecorOverlayBottom$_4971
06-17 11:00:02.114 1257 1257 W Looper : Slow dispatch took 229ms main h=android.app.ActivityThread$H c=android.app.LoadedApk$ServiceDispatcher$RunConnection@c2e83ce m=0
06-17 11:00:02.114 1257 3387 D WallpaperManagerService: which : 2, return type : 8 (called by userId= 0)
06-17 11:00:02.116 1257 1257 W Looper : Slow system_server main looper dispatch took 229ms h=android.app.ActivityThread$H c=android.app.LoadedApk$ServiceDispatcher$RunConnection@c2e83ce m=0
06-17 11:00:02.116 1257 1257 W WallpaperManagerService: Wallpaper onServiceConnected : ComponentInfo{com.android.systemui/com.android.systemui.ImageWallpaper}
06-17 11:00:02.118 1257 1257 D WallpaperManagerService: .xml file : width=2400 height=2400 name= component=null
06-17 11:00:02.118 1257 1257 D WallpaperManagerService: service : width=-1 height=-1 name= component=ComponentInfo{com.android.systemui/com.android.systemui.ImageWallpaper}
06-17 11:00:02.118 1257 1257 D WallpaperManagerService: Different wallpaper
06-17 11:00:02.118 1257 1257 D WallpaperManagerService: saveSettingsLockedInternal mode = 0
06-17 11:00:02.124 1257 1257 W Looper : Slow delivery took 231ms main h=android.app.ActivityThread$H c=android.app.LoadedApk$ServiceDispatcher$RunConnection@85fef0b m=0
06-17 11:00:02.124 1257 1257 W Looper : Slow system_server main looper delivery took 231ms h=android.app.ActivityThread$H c=android.app.LoadedApk$ServiceDispatcher$RunConnection@85fef0b m=0
06-17 11:00:02.126 1257 3480 D WallpaperManagerService: getVideoColor userId=0, which = 2, videoColor=black
06-17 11:00:02.128 1257 3393 D WallpaperManagerService: getVideoFilePath userId=0 path=
06-17 11:00:02.128 1257 3387 D WallpaperManagerService: getVideoFilePath userId=0 pkg=com.android.systemui which= 2
06-17 11:00:02.143 1257 1257 W Looper : Drained
06-17 11:00:02.175 1257 1906 D PowerManagerService: [api] userActivity : event: 0 flags: 0 (uid: 10054 pid: 4971) eventTime = 338519
06-17 11:00:02.188 1257 1281 D ActivityManager: package com.sec.android.daemonapp, user - 0 is SDcard whitelisted
06-17 11:00:02.246 1257 1282 W ActivityManager: Slow operation: 58ms so far, now at startProcess: returned from zygote!
06-17 11:00:02.253 1257 3387 D WindowManager: makeSurface duration=1 name=NavigationBar0$_4971
06-17 11:00:02.268 1257 1282 W ActivityManager: Slow operation: 81ms so far, now at startProcess: done updating battery stats
06-17 11:00:02.269 1257 1282 W ActivityManager: Slow operation: 81ms so far, now at startProcess: building log message
06-17 11:00:02.269 1257 1282 I ActivityManager: Start proc 5552:com.sec.android.daemonapp/u0a197 for broadcast {com.sec.android.daemonapp/com.sec.android.daemonapp.servicebox.ServiceBoxReceiver}
06-17 11:00:02.269 1257 1282 W ActivityManager: Slow operation: 81ms so far, now at startProcess: starting to update pids map
06-17 11:00:02.273 1257 1282 W ActivityManager: Slow operation: 85ms so far, now at startProcess: done updating pids map
06-17 11:00:02.286 1257 1435 D ActivityManager: package com.android.providers.calendar, user - 0 is SDcard whitelisted
06-17 11:00:02.287 1257 1435 W ActivityManager: wait for provider publish: waiters=1 callerApp=ProcessRecord{e6cb4cf 5404:com.samsung.android.calendar/u0a162} cpr=ContentProviderRecord{a7a3e5c u0 com.android.providers.calendar/.CalendarProvider2}
06-17 11:00:02.374 1257 3389 I ActivityManager: DSS OFF for com.sec.android.daemonapp
06-17 11:00:02.400 5333 5333 E ActivityThread: Failed to find provider info for com.microsoft.yourphonecompanion.contentprovider.featureoverride
06-17 11:00:02.411 1257 1282 W ActivityManager: Slow operation: 130ms so far, now at startProcess: returned from zygote!
06-17 11:00:02.496 1257 3393 D ActivityManager: package com.sec.android.app.fm, user - 0 is SDcard whitelisted
06-17 11:00:02.514 1257 1282 W ActivityManager: Slow operation: 233ms so far, now at startProcess: done updating battery stats
06-17 11:00:02.514 1257 1282 W ActivityManager: Slow operation: 233ms so far, now at startProcess: building log message
06-17 11:00:02.514 1257 1282 I ActivityManager: Start proc 5596:com.android.providers.calendar/u0a103 for content provider {com.android.providers.calendar/com.android.providers.calendar.CalendarProvider2}
06-17 11:00:02.514 1257 1282 W ActivityManager: Slow operation: 233ms so far, now at startProcess: starting to update pids map
06-17 11:00:02.515 1257 1282 W ActivityManager: Slow operation: 234ms so far, now at startProcess: done updating pids map
06-17 11:00:02.517 1257 1907 I ActivityManager: DSS OFF for com.android.providers.calendar
06-17 11:00:02.519 1257 1274 D SettingsProvider: isChangeAllowed() : name = enabled_notification_listeners
06-17 11:00:02.519 1257 1274 D SettingsProvider: isChangeAllowed() : name = enabled_notification_assistant
06-17 11:00:02.520 1257 1274 D SettingsProvider: isChangeAllowed() : name = enabled_notification_policy_access_packages
06-17 11:00:02.531 1257 1483 W Looper : Drained
06-17 11:00:02.535 1257 3387 D ConnectivityService: requestNetwork for uid/pid:10101/4860 NetworkRequest [ TRACK_DEFAULT id=309, [ Capabilities: INTERNET&NOT_RESTRICTED&TRUSTED Uid: 10101] ]
06-17 11:00:02.536 1257 1466 D ConnectivityService: sending new Min Network Score(0): NetworkRequest [ TRACK_DEFAULT id=309, [ Capabilities: INTERNET&NOT_RESTRICTED&TRUSTED Uid: 10101] ]
06-17 11:00:02.559 1257 1907 I Telecom:SamsungTelecomServiceImpl: isInCall - callingPackage : com.android.systemui
06-17 11:00:02.560 1257 1907 I Telecom:SamsungTelecomServiceImpl: isInCall - callingPackage : com.android.systemui
06-17 11:00:02.563 1257 1282 W ActivityManager: Slow operation: 76ms so far, now at startProcess: returned from zygote!
06-17 11:00:02.563 1257 1282 W ActivityManager: Slow operation: 76ms so far, now at startProcess: done updating battery stats
06-17 11:00:02.564 1257 1282 W ActivityManager: Slow operation: 77ms so far, now at startProcess: building log message
06-17 11:00:02.564 1257 1282 I ActivityManager: Start proc 5635:com.sec.android.app.fm/u0a86 for broadcast {com.sec.android.app.fm/com.sec.android.app.fm.widget.RadioWallpaperChangedReceiver}
06-17 11:00:02.564 1257 1282 W ActivityManager: Slow operation: 77ms so far, now at startProcess: starting to update pids map
06-17 11:00:02.564 1257 1282 W ActivityManager: Slow operation: 77ms so far, now at startProcess: done updating pids map
06-17 11:00:02.592 1257 1274 D SettingsProvider: isChangeAllowed() : name = enabled_notification_listeners
06-17 11:00:02.592 1257 1274 D SettingsProvider: isChangeAllowed() : name = enabled_notification_assistant
06-17 11:00:02.593 1257 1274 D SettingsProvider: isChangeAllowed() : name = enabled_notification_policy_access_packages
06-17 11:00:02.608 1257 1274 D SettingsProvider: isChangeAllowed() : name = enabled_notification_listeners
06-17 11:00:02.608 1257 1274 D SettingsProvider: isChangeAllowed() : name = enabled_notification_assistant
06-17 11:00:02.609 1257 1274 D SettingsProvider: isChangeAllowed() : name = enabled_notification_policy_access_packages
06-17 11:00:02.665 1257 2390 D WindowManager: makeSurface duration=3 name=StatusBar$_4971
06-17 11:00:02.676 1257 3480 I ActivityManager: DSS OFF for com.sec.android.app.fm
06-17 11:00:02.698 1257 1274 D SettingsProvider: isChangeAllowed() : name = enabled_notification_listeners
06-17 11:00:02.699 1257 1274 D SettingsProvider: isChangeAllowed() : name = enabled_notification_assistant
06-17 11:00:02.699 1257 1274 D SettingsProvider: isChangeAllowed() : name = enabled_notification_policy_access_packages
06-17 11:00:02.720 1257 1276 I WindowManager: Reparenting to leash, surface=Surface(name=efda2e9 StatusBar)/@0x36c9016
06-17 11:00:02.721 1257 1276 D WindowManager: makeSurface duration=1 leash=Surface(name=Surface(name=efda2e9 StatusBar)/@0x36c9016 - animation-leash)/@0x243d97
06-17 11:00:02.731 1257 3378 D CustomFrequencyManagerService: FrequencyrequestList.getNextSchedTuneBoostRequest, index: 1
06-17 11:00:02.737 1257 1274 D SettingsProvider: isChangeAllowed() : name = enabled_notification_listeners
06-17 11:00:02.737 1257 1274 D SettingsProvider: isChangeAllowed() : name = enabled_notification_assistant
06-17 11:00:02.737 1257 1274 D SettingsProvider: isChangeAllowed() : name = enabled_notification_policy_access_packages
06-17 11:00:02.739 1257 1276 I WindowManager: Reparenting to leash, surface=Surface(name=54a41e3 NavigationBar0)/@0x7542f6d
06-17 11:00:02.739 1257 1276 D WindowManager: makeSurface duration=1 leash=Surface(name=Surface(name=54a41e3 NavigationBar0)/@0x7542f6d - animation-leash)/@0x9997a2
06-17 11:00:02.749 1257 1929 D CustomFrequencyManagerService: FrequencyrequestList.getNextSchedTuneBoostRequest, index: 1
06-17 11:00:02.775 1257 3393 I ActivityManager: Killing 4687:com.sec.android.gallery3d/u0a109 (adj 999): empty #25
06-17 11:00:02.788 1257 1274 D SettingsProvider: isChangeAllowed() : name = enabled_notification_listeners
06-17 11:00:02.788 1257 1274 D SettingsProvider: isChangeAllowed() : name = enabled_notification_assistant
06-17 11:00:02.788 1257 1274 D SettingsProvider: isChangeAllowed() : name = enabled_notification_policy_access_packages
06-17 11:00:02.806 1257 1274 D SettingsProvider: isChangeAllowed() : name = enabled_notification_listeners
06-17 11:00:02.806 1257 1274 D SettingsProvider: isChangeAllowed() : name = enabled_notification_assistant
06-17 11:00:02.808 1257 1274 D SettingsProvider: isChangeAllowed() : name = enabled_notification_policy_access_packages
06-17 11:00:02.824 1257 3355 D ConnectivityService: requestNetwork for uid/pid:10220/4368 NetworkRequest [ TRACK_DEFAULT id=310, [ Capabilities: INTERNET&NOT_RESTRICTED&TRUSTED Uid: 10220] ]
06-17 11:00:02.824 1257 1466 D ConnectivityService: sending new Min Network Score(0): NetworkRequest [ TRACK_DEFAULT id=310, [ Capabilities: INTERNET&NOT_RESTRICTED&TRUSTED Uid: 10220] ]
06-17 11:00:02.855 1257 1906 D SettingsProvider: isChangeAllowed() : name = quickstar_coloring_notification_switch
06-17 11:00:02.855 1257 1906 D SettingsProvider: edmUri: content://com.sec.knox.provider/RestrictionPolicy3
06-17 11:00:02.855 1257 1906 D SettingsProvider: projectionArgs: isSettingsChangesAllowed
06-17 11:00:02.855 1257 1906 D SettingsProvider: selectionArgs: false
06-17 11:00:02.855 1257 1906 D SettingsProvider: selectionArgs: 10054
06-17 11:00:02.856 1257 1906 D SecContentProvider: called from android.uid.systemui:10054
06-17 11:00:02.856 1257 1906 D RestrictionPolicy: isSettingsChangesAllowedAsUser, userId 0 : true
06-17 11:00:02.856 1257 1906 D SettingsProvider: ret = 1
06-17 11:00:02.859 1257 1907 D SettingsProvider: isChangeAllowed() : name = aod_lock_share_page_key_order
06-17 11:00:02.859 1257 1907 D SettingsProvider: edmUri: content://com.sec.knox.provider/RestrictionPolicy3
06-17 11:00:02.859 1257 1907 D SettingsProvider: projectionArgs: isSettingsChangesAllowed
06-17 11:00:02.859 1257 1907 D SettingsProvider: selectionArgs: false
06-17 11:00:02.859 1257 1907 D SettingsProvider: selectionArgs: 10054
06-17 11:00:02.859 1257 1907 D SecContentProvider: called from android.uid.systemui:10054
06-17 11:00:02.859 1257 1907 D RestrictionPolicy: isSettingsChangesAllowedAsUser, userId 0 : true
06-17 11:00:02.860 1257 1907 D SettingsProvider: ret = 1
06-17 11:00:02.932 1257 2112 D ConnectivityService: listenForNetwork for uid/pid:10134/5333 NetworkRequest [ LISTEN id=311, [ Capabilities: INTERNET&NOT_RESTRICTED&TRUSTED&NOT_VPN&FOREGROUND Uid: 10134] ]
06-17 11:00:02.962 1257 1907 D SettingsProvider: isChangeAllowed() : name = sysui_qqs_count
06-17 11:00:02.962 1257 1907 D SettingsProvider: edmUri: content://com.sec.knox.provider/RestrictionPolicy3
06-17 11:00:02.962 1257 1907 D SettingsProvider: projectionArgs: isSettingsChangesAllowed
06-17 11:00:02.962 1257 1907 D SettingsProvider: selectionArgs: false
06-17 11:00:02.962 1257 1907 D SettingsProvider: selectionArgs: 10054
06-17 11:00:02.964 1257 1907 D SecContentProvider: called from android.uid.systemui:10054
06-17 11:00:02.965 1257 1907 D RestrictionPolicy: isSettingsChangesAllowedAsUser, userId 0 : true
06-17 11:00:02.965 1257 1907 D SettingsProvider: ret = 1
06-17 11:00:02.980 1257 1276 I WindowManager: Reparenting to original parent: Surface(name=WindowToken{375cf70 android.os.BinderProxy@a9f22})/@0x5c82614, destroyLeash=true, surface=Surface(name=efda2e9 StatusBar)/@0x36c9016
06-17 11:00:02.996 1257 1276 I WindowManager: Reparenting to original parent: Surface(name=WindowToken{44a0612 android.os.BinderProxy@c113874})/@0x7a549b9, destroyLeash=true, surface=Surface(name=54a41e3 NavigationBar0)/@0x7542f6d
06-17 11:00:03.013 1257 1435 D SettingsProvider: isChangeAllowed() : name = qs_detail_content_primary_text_color
06-17 11:00:03.013 1257 1435 D SettingsProvider: edmUri: content://com.sec.knox.provider/RestrictionPolicy3
06-17 11:00:03.013 1257 1435 D SettingsProvider: projectionArgs: isSettingsChangesAllowed
06-17 11:00:03.013 1257 1435 D SettingsProvider: selectionArgs: false
06-17 11:00:03.013 1257 1435 D SettingsProvider: selectionArgs: 10054
06-17 11:00:03.014 1257 1435 D SecContentProvider: called from android.uid.systemui:10054
06-17 11:00:03.014 1257 1435 D RestrictionPolicy: isSettingsChangesAllowedAsUser, userId 0 : true
06-17 11:00:03.014 1257 1435 D SettingsProvider: ret = 1
06-17 11:00:03.022 1257 2112 D SettingsProvider: isChangeAllowed() : name = qs_detail_content_secondary_text_color
06-17 11:00:03.023 1257 2112 D SettingsProvider: edmUri: content://com.sec.knox.provider/RestrictionPolicy3
06-17 11:00:03.023 1257 2112 D SettingsProvider: projectionArgs: isSettingsChangesAllowed
06-17 11:00:03.023 1257 2112 D SettingsProvider: selectionArgs: false
06-17 11:00:03.023 1257 2112 D SettingsProvider: selectionArgs: 10054
06-17 11:00:03.023 1257 2112 D SecContentProvider: called from android.uid.systemui:10054
06-17 11:00:03.023 1257 2112 D RestrictionPolicy: isSettingsChangesAllowedAsUser, userId 0 : true
06-17 11:00:03.023 1257 2112 D SettingsProvider: ret = 1
06-17 11:00:03.028 1257 1455 D WifiP2pService: P2pDisabledState{ when=0 what=143376 target=com.android.internal.util.StateMachine$SmHandler }
06-17 11:00:03.028 1257 1907 D SettingsProvider: isChangeAllowed() : name = qs_detail_content_primary_text_color
06-17 11:00:03.028 1257 1907 D SettingsProvider: edmUri: content://com.sec.knox.provider/RestrictionPolicy3
06-17 11:00:03.028 1257 1907 D SettingsProvider: projectionArgs: isSettingsChangesAllowed
06-17 11:00:03.028 1257 1907 D SettingsProvider: selectionArgs: false
06-17 11:00:03.028 1257 1907 D SettingsProvider: selectionArgs: 10054
06-17 11:00:03.028 1257 1907 D SecContentProvider: called from android.uid.systemui:10054
06-17 11:00:03.028 1257 1907 D RestrictionPolicy: isSettingsChangesAllowedAsUser, userId 0 : true
06-17 11:00:03.029 1257 1907 D SettingsProvider: ret = 1
06-17 11:00:03.030 1257 2003 D SettingsProvider: isChangeAllowed() : name = qs_detail_content_secondary_text_color
06-17 11:00:03.030 1257 2003 D SettingsProvider: edmUri: content://com.sec.knox.provider/RestrictionPolicy3
06-17 11:00:03.030 1257 2003 D SettingsProvider: projectionArgs: isSettingsChangesAllowed
06-17 11:00:03.030 1257 2003 D SettingsProvider: selectionArgs: false
06-17 11:00:03.030 1257 2003 D SettingsProvider: selectionArgs: 10054
06-17 11:00:03.030 1257 2003 D SecContentProvider: called from android.uid.systemui:10054
06-17 11:00:03.031 1257 1455 D WifiP2pService: P2pDisabledState{ when=0 what=139412 obj=Bundle[mParcelledData.dataSize=224] target=com.android.internal.util.StateMachine$SmHandler }
06-17 11:00:03.031 1257 1455 D WifiP2pService: DefaultState{ when=0 what=139412 obj=Bundle[mParcelledData.dataSize=224] target=com.android.internal.util.StateMachine$SmHandler }
06-17 11:00:03.031 1257 1455 D WifiP2pService: P2pDisabledState{ when=0 what=139360 obj=Bundle[mParcelledData.dataSize=248] target=com.android.internal.util.StateMachine$SmHandler }
06-17 11:00:03.032 1257 1455 D WifiP2pService: DefaultState{ when=-1ms what=139360 obj=Bundle[mParcelledData.dataSize=248] target=com.android.internal.util.StateMachine$SmHandler }
06-17 11:00:03.032 1257 1455 D WifiP2pService: add a new client
06-17 11:00:03.032 1257 2003 D RestrictionPolicy: isSettingsChangesAllowedAsUser, userId 0 : true
06-17 11:00:03.032 1257 2003 D SettingsProvider: ret = 1
06-17 11:00:03.055 1257 2003 I ActivityManager: Killing 4747:com.samsung.android.app.notes/u0a382 (adj 999): empty #25
06-17 11:00:03.073 1257 1274 D SettingsProvider: isChangeAllowed() : name = enabled_notification_listeners
06-17 11:00:03.073 1257 1274 D SettingsProvider: isChangeAllowed() : name = enabled_notification_assistant
06-17 11:00:03.073 1257 1274 D SettingsProvider: isChangeAllowed() : name = enabled_notification_policy_access_packages
06-17 11:00:03.116 1257 2003 I Telecom:SamsungTelecomServiceImpl: getUserSelectedOutgoingPhoneAccount - callingPackage : com.samsung.android.app.telephonyui
06-17 11:00:03.117 1257 3387 I Telecom:SamsungTelecomServiceImpl: getPhoneAccount - PhoneAccountHandle : ComponentInfo{com.android.phone/com.android.services.telephony.TelephonyConnectionService}, ***, UserHandle{0} / callingPid : 24305 / processName : sts
06-17 11:00:03.134 1257 2003 D ActivityManager: package com.samsung.android.messaging, user - 0 is SDcard whitelisted
06-17 11:00:03.143 1257 1435 I Telecom:SamsungTelecomServiceImpl: getCallCapablePhoneAccounts - includeDisabledAccounts : false / callingPackage : com.samsung.android.app.telephonyui
06-17 11:00:03.147 1257 3387 I Telecom:SamsungTelecomServiceImpl: getPhoneAccount - PhoneAccountHandle : ComponentInfo{com.android.phone/com.android.services.telephony.TelephonyConnectionService}, ***, UserHandle{0} / callingPid : 24305 / processName : sts
06-17 11:00:03.155 1257 2003 I Telecom:SamsungTelecomServiceImpl: getUserSelectedOutgoingPhoneAccount - callingPackage : com.samsung.android.app.telephonyui
06-17 11:00:03.156 1257 2112 I Telecom:SamsungTelecomServiceImpl: getPhoneAccount - PhoneAccountHandle : ComponentInfo{com.android.phone/com.android.services.telephony.TelephonyConnectionService}, ***, UserHandle{0} / callingPid : 24305 / processName : sts
06-17 11:00:03.159 1257 1274 D SettingsProvider: isChangeAllowed() : name = enabled_notification_listeners
06-17 11:00:03.159 1257 1274 D SettingsProvider: isChangeAllowed() : name = enabled_notification_assistant
06-17 11:00:03.159 1257 1274 D SettingsProvider: isChangeAllowed() : name = enabled_notification_policy_access_packages
06-17 11:00:03.167 1257 1435 I Telecom:SamsungTelecomServiceImpl: getCallCapablePhoneAccounts - includeDisabledAccounts : false / callingPackage : com.samsung.android.app.telephonyui
06-17 11:00:03.169 1257 3355 I Telecom:SamsungTelecomServiceImpl: getPhoneAccount - PhoneAccountHandle : ComponentInfo{com.android.phone/com.android.services.telephony.TelephonyConnectionService}, ***, UserHandle{0} / callingPid : 24305 / processName : sts
06-17 11:00:03.182 1257 1280 I GameManagerService: PkgInstallationReceiver, onPackageChanged : com.microsoft.skydrive uid : 10101 userID : UserHandle{0}
06-17 11:00:03.183 1257 1282 W ActivityManager: Slow operation: 52ms so far, now at startProcess: returned from zygote!
