06-17 10:59:36.107 1257 1906 D RestrictionPolicy: isSettingsChangesAllowedAsUser, userId 0 : true
06-17 10:59:36.107 1257 1906 D SettingsProvider: ret = 1
06-17 10:59:36.116 1257 2389 D WallpaperManagerService: mDeviceColor:black
06-17 10:59:36.132 1257 1274 D SettingsProvider: isChangeAllowed() : name = enabled_notification_listeners
06-17 10:59:36.133 1257 1274 D SettingsProvider: isChangeAllowed() : name = enabled_notification_assistant
06-17 10:59:36.133 1257 1274 D SettingsProvider: isChangeAllowed() : name = enabled_notification_policy_access_packages
06-17 10:59:36.157 1257 1274 D SettingsProvider: isChangeAllowed() : name = enabled_notification_listeners
06-17 10:59:36.157 1257 1274 D SettingsProvider: isChangeAllowed() : name = enabled_notification_assistant
06-17 10:59:36.158 1257 1274 D SettingsProvider: isChangeAllowed() : name = enabled_notification_policy_access_packages
06-17 10:59:36.160 1257 3383 V WifiDisplayAdapter: getWifiDisplayStatusLocked: result=WifiDisplayStatus{featureState=0, scanState=0, activeDisplayState=0, activeDisplay=null, displays=[], sessionInfo=WifiDisplaySessionInfo:
06-17 10:59:36.160 1257 3383 V WifiDisplayAdapter: Client/Owner: Client
06-17 10:59:36.160 1257 3383 V WifiDisplayAdapter: GroupId:
06-17 10:59:36.160 1257 3383 V WifiDisplayAdapter: Passphrase:
06-17 10:59:36.160 1257 3383 V WifiDisplayAdapter: SessionId: 0
06-17 10:59:36.160 1257 3383 V WifiDisplayAdapter: IP Address: , connectedState=-1}
06-17 10:59:36.167 1257 3383 V WifiDisplayAdapter: getWifiDisplayStatusLocked: result=WifiDisplayStatus{featureState=0, scanState=0, activeDisplayState=0, activeDisplay=null, displays=[], sessionInfo=WifiDisplaySessionInfo:
06-17 10:59:36.167 1257 3383 V WifiDisplayAdapter: Client/Owner: Client
06-17 10:59:36.167 1257 3383 V WifiDisplayAdapter: GroupId:
06-17 10:59:36.167 1257 3383 V WifiDisplayAdapter: Passphrase:
06-17 10:59:36.167 1257 3383 V WifiDisplayAdapter: SessionId: 0
06-17 10:59:36.167 1257 3383 V WifiDisplayAdapter: IP Address: , connectedState=-1}
06-17 10:59:36.172 1257 1274 D SettingsProvider: isChangeAllowed() : name = enabled_notification_listeners
06-17 10:59:36.173 1257 1274 D SettingsProvider: isChangeAllowed() : name = enabled_notification_assistant
06-17 10:59:36.173 1257 1274 D SettingsProvider: isChangeAllowed() : name = enabled_notification_policy_access_packages
06-17 10:59:36.192 1257 1274 D SettingsProvider: isChangeAllowed() : name = enabled_notification_listeners
06-17 10:59:36.193 1257 1274 D SettingsProvider: isChangeAllowed() : name = enabled_notification_assistant
06-17 10:59:36.193 1257 1274 D SettingsProvider: isChangeAllowed() : name = enabled_notification_policy_access_packages
06-17 10:59:36.214 1257 1274 D SettingsProvider: isChangeAllowed() : name = enabled_notification_listeners
06-17 10:59:36.214 1257 1274 D SettingsProvider: isChangeAllowed() : name = enabled_notification_assistant
06-17 10:59:36.214 1257 1274 D SettingsProvider: isChangeAllowed() : name = enabled_notification_policy_access_packages
06-17 10:59:36.224 1257 1906 D ActivityManager: package com.sec.android.daemonapp, user - 0 is SDcard whitelisted
06-17 10:59:36.228 1257 3393 D ActivityTaskManager: setLockScreenShown(true,false) is called from 2400
06-17 10:59:36.229 1257 1275 V UsbDeviceManager: onKeyguardStateChanged: isShowing=true secure=false user=0
06-17 10:59:36.229 1257 1275 D StorageManagerService: onKeyguardStateChanged = false
06-17 10:59:36.229 1257 1272 D UsbDeviceManager: handleMessage -> MSG_UPDATE_SCREEN_LOCK: mScreenLocked=false
06-17 10:59:36.230 1257 1424 I StorageManagerService: handleMessage :{ when=-1ms what=15 target=com.android.server.StorageManagerService$StorageManagerServiceHandler }
06-17 10:59:36.230 1257 1906 I ActivityManager: Killing 32163:com.android.keychain/1000 (adj 999): empty #25
06-17 10:59:36.230 1257 1424 D StorageManagerService: handleMessage :: H_KEYGUARD_CHANGED = 0
06-17 10:59:36.238 1257 1274 D SettingsProvider: isChangeAllowed() : name = enabled_notification_listeners
06-17 10:59:36.243 1257 1274 D SettingsProvider: isChangeAllowed() : name = enabled_notification_assistant
06-17 10:59:36.246 1257 1274 D SettingsProvider: isChangeAllowed() : name = enabled_notification_policy_access_packages
06-17 10:59:36.246 1257 1257 D RestrictionPolicy: isSettingsChangesAllowedAsUser, userId 0 : true
06-17 10:59:36.247 1257 1257 D RestrictionPolicy: isAirplaneModeAllowed : true
06-17 10:59:36.247 1257 1257 D RestrictionPolicy: isCellularDataAllowed: true
06-17 10:59:36.248 1257 1257 D RestrictionPolicy: isNFCEnabled : true
06-17 10:59:36.248 1257 1257 D RestrictionPolicy: isWifiTetheringEnabled : true
06-17 10:59:36.259 1257 1282 I ActivityManager: Start proc 2507:com.sec.android.daemonapp/u0a197 for broadcast {com.sec.android.daemonapp/com.sec.android.daemonapp.appwidget.WidgetBroadcastReceiver}
06-17 10:59:36.263 1257 3383 D PowerManagerService: [api] setDozeAfterScreenOff: true (uid: 10054 pid: 2400)
06-17 10:59:36.265 1257 1274 D SettingsProvider: isChangeAllowed() : name = enabled_notification_listeners
06-17 10:59:36.265 1257 1274 D SettingsProvider: isChangeAllowed() : name = enabled_notification_assistant
06-17 10:59:36.265 1257 1274 D SettingsProvider: isChangeAllowed() : name = enabled_notification_policy_access_packages
06-17 10:59:36.273 1257 1929 D SettingsProvider: isChangeAllowed() : name = lockstar_facewidget_area
06-17 10:59:36.273 1257 1929 D SettingsProvider: edmUri: content://com.sec.knox.provider/RestrictionPolicy3
06-17 10:59:36.273 1257 1929 D SettingsProvider: projectionArgs: isSettingsChangesAllowed
06-17 10:59:36.273 1257 1929 D SettingsProvider: selectionArgs: false
06-17 10:59:36.273 1257 1929 D SettingsProvider: selectionArgs: 10054
06-17 10:59:36.273 1257 1929 D SecContentProvider: called from android.uid.systemui:10054
06-17 10:59:36.274 1257 1929 D RestrictionPolicy: isSettingsChangesAllowedAsUser, userId 0 : true
06-17 10:59:36.274 1257 1929 D SettingsProvider: ret = 1
06-17 10:59:36.284 1257 2389 D WallpaperManagerService: which : 2, return type : 8 (called by userId= 0)
06-17 10:59:36.286 1257 1274 D SettingsProvider: isChangeAllowed() : name = enabled_notification_listeners
06-17 10:59:36.287 1257 1274 D SettingsProvider: isChangeAllowed() : name = enabled_notification_assistant
06-17 10:59:36.287 1257 1929 D WallpaperManagerService: WallpaperManagerCallbackClient android.app.IWallpaperManagerCallback$Stub$Proxy@d507c31
06-17 10:59:36.287 1257 1274 D SettingsProvider: isChangeAllowed() : name = enabled_notification_policy_access_packages
06-17 10:59:36.289 1257 3378 D SettingsProvider: isChangeAllowed() : name = white_lockscreen_wallpaper
06-17 10:59:36.289 1257 3378 D SettingsProvider: WALLPAPER_FONT_THEME : white_lockscreen_wallpaper is allowed
06-17 10:59:36.291 1257 3378 D SettingsProvider: isChangeAllowed() : name = white_lockscreen_statusbar
06-17 10:59:36.291 1257 3378 D SettingsProvider: WALLPAPER_FONT_THEME : white_lockscreen_statusbar is allowed
06-17 10:59:36.291 1257 2389 I ActivityManager: DSS OFF for com.sec.android.daemonapp
06-17 10:59:36.293 1257 1435 D SettingsProvider: isChangeAllowed() : name = white_lockscreen_navigationbar
06-17 10:59:36.294 1257 1435 D SettingsProvider: WALLPAPER_FONT_THEME : white_lockscreen_navigationbar is allowed
06-17 10:59:36.335 1257 2389 D SettingsProvider: isChangeAllowed() : name = navigation_mode
06-17 10:59:36.335 1257 2389 D SettingsProvider: edmUri: content://com.sec.knox.provider/RestrictionPolicy3
06-17 10:59:36.335 1257 2389 D SettingsProvider: projectionArgs: isSettingsChangesAllowed
06-17 10:59:36.335 1257 2389 D SettingsProvider: selectionArgs: false
06-17 10:59:36.335 1257 2389 D SettingsProvider: selectionArgs: 10054
06-17 10:59:36.336 1257 2389 D SecContentProvider: called from android.uid.systemui:10054
06-17 10:59:36.336 1257 2389 D RestrictionPolicy: isSettingsChangesAllowedAsUser, userId 0 : true
06-17 10:59:36.336 1257 2389 D SettingsProvider: ret = 1
06-17 10:59:36.415 1257 1278 E Watchdog: !@Sync 10 [2026-06-17 10:59:36.415] FD count : 753, wdog_way : None
06-17 10:59:36.562 1257 3378 D ConnectivityService: listenForNetwork for uid/pid:10054/2400 NetworkRequest [ LISTEN id=280, [ Transports: WIFI Capabilities: NOT_VPN] ]
06-17 10:59:36.567 1257 3378 D ConnectivityService: requestNetwork for uid/pid:10054/2400 NetworkRequest [ TRACK_DEFAULT id=281, [ Capabilities: INTERNET&NOT_RESTRICTED&TRUSTED Uid: 10054] ]
06-17 10:59:36.568 1257 1466 D ConnectivityService: sending new Min Network Score(0): NetworkRequest [ TRACK_DEFAULT id=281, [ Capabilities: INTERNET&NOT_RESTRICTED&TRUSTED Uid: 10054] ]
06-17 10:59:36.578 1257 1435 I Telecom:SamsungTelecomServiceImpl: getCallState - callingPid : 2400 / processName : sts
06-17 10:59:36.591 1257 3383 I Telecom:SamsungTelecomServiceImpl: getCallState - callingPid : 2400 / processName : sts
06-17 10:59:36.592 1257 1435 D ActivityManager: package com.sec.android.widgetapp.easymodecontactswidget, user - 0 is SDcard whitelisted
06-17 10:59:36.596 1257 1435 I ActivityManager: Killing 1862:com.microsoft.appmanager/u0a134 (adj 999): empty #25
06-17 10:59:36.633 1257 1282 I ActivityManager: Start proc 2621:com.sec.android.widgetapp.easymodecontactswidget/u0a185 for broadcast {com.sec.android.widgetapp.easymodecontactswidget/com.sec.android.widgetapp.easymodecontactswidget.SeniorFavoriteWidgetProviderLarge}
06-17 10:59:36.638 1257 1906 D WindowManager: notifyMovementBoundsChanged: insetRect(42, 125 - 1038, 2232), normalRect(533, 1948 - 1038, 2232), animatingRect(533, 1948 - 1038, 2232), fromIme=false, fromShelffalse, rot=0
06-17 10:59:36.647 1257 2389 I StatusBarManagerService: registerStatusBar bar=com.android.internal.statusbar.IStatusBar$Stub$Proxy@c1bf014
06-17 10:59:36.665 1257 1906 I ActivityManager: DSS OFF for com.sec.android.widgetapp.easymodecontactswidget
06-17 10:59:36.668 1257 2389 D SettingsProvider: isChangeAllowed() : name = navigation_bar_gesture_disabled_by_policy
06-17 10:59:36.668 1257 2389 D SettingsProvider: edmUri: content://com.sec.knox.provider/RestrictionPolicy3
06-17 10:59:36.668 1257 2389 D SettingsProvider: projectionArgs: isSettingsChangesAllowed
06-17 10:59:36.668 1257 2389 D SettingsProvider: selectionArgs: false
06-17 10:59:36.668 1257 2389 D SettingsProvider: selectionArgs: 10054
06-17 10:59:36.669 1257 2389 D SecContentProvider: called from android.uid.systemui:10054
06-17 10:59:36.669 1257 3355 D ConnectivityService: ConnectivityService NetworkRequestInfo binderDied(NetworkRequest [ LISTEN id=279, [ Capabilities: INTERNET&NOT_RESTRICTED&TRUSTED&NOT_VPN&FOREGROUND Uid: 10134] ], android.os.BinderProxy@8d1f980)
06-17 10:59:36.669 1257 2389 D RestrictionPolicy: isSettingsChangesAllowedAsUser, userId 0 : true
06-17 10:59:36.669 1257 2389 D SettingsProvider: ret = 1
06-17 10:59:36.669 1257 1466 D ConnectivityService: releasing NetworkRequest [ LISTEN id=279, [ Capabilities: INTERNET&NOT_RESTRICTED&TRUSTED&NOT_VPN&FOREGROUND Uid: 10134] ] (release request)
06-17 10:59:36.670 1257 1455 D WifiP2pService: P2pDisabledState{ when=-1ms what=143378 obj=android.os.BinderProxy@2a89e41 target=com.android.internal.util.StateMachine$SmHandler }
06-17 10:59:36.670 1257 1455 D WifiP2pService: Remove client - com.microsoft.appmanager
06-17 10:59:36.679 1257 1435 D SettingsProvider: isChangeAllowed() : name = navigationbar_color
06-17 10:59:36.680 1257 1435 D SettingsProvider: edmUri: content://com.sec.knox.provider/RestrictionPolicy3
06-17 10:59:36.680 1257 1435 D SettingsProvider: projectionArgs: isSettingsChangesAllowed
06-17 10:59:36.680 1257 1435 D SettingsProvider: selectionArgs: false
06-17 10:59:36.680 1257 1435 D SettingsProvider: selectionArgs: 10054
06-17 10:59:36.680 1257 1435 D SecContentProvider: called from android.uid.systemui:10054
06-17 10:59:36.680 1257 1435 D RestrictionPolicy: isSettingsChangesAllowedAsUser, userId 0 : true
06-17 10:59:36.680 1257 1435 D SettingsProvider: ret = 1
06-17 10:59:36.681 1257 3355 D SettingsProvider: isChangeAllowed() : name = navigationbar_current_color
06-17 10:59:36.681 1257 3355 D SettingsProvider: edmUri: content://com.sec.knox.provider/RestrictionPolicy3
06-17 10:59:36.681 1257 3355 D SettingsProvider: projectionArgs: isSettingsChangesAllowed
06-17 10:59:36.681 1257 3355 D SettingsProvider: selectionArgs: false
06-17 10:59:36.681 1257 3355 D SettingsProvider: selectionArgs: 10054
06-17 10:59:36.681 1257 3355 D SecContentProvider: called from android.uid.systemui:10054
06-17 10:59:36.681 1257 3355 D RestrictionPolicy: isSettingsChangesAllowedAsUser, userId 0 : true
06-17 10:59:36.681 1257 3355 D SettingsProvider: ret = 1
06-17 10:59:36.685 1257 3460 D SettingsProvider: isChangeAllowed() : name = icon_blacklist
06-17 10:59:36.685 1257 3460 D SettingsProvider: edmUri: content://com.sec.knox.provider/RestrictionPolicy3
06-17 10:59:36.685 1257 3460 D SettingsProvider: projectionArgs: isSettingsChangesAllowed
06-17 10:59:36.685 1257 3460 D SettingsProvider: selectionArgs: false
06-17 10:59:36.685 1257 3460 D SettingsProvider: selectionArgs: 10054
06-17 10:59:36.686 1257 3460 D SecContentProvider: called from android.uid.systemui:10054
06-17 10:59:36.686 1257 3460 D RestrictionPolicy: isSettingsChangesAllowedAsUser, userId 0 : true
06-17 10:59:36.686 1257 3460 D SettingsProvider: ret = 1
06-17 10:59:36.693 3346 3751 D SDHMS:com.sec.android.sdhms.thermal.siop.y: SIOP:: AP:523(508,0) BAT:334(334,0) CHG:491(491,0) USB:0(0,0) WIFI:377(429,50) PA:397(445,50) BLK:0(0,0) LRP:437(437,0) LRF:414(414) LRB:437(437)
06-17 10:59:36.694 3346 3751 D qa : broadcastCheckSiopLvIntent:: curLevel = 3
06-17 10:59:36.715 1257 3355 D WallpaperManagerService: which : 2, return type : 8 (called by userId= 0)
06-17 10:59:36.717 1257 1906 D WallpaperManagerService: getVideoFilePath userId=0 path=
06-17 10:59:36.717 1257 1906 D WallpaperManagerService: getVideoFilePath userId=0 pkg=com.android.systemui which= 2
06-17 10:59:36.717 1257 1906 D WallpaperManagerService: getVideoColor userId=0, which = 2, videoColor=black
06-17 10:59:36.745 1257 1435 D ActivityManager: package com.samsung.android.app.notes, user - 0 is SDcard whitelisted
06-17 10:59:36.747 1257 1435 I ActivityManager: Killing 1804:com.samsung.android.mobileservice/u0a107 (adj 999): empty #25
06-17 10:59:36.767 1257 1282 I ActivityManager: Start proc 2655:com.samsung.android.app.notes/u0a382 for broadcast {com.samsung.android.app.notes/com.samsung.android.app.notes.widget.WidgetToolBarProvider}
06-17 10:59:36.804 1257 1435 I ActivityManager: DSS OFF for com.samsung.android.app.notes
06-17 10:59:36.916 1257 1435 I Telecom:SamsungTelecomServiceImpl: isInCall - callingPackage : com.android.systemui
06-17 10:59:36.942 1257 1435 D SettingsProvider: isChangeAllowed() : name = flashlight_available
06-17 10:59:36.942 1257 1435 D SettingsProvider: edmUri: content://com.sec.knox.provider/RestrictionPolicy3
06-17 10:59:36.942 1257 1435 D SettingsProvider: projectionArgs: isSettingsChangesAllowed
06-17 10:59:36.942 1257 1435 D SettingsProvider: selectionArgs: false
06-17 10:59:36.942 1257 1435 D SettingsProvider: selectionArgs: 10054
06-17 10:59:36.942 1257 1435 D SecContentProvider: called from android.uid.systemui:10054
06-17 10:59:36.942 1257 1435 D RestrictionPolicy: isSettingsChangesAllowedAsUser, userId 0 : true
06-17 10:59:36.943 1257 1435 D SettingsProvider: ret = 1
06-17 10:59:36.944 1257 1435 D SettingsProvider: isChangeAllowed() : name = flashlight_enabled
06-17 10:59:36.944 1257 1435 D SettingsProvider: edmUri: content://com.sec.knox.provider/RestrictionPolicy3
06-17 10:59:36.944 1257 1435 D SettingsProvider: projectionArgs: isSettingsChangesAllowed
06-17 10:59:36.944 1257 1435 D SettingsProvider: selectionArgs: false
06-17 10:59:36.944 1257 1435 D SettingsProvider: selectionArgs: 10054
06-17 10:59:36.945 1257 1435 D SecContentProvider: called from android.uid.systemui:10054
06-17 10:59:36.945 1257 1435 D RestrictionPolicy: isSettingsChangesAllowedAsUser, userId 0 : true
06-17 10:59:36.945 1257 1435 D SettingsProvider: ret = 1
06-17 10:59:36.988 1257 3355 D SettingsProvider: isChangeAllowed() : name = face_widget_res_id
06-17 10:59:36.988 1257 3355 D SettingsProvider: edmUri: content://com.sec.knox.provider/RestrictionPolicy3
06-17 10:59:36.988 1257 3355 D SettingsProvider: projectionArgs: isSettingsChangesAllowed
06-17 10:59:36.988 1257 3355 D SettingsProvider: selectionArgs: false
06-17 10:59:36.988 1257 3355 D SettingsProvider: selectionArgs: 10054
06-17 10:59:36.988 1257 3355 D SecContentProvider: called from android.uid.systemui:10054
06-17 10:59:36.988 1257 3355 D RestrictionPolicy: isSettingsChangesAllowedAsUser, userId 0 : true
06-17 10:59:36.988 1257 3355 D SettingsProvider: ret = 1
06-17 10:59:36.989 1257 2390 D SettingsProvider: isChangeAllowed() : name = face_widget_order
06-17 10:59:36.990 1257 2390 D SettingsProvider: edmUri: content://com.sec.knox.provider/RestrictionPolicy3
06-17 10:59:36.990 1257 2390 D SettingsProvider: projectionArgs: isSettingsChangesAllowed
06-17 10:59:36.990 1257 2390 D SettingsProvider: selectionArgs: false
06-17 10:59:36.990 1257 2390 D SettingsProvider: selectionArgs: 10054
06-17 10:59:36.990 1257 2390 D SecContentProvider: called from android.uid.systemui:10054
06-17 10:59:36.990 1257 2390 D RestrictionPolicy: isSettingsChangesAllowedAsUser, userId 0 : true
06-17 10:59:36.990 1257 2390 D SettingsProvider: ret = 1
06-17 10:59:37.039 1257 1435 D ActivityManager: package com.sec.android.app.sbrowser, user - 0 is SDcard whitelisted
06-17 10:59:37.042 1257 1435 I ActivityManager: Killing 1626:com.osp.app.signin/u0a104 (adj 999): empty #25
06-17 10:59:37.060 2400 2400 D StatusBar: sw screen_mode_setting : 0
06-17 10:59:37.063 1257 1282 I ActivityManager: Start proc 2714:com.sec.android.app.sbrowser/u0a236 for broadcast {com.sec.android.app.sbrowser/com.sec.android.app.sbrowser.DeviceWallpaperChangedReceiver}
06-17 10:59:37.071 1257 1435 D WindowManager: setKeyguardOccluded occluded=false
06-17 10:59:37.094 1257 1435 I ActivityManager: DSS OFF for com.sec.android.app.sbrowser
06-17 10:59:37.192 1257 1906 I Telecom:SamsungTelecomServiceImpl: @hide @test getCurrentTtyMode - callingPackage : com.android.systemui
06-17 10:59:37.204 1257 1906 D ConnectivityService: listenForNetwork for uid/pid:10054/2400 NetworkRequest [ LISTEN id=282, [] ]
06-17 10:59:37.209 1257 1906 D ActivityManager: package com.android.keychain, user - 0 is SDcard whitelisted
06-17 10:59:37.228 1257 1282 I ActivityManager: Start proc 2743:com.android.keychain/1000 for service {com.android.keychain/com.android.keychain.KeyChainService}
06-17 10:59:37.233 1257 1906 D StatusBarManagerService: setPanelExpandStateToType : state = false, barType = 0
06-17 10:59:37.239 1257 1906 D OverlayManager: Skipped idmap creation for android and com.samsung.systemui.hidenotch.withoutcornerround
06-17 10:59:37.245 1257 1906 D OverlayManager: Skipped idmap creation for android and com.samsung.systemui.hidenotch
06-17 10:59:37.251 1257 1906 D OverlayManager: Skipped idmap creation for android and com.samsung.systemui.hidenotch.withoutcornerround
06-17 10:59:37.262 1257 3355 I ActivityManager: DSS OFF for com.android.keychain
06-17 10:59:37.290 1257 3355 D WindowManager: notifyMovementBoundsChanged: insetRect(42, 125 - 1038, 2232), normalRect(533, 1948 - 1038, 2232), animatingRect(533, 1948 - 1038, 2232), fromIme=false, fromShelffalse, rot=0
06-17 10:59:37.338 3154 3154 W ContextImpl: Calling a method in the system process without a qualified user: android.app.ContextImpl.startService:1632 android.content.ContextWrapper.startService:683 android.content.ContextWrapper.startService:683 com.sec.android.diagmonagent.sa.receiver.CFLogReceiver.sendCFLog:23 com.sec.android.diagmonagent.sa.receiver.CFLogReceiver.onReceive:15
06-17 10:59:37.339 1257 2390 I ActivityManager: Killing 1934:com.google.process.gservices/u0a215 (adj 999): empty #25
06-17 10:59:37.365 1257 3355 D ActivityManager: package com.sec.android.provider.badge, user - 0 is SDcard whitelisted
06-17 10:59:37.389 1257 1282 I ActivityManager: Start proc 2802:com.sec.android.provider.badge/u0a59 for broadcast {com.sec.android.provider.badge/com.sec.android.provider.badge.BadgeCountReceiver}
06-17 10:59:37.392 1257 2112 D WindowManager: makeSurface duration=4 name=ScreenDecorOverlay$_2400
06-17 10:59:37.395 2400 2400 D StatusBar: sw screen_mode_setting : 0
06-17 10:59:37.405 1257 1257 W WallpaperManagerService: Wallpaper onServiceConnected : ComponentInfo{com.android.systemui/com.android.systemui.ImageWallpaper}
06-17 10:59:37.406 1257 1257 W WindowManager: addWindowToken: Attempted to add binder token: android.os.Binder@248a855 for already created window token: WallpaperWindowToken{18297f8 token=android.os.Binder@248a855} displayId=0
06-17 10:59:37.407 1257 1257 D WallpaperManagerService: .xml file : width=2400 height=2400 name= component=null
06-17 10:59:37.407 1257 1257 D WallpaperManagerService: service : width=-1 height=-1 name= component=ComponentInfo{com.android.systemui/com.android.systemui.ImageWallpaper}
06-17 10:59:37.407 1257 1257 D WallpaperManagerService: Different wallpaper
06-17 10:59:37.407 1257 1257 D WallpaperManagerService: saveSettingsLockedInternal mode = 0
06-17 10:59:37.411 1257 1257 W WallpaperManagerService: Wallpaper onServiceConnected : ComponentInfo{com.android.systemui/com.android.systemui.ImageWallpaper}
06-17 10:59:37.412 1257 1257 D WallpaperManagerService: .xml file : width=2400 height=2400 name= component=null
06-17 10:59:37.412 1257 1257 D WallpaperManagerService: service : width=-1 height=-1 name= component=ComponentInfo{com.android.systemui/com.android.systemui.ImageWallpaper}
06-17 10:59:37.412 1257 1257 D WallpaperManagerService: Different wallpaper
06-17 10:59:37.412 1257 1257 D WallpaperManagerService: saveSettingsLockedInternal mode = 0
06-17 10:59:37.425 1257 3355 D WallpaperManagerService: which : 2, return type : 8 (called by userId= 0)
06-17 10:59:37.428 1257 3355 D WallpaperManagerService: getVideoColor userId=0, which = 2, videoColor=black
06-17 10:59:37.428 1257 3355 D WallpaperManagerService: getVideoFilePath userId=0 path=
06-17 10:59:37.429 1257 3355 D WallpaperManagerService: getVideoFilePath userId=0 pkg=com.android.systemui which= 2
06-17 10:59:37.439 1257 3355 I ActivityManager: DSS OFF for com.sec.android.provider.badge
06-17 10:59:37.468 1257 2390 D PowerManagerService: [api] userActivity : event: 0 flags: 0 (uid: 10054 pid: 2400) eventTime = 313813
06-17 10:59:37.473 1257 1435 D WindowManager: makeSurface duration=3 name=ScreenDecorOverlayBottom$_2400
06-17 10:59:37.520 1257 3460 D WindowManager: makeSurface duration=2 name=NavigationBar0$_2400
06-17 10:59:37.568 24447 24447 W ContextImpl: Calling a method in the system process without a qualified user: android.app.ContextImpl.startService:1632 android.content.ContextWrapper.startService:683 com.samsung.android.sm.battery.receiver.BatteryReceiver.c:6 com.samsung.android.sm.battery.receiver.BatteryReceiver.onReceive:16 android.app.ActivityThread.handleReceiver:4111
06-17 10:59:37.574 1257 3460 W BroadcastQueue: Background execution not allowed: receiving Intent { act=android.intent.action.DROPBOX_ENTRY_ADDED flg=0x10 (has extras) } to com.google.android.gms/.stats.service.DropBoxEntryAddedReceiver
06-17 10:59:37.581 1257 1281 D ActivityManager: package com.samsung.android.dqagent, user - 0 is SDcard whitelisted
06-17 10:59:37.611 1257 1282 I ActivityManager: Start proc 2866:com.samsung.android.dqagent/1000 for broadcast {com.samsung.android.dqagent/com.samsung.android.dqagent.receiver.DQADataReceiver}
06-17 10:59:37.639 1257 1483 W Looper : Drained
06-17 10:59:37.663 1257 3460 I ActivityManager: Killing 32697:com.samsung.android.messaging/u0a114 (adj 999): empty #25
06-17 10:59:37.669 1257 1435 I ActivityManager: DSS OFF for com.samsung.android.dqagent
06-17 10:59:37.709 1257 1435 I Telecom:SamsungTelecomServiceImpl: isInCall - callingPackage : com.android.systemui
06-17 10:59:37.711 1257 1435 I Telecom:SamsungTelecomServiceImpl: isInCall - callingPackage : com.android.systemui
06-17 10:59:37.752 1257 2390 D WindowManager: makeSurface duration=1 name=StatusBar$_2400
06-17 10:59:37.792 1257 1276 I WindowManager: Reparenting to leash, surface=Surface(name=269f70 StatusBar)/@0x3a68b74
06-17 10:59:37.794 1257 1276 D WindowManager: makeSurface duration=2 leash=Surface(name=Surface(name=269f70 StatusBar)/@0x3a68b74 - animation-leash)/@0xc1ee89d
06-17 10:59:37.802 1257 1929 D CustomFrequencyManagerService: FrequencyrequestList.getNextSchedTuneBoostRequest, index: 1
06-17 10:59:37.802 1257 1276 I WindowManager: Reparenting to leash, surface=Surface(name=25c2341 NavigationBar0)/@0x1d1f0e3
06-17 10:59:37.803 1257 1276 D WindowManager: makeSurface duration=1 leash=Surface(name=Surface(name=25c2341 NavigationBar0)/@0x1d1f0e3 - animation-leash)/@0x5aeae0
06-17 10:59:37.819 1257 3460 D CustomFrequencyManagerService: FrequencyrequestList.getNextSchedTuneBoostRequest, index: 1
06-17 10:59:37.897 1257 1612 D SettingsProvider: isChangeAllowed() : name = quickstar_coloring_notification_switch
06-17 10:59:37.898 1257 1612 D SettingsProvider: edmUri: content://com.sec.knox.provider/RestrictionPolicy3
06-17 10:59:37.898 1257 1612 D SettingsProvider: projectionArgs: isSettingsChangesAllowed
06-17 10:59:37.898 1257 1612 D SettingsProvider: selectionArgs: false
06-17 10:59:37.898 1257 1612 D SettingsProvider: selectionArgs: 10054
06-17 10:59:37.898 1257 1612 D SecContentProvider: called from android.uid.systemui:10054
06-17 10:59:37.898 1257 1612 D RestrictionPolicy: isSettingsChangesAllowedAsUser, userId 0 : true
06-17 10:59:37.899 1257 1612 D SettingsProvider: ret = 1
06-17 10:59:37.904 1257 1612 D SettingsProvider: isChangeAllowed() : name = aod_lock_share_page_key_order
06-17 10:59:37.904 1257 1612 D SettingsProvider: edmUri: content://com.sec.knox.provider/RestrictionPolicy3
06-17 10:59:37.904 1257 1612 D SettingsProvider: projectionArgs: isSettingsChangesAllowed
06-17 10:59:37.904 1257 1612 D SettingsProvider: selectionArgs: false
06-17 10:59:37.904 1257 1612 D SettingsProvider: selectionArgs: 10054
06-17 10:59:37.904 1257 1612 D SecContentProvider: called from android.uid.systemui:10054
06-17 10:59:37.904 1257 1612 D RestrictionPolicy: isSettingsChangesAllowedAsUser, userId 0 : true
06-17 10:59:37.905 1257 1612 D SettingsProvider: ret = 1
06-17 10:59:38.004 1257 1435 D SettingsProvider: isChangeAllowed() : name = sysui_qqs_count
06-17 10:59:38.004 1257 1435 D SettingsProvider: edmUri: content://com.sec.knox.provider/RestrictionPolicy3
06-17 10:59:38.004 1257 1435 D SettingsProvider: projectionArgs: isSettingsChangesAllowed
06-17 10:59:38.004 1257 1435 D SettingsProvider: selectionArgs: false
06-17 10:59:38.004 1257 1435 D SettingsProvider: selectionArgs: 10054
06-17 10:59:38.005 1257 1435 D SecContentProvider: called from android.uid.systemui:10054
06-17 10:59:38.005 1257 1435 D RestrictionPolicy: isSettingsChangesAllowedAsUser, userId 0 : true
06-17 10:59:38.005 1257 1435 D SettingsProvider: ret = 1
06-17 10:59:38.034 1257 3460 D ActivityManager: package com.samsung.android.themestore, user - 0 is SDcard whitelisted
06-17 10:59:38.038 1257 1929 D SettingsProvider: isChangeAllowed() : name = qs_detail_content_primary_text_color
06-17 10:59:38.038 1257 1929 D SettingsProvider: edmUri: content://com.sec.knox.provider/RestrictionPolicy3
06-17 10:59:38.038 1257 1929 D SettingsProvider: projectionArgs: isSettingsChangesAllowed
06-17 10:59:38.038 1257 1929 D SettingsProvider: selectionArgs: false
06-17 10:59:38.038 1257 1929 D SettingsProvider: selectionArgs: 10054
06-17 10:59:38.038 1257 1929 D SecContentProvider: called from android.uid.systemui:10054
06-17 10:59:38.039 1257 1929 D RestrictionPolicy: isSettingsChangesAllowedAsUser, userId 0 : true
06-17 10:59:38.039 1257 1929 D SettingsProvider: ret = 1
06-17 10:59:38.041 1257 3460 D SettingsProvider: isChangeAllowed() : name = qs_detail_content_secondary_text_color
06-17 10:59:38.041 1257 3460 D SettingsProvider: edmUri: content://com.sec.knox.provider/RestrictionPolicy3
06-17 10:59:38.041 1257 3460 D SettingsProvider: projectionArgs: isSettingsChangesAllowed
06-17 10:59:38.041 1257 3460 D SettingsProvider: selectionArgs: false
06-17 10:59:38.041 1257 3460 D SettingsProvider: selectionArgs: 10054
06-17 10:59:38.041 1257 3460 D SecContentProvider: called from android.uid.systemui:10054
06-17 10:59:38.042 1257 3460 D RestrictionPolicy: isSettingsChangesAllowedAsUser, userId 0 : true
06-17 10:59:38.042 1257 3460 D SettingsProvider: ret = 1
06-17 10:59:38.051 1257 3460 D SettingsProvider: isChangeAllowed() : name = qs_detail_content_primary_text_color
06-17 10:59:38.051 1257 3460 D SettingsProvider: edmUri: content://com.sec.knox.provider/RestrictionPolicy3
06-17 10:59:38.051 1257 3460 D SettingsProvider: projectionArgs: isSettingsChangesAllowed
06-17 10:59:38.051 1257 1276 I WindowManager: Reparenting to original parent: Surface(name=WindowToken{8005db3 android.os.BinderProxy@68e34ed})/@0xecf35f8, destroyLeash=true, surface=Surface(name=269f70 StatusBar)/@0x3a68b74
06-17 10:59:38.051 1257 3460 D SettingsProvider: selectionArgs: false
06-17 10:59:38.051 1257 3460 D SettingsProvider: selectionArgs: 10054
06-17 10:59:38.052 1257 3460 D SecContentProvider: called from android.uid.systemui:10054
06-17 10:59:38.053 1257 3460 D RestrictionPolicy: isSettingsChangesAllowedAsUser, userId 0 : true
06-17 10:59:38.053 1257 3460 D SettingsProvider: ret = 1
06-17 10:59:38.056 1257 3460 D SettingsProvider: isChangeAllowed() : name = qs_detail_content_secondary_text_color
06-17 10:59:38.057 1257 3460 D SettingsProvider: edmUri: content://com.sec.knox.provider/RestrictionPolicy3
06-17 10:59:38.057 1257 3460 D SettingsProvider: projectionArgs: isSettingsChangesAllowed
06-17 10:59:38.057 1257 3460 D SettingsProvider: selectionArgs: false
06-17 10:59:38.057 1257 3460 D SettingsProvider: selectionArgs: 10054
06-17 10:59:38.057 1257 3460 D SecContentProvider: called from android.uid.systemui:10054
06-17 10:59:38.058 1257 3460 D RestrictionPolicy: isSettingsChangesAllowedAsUser, userId 0 : true
06-17 10:59:38.058 1257 3460 D SettingsProvider: ret = 1
06-17 10:59:38.066 1257 1282 I ActivityManager: Start proc 2918:com.samsung.android.themestore/u0a131 for broadcast {com.samsung.android.themestore/com.samsung.android.themestore.receiver.SmpEventReceiver}
06-17 10:59:38.069 1257 1276 I WindowManager: Reparenting to original parent: Surface(name=WindowToken{7273a28 android.os.BinderProxy@a2b2d1a})/@0x530330d, destroyLeash=true, surface=Surface(name=25c2341 NavigationBar0)/@0x1d1f0e3
06-17 10:59:38.105 1257 1435 I ActivityManager: DSS OFF for com.samsung.android.themestore
06-17 10:59:38.143 1257 1929 I Telecom:SamsungTelecomServiceImpl: getUserSelectedOutgoingPhoneAccount - callingPackage : com.samsung.android.app.telephonyui
06-17 10:59:38.145 1257 1929 I Telecom:SamsungTelecomServiceImpl: getPhoneAccount - PhoneAccountHandle : ComponentInfo{com.android.phone/com.android.services.telephony.TelephonyConnectionService}, ***, UserHandle{0} / callingPid : 24305 / processName : sts
06-17 10:59:38.158 1257 2390 I Telecom:SamsungTelecomServiceImpl: getCallCapablePhoneAccounts - includeDisabledAccounts : false / callingPackage : com.samsung.android.app.telephonyui
06-17 10:59:38.159 1257 2390 I Telecom:SamsungTelecomServiceImpl: getPhoneAccount - PhoneAccountHandle : ComponentInfo{com.android.phone/com.android.services.telephony.TelephonyConnectionService}, ***, UserHandle{0} / callingPid : 24305 / processName : sts
06-17 10:59:38.163 1257 2390 I Telecom:SamsungTelecomServiceImpl: getUserSelectedOutgoingPhoneAccount - callingPackage : com.samsung.android.app.telephonyui
06-17 10:59:38.164 1257 2390 I Telecom:SamsungTelecomServiceImpl: getPhoneAccount - PhoneAccountHandle : ComponentInfo{com.android.phone/com.android.services.telephony.TelephonyConnectionService}, ***, UserHandle{0} / callingPid : 24305 / processName : sts
06-17 10:59:38.174 1257 1929 I Telecom:SamsungTelecomServiceImpl: getCallCapablePhoneAccounts - includeDisabledAccounts : false / callingPackage : com.samsung.android.app.telephonyui
06-17 10:59:38.176 1257 1929 I Telecom:SamsungTelecomServiceImpl: getPhoneAccount - PhoneAccountHandle : ComponentInfo{com.android.phone/com.android.services.telephony.TelephonyConnectionService}, ***, UserHandle{0} / callingPid : 24305 / processName : sts
06-17 10:59:38.498 1257 1274 D SettingsProvider: isChangeAllowed() : name = enabled_notification_listeners
06-17 10:59:38.499 1257 1274 D SettingsProvider: isChangeAllowed() : name = enabled_notification_assistant
06-17 10:59:38.499 1257 1274 D SettingsProvider: isChangeAllowed() : name = enabled_notification_policy_access_packages
06-17 10:59:38.558 1257 1612 W BroadcastQueue: Background execution not allowed: receiving Intent { act=android.intent.action.DROPBOX_ENTRY_ADDED flg=0x10 (has extras) } to com.google.android.gms/.stats.service.DropBoxEntryAddedReceiver
06-17 10:59:38.585 1257 2389 V MARsPolicyManager: onAppWidgetManagerActions pkgName = ru.yandex.searchplugin, action = android.appwidget.action.APPWIDGET_UPDATE, userId = 0
06-17 10:59:38.587 1257 2389 D ActivityManager: package ru.yandex.searchplugin, user - 0 is SDcard whitelisted
06-17 10:59:38.599 1257 1612 I ActivityManager: Killing 1823:com.google.android.setupwizard/u0a218 (adj 999): empty #25
06-17 10:59:38.609 1257 1612 I Telecom:SamsungTelecomServiceImpl: getCallState - callingPid : 2400 / processName : sts
06-17 10:59:38.617 1257 1282 I ActivityManager: Start proc 3000:ru.yandex.searchplugin/u0a251 for broadcast {ru.yandex.searchplugin/ru.yandex.searchplugin.widgets.weather.WeatherNowcastWidget}
06-17 10:59:38.634 1257 1435 D WindowManager: makeSurface duration=2 name=com.android.systemui.ImageWallpaper$_2400
06-17 10:59:38.644 1257 1276 V WindowManager: performShow on Window{c354d97 u0 com.android.systemui.ImageWallpaper}: mDrawState=READY_TO_SHOW readyForDisplay=false starting=false during animation: policyVis=true parentHidden=false tok.hiddenRequested=false tok.hidden=false animating=false tok animating=false Callers=com.android.server.wm.WindowState.performShowLocked:4719 com.android.server.wm.WindowStateAnimator.commitFinishDrawingLocked:401 com.android.server.wm.DisplayContent.lambda$new$8$DisplayContent:990 com.android.server.wm.-$$Lambda$DisplayContent$qxt4izS31fb0LF2uo_OF9DMa7gc.accept:4
06-17 10:59:38.656 1257 1276 V WindowManager: performShow on Window{c354d97 u0 com.android.systemui.ImageWallpaper}: mDrawState=READY_TO_SHOW readyForDisplay=false starting=false during animation: policyVis=true parentHidden=false tok.hiddenRequested=false tok.hidden=false animating=false tok animating=false Callers=com.android.server.wm.WindowState.performShowLocked:4719 com.android.server.wm.DisplayContent.lambda$new$0$DisplayContent:680 com.android.server.wm.-$$Lambda$DisplayContent$0yxrqH9eGY2qTjH1u_BvaVrXCSA.accept:4 com.android.server.wm.WindowContainer$ForAllWindowsConsumerWrapper.apply:1184
06-17 10:59:38.664 1257 1270 I ActivityManager: DSS OFF for ru.yandex.searchplugin
06-17 10:59:38.693 1257 1257 D EdgeLightingManager: isCallingUserSupported : callingUserId=0, mUserId=0, isDualAppId=false
06-17 10:59:38.693 1257 1257 D EdgeLightingManager: showForNotification : isInteractive=true, isHeadUp=false, color=0, sbn = StatusBarNotification(pkg=com.sec.android.daemonapp user=UserHandle{0} id=4914 tag=null key=0|com.sec.android.daemonapp|4914|null|10197: Notification(channel=weather.notification.autoRefresh pri=0 contentView=null vibrate=null sound=null defaults=0x0 flags=0x62 color=0x00000000 category=service vis=PRIVATE semFlags=0x0 semPriority=0 semMissedCount=0))
06-17 10:59:38.693 1257 1257 D EdgeLightingClientManager: isAvailableEdgeLighting: condition=1 mCondition=3 mIsConnected=false0
06-17 10:59:38.693 1257 1257 D EdgeLightingPolicyManager: isAcceptableApplication: pkg=com.sec.android.daemonapp , range=256 , includeAllApp=false , userId=0 , infoRange=0 , infoCategory=0
06-17 10:59:38.694 1257 1257 D EdgeLightingPolicyManager: putNotification tickerText:false,titleText:false,text:true,sub:falsecn= + null
06-17 10:59:38.694 1257 1257 D EdgeLightingPolicyManager.NotificationGroup: group key = 0|com.whatsapp|g:group_key_messages ,value= summary : NotificationData { tag= null } , child : 2key = 0|com.whatsapp|1|f3nVRr13RKWQ4GQna4UvUqSgSqGMcIJZFm97HCnCmPI=
06-17 10:59:38.694 1257 1257 D EdgeLightingPolicyManager.NotificationGroup: |10255 , value = NotificationData { tag= f3nVRr13RKWQ4GQna4UvUqSgSqGMcIJZFm97HCnCmPI=
06-17 10:59:38.694 1257 1257 D EdgeLightingPolicyManager.NotificationGroup: } ,key = 0|com.whatsapp|1|ZYFXNF0t/ogbgalaIk8EWyOXr0x5+y8JgCRxSYkFyow=
06-17 10:59:38.694 1257 1257 D EdgeLightingPolicyManager.NotificationGroup: |10255 , value = NotificationData { tag= ZYFXNF0t/ogbgalaIk8EWyOXr0x5+y8JgCRxSYkFyow=
06-17 10:59:38.694 1257 1257 D EdgeLightingPolicyManager.NotificationGroup: } , }
06-17 10:59:38.694 1257 1257 D EdgeLightingPolicyManager.NotificationGroup: group key = 0|ru.oneme.app|g:ru.oneme.app.notifications.0 ,value= summary : NotificationData { tag= MESS_GROUP_NOTIF_0 } , child : 9key = 0|ru.oneme.app|9|CHAT_NOTIF_0|10450 , value = NotificationData { tag= CHAT_NOTIF_0 } ,key = 0|ru.oneme.app|31|CHAT_NOTIF_0|10450 , value = NotificationData { tag= CHAT_NOTIF_0 } ,key = 0|ru.oneme.app|16|CHAT_NOTIF_0|10450 , value = NotificationData { tag= CHAT_NOTIF_0 } ,key = 0|ru.oneme.app|7|CHAT_NOTIF_0|10450 , value = NotificationData { tag= CHAT_NOTIF_0 } ,key = 0|ru.oneme.app|43|CHAT_NOTIF_0|10450 , value = NotificationData { tag= CHAT_NOTIF_0 } ,key = 0|ru.oneme.app|13|CHAT_NOTIF_0|10450 , value = NotificationData { tag= CHAT_NOTIF_0 } ,key = 0|ru.oneme.app|25|CHAT_NOTIF_0|10450 , value = NotificationData { tag= CHAT_NOTIF_0 } ,key = 0|ru.oneme.app|150|CHAT_NOTIF_0|10450 , value = NotificationData { tag= CHAT_NOTIF_0 } ,key = 0|ru.oneme.app|6|CHAT_NOTIF_0|10450 , value = NotificationData { tag= CHAT_NOTIF_0 } , }
06-17 10:59:38.694 1257 1257 D EdgeLightingPolicyManager.NotificationGroup: group key = 0|com.samsung.android.messaging|g:MESSAGE_RECEIVED ,value= summary : NotificationData { tag= com.samsung.android.messaging:GROUP_RECEIVED: } , child : 4key = 0|com.samsung.android.messaging|123|com.samsung.android.messaging:MESSAGE_RECEIVED:308|10114 , value = NotificationData { tag= com.samsung.android.messaging:MESSAGE_RECEIVED:308 } ,key = 0|com.samsung.android.messaging|123|com.samsung.android.messaging:MESSAGE_RECEIVED:285|10114 , value = NotificationData { tag= com.samsung.android.messaging:MESSAGE_RECEIVED:285 } ,key = 0|com.samsung.android.messaging|123|com.samsung.android.messaging:MESSAGE_RECEIVED:284|10114 , value = NotificationData { tag= com.samsung.android.messaging:MESSAGE_RECEIVED:284 } ,key = 0|com.samsung.android.messaging|123|com.samsung.android.messaging:MESSAGE_RECEIVED:167|10114 , value = NotificationData { tag= com.samsung.android.messaging:MESSAGE_RECEIVED:167 } , }
06-17 10:59:38.695 1257 1257 D EdgeLightingPolicyManager.NotificationGroup: group key = 0|com.sec.android.daemonapp|4914|null|10197 ,value= summary : null , child : 1key = 0|com.sec.android.daemonapp|4914|null|10197 , value = NotificationData { tag= null } , }
06-17 10:59:38.695 1257 1257 D EdgeLightingPolicyManager.NotificationGroup: group key = 0|com.android.chrome|g:OfflinePageAutoFetchNotification ,value= summary : null , child : 1key = 0|com.android.chrome|0|OfflinePageAutoFetchInProgressNotification|10230 , value = NotificationData { tag= OfflinePageAutoFetchInProgressNotification } , }
06-17 10:59:38.695 1257 1257 D EdgeLightingPolicyManager.NotificationGroup: group key = 0|ru.yandex.searchplugin|g:searchlib_group ,value= summary : null , child : 1key = 0|ru.yandex.searchplugin|19810816|SEARCHLIB_BAR|10251 , value = NotificationData { tag= SEARCHLIB_BAR } , }
06-17 10:59:38.695 1257 1257 D EdgeLightingPolicyManager: isAcceptableApplication: pkg=com.sec.android.daemonapp , range=1 , includeAllApp=false , userId=0 , infoRange=0 , infoCategory=0
06-17 10:59:38.695 1257 1257 D EdgeLightingPolicyManager: isAcceptableApplication: getAcceptablePolicy false
06-17 10:59:38.695 1257 1257 D EdgeLightingManager: showForNotificationScreenOn : return false by isAcceptableApplication.
06-17 10:59:38.704 1257 1257 D EdgeLightingManager: isCallingUserSupported : callingUserId=-1, mUserId=0, isDualAppId=false
06-17 10:59:38.710 1257 1257 D SmartAlertController: SmartAlert - Found Missed Event
06-17 10:59:38.713 1257 3020 D SmartAlertController: SmartAlert - already registered or Setting disabled
06-17 10:59:38.716 1257 1257 D SmartAlertController: SmartAlert - Found Missed Event
06-17 10:59:38.718 1257 3021 D SmartAlertController: SmartAlert - already registered or Setting disabled
06-17 10:59:38.873 1257 3383 D SettingsProvider: isChangeAllowed() : name = hide_rotation_lock_toggle_for_accessibility
06-17 10:59:38.873 1257 3383 D SettingsProvider: edmUri: content://com.sec.knox.provider/RestrictionPolicy3
06-17 10:59:38.873 1257 3383 D SettingsProvider: projectionArgs: isSettingsChangesAllowed
06-17 10:59:38.873 1257 3383 D SettingsProvider: selectionArgs: false
06-17 10:59:38.873 1257 3383 D SettingsProvider: selectionArgs: 10054
06-17 10:59:38.874 1257 3383 D SecContentProvider: called from android.uid.systemui:10054
06-17 10:59:38.875 1257 3383 D RestrictionPolicy: isSettingsChangesAllowedAsUser, userId 0 : true
06-17 10:59:38.875 1257 3383 D SettingsProvider: ret = 1
06-17 10:59:38.936 1257 2390 V WindowManager: performShow on Window{c354d97 u0 com.android.systemui.ImageWallpaper}: mDrawState=READY_TO_SHOW readyForDisplay=false starting=false during animation: policyVis=true parentHidden=false tok.hiddenRequested=false tok.hidden=false animating=false tok animating=false Callers=com.android.server.wm.WindowState.performShowLocked:4719 com.android.server.wm.WindowStateAnimator.commitFinishDrawingLocked:401 com.android.server.wm.DisplayContent.lambda$new$8$DisplayContent:990 com.android.server.wm.-$$Lambda$DisplayContent$qxt4izS31fb0LF2uo_OF9DMa7gc.accept:4
06-17 10:59:38.955 1257 1276 V WindowManager: performShow on Window{c354d97 u0 com.android.systemui.ImageWallpaper}: mDrawState=READY_TO_SHOW readyForDisplay=false starting=false during animation: policyVis=true parentHidden=false tok.hiddenRequested=false tok.hidden=false animating=false tok animating=false Callers=com.android.server.wm.WindowState.performShowLocked:4719 com.android.server.wm.DisplayContent.lambda$new$0$DisplayContent:680 com.android.server.wm.-$$Lambda$DisplayContent$0yxrqH9eGY2qTjH1u_BvaVrXCSA.accept:4 com.android.server.wm.WindowContainer$ForAllWindowsConsumerWrapper.apply:1184
06-17 10:59:39.013 1257 1612 W UriGrantsManagerService: No content provider found for permission check: content://com.sec.kidsplat.parentalcontrol.provider.v2/setup_wizzard
06-17 10:59:39.306 1257 3461 I Telecom:SamsungTelecomServiceImpl: getUserSelectedOutgoingPhoneAccount - callingPackage : com.samsung.android.app.telephonyui
06-17 10:59:39.307 1257 3461 I Telecom:SamsungTelecomServiceImpl: getPhoneAccount - PhoneAccountHandle : ComponentInfo{com.android.phone/com.android.services.telephony.TelephonyConnectionService}, ***, UserHandle{0} / callingPid : 24305 / processName : sts
06-17 10:59:39.319 1257 1612 I Telecom:SamsungTelecomServiceImpl: getCallCapablePhoneAccounts - includeDisabledAccounts : false / callingPackage : com.samsung.android.app.telephonyui
06-17 10:59:39.319 1257 2390 D CustomFrequencyManagerService: FrequencyrequestList.getNextSchedTuneBoostRequest, index: 1
06-17 10:59:39.320 1257 1612 I Telecom:SamsungTelecomServiceImpl: getPhoneAccount - PhoneAccountHandle : ComponentInfo{com.android.phone/com.android.services.telephony.TelephonyConnectionService}, ***, UserHandle{0} / callingPid : 24305 / processName : sts
06-17 10:59:39.325 1257 2390 I Telecom:SamsungTelecomServiceImpl: getUserSelectedOutgoingPhoneAccount - callingPackage : com.samsung.android.app.telephonyui
06-17 10:59:39.326 1257 2390 I Telecom:SamsungTelecomServiceImpl: getPhoneAccount - PhoneAccountHandle : ComponentInfo{com.android.phone/com.android.services.telephony.TelephonyConnectionService}, ***, UserHandle{0} / callingPid : 24305 / processName : sts
06-17 10:59:39.339 1257 2390 I Telecom:SamsungTelecomServiceImpl: getCallCapablePhoneAccounts - includeDisabledAccounts : false / callingPackage : com.samsung.android.app.telephonyui
06-17 10:59:39.341 1257 2390 I Telecom:SamsungTelecomServiceImpl: getPhoneAccount - PhoneAccountHandle : ComponentInfo{com.android.phone/com.android.services.telephony.TelephonyConnectionService}, ***, UserHandle{0} / callingPid : 24305 / processName : sts
06-17 10:59:39.353 1257 2390 I Telecom:SamsungTelecomServiceImpl: getUserSelectedOutgoingPhoneAccount - callingPackage : com.samsung.android.app.telephonyui
06-17 10:59:39.355 1257 2390 I Telecom:SamsungTelecomServiceImpl: getPhoneAccount - PhoneAccountHandle : ComponentInfo{com.android.phone/com.android.services.telephony.TelephonyConnectionService}, ***, UserHandle{0} / callingPid : 24305 / processName : sts
06-17 10:59:39.356 1257 3383 D ActivityManager: package ru.yandex.searchplugin, user - 0 is SDcard whitelisted
06-17 10:59:39.372 1257 2390 I Telecom:SamsungTelecomServiceImpl: getCallCapablePhoneAccounts - includeDisabledAccounts : false / callingPackage : com.samsung.android.app.telephonyui
06-17 10:59:39.375 1257 1612 I Telecom:SamsungTelecomServiceImpl: getPhoneAccount - PhoneAccountHandle : ComponentInfo{com.android.phone/com.android.services.telephony.TelephonyConnectionService}, ***, UserHandle{0} / callingPid : 24305 / processName : sts
06-17 10:59:39.375 1257 1282 I ActivityManager: Start proc 3079:ru.yandex.searchplugin:AppMetrica/u0a251 for service {ru.yandex.searchplugin/io.appmetrica.analytics.internal.AppMetricaService}
06-17 10:59:39.379 1257 3460 I Telecom:SamsungTelecomServiceImpl: getUserSelectedOutgoingPhoneAccount - callingPackage : com.samsung.android.app.telephonyui
06-17 10:59:39.380 1257 3460 I Telecom:SamsungTelecomServiceImpl: getPhoneAccount - PhoneAccountHandle : ComponentInfo{com.android.phone/com.android.services.telephony.TelephonyConnectionService}, ***, UserHandle{0} / callingPid : 24305 / processName : sts
06-17 10:59:39.390 1257 2390 I Telecom:SamsungTelecomServiceImpl: getCallCapablePhoneAccounts - includeDisabledAccounts : false / callingPackage : com.samsung.android.app.telephonyui
06-17 10:59:39.393 1257 3460 I Telecom:SamsungTelecomServiceImpl: getPhoneAccount - PhoneAccountHandle : ComponentInfo{com.android.phone/com.android.services.telephony.TelephonyConnectionService}, ***, UserHandle{0} / callingPid : 24305 / processName : sts
06-17 10:59:39.407 1257 1270 I ActivityManager: DSS OFF for ru.yandex.searchplugin
06-17 10:59:39.408 1257 3461 I Telecom:SamsungTelecomServiceImpl: getUserSelectedOutgoingPhoneAccount - callingPackage : com.samsung.android.app.telephonyui
06-17 10:59:39.410 1257 3461 I Telecom:SamsungTelecomServiceImpl: getPhoneAccount - PhoneAccountHandle : ComponentInfo{com.android.phone/com.android.services.telephony.TelephonyConnectionService}, ***, UserHandle{0} / callingPid : 24305 / processName : sts
06-17 10:59:39.427 1257 3461 I Telecom:SamsungTelecomServiceImpl: getCallCapablePhoneAccounts - includeDisabledAccounts : false / callingPackage : com.samsung.android.app.telephonyui
06-17 10:59:39.429 1257 3383 I Telecom:SamsungTelecomServiceImpl: getPhoneAccount - PhoneAccountHandle : ComponentInfo{com.android.phone/com.android.services.telephony.TelephonyConnectionService}, ***, UserHandle{0} / callingPid : 24305 / processName : sts
06-17 10:59:39.447 1257 2390 W BroadcastQueue: Permission Denial: broadcasting Intent { act=com.sec.android.intent.action.WALLPAPER_CHANGED flg=0x1000010 } from com.android.systemui (pid=27546, uid=10054) is not exported from uid 10157 due to receiver com.sec.android.app.clockpackage/.alarmwidget.ClockAlarmWidgetProvider
06-17 10:59:39.453 1257 1281 W BroadcastQueue: Permission Denial: broadcasting Intent { act=com.sec.android.intent.action.WALLPAPER_CHANGED flg=0x1000010 } from com.android.systemui (pid=27546, uid=10054) is not exported from uid 10157 due to receiver com.sec.android.app.clockpackage/com.sec.android.widgetapp.digitalclock.DigitalClockWidgetProvider
06-17 10:59:39.454 1257 1281 W BroadcastQueue: Permission Denial: broadcasting Intent { act=com.sec.android.intent.action.WALLPAPER_CHANGED flg=0x1000010 } from com.android.systemui (pid=27546, uid=10054) is not exported from uid 10157 due to receiver com.sec.android.app.clockpackage/com.sec.android.widgetapp.dualclockdigital.DualClockDigitalWidgetProvider
06-17 10:59:39.455 1257 1281 W BroadcastQueue: Permission Denial: broadcasting Intent { act=com.sec.android.intent.action.WALLPAPER_CHANGED flg=0x1000010 } from com.android.systemui (pid=27546, uid=10054) is not exported from uid 10157 due to receiver com.sec.android.app.clockpackage/com.sec.android.widgetapp.analogclock.AnalogClockWidgetProvider
06-17 10:59:39.630 1257 3461 D SettingsProvider: isChangeAllowed() : name = pref_dynamic_plugin_version
06-17 10:59:39.630 1257 3461 D SettingsProvider: edmUri: content://com.sec.knox.provider/RestrictionPolicy3
06-17 10:59:39.630 1257 3461 D SettingsProvider: projectionArgs: isSettingsChangesAllowed
06-17 10:59:39.630 1257 3461 D SettingsProvider: selectionArgs: false
06-17 10:59:39.630 1257 3461 D SettingsProvider: selectionArgs: 10054
06-17 10:59:39.630 1257 3461 D SecContentProvider: called from android.uid.systemui:10054
06-17 10:59:39.631 1257 3461 D RestrictionPolicy: isSettingsChangesAllowedAsUser, userId 0 : true
06-17 10:59:39.631 1257 3461 D SettingsProvider: ret = 1
06-17 10:59:39.632 1257 3461 D SettingsProvider: isChangeAllowed() : name = pref_dynamic_plugin_connected
06-17 10:59:39.632 1257 3461 D SettingsProvider: edmUri: content://com.sec.knox.provider/RestrictionPolicy3
