06-17 11:00:57.375 1257 1273 D ActivityTaskManager: Top Process State changed to PROCESS_STATE_TOP_SLEEPING
06-17 11:00:57.378 1257 2112 I WindowManager: WIN DEATH: Window{40bea48 u0 ScreenDecorOverlay}
06-17 11:00:57.378 1257 2112 I WindowManager: Destroying surface Surface(name=ScreenDecorOverlay$_10757)/@0xa9fe348 called by com.android.server.wm.WindowStateAnimator.destroySurface:1790 com.android.server.wm.WindowStateAnimator.destroySurfaceLocked:720 com.android.server.wm.WindowState.removeImmediately:2327 com.android.server.wm.WindowState.removeIfPossible:2463 com.android.server.wm.WindowState.access$300:264 com.android.server.wm.WindowState$DeathRecipient.binderDied:3034 android.os.BinderProxy.sendDeathNotice:637
06-17 11:00:57.379 1257 5056 D CustomFrequencyManagerService: FrequencyrequestList.getNextSchedTuneBoostRequest, index: 3
06-17 11:00:57.383 1257 3355 I WindowManager: WIN DEATH: Window{83a1c8c u0 ScreenDecorOverlayBottom}
06-17 11:00:57.383 1257 3355 I WindowManager: Destroying surface Surface(name=ScreenDecorOverlayBottom$_10757)/@0xf03e5e1 called by com.android.server.wm.WindowStateAnimator.destroySurface:1790 com.android.server.wm.WindowStateAnimator.destroySurfaceLocked:720 com.android.server.wm.WindowState.removeImmediately:2327 com.android.server.wm.WindowState.removeIfPossible:2463 com.android.server.wm.WindowState.access$300:264 com.android.server.wm.WindowState$DeathRecipient.binderDied:3034 android.os.BinderProxy.sendDeathNotice:637
06-17 11:00:57.387 1257 1929 I ActivityManager: Process com.android.systemui (pid 10757) has died: pers PER (256,1470)
06-17 11:00:57.392 1257 3378 I WindowManager: WIN DEATH: Window{a26979e u0 StatusBar}
06-17 11:00:57.394 1257 3378 I WindowManager: Reparenting to leash, surface=Surface(name=a26979e StatusBar)/@0xd8cb79f
06-17 11:00:57.395 1257 3378 D WindowManager: makeSurface duration=1 leash=Surface(name=Surface(name=a26979e StatusBar)/@0xd8cb79f - animation-leash)/@0x5f7ff1d
06-17 11:00:57.410 1257 1613 D CustomFrequencyManagerService: FrequencyrequestList.getNextSchedTuneBoostRequest, index: 3
06-17 11:00:57.420 1257 1929 W ActivityManager: Scheduling restart of crashed service com.android.systemui/.SystemUIService in 0ms
06-17 11:00:57.421 1257 1929 W ActivityManager: Scheduling restart of crashed service com.android.systemui/.keyguard.KeyguardService in 0ms
06-17 11:00:57.421 1257 1929 W ActivityManager: Scheduling restart of crashed service com.android.systemui/.ImageWallpaper in 0ms
06-17 11:00:57.422 1257 1929 W ActivityManager: Re-adding persistent process ProcessRecord{49feed7 10757:com.android.systemui/u0a54}
06-17 11:00:57.423 1257 1929 D ActivityManager: package com.android.systemui, user - 0 is SDcard whitelisted
06-17 11:00:57.427 1257 1275 W UsageStatsService: Event reported without a package name, eventType:17
06-17 11:00:57.435 1257 1275 V UsbDeviceManager: onKeyguardStateChanged: isShowing=true secure=false user=0
06-17 11:00:57.435 1257 1272 D UsbDeviceManager: handleMessage -> MSG_UPDATE_SCREEN_LOCK: mScreenLocked=false
06-17 11:00:57.437 1257 1275 D StorageManagerService: onKeyguardStateChanged = false
06-17 11:00:57.437 1257 1424 I StorageManagerService: handleMessage :{ when=0 what=15 target=com.android.server.StorageManagerService$StorageManagerServiceHandler }
06-17 11:00:57.438 1257 1424 D StorageManagerService: handleMessage :: H_KEYGUARD_CHANGED = 0
06-17 11:00:57.442 1257 5066 D CustomFrequencyManagerService: FrequencyrequestList.getNextMaxCPUCoreRequest, index: 1
06-17 11:00:57.444 1257 3355 D CustomFrequencyManagerService: releaseDVFSLockLocked : Getting Lock type frm List : DVFS_MIN_LIMIT frequency : 1354000 uid : 1000 pid : 1257 tag : LAUNCHER_TOUCH@CPU_MIN@19
06-17 11:00:57.467 1257 1282 I ActivityManager: Start proc 11813:com.android.systemui/u0a54 for restart com.android.systemui
06-17 11:00:57.488 1257 2112 I ActivityManager: Killing 10974:com.android.providers.calendar/u0a103 (adj 999): empty #25
06-17 11:00:57.492 1257 5066 I ActivityManager: Killing 11058:com.android.keychain/1000 (adj 999): empty #25
06-17 11:00:57.497 1257 2112 I ActivityManager: Killing 11254:com.samsung.android.themestore/u0a131 (adj 999): empty #25
06-17 11:00:57.500 1257 2112 I ActivityManager: Killing 10797:com.samsung.android.dqagent/1000 (adj 999): empty #25
06-17 11:00:57.507 1257 2112 I ActivityManager: Killing 11368:ru.yandex.searchplugin/u0a251 (adj 999): empty #25
06-17 11:00:57.510 1257 2112 I ActivityManager: Killing 10318:com.samsung.android.app.reminder/u0a198 (adj 999): empty #25
06-17 11:00:57.512 1257 5066 I ActivityManager: DSS OFF for com.android.systemui
06-17 11:00:57.518 1257 5066 D OomAdjuster: Set persistent 11813 com.android.systemui adj -800: fixed com.android.server.am.OomAdjuster.updateOomAdjLocked:557 com.android.server.am.ActivityManagerService.updateOomAdjLocked:19836 com.android.server.am.ActiveServices.realStartServiceLocked:2895 com.android.server.am.ActiveServices.attachApplicationLocked:3589 com.android.server.am.ActivityManagerService.attachApplicationLocked:6237 com.android.server.am.ActivityManagerService.attachApplication:6307 android.app.IActivityManager$Stub.onTransact:2386
06-17 11:00:57.575 1257 1276 I WindowManager: Reparenting to original parent: Surface(name=WindowToken{8353b16 android.os.BinderProxy@1fc7cd8})/@0x596d6a1, destroyLeash=true, surface=Surface(name=faf0c97 NavigationBar0)/@0xc08bf31
06-17 11:00:57.587 1257 1613 I ActivityManager: Killing 9096:com.samsung.android.mdx.kit/5025 (adj 999): empty #25
06-17 11:00:57.597 1257 1276 I WindowManager: Destroying surface Surface(name=NavigationBar0$_10757)/@0xdb6ae78 called by com.android.server.wm.WindowStateAnimator.destroySurface:1790 com.android.server.wm.WindowStateAnimator.destroySurfaceLocked:720 com.android.server.wm.WindowState.destroySurfaceUnchecked:3534 com.android.server.wm.RootWindowContainer.performSurfacePlacementNoTrace:817 com.android.server.wm.RootWindowContainer.performSurfacePlacement:669 com.android.server.wm.WindowSurfacePlacer.performSurfacePlacementLoop:180 com.android.server.wm.WindowSurfacePlacer.performSurfacePlacement:111 com.android.server.wm.WindowSurfacePlacer.performSurfacePlacement:99
06-17 11:00:57.603 1257 1276 W WindowManager: Failed to report 'resized' to the client of Window{a26979e u0 StatusBar EXITING}, removing this window.
06-17 11:00:57.603 1257 1276 D WindowManager: setKeyguardOccluded occluded=false
06-17 11:00:57.603 1257 1276 I WindowManager: Destroying surface Surface(name=StatusBar$_10757)/@0x20afdd7 called by com.android.server.wm.WindowStateAnimator.destroySurface:1790 com.android.server.wm.WindowStateAnimator.destroySurfaceLocked:720 com.android.server.wm.WindowState.removeImmediately:2327 com.android.server.wm.RootWindowContainer.performSurfacePlacementNoTrace:901 com.android.server.wm.RootWindowContainer.performSurfacePlacement:669 com.android.server.wm.WindowSurfacePlacer.performSurfacePlacementLoop:180 com.android.server.wm.WindowSurfacePlacer.performSurfacePlacement:111 com.android.server.wm.WindowSurfacePlacer.performSurfacePlacement:99
06-17 11:00:57.608 1257 2112 I DropBoxManagerService: add tag=system_server_wtf isTagEnabled=true flags=0x2
06-17 11:00:57.615 1257 2112 I DropBoxManagerService: add tag=system_server_wtf isTagEnabled=true flags=0x2
06-17 11:00:57.659 1257 1257 D TrustManagerService: Removing dead TrustListener.
06-17 11:00:57.716 1257 3355 D SettingsProvider: isChangeAllowed() : name = wallpaper_rotate_fixed
06-17 11:00:57.716 1257 3355 D SettingsProvider: edmUri: content://com.sec.knox.provider/RestrictionPolicy3
06-17 11:00:57.716 1257 3355 D SettingsProvider: projectionArgs: isSettingsChangesAllowed
06-17 11:00:57.716 1257 3355 D SettingsProvider: selectionArgs: false
06-17 11:00:57.716 1257 3355 D SettingsProvider: selectionArgs: 10054
06-17 11:00:57.717 1257 3355 D SecContentProvider: called from android.uid.systemui:10054
06-17 11:00:57.717 1257 3355 D RestrictionPolicy: isSettingsChangesAllowedAsUser, userId 0 : true
06-17 11:00:57.717 1257 3355 D SettingsProvider: ret = 1
06-17 11:00:57.726 1257 2112 D WallpaperManagerService: mDeviceColor:black
06-17 11:00:57.735 1257 1274 D SettingsProvider: isChangeAllowed() : name = enabled_notification_listeners
06-17 11:00:57.735 1257 1274 D SettingsProvider: isChangeAllowed() : name = enabled_notification_assistant
06-17 11:00:57.735 1257 1274 D SettingsProvider: isChangeAllowed() : name = enabled_notification_policy_access_packages
06-17 11:00:57.757 1257 1274 D SettingsProvider: isChangeAllowed() : name = enabled_notification_listeners
06-17 11:00:57.758 1257 1274 D SettingsProvider: isChangeAllowed() : name = enabled_notification_assistant
06-17 11:00:57.758 1257 1274 D SettingsProvider: isChangeAllowed() : name = enabled_notification_policy_access_packages
06-17 11:00:57.764 1257 3355 D CustomFrequencyManagerService: FrequencyrequestList.getNextSchedTuneBoostRequest, index: 2
06-17 11:00:57.765 1257 2112 V WifiDisplayAdapter: getWifiDisplayStatusLocked: result=WifiDisplayStatus{featureState=0, scanState=0, activeDisplayState=0, activeDisplay=null, displays=[], sessionInfo=WifiDisplaySessionInfo:
06-17 11:00:57.765 1257 2112 V WifiDisplayAdapter: Client/Owner: Client
06-17 11:00:57.765 1257 2112 V WifiDisplayAdapter: GroupId:
06-17 11:00:57.765 1257 2112 V WifiDisplayAdapter: Passphrase:
06-17 11:00:57.765 1257 2112 V WifiDisplayAdapter: SessionId: 0
06-17 11:00:57.765 1257 2112 V WifiDisplayAdapter: IP Address: , connectedState=-1}
06-17 11:00:57.772 1257 1613 V WifiDisplayAdapter: getWifiDisplayStatusLocked: result=WifiDisplayStatus{featureState=0, scanState=0, activeDisplayState=0, activeDisplay=null, displays=[], sessionInfo=WifiDisplaySessionInfo:
06-17 11:00:57.772 1257 1613 V WifiDisplayAdapter: Client/Owner: Client
06-17 11:00:57.772 1257 1613 V WifiDisplayAdapter: GroupId:
06-17 11:00:57.772 1257 1613 V WifiDisplayAdapter: Passphrase:
06-17 11:00:57.772 1257 1613 V WifiDisplayAdapter: SessionId: 0
06-17 11:00:57.772 1257 1613 V WifiDisplayAdapter: IP Address: , connectedState=-1}
06-17 11:00:57.780 1257 1274 D SettingsProvider: isChangeAllowed() : name = enabled_notification_listeners
06-17 11:00:57.781 1257 1274 D SettingsProvider: isChangeAllowed() : name = enabled_notification_assistant
06-17 11:00:57.781 1257 1274 D SettingsProvider: isChangeAllowed() : name = enabled_notification_policy_access_packages
06-17 11:00:57.797 1257 1274 D SettingsProvider: isChangeAllowed() : name = enabled_notification_listeners
06-17 11:00:57.797 1257 1274 D SettingsProvider: isChangeAllowed() : name = enabled_notification_assistant
06-17 11:00:57.797 1257 1274 D SettingsProvider: isChangeAllowed() : name = enabled_notification_policy_access_packages
06-17 11:00:57.814 1257 1274 D SettingsProvider: isChangeAllowed() : name = enabled_notification_listeners
06-17 11:00:57.814 1257 1274 D SettingsProvider: isChangeAllowed() : name = enabled_notification_assistant
06-17 11:00:57.815 1257 1274 D SettingsProvider: isChangeAllowed() : name = enabled_notification_policy_access_packages
06-17 11:00:57.834 1257 1274 D SettingsProvider: isChangeAllowed() : name = enabled_notification_listeners
06-17 11:00:57.835 1257 3355 D ActivityTaskManager: setLockScreenShown(true,false) is called from 11813
06-17 11:00:57.836 1257 1274 D SettingsProvider: isChangeAllowed() : name = enabled_notification_assistant
06-17 11:00:57.837 1257 1274 D SettingsProvider: isChangeAllowed() : name = enabled_notification_policy_access_packages
06-17 11:00:57.837 1257 1275 V UsbDeviceManager: onKeyguardStateChanged: isShowing=true secure=false user=0
06-17 11:00:57.837 1257 1272 D UsbDeviceManager: handleMessage -> MSG_UPDATE_SCREEN_LOCK: mScreenLocked=false
06-17 11:00:57.837 1257 1275 D StorageManagerService: onKeyguardStateChanged = false
06-17 11:00:57.838 1257 1257 D RestrictionPolicy: isSettingsChangesAllowedAsUser, userId 0 : true
06-17 11:00:57.838 1257 1424 I StorageManagerService: handleMessage :{ when=-1ms what=15 target=com.android.server.StorageManagerService$StorageManagerServiceHandler }
06-17 11:00:57.838 1257 1424 D StorageManagerService: handleMessage :: H_KEYGUARD_CHANGED = 0
06-17 11:00:57.840 1257 1257 D RestrictionPolicy: isAirplaneModeAllowed : true
06-17 11:00:57.841 1257 1257 D RestrictionPolicy: isCellularDataAllowed: true
06-17 11:00:57.841 1257 1257 D RestrictionPolicy: isNFCEnabled : true
06-17 11:00:57.841 1257 1257 D RestrictionPolicy: isWifiTetheringEnabled : true
06-17 11:00:57.852 1257 2112 D PowerManagerService: [api] setDozeAfterScreenOff: true (uid: 10054 pid: 11813)
06-17 11:00:57.859 1257 3383 D SettingsProvider: isChangeAllowed() : name = lockstar_facewidget_area
06-17 11:00:57.859 1257 3383 D SettingsProvider: edmUri: content://com.sec.knox.provider/RestrictionPolicy3
06-17 11:00:57.859 1257 3383 D SettingsProvider: projectionArgs: isSettingsChangesAllowed
06-17 11:00:57.859 1257 3383 D SettingsProvider: selectionArgs: false
06-17 11:00:57.859 1257 3383 D SettingsProvider: selectionArgs: 10054
06-17 11:00:57.859 1257 1276 I WindowManager: Reparenting to original parent: Surface(name=WallpaperWindowToken{18297f8 token=android.os.Binder@248a855})/@0x4613058, destroyLeash=true, surface=Surface(name=aa0364 com.android.systemui.ImageWallpaper)/@0x5e147ff
06-17 11:00:57.860 1257 3383 D SecContentProvider: called from android.uid.systemui:10054
06-17 11:00:57.860 1257 1257 D GameManagerService: identifyGamePackage. com.sec.android.app.launcher, mCurrentUserId: 0, callerUserId: 0
06-17 11:00:57.860 1257 1257 D GamePkgDataHelper: getGamePkgData(). com.sec.android.app.launcher
06-17 11:00:57.860 1257 3383 D RestrictionPolicy: isSettingsChangesAllowedAsUser, userId 0 : true
06-17 11:00:57.860 1257 1257 D CustomFrequencyManagerService: acquireDVFSLockLocked : type : DVFS_MIN_LIMIT frequency : 1295000 uid : 1000 pid : 1257 pkgName : GESTURE_DETECTED@CPU_MIN@57
06-17 11:00:57.860 1257 3383 D SettingsProvider: ret = 1
06-17 11:00:57.861 1257 1929 D CustomFrequencyManagerService: FrequencyrequestList.getNextSchedTuneBoostRequest, index: 2
06-17 11:00:57.862 1257 1276 I WindowManager: Destroying surface Surface(name=com.android.systemui.ImageWallpaper$_10757)/@0xafe0b99 called by com.android.server.wm.WindowStateAnimator.destroySurface:1790 com.android.server.wm.WindowStateAnimator.destroySurfaceLocked:720 com.android.server.wm.WindowState.destroySurfaceUnchecked:3534 com.android.server.wm.RootWindowContainer.performSurfacePlacementNoTrace:817 com.android.server.wm.RootWindowContainer.performSurfacePlacement:669 com.android.server.wm.WindowSurfacePlacer.performSurfacePlacementLoop:180 com.android.server.wm.WindowSurfacePlacer.performSurfacePlacement:111 com.android.server.wm.WindowSurfacePlacer.performSurfacePlacement:99
06-17 11:00:57.864 1257 1275 W ActivityManager: setHasOverlayUi called on unknown pid: 10757
06-17 11:00:57.869 1257 1929 D WallpaperManagerService: which : 2, return type : 8 (called by userId= 0)
06-17 11:00:57.870 1257 1929 D WallpaperManagerService: WallpaperManagerCallbackClient android.app.IWallpaperManagerCallback$Stub$Proxy@709be5e
06-17 11:00:57.872 1257 1613 D SettingsProvider: isChangeAllowed() : name = white_lockscreen_wallpaper
06-17 11:00:57.872 1257 1613 D SettingsProvider: WALLPAPER_FONT_THEME : white_lockscreen_wallpaper is allowed
06-17 11:00:57.873 1257 2112 D SettingsProvider: isChangeAllowed() : name = white_lockscreen_statusbar
06-17 11:00:57.873 1257 2112 D SettingsProvider: WALLPAPER_FONT_THEME : white_lockscreen_statusbar is allowed
06-17 11:00:57.874 1257 1929 D SettingsProvider: isChangeAllowed() : name = white_lockscreen_navigationbar
06-17 11:00:57.874 1257 1929 D SettingsProvider: WALLPAPER_FONT_THEME : white_lockscreen_navigationbar is allowed
06-17 11:00:57.903 1257 2112 D SettingsProvider: isChangeAllowed() : name = navigation_mode
06-17 11:00:57.903 1257 2112 D SettingsProvider: edmUri: content://com.sec.knox.provider/RestrictionPolicy3
06-17 11:00:57.903 1257 2112 D SettingsProvider: projectionArgs: isSettingsChangesAllowed
06-17 11:00:57.903 1257 2112 D SettingsProvider: selectionArgs: false
06-17 11:00:57.903 1257 2112 D SettingsProvider: selectionArgs: 10054
06-17 11:00:57.904 1257 2112 D SecContentProvider: called from android.uid.systemui:10054
06-17 11:00:57.904 1257 2112 D RestrictionPolicy: isSettingsChangesAllowedAsUser, userId 0 : true
06-17 11:00:57.904 1257 2112 D SettingsProvider: ret = 1
06-17 11:00:58.120 1257 1929 D ConnectivityService: listenForNetwork for uid/pid:10054/11813 NetworkRequest [ LISTEN id=351, [ Transports: WIFI Capabilities: NOT_VPN] ]
06-17 11:00:58.125 1257 1929 D ConnectivityService: requestNetwork for uid/pid:10054/11813 NetworkRequest [ TRACK_DEFAULT id=352, [ Capabilities: INTERNET&NOT_RESTRICTED&TRUSTED Uid: 10054] ]
06-17 11:00:58.126 1257 1466 D ConnectivityService: sending new Min Network Score(0): NetworkRequest [ TRACK_DEFAULT id=352, [ Capabilities: INTERNET&NOT_RESTRICTED&TRUSTED Uid: 10054] ]
06-17 11:00:58.136 1257 3355 I Telecom:SamsungTelecomServiceImpl: getCallState - callingPid : 11813 / processName : sts
06-17 11:00:58.148 1257 3355 I Telecom:SamsungTelecomServiceImpl: getCallState - callingPid : 11813 / processName : sts
06-17 11:00:58.184 1257 1929 D WindowManager: notifyMovementBoundsChanged: insetRect(42, 125 - 1038, 2232), normalRect(533, 1948 - 1038, 2232), animatingRect(533, 1948 - 1038, 2232), fromIme=false, fromShelffalse, rot=0
06-17 11:00:58.191 1257 1929 I StatusBarManagerService: registerStatusBar bar=com.android.internal.statusbar.IStatusBar$Stub$Proxy@4474fc2
06-17 11:00:58.209 1257 3383 D SettingsProvider: isChangeAllowed() : name = navigation_bar_gesture_disabled_by_policy
06-17 11:00:58.209 1257 3383 D SettingsProvider: edmUri: content://com.sec.knox.provider/RestrictionPolicy3
06-17 11:00:58.209 1257 3383 D SettingsProvider: projectionArgs: isSettingsChangesAllowed
06-17 11:00:58.209 1257 3383 D SettingsProvider: selectionArgs: false
06-17 11:00:58.209 1257 3383 D SettingsProvider: selectionArgs: 10054
06-17 11:00:58.209 1257 3383 D SecContentProvider: called from android.uid.systemui:10054
06-17 11:00:58.209 1257 3383 D RestrictionPolicy: isSettingsChangesAllowedAsUser, userId 0 : true
06-17 11:00:58.210 1257 3383 D SettingsProvider: ret = 1
06-17 11:00:58.212 1257 3383 D SettingsProvider: isChangeAllowed() : name = navigationbar_color
06-17 11:00:58.212 1257 3383 D SettingsProvider: edmUri: content://com.sec.knox.provider/RestrictionPolicy3
06-17 11:00:58.212 1257 3383 D SettingsProvider: projectionArgs: isSettingsChangesAllowed
06-17 11:00:58.212 1257 3383 D SettingsProvider: selectionArgs: false
06-17 11:00:58.212 1257 3383 D SettingsProvider: selectionArgs: 10054
06-17 11:00:58.212 1257 3383 D SecContentProvider: called from android.uid.systemui:10054
06-17 11:00:58.213 1257 3383 D RestrictionPolicy: isSettingsChangesAllowedAsUser, userId 0 : true
06-17 11:00:58.213 1257 3383 D SettingsProvider: ret = 1
06-17 11:00:58.213 1257 3383 D SettingsProvider: isChangeAllowed() : name = navigationbar_current_color
06-17 11:00:58.213 1257 3383 D SettingsProvider: edmUri: content://com.sec.knox.provider/RestrictionPolicy3
06-17 11:00:58.213 1257 3383 D SettingsProvider: projectionArgs: isSettingsChangesAllowed
06-17 11:00:58.213 1257 3383 D SettingsProvider: selectionArgs: false
06-17 11:00:58.213 1257 3383 D SettingsProvider: selectionArgs: 10054
06-17 11:00:58.214 1257 3383 D SecContentProvider: called from android.uid.systemui:10054
06-17 11:00:58.214 1257 3383 D RestrictionPolicy: isSettingsChangesAllowedAsUser, userId 0 : true
06-17 11:00:58.214 1257 3383 D SettingsProvider: ret = 1
06-17 11:00:58.217 1257 3383 D SettingsProvider: isChangeAllowed() : name = icon_blacklist
06-17 11:00:58.218 1257 3383 D SettingsProvider: edmUri: content://com.sec.knox.provider/RestrictionPolicy3
06-17 11:00:58.218 1257 3383 D SettingsProvider: projectionArgs: isSettingsChangesAllowed
06-17 11:00:58.218 1257 3383 D SettingsProvider: selectionArgs: false
06-17 11:00:58.218 1257 3383 D SettingsProvider: selectionArgs: 10054
06-17 11:00:58.218 1257 3383 D SecContentProvider: called from android.uid.systemui:10054
06-17 11:00:58.218 1257 3383 D RestrictionPolicy: isSettingsChangesAllowedAsUser, userId 0 : true
06-17 11:00:58.218 1257 3383 D SettingsProvider: ret = 1
06-17 11:00:58.241 1257 3383 D WallpaperManagerService: which : 2, return type : 8 (called by userId= 0)
06-17 11:00:58.242 1257 3383 D WallpaperManagerService: getVideoFilePath userId=0 path=
06-17 11:00:58.242 1257 3383 D WallpaperManagerService: getVideoFilePath userId=0 pkg=com.android.systemui which= 2
06-17 11:00:58.242 1257 3383 D WallpaperManagerService: getVideoColor userId=0, which = 2, videoColor=black
06-17 11:00:58.444 1257 1929 I Telecom:SamsungTelecomServiceImpl: isInCall - callingPackage : com.android.systemui
06-17 11:00:58.466 1257 1929 D SettingsProvider: isChangeAllowed() : name = flashlight_available
06-17 11:00:58.466 1257 1929 D SettingsProvider: edmUri: content://com.sec.knox.provider/RestrictionPolicy3
06-17 11:00:58.466 1257 1929 D SettingsProvider: projectionArgs: isSettingsChangesAllowed
06-17 11:00:58.466 1257 1929 D SettingsProvider: selectionArgs: false
06-17 11:00:58.466 1257 1929 D SettingsProvider: selectionArgs: 10054
06-17 11:00:58.467 1257 1929 D SecContentProvider: called from android.uid.systemui:10054
06-17 11:00:58.467 1257 1929 D RestrictionPolicy: isSettingsChangesAllowedAsUser, userId 0 : true
06-17 11:00:58.468 1257 1929 D SettingsProvider: ret = 1
06-17 11:00:58.468 1257 1929 D SettingsProvider: isChangeAllowed() : name = flashlight_enabled
06-17 11:00:58.468 1257 1929 D SettingsProvider: edmUri: content://com.sec.knox.provider/RestrictionPolicy3
06-17 11:00:58.468 1257 1929 D SettingsProvider: projectionArgs: isSettingsChangesAllowed
06-17 11:00:58.468 1257 1929 D SettingsProvider: selectionArgs: false
06-17 11:00:58.468 1257 1929 D SettingsProvider: selectionArgs: 10054
06-17 11:00:58.469 1257 1929 D SecContentProvider: called from android.uid.systemui:10054
06-17 11:00:58.469 1257 1929 D RestrictionPolicy: isSettingsChangesAllowedAsUser, userId 0 : true
06-17 11:00:58.469 1257 1929 D SettingsProvider: ret = 1
06-17 11:00:58.510 1257 3383 D SettingsProvider: isChangeAllowed() : name = face_widget_res_id
06-17 11:00:58.510 1257 3383 D SettingsProvider: edmUri: content://com.sec.knox.provider/RestrictionPolicy3
06-17 11:00:58.510 1257 3383 D SettingsProvider: projectionArgs: isSettingsChangesAllowed
06-17 11:00:58.510 1257 3383 D SettingsProvider: selectionArgs: false
06-17 11:00:58.511 1257 3383 D SettingsProvider: selectionArgs: 10054
06-17 11:00:58.511 1257 3383 D SecContentProvider: called from android.uid.systemui:10054
06-17 11:00:58.511 1257 3383 D RestrictionPolicy: isSettingsChangesAllowedAsUser, userId 0 : true
06-17 11:00:58.511 1257 3383 D SettingsProvider: ret = 1
06-17 11:00:58.513 1257 3383 D SettingsProvider: isChangeAllowed() : name = face_widget_order
06-17 11:00:58.513 1257 3383 D SettingsProvider: edmUri: content://com.sec.knox.provider/RestrictionPolicy3
06-17 11:00:58.513 1257 3383 D SettingsProvider: projectionArgs: isSettingsChangesAllowed
06-17 11:00:58.513 1257 3383 D SettingsProvider: selectionArgs: false
06-17 11:00:58.513 1257 3383 D SettingsProvider: selectionArgs: 10054
06-17 11:00:58.514 1257 3383 D SecContentProvider: called from android.uid.systemui:10054
06-17 11:00:58.514 1257 3383 D RestrictionPolicy: isSettingsChangesAllowedAsUser, userId 0 : true
06-17 11:00:58.514 1257 3383 D SettingsProvider: ret = 1
06-17 11:00:58.585 11813 11813 D StatusBar: sw screen_mode_setting : 0
06-17 11:00:58.592 1257 3383 D WindowManager: setKeyguardOccluded occluded=false
06-17 11:00:58.688 1257 3383 I Telecom:SamsungTelecomServiceImpl: @hide @test getCurrentTtyMode - callingPackage : com.android.systemui
06-17 11:00:58.698 1257 3383 D ConnectivityService: listenForNetwork for uid/pid:10054/11813 NetworkRequest [ LISTEN id=353, [] ]
06-17 11:00:58.725 1257 3355 D StatusBarManagerService: setPanelExpandStateToType : state = false, barType = 0
06-17 11:00:58.729 1257 3355 D ActivityManager: package com.android.keychain, user - 0 is SDcard whitelisted
06-17 11:00:58.732 1257 1929 D OverlayManager: Skipped idmap creation for android and com.samsung.systemui.hidenotch.withoutcornerround
06-17 11:00:58.738 1257 2112 D OverlayManager: Skipped idmap creation for android and com.samsung.systemui.hidenotch
06-17 11:00:58.742 1257 2112 D OverlayManager: Skipped idmap creation for android and com.samsung.systemui.hidenotch.withoutcornerround
06-17 11:00:58.752 1257 1282 I ActivityManager: Start proc 11888:com.android.keychain/1000 for service {com.android.keychain/com.android.keychain.KeyChainService}
06-17 11:00:58.769 1257 2112 D WindowManager: notifyMovementBoundsChanged: insetRect(42, 125 - 1038, 2232), normalRect(533, 1948 - 1038, 2232), animatingRect(533, 1948 - 1038, 2232), fromIme=false, fromShelffalse, rot=0
06-17 11:00:58.791 1257 2112 I ActivityManager: DSS OFF for com.android.keychain
06-17 11:00:58.829 11813 11813 D StatusBar: sw screen_mode_setting : 0
06-17 11:00:58.839 1257 1257 W WallpaperManagerService: Wallpaper onServiceConnected : ComponentInfo{com.android.systemui/com.android.systemui.ImageWallpaper}
06-17 11:00:58.843 1257 3383 D WindowManager: makeSurface duration=3 name=ScreenDecorOverlay$_11813
06-17 11:00:58.844 1257 1257 W WindowManager: addWindowToken: Attempted to add binder token: android.os.Binder@248a855 for already created window token: WallpaperWindowToken{18297f8 token=android.os.Binder@248a855} displayId=0
06-17 11:00:58.846 1257 1257 D WallpaperManagerService: .xml file : width=2400 height=2400 name= component=null
06-17 11:00:58.846 1257 1257 D WallpaperManagerService: service : width=-1 height=-1 name= component=ComponentInfo{com.android.systemui/com.android.systemui.ImageWallpaper}
06-17 11:00:58.846 1257 1257 D WallpaperManagerService: Different wallpaper
06-17 11:00:58.846 1257 1257 D WallpaperManagerService: saveSettingsLockedInternal mode = 0
06-17 11:00:58.850 1257 1257 W WallpaperManagerService: Wallpaper onServiceConnected : ComponentInfo{com.android.systemui/com.android.systemui.ImageWallpaper}
06-17 11:00:58.851 1257 1257 D WallpaperManagerService: .xml file : width=2400 height=2400 name= component=null
06-17 11:00:58.851 1257 1257 D WallpaperManagerService: service : width=-1 height=-1 name= component=ComponentInfo{com.android.systemui/com.android.systemui.ImageWallpaper}
06-17 11:00:58.851 1257 1257 D WallpaperManagerService: Different wallpaper
06-17 11:00:58.851 1257 1257 D WallpaperManagerService: saveSettingsLockedInternal mode = 0
06-17 11:00:58.863 1257 1613 D WallpaperManagerService: which : 2, return type : 8 (called by userId= 0)
06-17 11:00:58.865 1257 2112 D WallpaperManagerService: getVideoColor userId=0, which = 2, videoColor=black
06-17 11:00:58.866 1257 2112 D WallpaperManagerService: getVideoFilePath userId=0 path=
06-17 11:00:58.866 1257 2112 D WallpaperManagerService: getVideoFilePath userId=0 pkg=com.android.systemui which= 2
06-17 11:00:58.909 1257 1613 D PowerManagerService: [api] userActivity : event: 0 flags: 0 (uid: 10054 pid: 11813) eventTime = 395253
06-17 11:00:58.912 1257 1613 D CustomFrequencyManagerService: FrequencyrequestList.getNextSchedTuneBoostRequest, index: 2
06-17 11:00:58.928 1257 2112 D WindowManager: makeSurface duration=2 name=ScreenDecorOverlayBottom$_11813
06-17 11:00:58.945 1257 1613 D WindowManager: makeSurface duration=2 name=NavigationBar0$_11813
06-17 11:00:59.080 1257 1613 I Telecom:SamsungTelecomServiceImpl: isInCall - callingPackage : com.android.systemui
06-17 11:00:59.082 1257 1613 I Telecom:SamsungTelecomServiceImpl: isInCall - callingPackage : com.android.systemui
06-17 11:00:59.118 1257 1929 D WindowManager: makeSurface duration=2 name=StatusBar$_11813
06-17 11:00:59.159 1257 1276 I WindowManager: Reparenting to leash, surface=Surface(name=4ca1bef StatusBar)/@0x4afb837
06-17 11:00:59.161 1257 1276 D WindowManager: makeSurface duration=1 leash=Surface(name=Surface(name=4ca1bef StatusBar)/@0x4afb837 - animation-leash)/@0xa7c61a4
06-17 11:00:59.165 1257 1276 I WindowManager: Reparenting to leash, surface=Surface(name=3624cd2 NavigationBar0)/@0x564cac2
06-17 11:00:59.166 1257 1276 D WindowManager: makeSurface duration=1 leash=Surface(name=Surface(name=3624cd2 NavigationBar0)/@0x564cac2 - animation-leash)/@0x5bda0d3
06-17 11:00:59.168 1257 3383 D CustomFrequencyManagerService: FrequencyrequestList.getNextSchedTuneBoostRequest, index: 2
06-17 11:00:59.184 1257 5056 D CustomFrequencyManagerService: FrequencyrequestList.getNextSchedTuneBoostRequest, index: 2
06-17 11:00:59.240 1257 1929 D SettingsProvider: isChangeAllowed() : name = quickstar_coloring_notification_switch
06-17 11:00:59.240 1257 1929 D SettingsProvider: edmUri: content://com.sec.knox.provider/RestrictionPolicy3
06-17 11:00:59.240 1257 1929 D SettingsProvider: projectionArgs: isSettingsChangesAllowed
06-17 11:00:59.240 1257 1929 D SettingsProvider: selectionArgs: false
06-17 11:00:59.241 1257 1929 D SettingsProvider: selectionArgs: 10054
06-17 11:00:59.241 1257 1929 D SecContentProvider: called from android.uid.systemui:10054
06-17 11:00:59.241 1257 1929 D RestrictionPolicy: isSettingsChangesAllowedAsUser, userId 0 : true
06-17 11:00:59.241 1257 1929 D SettingsProvider: ret = 1
06-17 11:00:59.245 1257 1929 D SettingsProvider: isChangeAllowed() : name = aod_lock_share_page_key_order
06-17 11:00:59.245 1257 1929 D SettingsProvider: edmUri: content://com.sec.knox.provider/RestrictionPolicy3
06-17 11:00:59.245 1257 1929 D SettingsProvider: projectionArgs: isSettingsChangesAllowed
06-17 11:00:59.245 1257 1929 D SettingsProvider: selectionArgs: false
06-17 11:00:59.245 1257 1929 D SettingsProvider: selectionArgs: 10054
06-17 11:00:59.246 1257 1929 D SecContentProvider: called from android.uid.systemui:10054
06-17 11:00:59.246 1257 1929 D RestrictionPolicy: isSettingsChangesAllowedAsUser, userId 0 : true
06-17 11:00:59.246 1257 1929 D SettingsProvider: ret = 1
06-17 11:00:59.339 1257 5056 D SettingsProvider: isChangeAllowed() : name = sysui_qqs_count
06-17 11:00:59.339 1257 5056 D SettingsProvider: edmUri: content://com.sec.knox.provider/RestrictionPolicy3
06-17 11:00:59.339 1257 5056 D SettingsProvider: projectionArgs: isSettingsChangesAllowed
06-17 11:00:59.339 1257 5056 D SettingsProvider: selectionArgs: false
06-17 11:00:59.339 1257 5056 D SettingsProvider: selectionArgs: 10054
06-17 11:00:59.339 1257 5056 D SecContentProvider: called from android.uid.systemui:10054
06-17 11:00:59.340 1257 5056 D RestrictionPolicy: isSettingsChangesAllowedAsUser, userId 0 : true
06-17 11:00:59.340 1257 5056 D SettingsProvider: ret = 1
06-17 11:00:59.375 1257 5056 D SettingsProvider: isChangeAllowed() : name = qs_detail_content_primary_text_color
06-17 11:00:59.375 1257 5056 D SettingsProvider: edmUri: content://com.sec.knox.provider/RestrictionPolicy3
06-17 11:00:59.375 1257 5056 D SettingsProvider: projectionArgs: isSettingsChangesAllowed
06-17 11:00:59.375 1257 5056 D SettingsProvider: selectionArgs: false
06-17 11:00:59.375 1257 5056 D SettingsProvider: selectionArgs: 10054
06-17 11:00:59.376 1257 5056 D SecContentProvider: called from android.uid.systemui:10054
06-17 11:00:59.376 1257 5056 D RestrictionPolicy: isSettingsChangesAllowedAsUser, userId 0 : true
06-17 11:00:59.376 1257 5056 D SettingsProvider: ret = 1
06-17 11:00:59.378 1257 5056 D SettingsProvider: isChangeAllowed() : name = qs_detail_content_secondary_text_color
06-17 11:00:59.378 1257 5056 D SettingsProvider: edmUri: content://com.sec.knox.provider/RestrictionPolicy3
06-17 11:00:59.378 1257 5056 D SettingsProvider: projectionArgs: isSettingsChangesAllowed
06-17 11:00:59.378 1257 5056 D SettingsProvider: selectionArgs: false
06-17 11:00:59.378 1257 5056 D SettingsProvider: selectionArgs: 10054
06-17 11:00:59.379 1257 5056 D SecContentProvider: called from android.uid.systemui:10054
06-17 11:00:59.379 1257 5056 D RestrictionPolicy: isSettingsChangesAllowedAsUser, userId 0 : true
06-17 11:00:59.379 1257 5056 D SettingsProvider: ret = 1
06-17 11:00:59.382 1257 5056 D SamsungAlarmManager: Cancel Alarm calling from uid:10197 pid :11025 / op:PendingIntent{78c3ec5: PendingIntentRecord{ecfa40f com.sec.android.daemonapp broadcastIntent}}
06-17 11:00:59.384 1257 5056 I SamsungAlarmManager: setLocked to kernel - T:2 / 20260617T110715, SetElapsed=771738, nowELAPSED=395729
06-17 11:00:59.384 1257 1929 D SettingsProvider: isChangeAllowed() : name = qs_detail_content_primary_text_color
06-17 11:00:59.384 1257 1929 D SettingsProvider: edmUri: content://com.sec.knox.provider/RestrictionPolicy3
06-17 11:00:59.384 1257 1929 D SettingsProvider: projectionArgs: isSettingsChangesAllowed
06-17 11:00:59.384 1257 1929 D SettingsProvider: selectionArgs: false
06-17 11:00:59.384 1257 1929 D SettingsProvider: selectionArgs: 10054
06-17 11:00:59.385 1257 1929 D SecContentProvider: called from android.uid.systemui:10054
06-17 11:00:59.385 1257 5056 I SamsungAlarmManager: setLocked to kernel - T:3 / 20260617T110100, SetElapsed=396345, nowELAPSED=395730
06-17 11:00:59.385 1257 1929 D RestrictionPolicy: isSettingsChangesAllowedAsUser, userId 0 : true
06-17 11:00:59.385 1257 1929 D SettingsProvider: ret = 1
06-17 11:00:59.387 1257 1929 D SettingsProvider: isChangeAllowed() : name = qs_detail_content_secondary_text_color
06-17 11:00:59.387 1257 1929 D SettingsProvider: edmUri: content://com.sec.knox.provider/RestrictionPolicy3
06-17 11:00:59.387 1257 1929 D SettingsProvider: projectionArgs: isSettingsChangesAllowed
06-17 11:00:59.387 1257 1929 D SettingsProvider: selectionArgs: false
06-17 11:00:59.387 1257 1929 D SettingsProvider: selectionArgs: 10054
06-17 11:00:59.387 1257 1929 D SecContentProvider: called from android.uid.systemui:10054
06-17 11:00:59.388 1257 1929 D RestrictionPolicy: isSettingsChangesAllowedAsUser, userId 0 : true
06-17 11:00:59.388 1257 1929 D SettingsProvider: ret = 1
06-17 11:00:59.399 1257 5056 D SamsungAlarmManager: setExact Intent (T:1/F:1/AC:false) 20260617T170100 - CU:10197/CP:11025
06-17 11:00:59.399 1257 5056 I SamsungAlarmManager: setLocked to kernel - T:2 / 20260617T110715, SetElapsed=771738, nowELAPSED=395745
06-17 11:00:59.400 1257 5056 I SamsungAlarmManager: setLocked to kernel - T:3 / 20260617T110100, SetElapsed=396345, nowELAPSED=395745
06-17 11:00:59.402 1257 1257 D EdgeLightingManager: isCallingUserSupported : callingUserId=0, mUserId=0, isDualAppId=false
06-17 11:00:59.402 1257 1257 D EdgeLightingManager: hideForNotification : packageName = com.sec.android.daemonapp
06-17 11:00:59.403 1257 1257 D EdgeLightingPolicyManager:NotificationGroup: remove : sbn : StatusBarNotification(pkg=com.sec.android.daemonapp user=UserHandle{0} id=4914 tag=null key=0|com.sec.android.daemonapp|4914|null|10197: Notification(channel=weather.notification.autoRefresh pri=0 contentView=null vibrate=null sound=null defaults=0x0 flags=0x62 color=0x00000000 category=service vis=PRIVATE semFlags=0x0 semPriority=0 semMissedCount=0))
06-17 11:00:59.403 1257 1257 D EdgeLightingPolicyManager.NotificationGroup: group key = 0|com.whatsapp|g:group_key_messages ,value= summary : NotificationData { tag= null } , child : 2key = 0|com.whatsapp|1|f3nVRr13RKWQ4GQna4UvUqSgSqGMcIJZFm97HCnCmPI=
06-17 11:00:59.403 1257 1257 D EdgeLightingPolicyManager.NotificationGroup: |10255 , value = NotificationData { tag= f3nVRr13RKWQ4GQna4UvUqSgSqGMcIJZFm97HCnCmPI=
06-17 11:00:59.403 1257 1257 D EdgeLightingPolicyManager.NotificationGroup: } ,key = 0|com.whatsapp|1|ZYFXNF0t/ogbgalaIk8EWyOXr0x5+y8JgCRxSYkFyow=
06-17 11:00:59.403 1257 1257 D EdgeLightingPolicyManager.NotificationGroup: |10255 , value = NotificationData { tag= ZYFXNF0t/ogbgalaIk8EWyOXr0x5+y8JgCRxSYkFyow=
06-17 11:00:59.403 1257 1257 D EdgeLightingPolicyManager.NotificationGroup: } , }
06-17 11:00:59.403 1257 1257 D EdgeLightingPolicyManager.NotificationGroup: group key = 0|ru.oneme.app|g:ru.oneme.app.notifications.0 ,value= summary : NotificationData { tag= MESS_GROUP_NOTIF_0 } , child : 9key = 0|ru.oneme.app|9|CHAT_NOTIF_0|10450 , value = NotificationData { tag= CHAT_NOTIF_0 } ,key = 0|ru.oneme.app|31|CHAT_NOTIF_0|10450 , value = NotificationData { tag= CHAT_NOTIF_0 } ,key = 0|ru.oneme.app|16|CHAT_NOTIF_0|10450 , value = NotificationData { tag= CHAT_NOTIF_0 } ,key = 0|ru.oneme.app|7|CHAT_NOTIF_0|10450 , value = NotificationData { tag= CHAT_NOTIF_0 } ,key = 0|ru.oneme.app|43|CHAT_NOTIF_0|10450 , value = NotificationData { tag= CHAT_NOTIF_0 } ,key = 0|ru.oneme.app|13|CHAT_NOTIF_0|10450 , value = NotificationData { tag= CHAT_NOTIF_0 } ,key = 0|ru.oneme.app|25|CHAT_NOTIF_0|10450 , value = NotificationData { tag= CHAT_NOTIF_0 } ,key = 0|ru.oneme.app|150|CHAT_NOTIF_0|10450 , value = NotificationData { tag= CHAT_NOTIF_0 } ,key = 0|ru.oneme.app|6|CHAT_NOTIF_0|10450 , value = NotificationData { tag= CHAT_NOTIF_0 } , }
06-17 11:00:59.403 1257 1257 D EdgeLightingPolicyManager.NotificationGroup: group key = 0|com.samsung.android.messaging|g:MESSAGE_RECEIVED ,value= summary : NotificationData { tag= com.samsung.android.messaging:GROUP_RECEIVED: } , child : 4key = 0|com.samsung.android.messaging|123|com.samsung.android.messaging:MESSAGE_RECEIVED:308|10114 , value = NotificationData { tag= com.samsung.android.messaging:MESSAGE_RECEIVED:308 } ,key = 0|com.samsung.android.messaging|123|com.samsung.android.messaging:MESSAGE_RECEIVED:285|10114 , value = NotificationData { tag= com.samsung.android.messaging:MESSAGE_RECEIVED:285 } ,key = 0|com.samsung.android.messaging|123|com.samsung.android.messaging:MESSAGE_RECEIVED:284|10114 , value = NotificationData { tag= com.samsung.android.messaging:MESSAGE_RECEIVED:284 } ,key = 0|com.samsung.android.messaging|123|com.samsung.android.messaging:MESSAGE_RECEIVED:167|10114 , value = NotificationData { tag= com.samsung.android.messaging:MESSAGE_RECEIVED:167 } , }
06-17 11:00:59.403 1257 1257 D EdgeLightingPolicyManager.NotificationGroup: group key = 0|com.android.chrome|g:OfflinePageAutoFetchNotification ,value= summary : null , child : 1key = 0|com.android.chrome|0|OfflinePageAutoFetchInProgressNotification|10230 , value = NotificationData { tag= OfflinePageAutoFetchInProgressNotification } , }
06-17 11:00:59.403 1257 1257 D EdgeLightingPolicyManager.NotificationGroup: group key = 0|ru.yandex.searchplugin|g:searchlib_group ,value= summary : null , child : 1key = 0|ru.yandex.searchplugin|19810816|SEARCHLIB_BAR|10251 , value = NotificationData { tag= SEARCHLIB_BAR } , }
06-17 11:00:59.404 1257 1257 D EdgeLightingManager: hideForNotification : isInteractive is true
06-17 11:00:59.404 1257 1257 D LightsService: [api] [SvcLED] turnOff:: id = 4 (uid: 1000 pid: 1257)
06-17 11:00:59.404 1257 1257 D LightsService: [api] [SvcLED] LED indicator : Not supported.
06-17 11:00:59.409 1257 5066 I ActivityManager: Killing 11427:ru.yandex.searchplugin:AppMetrica/u0a251 (adj 999): empty #25
06-17 11:00:59.410 1257 1257 D SmartAlertController: SmartAlert - Found Missed Event
06-17 11:00:59.412 1257 11929 D SmartAlertController: SmartAlert - already registered or Setting disabled
06-17 11:00:59.416 1257 1276 I WindowManager: Reparenting to original parent: Surface(name=WindowToken{99010ce android.os.BinderProxy@fffbdd0})/@0x1763528, destroyLeash=true, surface=Surface(name=4ca1bef StatusBar)/@0x4afb837
06-17 11:00:59.434 1257 1276 I WindowManager: Reparenting to original parent: Surface(name=WindowToken{e86bb5d android.os.BinderProxy@eaf8c07})/@0x3291d27, destroyLeash=true, surface=Surface(name=3624cd2 NavigationBar0)/@0x564cac2
06-17 11:00:59.456 1257 5056 W ActivityManager: Scheduling restart of crashed service ru.yandex.searchplugin/io.appmetrica.analytics.internal.AppMetricaService in 1000ms
06-17 11:00:59.462 1257 2112 I Telecom:SamsungTelecomServiceImpl: getUserSelectedOutgoingPhoneAccount - callingPackage : com.samsung.android.app.telephonyui
06-17 11:00:59.464 1257 2112 I Telecom:SamsungTelecomServiceImpl: getPhoneAccount - PhoneAccountHandle : ComponentInfo{com.android.phone/com.android.services.telephony.TelephonyConnectionService}, ***, UserHandle{0} / callingPid : 24305 / processName : sts
06-17 11:00:59.477 1257 1929 I Telecom:SamsungTelecomServiceImpl: getCallCapablePhoneAccounts - includeDisabledAccounts : false / callingPackage : com.samsung.android.app.telephonyui
06-17 11:00:59.479 1257 1929 I Telecom:SamsungTelecomServiceImpl: getPhoneAccount - PhoneAccountHandle : ComponentInfo{com.android.phone/com.android.services.telephony.TelephonyConnectionService}, ***, UserHandle{0} / callingPid : 24305 / processName : sts
06-17 11:00:59.483 1257 2112 I Telecom:SamsungTelecomServiceImpl: getUserSelectedOutgoingPhoneAccount - callingPackage : com.samsung.android.app.telephonyui
06-17 11:00:59.485 1257 1929 I Telecom:SamsungTelecomServiceImpl: getPhoneAccount - PhoneAccountHandle : ComponentInfo{com.android.phone/com.android.services.telephony.TelephonyConnectionService}, ***, UserHandle{0} / callingPid : 24305 / processName : sts
06-17 11:00:59.496 1257 3355 I Telecom:SamsungTelecomServiceImpl: getCallCapablePhoneAccounts - includeDisabledAccounts : false / callingPackage : com.samsung.android.app.telephonyui
06-17 11:00:59.498 1257 3355 I Telecom:SamsungTelecomServiceImpl: getPhoneAccount - PhoneAccountHandle : ComponentInfo{com.android.phone/com.android.services.telephony.TelephonyConnectionService}, ***, UserHandle{0} / callingPid : 24305 / processName : sts
06-17 11:00:59.749 1257 2112 D ActivityManager: package ru.yandex.searchplugin, user - 0 is SDcard whitelisted
06-17 11:00:59.775 1257 1282 I ActivityManager: Start proc 11931:ru.yandex.searchplugin:AppMetrica/u0a251 for service {ru.yandex.searchplugin/io.appmetrica.analytics.internal.AppMetricaService}
06-17 11:00:59.811 1257 2112 I ActivityManager: DSS OFF for ru.yandex.searchplugin
06-17 11:00:59.993 1257 5056 I ActivityManager: Killing 11476:ru.yandex.searchplugin:passport/u0a251 (adj 999): empty #25
06-17 11:01:00.000 1257 1396 D SamsungAlarmManager: Expired : 8
06-17 11:01:00.000 1257 1396 V SamsungAlarmManager: Sending to uid : 1000 listener=com.android.server.AlarmManagerService$2@dd6ae18 alarm=Alarm{6bd1ac0 type 3 when 396345 android}
06-17 11:01:00.000 1257 1396 D SamsungAlarmManager: setExact Listener (T:3/F:1/AC:false) 20260617T110200 - CU:1000/CP:1257
06-17 11:01:00.000 1257 1396 I SamsungAlarmManager: setLocked to kernel - T:2 / 20260617T110715, SetElapsed=771738, nowELAPSED=396345
06-17 11:01:00.001 1257 1396 I SamsungAlarmManager: setLocked to kernel - T:3 / 20260617T110111, SetElapsed=407503, nowELAPSED=396346
06-17 11:01:00.002 1257 1396 I SamsungAlarmManager: setLocked to kernel - T:2 / 20260617T110715, SetElapsed=771738, nowELAPSED=396347
06-17 11:01:00.002 1257 1396 I SamsungAlarmManager: setLocked to kernel - T:3 / 20260617T110111, SetElapsed=407503, nowELAPSED=396347
06-17 11:01:00.018 1257 5066 I ActivityManager: Killing 10947:com.samsung.android.calendar/u0a162 (adj 999): empty #25
06-17 11:01:00.027 1257 3355 I Telecom:SamsungTelecomServiceImpl: getCallState - callingPid : 11813 / processName : sts
06-17 11:01:00.046 1257 1929 D WindowManager: makeSurface duration=3 name=com.android.systemui.ImageWallpaper$_11813
06-17 11:01:00.057 1257 1276 V WindowManager: performShow on Window{590cfa2 u0 com.android.systemui.ImageWallpaper}: mDrawState=READY_TO_SHOW readyForDisplay=false starting=false during animation: policyVis=true parentHidden=false tok.hiddenRequested=false tok.hidden=false animating=false tok animating=false Callers=com.android.server.wm.WindowState.performShowLocked:4719 com.android.server.wm.WindowStateAnimator.commitFinishDrawingLocked:401 com.android.server.wm.DisplayContent.lambda$new$8$DisplayContent:990 com.android.server.wm.-$$Lambda$DisplayContent$qxt4izS31fb0LF2uo_OF9DMa7gc.accept:4
06-17 11:01:00.069 1257 1276 V WindowManager: performShow on Window{590cfa2 u0 com.android.systemui.ImageWallpaper}: mDrawState=READY_TO_SHOW readyForDisplay=false starting=false during animation: policyVis=true parentHidden=false tok.hiddenRequested=false tok.hidden=false animating=false tok animating=false Callers=com.android.server.wm.WindowState.performShowLocked:4719 com.android.server.wm.DisplayContent.lambda$new$0$DisplayContent:680 com.android.server.wm.-$$Lambda$DisplayContent$0yxrqH9eGY2qTjH1u_BvaVrXCSA.accept:4 com.android.server.wm.WindowContainer$ForAllWindowsConsumerWrapper.apply:1184
06-17 11:01:00.077 1257 1257 D EdgeLightingManager: isCallingUserSupported : callingUserId=-1, mUserId=0, isDualAppId=false
06-17 11:01:00.081 1257 1257 D SmartAlertController: SmartAlert - Found Missed Event
06-17 11:01:00.085 1257 11962 D SmartAlertController: SmartAlert - already registered or Setting disabled
06-17 11:01:00.151 1257 5056 W ActivityManager: Receiver with filter android.content.IntentFilter@2813c26 already registered for pid 11931, callerPackage is ru.yandex.searchplugin
06-17 11:01:00.153 1257 1281 W BroadcastQueue: Skipping deliver [background] BroadcastRecord{cbe6067 u-1 android.intent.action.BATTERY_CHANGED} to ReceiverList{a6ccc38 11931 ru.yandex.searchplugin:AppMetrica/10251/u0 remote:d53a09b}: filter unregistered
06-17 11:01:00.219 1257 1929 D SettingsProvider: isChangeAllowed() : name = hide_rotation_lock_toggle_for_accessibility
06-17 11:01:00.219 1257 1929 D SettingsProvider: edmUri: content://com.sec.knox.provider/RestrictionPolicy3
06-17 11:01:00.220 1257 1929 D SettingsProvider: projectionArgs: isSettingsChangesAllowed
06-17 11:01:00.220 1257 1929 D SettingsProvider: selectionArgs: false
06-17 11:01:00.220 1257 1929 D SettingsProvider: selectionArgs: 10054
06-17 11:01:00.220 1257 1929 D SecContentProvider: called from android.uid.systemui:10054
06-17 11:01:00.220 1257 1929 D RestrictionPolicy: isSettingsChangesAllowedAsUser, userId 0 : true
06-17 11:01:00.221 1257 1929 D SettingsProvider: ret = 1
06-17 11:01:00.286 1257 1257 D CustomFrequencyManagerService: releaseDVFSLockLocked : Getting Lock type frm List : DVFS_MIN_LIMIT frequency : 1295000 uid : 1000 pid : 1257 tag : GESTURE_DETECTED@CPU_MIN@57
06-17 11:01:00.291 1257 5056 V WindowManager: performShow on Window{590cfa2 u0 com.android.systemui.ImageWallpaper}: mDrawState=READY_TO_SHOW readyForDisplay=false starting=false during animation: policyVis=true parentHidden=false tok.hiddenRequested=false tok.hidden=false animating=false tok animating=false Callers=com.android.server.wm.WindowState.performShowLocked:4719 com.android.server.wm.WindowStateAnimator.commitFinishDrawingLocked:401 com.android.server.wm.DisplayContent.lambda$new$8$DisplayContent:990 com.android.server.wm.-$$Lambda$DisplayContent$qxt4izS31fb0LF2uo_OF9DMa7gc.accept:4
06-17 11:01:00.304 1257 1276 V WindowManager: performShow on Window{590cfa2 u0 com.android.systemui.ImageWallpaper}: mDrawState=READY_TO_SHOW readyForDisplay=false starting=false during animation: policyVis=true parentHidden=false tok.hiddenRequested=false tok.hidden=false animating=false tok animating=false Callers=com.android.server.wm.WindowState.performShowLocked:4719 com.android.server.wm.DisplayContent.lambda$new$0$DisplayContent:680 com.android.server.wm.-$$Lambda$DisplayContent$0yxrqH9eGY2qTjH1u_BvaVrXCSA.accept:4 com.android.server.wm.WindowContainer$ForAllWindowsConsumerWrapper.apply:1184
06-17 11:01:00.368 1257 3378 W UriGrantsManagerService: No content provider found for permission check: content://com.sec.kidsplat.parentalcontrol.provider.v2/setup_wizzard
06-17 11:01:00.465 1257 1257 D CustomFrequencyManagerService: releaseDVFSLockLocked : Getting Lock type frm List : DVFS_MIN_LIMIT frequency : 1295000 uid : 1000 pid : 1257 tag : LISTVIEW_SCROLL@CPU_MIN@52
06-17 11:01:00.685 1257 3378 D CustomFrequencyManagerService: FrequencyrequestList.getNextSchedTuneBoostRequest, index: 1
06-17 11:01:00.723 1257 1929 I Telecom:SamsungTelecomServiceImpl: getUserSelectedOutgoingPhoneAccount - callingPackage : com.samsung.android.app.telephonyui
06-17 11:01:00.724 1257 3378 I Telecom:SamsungTelecomServiceImpl: getPhoneAccount - PhoneAccountHandle : ComponentInfo{com.android.phone/com.android.services.telephony.TelephonyConnectionService}, ***, UserHandle{0} / callingPid : 24305 / processName : sts
06-17 11:01:00.734 1257 3378 I Telecom:SamsungTelecomServiceImpl: getCallCapablePhoneAccounts - includeDisabledAccounts : false / callingPackage : com.samsung.android.app.telephonyui
06-17 11:01:00.736 1257 3378 I Telecom:SamsungTelecomServiceImpl: getPhoneAccount - PhoneAccountHandle : ComponentInfo{com.android.phone/com.android.services.telephony.TelephonyConnectionService}, ***, UserHandle{0} / callingPid : 24305 / processName : sts
06-17 11:01:00.739 1257 3378 I Telecom:SamsungTelecomServiceImpl: getUserSelectedOutgoingPhoneAccount - callingPackage : com.samsung.android.app.telephonyui
06-17 11:01:00.740 1257 3378 I Telecom:SamsungTelecomServiceImpl: getPhoneAccount - PhoneAccountHandle : ComponentInfo{com.android.phone/com.android.services.telephony.TelephonyConnectionService}, ***, UserHandle{0} / callingPid : 24305 / processName : sts
06-17 11:01:00.749 1257 3378 I Telecom:SamsungTelecomServiceImpl: getCallCapablePhoneAccounts - includeDisabledAccounts : false / callingPackage : com.samsung.android.app.telephonyui
06-17 11:01:00.750 1257 3378 I Telecom:SamsungTelecomServiceImpl: getPhoneAccount - PhoneAccountHandle : ComponentInfo{com.android.phone/com.android.services.telephony.TelephonyConnectionService}, ***, UserHandle{0} / callingPid : 24305 / processName : sts
06-17 11:01:00.758 1257 3378 I Telecom:SamsungTelecomServiceImpl: getUserSelectedOutgoingPhoneAccount - callingPackage : com.samsung.android.app.telephonyui
06-17 11:01:00.759 1257 3378 I Telecom:SamsungTelecomServiceImpl: getPhoneAccount - PhoneAccountHandle : ComponentInfo{com.android.phone/com.android.services.telephony.TelephonyConnectionService}, ***, UserHandle{0} / callingPid : 24305 / processName : sts
