06-17 11:01:05.178 1257 3383 I WindowManager: Destroying surface Surface(name=ScreenDecorOverlay$_11813)/@0xae2229 called by com.android.server.wm.WindowStateAnimator.destroySurface:1790 com.android.server.wm.WindowStateAnimator.destroySurfaceLocked:720 com.android.server.wm.WindowState.removeImmediately:2327 com.android.server.wm.WindowState.removeIfPossible:2463 com.android.server.wm.WindowState.access$300:264 com.android.server.wm.WindowState$DeathRecipient.binderDied:3034 android.os.BinderProxy.sendDeathNotice:637
06-17 11:01:05.179 1257 3470 D CustomFrequencyManagerService: FrequencyrequestList.getNextSchedTuneBoostRequest, index: 1
06-17 11:01:05.183 1257 1906 I WindowManager: WIN DEATH: Window{1c6f144 u0 ScreenDecorOverlayBottom}
06-17 11:01:05.184 1257 1906 I WindowManager: Destroying surface Surface(name=ScreenDecorOverlayBottom$_11813)/@0xd4339ae called by com.android.server.wm.WindowStateAnimator.destroySurface:1790 com.android.server.wm.WindowStateAnimator.destroySurfaceLocked:720 com.android.server.wm.WindowState.removeImmediately:2327 com.android.server.wm.WindowState.removeIfPossible:2463 com.android.server.wm.WindowState.access$300:264 com.android.server.wm.WindowState$DeathRecipient.binderDied:3034 android.os.BinderProxy.sendDeathNotice:637
06-17 11:01:05.189 1257 5088 I WindowManager: WIN DEATH: Window{4ca1bef u0 StatusBar}
06-17 11:01:05.192 1257 5088 I WindowManager: Reparenting to leash, surface=Surface(name=4ca1bef StatusBar)/@0x4afb837
06-17 11:01:05.193 1257 5088 D WindowManager: makeSurface duration=2 leash=Surface(name=Surface(name=4ca1bef StatusBar)/@0x4afb837 - animation-leash)/@0xfddb7e5
06-17 11:01:05.198 1257 1929 I WindowManager: WIN DEATH: Window{a206bda u0 Bouncer}
06-17 11:01:05.204 1257 1273 D ActivityTaskManager: setLockScreenShown(true,false) is called from 1257
06-17 11:01:05.204 1257 1273 D ActivityTaskManager: Top Process State changed to PROCESS_STATE_TOP_SLEEPING
06-17 11:01:05.210 1257 3378 I ActivityManager: Process com.android.systemui (pid 11813) has died: pers PER (315,1486)
06-17 11:01:05.212 1257 1613 I WindowManager: WIN DEATH: Window{e9ed75f u0 DockedStackDivider}
06-17 11:01:05.213 1257 1906 D CustomFrequencyManagerService: FrequencyrequestList.getNextSchedTuneBoostRequest, index: 1
06-17 11:01:05.250 1257 3378 W ActivityManager: Scheduling restart of crashed service com.android.systemui/.SystemUIService in 0ms
06-17 11:01:05.250 1257 3378 W ActivityManager: Scheduling restart of crashed service com.android.systemui/.keyguard.KeyguardService in 0ms
06-17 11:01:05.251 1257 3378 W ActivityManager: Scheduling restart of crashed service com.android.systemui/.ImageWallpaper in 0ms
06-17 11:01:05.254 1257 3378 W ActivityManager: Re-adding persistent process ProcessRecord{49feed7 11813:com.android.systemui/u0a54}
06-17 11:01:05.256 1257 3378 D ActivityManager: package com.android.systemui, user - 0 is SDcard whitelisted
06-17 11:01:05.266 1257 1275 W UsageStatsService: Event reported without a package name, eventType:17
06-17 11:01:05.299 1257 1275 V UsbDeviceManager: onKeyguardStateChanged: isShowing=true secure=false user=0
06-17 11:01:05.310 1257 1272 D UsbDeviceManager: handleMessage -> MSG_UPDATE_SCREEN_LOCK: mScreenLocked=false
06-17 11:01:05.314 1257 1282 W ActivityManager: Slow operation: 60ms so far, now at startProcess: returned from zygote!
06-17 11:01:05.314 1257 1275 D StorageManagerService: onKeyguardStateChanged = false
06-17 11:01:05.315 1257 1424 I StorageManagerService: handleMessage :{ when=0 what=15 target=com.android.server.StorageManagerService$StorageManagerServiceHandler }
06-17 11:01:05.315 1257 1424 D StorageManagerService: handleMessage :: H_KEYGUARD_CHANGED = 0
06-17 11:01:05.316 1257 1282 W ActivityManager: Slow operation: 62ms so far, now at startProcess: done updating battery stats
06-17 11:01:05.316 1257 1282 W ActivityManager: Slow operation: 63ms so far, now at startProcess: building log message
06-17 11:01:05.316 1257 1282 I ActivityManager: Start proc 12066:com.android.systemui/u0a54 for restart com.android.systemui
06-17 11:01:05.316 1257 1282 W ActivityManager: Slow operation: 63ms so far, now at startProcess: starting to update pids map
06-17 11:01:05.317 1257 1282 W ActivityManager: Slow operation: 63ms so far, now at startProcess: done updating pids map
06-17 11:01:05.343 1257 3383 I ActivityManager: DSS OFF for com.android.systemui
06-17 11:01:05.349 1257 3383 D OomAdjuster: Set persistent 12066 com.android.systemui adj -800: fixed com.android.server.am.OomAdjuster.updateOomAdjLocked:557 com.android.server.am.ActivityManagerService.updateOomAdjLocked:19836 com.android.server.am.ActiveServices.realStartServiceLocked:2895 com.android.server.am.ActiveServices.attachApplicationLocked:3589 com.android.server.am.ActivityManagerService.attachApplicationLocked:6237 com.android.server.am.ActivityManagerService.attachApplication:6307 android.app.IActivityManager$Stub.onTransact:2386
06-17 11:01:05.376 1257 3460 I ActivityManager: Killing 9758:com.google.process.gservices/u0a215 (adj 999): empty #25
06-17 11:01:05.378 1257 1276 I WindowManager: Reparenting to original parent: Surface(name=WindowToken{e86bb5d android.os.BinderProxy@eaf8c07})/@0x3291d27, destroyLeash=true, surface=Surface(name=3624cd2 NavigationBar0)/@0x564cac2
06-17 11:01:05.397 1257 1276 I WindowManager: Destroying surface Surface(name=NavigationBar0$_11813)/@0xc056f12 called by com.android.server.wm.WindowStateAnimator.destroySurface:1790 com.android.server.wm.WindowStateAnimator.destroySurfaceLocked:720 com.android.server.wm.WindowState.destroySurfaceUnchecked:3534 com.android.server.wm.RootWindowContainer.performSurfacePlacementNoTrace:817 com.android.server.wm.RootWindowContainer.performSurfacePlacement:669 com.android.server.wm.WindowSurfacePlacer.performSurfacePlacementLoop:180 com.android.server.wm.WindowSurfacePlacer.performSurfacePlacement:111 com.android.server.wm.WindowSurfacePlacer.performSurfacePlacement:99
06-17 11:01:05.402 1257 1276 W WindowManager: Failed to report 'resized' to the client of Window{4ca1bef u0 StatusBar EXITING}, removing this window.
06-17 11:01:05.402 1257 1276 D WindowManager: setKeyguardOccluded occluded=false
06-17 11:01:05.403 1257 1276 I WindowManager: Destroying surface Surface(name=StatusBar$_11813)/@0x8db4c19 called by com.android.server.wm.WindowStateAnimator.destroySurface:1790 com.android.server.wm.WindowStateAnimator.destroySurfaceLocked:720 com.android.server.wm.WindowState.removeImmediately:2327 com.android.server.wm.RootWindowContainer.performSurfacePlacementNoTrace:901 com.android.server.wm.RootWindowContainer.performSurfacePlacement:669 com.android.server.wm.WindowSurfacePlacer.performSurfacePlacementLoop:180 com.android.server.wm.WindowSurfacePlacer.performSurfacePlacement:111 com.android.server.wm.WindowSurfacePlacer.performSurfacePlacement:99
06-17 11:01:05.424 1257 5088 I DropBoxManagerService: add tag=system_server_wtf isTagEnabled=true flags=0x2
06-17 11:01:05.475 1257 1257 D TrustManagerService: Removing dead TrustListener.
06-17 11:01:05.532 1257 3460 D SettingsProvider: isChangeAllowed() : name = wallpaper_rotate_fixed
06-17 11:01:05.532 1257 3460 D SettingsProvider: edmUri: content://com.sec.knox.provider/RestrictionPolicy3
06-17 11:01:05.532 1257 3460 D SettingsProvider: projectionArgs: isSettingsChangesAllowed
06-17 11:01:05.532 1257 3460 D SettingsProvider: selectionArgs: false
06-17 11:01:05.532 1257 3460 D SettingsProvider: selectionArgs: 10054
06-17 11:01:05.533 1257 3460 D SecContentProvider: called from android.uid.systemui:10054
06-17 11:01:05.533 1257 3460 D RestrictionPolicy: isSettingsChangesAllowedAsUser, userId 0 : true
06-17 11:01:05.533 1257 3460 D SettingsProvider: ret = 1
06-17 11:01:05.543 1257 5088 D WallpaperManagerService: mDeviceColor:black
06-17 11:01:05.557 1257 1274 D SettingsProvider: isChangeAllowed() : name = enabled_notification_listeners
06-17 11:01:05.557 1257 1274 D SettingsProvider: isChangeAllowed() : name = enabled_notification_assistant
06-17 11:01:05.557 1257 1274 D SettingsProvider: isChangeAllowed() : name = enabled_notification_policy_access_packages
06-17 11:01:05.573 1257 3378 V WifiDisplayAdapter: getWifiDisplayStatusLocked: result=WifiDisplayStatus{featureState=0, scanState=0, activeDisplayState=0, activeDisplay=null, displays=[], sessionInfo=WifiDisplaySessionInfo:
06-17 11:01:05.573 1257 3378 V WifiDisplayAdapter: Client/Owner: Client
06-17 11:01:05.573 1257 3378 V WifiDisplayAdapter: GroupId:
06-17 11:01:05.573 1257 3378 V WifiDisplayAdapter: Passphrase:
06-17 11:01:05.573 1257 3378 V WifiDisplayAdapter: SessionId: 0
06-17 11:01:05.573 1257 3378 V WifiDisplayAdapter: IP Address: , connectedState=-1}
06-17 11:01:05.575 1257 1274 D SettingsProvider: isChangeAllowed() : name = enabled_notification_listeners
06-17 11:01:05.576 1257 1274 D SettingsProvider: isChangeAllowed() : name = enabled_notification_assistant
06-17 11:01:05.576 1257 1274 D SettingsProvider: isChangeAllowed() : name = enabled_notification_policy_access_packages
06-17 11:01:05.577 1257 3378 V WifiDisplayAdapter: getWifiDisplayStatusLocked: result=WifiDisplayStatus{featureState=0, scanState=0, activeDisplayState=0, activeDisplay=null, displays=[], sessionInfo=WifiDisplaySessionInfo:
06-17 11:01:05.577 1257 3378 V WifiDisplayAdapter: Client/Owner: Client
06-17 11:01:05.577 1257 3378 V WifiDisplayAdapter: GroupId:
06-17 11:01:05.577 1257 3378 V WifiDisplayAdapter: Passphrase:
06-17 11:01:05.577 1257 3378 V WifiDisplayAdapter: SessionId: 0
06-17 11:01:05.577 1257 3378 V WifiDisplayAdapter: IP Address: , connectedState=-1}
06-17 11:01:05.596 1257 1274 D SettingsProvider: isChangeAllowed() : name = enabled_notification_listeners
06-17 11:01:05.597 1257 1274 D SettingsProvider: isChangeAllowed() : name = enabled_notification_assistant
06-17 11:01:05.597 1257 1274 D SettingsProvider: isChangeAllowed() : name = enabled_notification_policy_access_packages
06-17 11:01:05.616 1257 1274 D SettingsProvider: isChangeAllowed() : name = enabled_notification_listeners
06-17 11:01:05.616 1257 1274 D SettingsProvider: isChangeAllowed() : name = enabled_notification_assistant
06-17 11:01:05.616 1257 1274 D SettingsProvider: isChangeAllowed() : name = enabled_notification_policy_access_packages
06-17 11:01:05.633 1257 1257 D RestrictionPolicy: isSettingsChangesAllowedAsUser, userId 0 : true
06-17 11:01:05.633 1257 3460 D ActivityTaskManager: setLockScreenShown(true,false) is called from 12066
06-17 11:01:05.634 1257 1275 V UsbDeviceManager: onKeyguardStateChanged: isShowing=true secure=false user=0
06-17 11:01:05.635 1257 1272 D UsbDeviceManager: handleMessage -> MSG_UPDATE_SCREEN_LOCK: mScreenLocked=false
06-17 11:01:05.635 1257 1275 D StorageManagerService: onKeyguardStateChanged = false
06-17 11:01:05.635 1257 1257 D RestrictionPolicy: isAirplaneModeAllowed : true
06-17 11:01:05.636 1257 1424 I StorageManagerService: handleMessage :{ when=-1ms what=15 target=com.android.server.StorageManagerService$StorageManagerServiceHandler }
06-17 11:01:05.636 1257 1274 D SettingsProvider: isChangeAllowed() : name = enabled_notification_listeners
06-17 11:01:05.636 1257 1257 D RestrictionPolicy: isCellularDataAllowed: true
06-17 11:01:05.636 1257 1257 D RestrictionPolicy: isNFCEnabled : true
06-17 11:01:05.636 1257 1424 D StorageManagerService: handleMessage :: H_KEYGUARD_CHANGED = 0
06-17 11:01:05.636 1257 1257 D RestrictionPolicy: isWifiTetheringEnabled : true
06-17 11:01:05.636 1257 1274 D SettingsProvider: isChangeAllowed() : name = enabled_notification_assistant
06-17 11:01:05.636 1257 1274 D SettingsProvider: isChangeAllowed() : name = enabled_notification_policy_access_packages
06-17 11:01:05.655 1257 3378 D PowerManagerService: [api] setDozeAfterScreenOff: true (uid: 10054 pid: 12066)
06-17 11:01:05.659 1257 1274 D SettingsProvider: isChangeAllowed() : name = enabled_notification_listeners
06-17 11:01:05.659 1257 1274 D SettingsProvider: isChangeAllowed() : name = enabled_notification_assistant
06-17 11:01:05.660 1257 1274 D SettingsProvider: isChangeAllowed() : name = enabled_notification_policy_access_packages
06-17 11:01:05.663 1257 1276 I WindowManager: Reparenting to original parent: Surface(name=WallpaperWindowToken{18297f8 token=android.os.Binder@248a855})/@0x4613058, destroyLeash=true, surface=Surface(name=590cfa2 com.android.systemui.ImageWallpaper)/@0xa7541e1
06-17 11:01:05.663 1257 3378 D SettingsProvider: isChangeAllowed() : name = lockstar_facewidget_area
06-17 11:01:05.663 1257 3378 D SettingsProvider: edmUri: content://com.sec.knox.provider/RestrictionPolicy3
06-17 11:01:05.663 1257 3378 D SettingsProvider: projectionArgs: isSettingsChangesAllowed
06-17 11:01:05.663 1257 3378 D SettingsProvider: selectionArgs: false
06-17 11:01:05.663 1257 3378 D SettingsProvider: selectionArgs: 10054
06-17 11:01:05.664 1257 3378 D SecContentProvider: called from android.uid.systemui:10054
06-17 11:01:05.664 1257 3378 D RestrictionPolicy: isSettingsChangesAllowedAsUser, userId 0 : true
06-17 11:01:05.664 1257 3378 D SettingsProvider: ret = 1
06-17 11:01:05.665 1257 1276 I WindowManager: Destroying surface Surface(name=com.android.systemui.ImageWallpaper$_11813)/@0x3a924eb called by com.android.server.wm.WindowStateAnimator.destroySurface:1790 com.android.server.wm.WindowStateAnimator.destroySurfaceLocked:720 com.android.server.wm.WindowState.destroySurfaceUnchecked:3534 com.android.server.wm.RootWindowContainer.performSurfacePlacementNoTrace:817 com.android.server.wm.RootWindowContainer.performSurfacePlacement:669 com.android.server.wm.WindowSurfacePlacer.performSurfacePlacementLoop:180 com.android.server.wm.WindowSurfacePlacer.performSurfacePlacement:111 com.android.server.wm.WindowSurfacePlacer.performSurfacePlacement:99
06-17 11:01:05.667 1257 1275 W ActivityManager: setHasOverlayUi called on unknown pid: 11813
06-17 11:01:05.673 1257 3383 D WallpaperManagerService: which : 2, return type : 8 (called by userId= 0)
06-17 11:01:05.676 1257 3383 D WallpaperManagerService: WallpaperManagerCallbackClient android.app.IWallpaperManagerCallback$Stub$Proxy@1068248
06-17 11:01:05.677 1257 3383 D SettingsProvider: isChangeAllowed() : name = white_lockscreen_wallpaper
06-17 11:01:05.677 1257 3383 D SettingsProvider: WALLPAPER_FONT_THEME : white_lockscreen_wallpaper is allowed
06-17 11:01:05.678 1257 3383 D SettingsProvider: isChangeAllowed() : name = white_lockscreen_statusbar
06-17 11:01:05.678 1257 3383 D SettingsProvider: WALLPAPER_FONT_THEME : white_lockscreen_statusbar is allowed
06-17 11:01:05.679 1257 5088 D SettingsProvider: isChangeAllowed() : name = white_lockscreen_navigationbar
06-17 11:01:05.679 1257 5088 D SettingsProvider: WALLPAPER_FONT_THEME : white_lockscreen_navigationbar is allowed
06-17 11:01:05.710 1257 3383 D SettingsProvider: isChangeAllowed() : name = navigation_mode
06-17 11:01:05.710 1257 3383 D SettingsProvider: edmUri: content://com.sec.knox.provider/RestrictionPolicy3
06-17 11:01:05.710 1257 3383 D SettingsProvider: projectionArgs: isSettingsChangesAllowed
06-17 11:01:05.710 1257 3383 D SettingsProvider: selectionArgs: false
06-17 11:01:05.710 1257 3383 D SettingsProvider: selectionArgs: 10054
06-17 11:01:05.711 1257 3383 D SecContentProvider: called from android.uid.systemui:10054
06-17 11:01:05.711 1257 3383 D RestrictionPolicy: isSettingsChangesAllowedAsUser, userId 0 : true
06-17 11:01:05.711 1257 3383 D SettingsProvider: ret = 1
06-17 11:01:05.908 1257 3383 D ConnectivityService: listenForNetwork for uid/pid:10054/12066 NetworkRequest [ LISTEN id=354, [ Transports: WIFI Capabilities: NOT_VPN] ]
06-17 11:01:05.911 1257 3383 D ConnectivityService: requestNetwork for uid/pid:10054/12066 NetworkRequest [ TRACK_DEFAULT id=355, [ Capabilities: INTERNET&NOT_RESTRICTED&TRUSTED Uid: 10054] ]
06-17 11:01:05.912 1257 1466 D ConnectivityService: sending new Min Network Score(0): NetworkRequest [ TRACK_DEFAULT id=355, [ Capabilities: INTERNET&NOT_RESTRICTED&TRUSTED Uid: 10054] ]
06-17 11:01:05.921 1257 3470 I Telecom:SamsungTelecomServiceImpl: getCallState - callingPid : 12066 / processName : sts
06-17 11:01:05.933 1257 3378 I Telecom:SamsungTelecomServiceImpl: getCallState - callingPid : 12066 / processName : sts
06-17 11:01:05.963 1257 3470 D WindowManager: notifyMovementBoundsChanged: insetRect(42, 125 - 1038, 2232), normalRect(533, 1948 - 1038, 2232), animatingRect(533, 1948 - 1038, 2232), fromIme=false, fromShelffalse, rot=0
06-17 11:01:05.970 1257 3378 I StatusBarManagerService: registerStatusBar bar=com.android.internal.statusbar.IStatusBar$Stub$Proxy@9a6178c
06-17 11:01:05.986 1257 3378 D SettingsProvider: isChangeAllowed() : name = navigation_bar_gesture_disabled_by_policy
06-17 11:01:05.986 1257 3378 D SettingsProvider: edmUri: content://com.sec.knox.provider/RestrictionPolicy3
06-17 11:01:05.986 1257 3378 D SettingsProvider: projectionArgs: isSettingsChangesAllowed
06-17 11:01:05.986 1257 3378 D SettingsProvider: selectionArgs: false
06-17 11:01:05.986 1257 3378 D SettingsProvider: selectionArgs: 10054
06-17 11:01:05.986 1257 3378 D SecContentProvider: called from android.uid.systemui:10054
06-17 11:01:05.987 1257 3378 D RestrictionPolicy: isSettingsChangesAllowedAsUser, userId 0 : true
06-17 11:01:05.987 1257 3378 D SettingsProvider: ret = 1
06-17 11:01:05.989 1257 3378 D SettingsProvider: isChangeAllowed() : name = navigationbar_color
06-17 11:01:05.989 1257 3378 D SettingsProvider: edmUri: content://com.sec.knox.provider/RestrictionPolicy3
06-17 11:01:05.989 1257 3378 D SettingsProvider: projectionArgs: isSettingsChangesAllowed
06-17 11:01:05.989 1257 3378 D SettingsProvider: selectionArgs: false
06-17 11:01:05.989 1257 3378 D SettingsProvider: selectionArgs: 10054
06-17 11:01:05.990 1257 3378 D SecContentProvider: called from android.uid.systemui:10054
06-17 11:01:05.990 1257 3378 D RestrictionPolicy: isSettingsChangesAllowedAsUser, userId 0 : true
06-17 11:01:05.990 1257 3378 D SettingsProvider: ret = 1
06-17 11:01:05.991 1257 3470 D SettingsProvider: isChangeAllowed() : name = navigationbar_current_color
06-17 11:01:05.991 1257 3470 D SettingsProvider: edmUri: content://com.sec.knox.provider/RestrictionPolicy3
06-17 11:01:05.991 1257 3470 D SettingsProvider: projectionArgs: isSettingsChangesAllowed
06-17 11:01:05.991 1257 3470 D SettingsProvider: selectionArgs: false
06-17 11:01:05.991 1257 3470 D SettingsProvider: selectionArgs: 10054
06-17 11:01:05.991 1257 3470 D SecContentProvider: called from android.uid.systemui:10054
06-17 11:01:05.991 1257 3470 D RestrictionPolicy: isSettingsChangesAllowedAsUser, userId 0 : true
06-17 11:01:05.991 1257 3470 D SettingsProvider: ret = 1
06-17 11:01:05.995 1257 3460 D SettingsProvider: isChangeAllowed() : name = icon_blacklist
06-17 11:01:05.995 1257 3460 D SettingsProvider: edmUri: content://com.sec.knox.provider/RestrictionPolicy3
06-17 11:01:05.995 1257 3460 D SettingsProvider: projectionArgs: isSettingsChangesAllowed
06-17 11:01:05.995 1257 3460 D SettingsProvider: selectionArgs: false
06-17 11:01:05.995 1257 3460 D SettingsProvider: selectionArgs: 10054
06-17 11:01:05.995 1257 3460 D SecContentProvider: called from android.uid.systemui:10054
06-17 11:01:05.995 1257 3460 D RestrictionPolicy: isSettingsChangesAllowedAsUser, userId 0 : true
06-17 11:01:05.995 1257 3460 D SettingsProvider: ret = 1
06-17 11:01:06.019 1257 3470 D WallpaperManagerService: which : 2, return type : 8 (called by userId= 0)
06-17 11:01:06.020 1257 3470 D WallpaperManagerService: getVideoFilePath userId=0 path=
06-17 11:01:06.020 1257 3460 D WallpaperManagerService: getVideoFilePath userId=0 pkg=com.android.systemui which= 2
06-17 11:01:06.020 1257 3470 D WallpaperManagerService: getVideoColor userId=0, which = 2, videoColor=black
06-17 11:01:06.142 2568 2568 D io_stats: !@ 179,0 r 1072394 23747389 w 25076 540512 d 15384 348656 f 23218 28724 iot 242856 246999 th 51200 0 0 pt 0 inp 0 0 402.485
06-17 11:01:06.249 1257 3470 I Telecom:SamsungTelecomServiceImpl: isInCall - callingPackage : com.android.systemui
06-17 11:01:06.280 1257 3470 D SettingsProvider: isChangeAllowed() : name = flashlight_available
06-17 11:01:06.280 1257 3470 D SettingsProvider: edmUri: content://com.sec.knox.provider/RestrictionPolicy3
06-17 11:01:06.280 1257 3470 D SettingsProvider: projectionArgs: isSettingsChangesAllowed
06-17 11:01:06.280 1257 3470 D SettingsProvider: selectionArgs: false
06-17 11:01:06.280 1257 3470 D SettingsProvider: selectionArgs: 10054
06-17 11:01:06.281 1257 3470 D SecContentProvider: called from android.uid.systemui:10054
06-17 11:01:06.281 1257 3470 D RestrictionPolicy: isSettingsChangesAllowedAsUser, userId 0 : true
06-17 11:01:06.281 1257 3470 D SettingsProvider: ret = 1
06-17 11:01:06.282 1257 3470 D SettingsProvider: isChangeAllowed() : name = flashlight_enabled
06-17 11:01:06.282 1257 3470 D SettingsProvider: edmUri: content://com.sec.knox.provider/RestrictionPolicy3
06-17 11:01:06.282 1257 3470 D SettingsProvider: projectionArgs: isSettingsChangesAllowed
06-17 11:01:06.282 1257 3470 D SettingsProvider: selectionArgs: false
06-17 11:01:06.282 1257 3470 D SettingsProvider: selectionArgs: 10054
06-17 11:01:06.283 1257 3470 D SecContentProvider: called from android.uid.systemui:10054
06-17 11:01:06.283 1257 3470 D RestrictionPolicy: isSettingsChangesAllowedAsUser, userId 0 : true
06-17 11:01:06.283 1257 3470 D SettingsProvider: ret = 1
06-17 11:01:06.323 1257 3460 D SettingsProvider: isChangeAllowed() : name = face_widget_res_id
06-17 11:01:06.323 1257 3460 D SettingsProvider: edmUri: content://com.sec.knox.provider/RestrictionPolicy3
06-17 11:01:06.323 1257 3460 D SettingsProvider: projectionArgs: isSettingsChangesAllowed
06-17 11:01:06.323 1257 3460 D SettingsProvider: selectionArgs: false
06-17 11:01:06.323 1257 3460 D SettingsProvider: selectionArgs: 10054
06-17 11:01:06.324 1257 3460 D SecContentProvider: called from android.uid.systemui:10054
06-17 11:01:06.324 1257 3460 D RestrictionPolicy: isSettingsChangesAllowedAsUser, userId 0 : true
06-17 11:01:06.324 1257 3460 D SettingsProvider: ret = 1
06-17 11:01:06.326 1257 3378 D SettingsProvider: isChangeAllowed() : name = face_widget_order
06-17 11:01:06.326 1257 3378 D SettingsProvider: edmUri: content://com.sec.knox.provider/RestrictionPolicy3
06-17 11:01:06.326 1257 3378 D SettingsProvider: projectionArgs: isSettingsChangesAllowed
06-17 11:01:06.326 1257 3378 D SettingsProvider: selectionArgs: false
06-17 11:01:06.326 1257 3378 D SettingsProvider: selectionArgs: 10054
06-17 11:01:06.327 1257 3378 D SecContentProvider: called from android.uid.systemui:10054
06-17 11:01:06.327 1257 3378 D RestrictionPolicy: isSettingsChangesAllowedAsUser, userId 0 : true
06-17 11:01:06.327 1257 3378 D SettingsProvider: ret = 1
06-17 11:01:06.400 12066 12066 D StatusBar: sw screen_mode_setting : 0
06-17 11:01:06.406 1257 3460 D WindowManager: setKeyguardOccluded occluded=false
06-17 11:01:06.442 1257 1278 E Watchdog: !@Sync 13 [2026-06-17 11:01:06.442] FD count : 608, wdog_way : None
06-17 11:01:06.498 1257 3460 I Telecom:SamsungTelecomServiceImpl: @hide @test getCurrentTtyMode - callingPackage : com.android.systemui
06-17 11:01:06.508 1257 3378 D ConnectivityService: listenForNetwork for uid/pid:10054/12066 NetworkRequest [ LISTEN id=356, [] ]
06-17 11:01:06.531 1257 3383 D StatusBarManagerService: setPanelExpandStateToType : state = false, barType = 0
06-17 11:01:06.536 1257 3470 D OverlayManager: Skipped idmap creation for android and com.samsung.systemui.hidenotch.withoutcornerround
06-17 11:01:06.540 1257 3470 D OverlayManager: Skipped idmap creation for android and com.samsung.systemui.hidenotch
06-17 11:01:06.543 1257 3470 D OverlayManager: Skipped idmap creation for android and com.samsung.systemui.hidenotch.withoutcornerround
06-17 11:01:06.568 1257 3383 D WindowManager: notifyMovementBoundsChanged: insetRect(42, 125 - 1038, 2232), normalRect(533, 1948 - 1038, 2232), animatingRect(533, 1948 - 1038, 2232), fromIme=false, fromShelffalse, rot=0
06-17 11:01:06.620 12066 12066 D StatusBar: sw screen_mode_setting : 0
06-17 11:01:06.630 1257 3383 D WindowManager: makeSurface duration=2 name=ScreenDecorOverlay$_12066
06-17 11:01:06.638 1257 1257 W WallpaperManagerService: Wallpaper onServiceConnected : ComponentInfo{com.android.systemui/com.android.systemui.ImageWallpaper}
06-17 11:01:06.641 1257 1257 W WindowManager: addWindowToken: Attempted to add binder token: android.os.Binder@248a855 for already created window token: WallpaperWindowToken{18297f8 token=android.os.Binder@248a855} displayId=0
06-17 11:01:06.643 1257 1257 D WallpaperManagerService: .xml file : width=2400 height=2400 name= component=null
06-17 11:01:06.643 1257 1257 D WallpaperManagerService: service : width=-1 height=-1 name= component=ComponentInfo{com.android.systemui/com.android.systemui.ImageWallpaper}
06-17 11:01:06.643 1257 1257 D WallpaperManagerService: Different wallpaper
06-17 11:01:06.643 1257 1257 D WallpaperManagerService: saveSettingsLockedInternal mode = 0
06-17 11:01:06.647 1257 1257 W WallpaperManagerService: Wallpaper onServiceConnected : ComponentInfo{com.android.systemui/com.android.systemui.ImageWallpaper}
06-17 11:01:06.648 1257 1257 D WallpaperManagerService: .xml file : width=2400 height=2400 name= component=null
06-17 11:01:06.648 1257 1257 D WallpaperManagerService: service : width=-1 height=-1 name= component=ComponentInfo{com.android.systemui/com.android.systemui.ImageWallpaper}
06-17 11:01:06.648 1257 1257 D WallpaperManagerService: Different wallpaper
06-17 11:01:06.648 1257 1257 D WallpaperManagerService: saveSettingsLockedInternal mode = 0
06-17 11:01:06.656 1257 3470 D WallpaperManagerService: which : 2, return type : 8 (called by userId= 0)
06-17 11:01:06.658 1257 3383 D WallpaperManagerService: getVideoColor userId=0, which = 2, videoColor=black
06-17 11:01:06.659 1257 3383 D WallpaperManagerService: getVideoFilePath userId=0 path=
06-17 11:01:06.659 1257 3383 D WallpaperManagerService: getVideoFilePath userId=0 pkg=com.android.systemui which= 2
06-17 11:01:06.704 1257 3460 D PowerManagerService: [api] userActivity : event: 0 flags: 0 (uid: 10054 pid: 12066) eventTime = 403048
06-17 11:01:06.705 1257 3460 D CustomFrequencyManagerService: FrequencyrequestList.getNextSchedTuneBoostRequest, index: 1
06-17 11:01:06.706 1257 3383 D WindowManager: makeSurface duration=1 name=ScreenDecorOverlayBottom$_12066
06-17 11:01:06.743 1257 3470 D WindowManager: makeSurface duration=3 name=NavigationBar0$_12066
06-17 11:01:06.903 1257 3383 I Telecom:SamsungTelecomServiceImpl: isInCall - callingPackage : com.android.systemui
06-17 11:01:06.906 1257 3383 I Telecom:SamsungTelecomServiceImpl: isInCall - callingPackage : com.android.systemui
06-17 11:01:06.944 1257 3470 D WindowManager: makeSurface duration=3 name=StatusBar$_12066
06-17 11:01:06.986 1257 1276 I WindowManager: Reparenting to leash, surface=Surface(name=6abc881 StatusBar)/@0x4e0f990
06-17 11:01:06.988 1257 1276 D WindowManager: makeSurface duration=1 leash=Surface(name=Surface(name=6abc881 StatusBar)/@0x4e0f990 - animation-leash)/@0x5345289
06-17 11:01:06.992 1257 3470 I WindowManager: Reparenting to leash, surface=Surface(name=a84304c NavigationBar0)/@0xcaa5aaf
06-17 11:01:06.993 1257 3470 D WindowManager: makeSurface duration=1 leash=Surface(name=Surface(name=a84304c NavigationBar0)/@0xcaa5aaf - animation-leash)/@0xe841ebc
06-17 11:01:07.005 1257 3470 D CustomFrequencyManagerService: FrequencyrequestList.getNextSchedTuneBoostRequest, index: 1
06-17 11:01:07.010 1257 3383 D CustomFrequencyManagerService: FrequencyrequestList.getNextSchedTuneBoostRequest, index: 1
06-17 11:01:07.016 1257 2459 D BatteryService: Sending ACTION_BATTERY_CHANGED. scale:100, info:{.chargerAcOnline = false, .chargerUsbOnline = true, .chargerWirelessOnline = false, .maxChargingCurrent = 0, .maxChargingVoltage = 0, .batteryStatus = CHARGING, .batteryHealth = GOOD, .batteryPresent = true, .batteryLevel = 48, .batteryVoltage = 3833, .batteryTemperature = 336, .batteryCurrent = 0, .batteryCycleCount = 0, .batteryFullCharge = 5000000, .batteryChargeCounter = 2435000, .batteryTechnology = Li-ion}
06-17 11:01:07.016 1257 2459 D BatteryService: online:4, current avg:-72, charge type:1, POGO powered:false, power sharing:false, high voltage charger:false, charger_type:0, capacity:280000, misc_event:65536, current_event:0, current_now:130
06-17 11:01:07.019 1257 1257 D UsbDeviceManager: received ACTION_BATTERY_CHANGED
06-17 11:01:07.019 1257 1272 D UsbDeviceManager: handleMessage -> MSG_UPDATE_CHARGING_STATE: mUsbCharging=true
06-17 11:01:07.060 1257 5088 D SettingsProvider: isChangeAllowed() : name = quickstar_coloring_notification_switch
06-17 11:01:07.060 1257 5088 D SettingsProvider: edmUri: content://com.sec.knox.provider/RestrictionPolicy3
06-17 11:01:07.060 1257 5088 D SettingsProvider: projectionArgs: isSettingsChangesAllowed
06-17 11:01:07.060 1257 5088 D SettingsProvider: selectionArgs: false
06-17 11:01:07.060 1257 5088 D SettingsProvider: selectionArgs: 10054
06-17 11:01:07.061 1257 5088 D SecContentProvider: called from android.uid.systemui:10054
06-17 11:01:07.061 1257 5088 D RestrictionPolicy: isSettingsChangesAllowedAsUser, userId 0 : true
06-17 11:01:07.061 1257 5088 D SettingsProvider: ret = 1
06-17 11:01:07.065 1257 5088 D SettingsProvider: isChangeAllowed() : name = aod_lock_share_page_key_order
06-17 11:01:07.065 1257 5088 D SettingsProvider: edmUri: content://com.sec.knox.provider/RestrictionPolicy3
06-17 11:01:07.065 1257 5088 D SettingsProvider: projectionArgs: isSettingsChangesAllowed
06-17 11:01:07.065 1257 5088 D SettingsProvider: selectionArgs: false
06-17 11:01:07.065 1257 5088 D SettingsProvider: selectionArgs: 10054
06-17 11:01:07.065 1257 5088 D SecContentProvider: called from android.uid.systemui:10054
06-17 11:01:07.066 1257 5088 D RestrictionPolicy: isSettingsChangesAllowedAsUser, userId 0 : true
06-17 11:01:07.066 1257 5088 D SettingsProvider: ret = 1
06-17 11:01:07.163 1257 1929 D SettingsProvider: isChangeAllowed() : name = sysui_qqs_count
06-17 11:01:07.163 1257 1929 D SettingsProvider: edmUri: content://com.sec.knox.provider/RestrictionPolicy3
06-17 11:01:07.163 1257 1929 D SettingsProvider: projectionArgs: isSettingsChangesAllowed
06-17 11:01:07.163 1257 1929 D SettingsProvider: selectionArgs: false
06-17 11:01:07.163 1257 1929 D SettingsProvider: selectionArgs: 10054
06-17 11:01:07.164 1257 1929 D SecContentProvider: called from android.uid.systemui:10054
06-17 11:01:07.164 1257 1929 D RestrictionPolicy: isSettingsChangesAllowedAsUser, userId 0 : true
06-17 11:01:07.164 1257 1929 D SettingsProvider: ret = 1
06-17 11:01:07.198 1257 5088 D SettingsProvider: isChangeAllowed() : name = qs_detail_content_primary_text_color
06-17 11:01:07.198 1257 5088 D SettingsProvider: edmUri: content://com.sec.knox.provider/RestrictionPolicy3
06-17 11:01:07.199 1257 5088 D SettingsProvider: projectionArgs: isSettingsChangesAllowed
06-17 11:01:07.199 1257 5088 D SettingsProvider: selectionArgs: false
06-17 11:01:07.199 1257 5088 D SettingsProvider: selectionArgs: 10054
06-17 11:01:07.199 1257 5088 D SecContentProvider: called from android.uid.systemui:10054
06-17 11:01:07.199 1257 5088 D RestrictionPolicy: isSettingsChangesAllowedAsUser, userId 0 : true
06-17 11:01:07.200 1257 5088 D SettingsProvider: ret = 1
06-17 11:01:07.202 1257 5088 D SettingsProvider: isChangeAllowed() : name = qs_detail_content_secondary_text_color
06-17 11:01:07.202 1257 5088 D SettingsProvider: edmUri: content://com.sec.knox.provider/RestrictionPolicy3
06-17 11:01:07.202 1257 5088 D SettingsProvider: projectionArgs: isSettingsChangesAllowed
06-17 11:01:07.202 1257 5088 D SettingsProvider: selectionArgs: false
06-17 11:01:07.202 1257 5088 D SettingsProvider: selectionArgs: 10054
06-17 11:01:07.202 1257 5088 D SecContentProvider: called from android.uid.systemui:10054
06-17 11:01:07.203 1257 5088 D RestrictionPolicy: isSettingsChangesAllowedAsUser, userId 0 : true
06-17 11:01:07.203 1257 5088 D SettingsProvider: ret = 1
06-17 11:01:07.209 1257 3378 D SettingsProvider: isChangeAllowed() : name = qs_detail_content_primary_text_color
06-17 11:01:07.209 1257 3378 D SettingsProvider: edmUri: content://com.sec.knox.provider/RestrictionPolicy3
06-17 11:01:07.209 1257 3378 D SettingsProvider: projectionArgs: isSettingsChangesAllowed
06-17 11:01:07.209 1257 3378 D SettingsProvider: selectionArgs: false
06-17 11:01:07.209 1257 3378 D SettingsProvider: selectionArgs: 10054
06-17 11:01:07.210 1257 3378 D SecContentProvider: called from android.uid.systemui:10054
06-17 11:01:07.210 1257 3378 D RestrictionPolicy: isSettingsChangesAllowedAsUser, userId 0 : true
06-17 11:01:07.210 1257 3378 D SettingsProvider: ret = 1
06-17 11:01:07.213 1257 3378 D SettingsProvider: isChangeAllowed() : name = qs_detail_content_secondary_text_color
06-17 11:01:07.213 1257 3378 D SettingsProvider: edmUri: content://com.sec.knox.provider/RestrictionPolicy3
06-17 11:01:07.213 1257 3378 D SettingsProvider: projectionArgs: isSettingsChangesAllowed
06-17 11:01:07.213 1257 3378 D SettingsProvider: selectionArgs: false
06-17 11:01:07.213 1257 3378 D SettingsProvider: selectionArgs: 10054
06-17 11:01:07.213 1257 3378 D SecContentProvider: called from android.uid.systemui:10054
06-17 11:01:07.214 1257 3378 D RestrictionPolicy: isSettingsChangesAllowedAsUser, userId 0 : true
06-17 11:01:07.214 1257 3378 D SettingsProvider: ret = 1
06-17 11:01:07.254 1257 1276 I WindowManager: Reparenting to original parent: Surface(name=WindowToken{2852c68 android.os.BinderProxy@dccc55a})/@0x25f043, destroyLeash=true, surface=Surface(name=6abc881 StatusBar)/@0x4e0f990
06-17 11:01:07.254 1257 1276 I WindowManager: Reparenting to original parent: Surface(name=WindowToken{9e0787f android.os.BinderProxy@b2da7d9})/@0x659eff9, destroyLeash=true, surface=Surface(name=a84304c NavigationBar0)/@0xcaa5aaf
06-17 11:01:07.279 1257 5088 I Telecom:SamsungTelecomServiceImpl: getUserSelectedOutgoingPhoneAccount - callingPackage : com.samsung.android.app.telephonyui
06-17 11:01:07.281 1257 5088 I Telecom:SamsungTelecomServiceImpl: getPhoneAccount - PhoneAccountHandle : ComponentInfo{com.android.phone/com.android.services.telephony.TelephonyConnectionService}, ***, UserHandle{0} / callingPid : 24305 / processName : sts
06-17 11:01:07.292 3346 3751 D SDHMS:com.sec.android.sdhms.thermal.siop.y: SIOP:: AP:510(482,0) BAT:336(336,0) CHG:481(481,0) USB:0(0,0) WIFI:377(425,50) PA:390(439,50) BLK:0(0,0) LRP:429(429,0) LRF:408(408) LRB:429(429)
06-17 11:01:07.297 1257 1929 I Telecom:SamsungTelecomServiceImpl: getCallCapablePhoneAccounts - includeDisabledAccounts : false / callingPackage : com.samsung.android.app.telephonyui
06-17 11:01:07.299 1257 1929 I Telecom:SamsungTelecomServiceImpl: getPhoneAccount - PhoneAccountHandle : ComponentInfo{com.android.phone/com.android.services.telephony.TelephonyConnectionService}, ***, UserHandle{0} / callingPid : 24305 / processName : sts
06-17 11:01:07.304 1257 3378 I Telecom:SamsungTelecomServiceImpl: getUserSelectedOutgoingPhoneAccount - callingPackage : com.samsung.android.app.telephonyui
06-17 11:01:07.305 1257 3378 I Telecom:SamsungTelecomServiceImpl: getPhoneAccount - PhoneAccountHandle : ComponentInfo{com.android.phone/com.android.services.telephony.TelephonyConnectionService}, ***, UserHandle{0} / callingPid : 24305 / processName : sts
06-17 11:01:07.319 1257 3378 I Telecom:SamsungTelecomServiceImpl: getCallCapablePhoneAccounts - includeDisabledAccounts : false / callingPackage : com.samsung.android.app.telephonyui
06-17 11:01:07.321 1257 3378 I Telecom:SamsungTelecomServiceImpl: getPhoneAccount - PhoneAccountHandle : ComponentInfo{com.android.phone/com.android.services.telephony.TelephonyConnectionService}, ***, UserHandle{0} / callingPid : 24305 / processName : sts
06-17 11:01:07.737 1257 1929 I Telecom:SamsungTelecomServiceImpl: getCallState - callingPid : 12066 / processName : sts
06-17 11:01:07.825 1257 1929 D WindowManager: makeSurface duration=3 name=com.android.systemui.ImageWallpaper$_12066
06-17 11:01:07.832 1257 1276 V WindowManager: performShow on Window{cf5a43b u0 com.android.systemui.ImageWallpaper}: mDrawState=READY_TO_SHOW readyForDisplay=false starting=false during animation: policyVis=true parentHidden=false tok.hiddenRequested=false tok.hidden=false animating=false tok animating=false Callers=com.android.server.wm.WindowState.performShowLocked:4719 com.android.server.wm.WindowStateAnimator.commitFinishDrawingLocked:401 com.android.server.wm.DisplayContent.lambda$new$8$DisplayContent:990 com.android.server.wm.-$$Lambda$DisplayContent$qxt4izS31fb0LF2uo_OF9DMa7gc.accept:4
06-17 11:01:07.839 1257 1276 V WindowManager: performShow on Window{cf5a43b u0 com.android.systemui.ImageWallpaper}: mDrawState=READY_TO_SHOW readyForDisplay=false starting=false during animation: policyVis=true parentHidden=false tok.hiddenRequested=false tok.hidden=false animating=false tok animating=false Callers=com.android.server.wm.WindowState.performShowLocked:4719 com.android.server.wm.DisplayContent.lambda$new$0$DisplayContent:680 com.android.server.wm.-$$Lambda$DisplayContent$0yxrqH9eGY2qTjH1u_BvaVrXCSA.accept:4 com.android.server.wm.WindowContainer$ForAllWindowsConsumerWrapper.apply:1184
06-17 11:01:07.847 1257 1257 D EdgeLightingManager: isCallingUserSupported : callingUserId=-1, mUserId=0, isDualAppId=false
06-17 11:01:07.851 1257 1257 D SmartAlertController: SmartAlert - Found Missed Event
06-17 11:01:07.853 1257 12164 D SmartAlertController: SmartAlert - already registered or Setting disabled
06-17 11:01:07.973 1257 5088 D SettingsProvider: isChangeAllowed() : name = hide_rotation_lock_toggle_for_accessibility
06-17 11:01:07.973 1257 5088 D SettingsProvider: edmUri: content://com.sec.knox.provider/RestrictionPolicy3
06-17 11:01:07.973 1257 5088 D SettingsProvider: projectionArgs: isSettingsChangesAllowed
06-17 11:01:07.973 1257 5088 D SettingsProvider: selectionArgs: false
06-17 11:01:07.973 1257 5088 D SettingsProvider: selectionArgs: 10054
06-17 11:01:07.973 1257 5088 D SecContentProvider: called from android.uid.systemui:10054
06-17 11:01:07.973 1257 5088 D RestrictionPolicy: isSettingsChangesAllowedAsUser, userId 0 : true
06-17 11:01:07.973 1257 5088 D SettingsProvider: ret = 1
06-17 11:01:08.036 1257 3378 V WindowManager: performShow on Window{cf5a43b u0 com.android.systemui.ImageWallpaper}: mDrawState=READY_TO_SHOW readyForDisplay=false starting=false during animation: policyVis=true parentHidden=false tok.hiddenRequested=false tok.hidden=false animating=false tok animating=false Callers=com.android.server.wm.WindowState.performShowLocked:4719 com.android.server.wm.WindowStateAnimator.commitFinishDrawingLocked:401 com.android.server.wm.DisplayContent.lambda$new$8$DisplayContent:990 com.android.server.wm.-$$Lambda$DisplayContent$qxt4izS31fb0LF2uo_OF9DMa7gc.accept:4
06-17 11:01:08.041 1257 1276 V WindowManager: performShow on Window{cf5a43b u0 com.android.systemui.ImageWallpaper}: mDrawState=READY_TO_SHOW readyForDisplay=false starting=false during animation: policyVis=true parentHidden=false tok.hiddenRequested=false tok.hidden=false animating=false tok animating=false Callers=com.android.server.wm.WindowState.performShowLocked:4719 com.android.server.wm.DisplayContent.lambda$new$0$DisplayContent:680 com.android.server.wm.-$$Lambda$DisplayContent$0yxrqH9eGY2qTjH1u_BvaVrXCSA.accept:4 com.android.server.wm.WindowContainer$ForAllWindowsConsumerWrapper.apply:1184
06-17 11:01:08.059 1257 3378 W UriGrantsManagerService: No content provider found for permission check: content://com.sec.kidsplat.parentalcontrol.provider.v2/setup_wizzard
06-17 11:01:08.426 1257 1929 I Telecom:SamsungTelecomServiceImpl: getUserSelectedOutgoingPhoneAccount - callingPackage : com.samsung.android.app.telephonyui
06-17 11:01:08.428 1257 1929 I Telecom:SamsungTelecomServiceImpl: getPhoneAccount - PhoneAccountHandle : ComponentInfo{com.android.phone/com.android.services.telephony.TelephonyConnectionService}, ***, UserHandle{0} / callingPid : 24305 / processName : sts
06-17 11:01:08.449 1257 1929 I Telecom:SamsungTelecomServiceImpl: getCallCapablePhoneAccounts - includeDisabledAccounts : false / callingPackage : com.samsung.android.app.telephonyui
06-17 11:01:08.451 1257 1929 I Telecom:SamsungTelecomServiceImpl: getPhoneAccount - PhoneAccountHandle : ComponentInfo{com.android.phone/com.android.services.telephony.TelephonyConnectionService}, ***, UserHandle{0} / callingPid : 24305 / processName : sts
06-17 11:01:08.457 1257 1929 I Telecom:SamsungTelecomServiceImpl: getUserSelectedOutgoingPhoneAccount - callingPackage : com.samsung.android.app.telephonyui
06-17 11:01:08.459 1257 3378 I Telecom:SamsungTelecomServiceImpl: getPhoneAccount - PhoneAccountHandle : ComponentInfo{com.android.phone/com.android.services.telephony.TelephonyConnectionService}, ***, UserHandle{0} / callingPid : 24305 / processName : sts
06-17 11:01:08.475 1257 1929 I Telecom:SamsungTelecomServiceImpl: getCallCapablePhoneAccounts - includeDisabledAccounts : false / callingPackage : com.samsung.android.app.telephonyui
06-17 11:01:08.477 1257 1929 I Telecom:SamsungTelecomServiceImpl: getPhoneAccount - PhoneAccountHandle : ComponentInfo{com.android.phone/com.android.services.telephony.TelephonyConnectionService}, ***, UserHandle{0} / callingPid : 24305 / processName : sts
06-17 11:01:08.488 1257 3378 I Telecom:SamsungTelecomServiceImpl: getUserSelectedOutgoingPhoneAccount - callingPackage : com.samsung.android.app.telephonyui
06-17 11:01:08.489 1257 3378 I Telecom:SamsungTelecomServiceImpl: getPhoneAccount - PhoneAccountHandle : ComponentInfo{com.android.phone/com.android.services.telephony.TelephonyConnectionService}, ***, UserHandle{0} / callingPid : 24305 / processName : sts
06-17 11:01:08.504 1257 1929 I Telecom:SamsungTelecomServiceImpl: getCallCapablePhoneAccounts - includeDisabledAccounts : false / callingPackage : com.samsung.android.app.telephonyui
06-17 11:01:08.506 1257 1929 I Telecom:SamsungTelecomServiceImpl: getPhoneAccount - PhoneAccountHandle : ComponentInfo{com.android.phone/com.android.services.telephony.TelephonyConnectionService}, ***, UserHandle{0} / callingPid : 24305 / processName : sts
06-17 11:01:08.506 1257 3378 D CustomFrequencyManagerService: FrequencyrequestList.getNextSchedTuneBoostRequest, index: 1
06-17 11:01:08.510 1257 1929 I Telecom:SamsungTelecomServiceImpl: getUserSelectedOutgoingPhoneAccount - callingPackage : com.samsung.android.app.telephonyui
06-17 11:01:08.512 1257 1929 I Telecom:SamsungTelecomServiceImpl: getPhoneAccount - PhoneAccountHandle : ComponentInfo{com.android.phone/com.android.services.telephony.TelephonyConnectionService}, ***, UserHandle{0} / callingPid : 24305 / processName : sts
06-17 11:01:08.521 1257 1929 I Telecom:SamsungTelecomServiceImpl: getCallCapablePhoneAccounts - includeDisabledAccounts : false / callingPackage : com.samsung.android.app.telephonyui
06-17 11:01:08.522 1257 1929 I Telecom:SamsungTelecomServiceImpl: getPhoneAccount - PhoneAccountHandle : ComponentInfo{com.android.phone/com.android.services.telephony.TelephonyConnectionService}, ***, UserHandle{0} / callingPid : 24305 / processName : sts
06-17 11:01:08.531 1257 1929 I Telecom:SamsungTelecomServiceImpl: getUserSelectedOutgoingPhoneAccount - callingPackage : com.samsung.android.app.telephonyui
06-17 11:01:08.533 1257 3378 I Telecom:SamsungTelecomServiceImpl: getPhoneAccount - PhoneAccountHandle : ComponentInfo{com.android.phone/com.android.services.telephony.TelephonyConnectionService}, ***, UserHandle{0} / callingPid : 24305 / processName : sts
06-17 11:01:08.551 1257 1929 I Telecom:SamsungTelecomServiceImpl: getCallCapablePhoneAccounts - includeDisabledAccounts : false / callingPackage : com.samsung.android.app.telephonyui
06-17 11:01:08.552 1257 1929 I Telecom:SamsungTelecomServiceImpl: getPhoneAccount - PhoneAccountHandle : ComponentInfo{com.android.phone/com.android.services.telephony.TelephonyConnectionService}, ***, UserHandle{0} / callingPid : 24305 / processName : sts
06-17 11:01:08.735 1257 3378 D SettingsProvider: isChangeAllowed() : name = pref_dynamic_plugin_version
06-17 11:01:08.735 1257 3378 D SettingsProvider: edmUri: content://com.sec.knox.provider/RestrictionPolicy3
06-17 11:01:08.735 1257 3378 D SettingsProvider: projectionArgs: isSettingsChangesAllowed
06-17 11:01:08.735 1257 3378 D SettingsProvider: selectionArgs: false
06-17 11:01:08.735 1257 3378 D SettingsProvider: selectionArgs: 10054
06-17 11:01:08.735 1257 3378 D SecContentProvider: called from android.uid.systemui:10054
06-17 11:01:08.735 1257 3378 D RestrictionPolicy: isSettingsChangesAllowedAsUser, userId 0 : true
06-17 11:01:08.736 1257 3378 D SettingsProvider: ret = 1
06-17 11:01:08.737 1257 3378 D SettingsProvider: isChangeAllowed() : name = pref_dynamic_plugin_connected
06-17 11:01:08.737 1257 3378 D SettingsProvider: edmUri: content://com.sec.knox.provider/RestrictionPolicy3
06-17 11:01:08.737 1257 3378 D SettingsProvider: projectionArgs: isSettingsChangesAllowed
06-17 11:01:08.737 1257 3378 D SettingsProvider: selectionArgs: false
06-17 11:01:08.737 1257 3378 D SettingsProvider: selectionArgs: 10054
06-17 11:01:08.738 1257 3378 D SecContentProvider: called from android.uid.systemui:10054
06-17 11:01:08.738 1257 3378 D RestrictionPolicy: isSettingsChangesAllowedAsUser, userId 0 : true
06-17 11:01:08.738 1257 3378 D SettingsProvider: ret = 1
06-17 11:01:08.832 1257 3383 D SettingsProvider: isChangeAllowed() : name = pref_allowed_number_sgg
06-17 11:01:08.832 1257 3383 D SettingsProvider: edmUri: content://com.sec.knox.provider/RestrictionPolicy3
06-17 11:01:08.832 1257 3383 D SettingsProvider: projectionArgs: isSettingsChangesAllowed
06-17 11:01:08.832 1257 3383 D SettingsProvider: selectionArgs: false
06-17 11:01:08.832 1257 3383 D SettingsProvider: selectionArgs: 10054
06-17 11:01:08.833 1257 3383 D SecContentProvider: called from android.uid.systemui:10054
06-17 11:01:08.833 1257 3383 D RestrictionPolicy: isSettingsChangesAllowedAsUser, userId 0 : true
06-17 11:01:08.833 1257 3383 D SettingsProvider: ret = 1
06-17 11:01:08.834 1257 3383 D SettingsProvider: isChangeAllowed() : name = pref_dynamic_allowed_number
06-17 11:01:08.834 1257 3383 D SettingsProvider: edmUri: content://com.sec.knox.provider/RestrictionPolicy3
06-17 11:01:08.834 1257 3383 D SettingsProvider: projectionArgs: isSettingsChangesAllowed
06-17 11:01:08.835 1257 3383 D SettingsProvider: selectionArgs: false
06-17 11:01:08.835 1257 3383 D SettingsProvider: selectionArgs: 10054
06-17 11:01:08.835 1257 3383 D SecContentProvider: called from android.uid.systemui:10054
06-17 11:01:08.836 1257 3383 D RestrictionPolicy: isSettingsChangesAllowedAsUser, userId 0 : true
06-17 11:01:08.836 1257 3383 D SettingsProvider: ret = 1
06-17 11:01:08.838 1257 1257 V SettingsProvider: Notifying for 0: content://settings/secure/pref_dynamic_allowed_number
06-17 11:01:08.845 1257 5088 D SettingsProvider: isChangeAllowed() : name = plugin_lock_event_dump
06-17 11:01:08.845 1257 5088 D SettingsProvider: edmUri: content://com.sec.knox.provider/RestrictionPolicy3
06-17 11:01:08.845 1257 5088 D SettingsProvider: projectionArgs: isSettingsChangesAllowed
06-17 11:01:08.845 1257 5088 D SettingsProvider: selectionArgs: false
06-17 11:01:08.845 1257 5088 D SettingsProvider: selectionArgs: 10054
06-17 11:01:08.846 1257 5088 D SecContentProvider: called from android.uid.systemui:10054
06-17 11:01:08.846 1257 5088 D RestrictionPolicy: isSettingsChangesAllowedAsUser, userId 0 : true
06-17 11:01:08.847 1257 5088 D SettingsProvider: ret = 1
06-17 11:01:08.849 1257 1257 V SettingsProvider: Notifying for 0: content://settings/secure/plugin_lock_event_dump
06-17 11:01:08.852 1257 3383 D SettingsProvider: isChangeAllowed() : name = pref_dynamic_plugin_version
06-17 11:01:08.852 1257 3383 D SettingsProvider: edmUri: content://com.sec.knox.provider/RestrictionPolicy3
06-17 11:01:08.852 1257 3383 D SettingsProvider: projectionArgs: isSettingsChangesAllowed
06-17 11:01:08.852 1257 3383 D SettingsProvider: selectionArgs: false
06-17 11:01:08.852 1257 3383 D SettingsProvider: selectionArgs: 10054
06-17 11:01:08.853 1257 3383 D SecContentProvider: called from android.uid.systemui:10054
06-17 11:01:08.853 1257 3383 D RestrictionPolicy: isSettingsChangesAllowedAsUser, userId 0 : true
06-17 11:01:08.853 1257 3383 D SettingsProvider: ret = 1
06-17 11:01:08.855 1257 3383 D SettingsProvider: isChangeAllowed() : name = pref_dynamic_plugin_connected
06-17 11:01:08.855 1257 3383 D SettingsProvider: edmUri: content://com.sec.knox.provider/RestrictionPolicy3
06-17 11:01:08.855 1257 3383 D SettingsProvider: projectionArgs: isSettingsChangesAllowed
06-17 11:01:08.855 1257 3383 D SettingsProvider: selectionArgs: false
06-17 11:01:08.855 1257 3383 D SettingsProvider: selectionArgs: 10054
06-17 11:01:08.855 1257 3383 D SecContentProvider: called from android.uid.systemui:10054
06-17 11:01:08.856 1257 3383 D RestrictionPolicy: isSettingsChangesAllowedAsUser, userId 0 : true
06-17 11:01:08.856 1257 3383 D SettingsProvider: ret = 1
06-17 11:01:08.902 1257 3383 D SettingsProvider: isChangeAllowed() : name = plugin_lock_event_dump
06-17 11:01:08.902 1257 3383 D SettingsProvider: edmUri: content://com.sec.knox.provider/RestrictionPolicy3
06-17 11:01:08.902 1257 3383 D SettingsProvider: projectionArgs: isSettingsChangesAllowed
06-17 11:01:08.902 1257 3383 D SettingsProvider: selectionArgs: false
06-17 11:01:08.902 1257 3383 D SettingsProvider: selectionArgs: 10054
06-17 11:01:08.903 1257 3383 D SecContentProvider: called from android.uid.systemui:10054
06-17 11:01:08.903 1257 3383 D RestrictionPolicy: isSettingsChangesAllowedAsUser, userId 0 : true
06-17 11:01:08.903 1257 3383 D SettingsProvider: ret = 1
06-17 11:01:08.905 1257 1257 V SettingsProvider: Notifying for 0: content://settings/secure/plugin_lock_event_dump
06-17 11:01:08.906 1257 3383 D SettingsProvider: isChangeAllowed() : name = pref_dynamic_plugin_version
