06-17 11:01:20.385 12224 12376 D SystemUIService: - Memory Information -
06-17 11:01:20.386 12224 12358 D SystemUIService: Already in calculating memory info. So skip this.
06-17 11:01:20.386 12224 12354 E AndroidRuntime: FATAL EXCEPTION: AsyncTask #8
06-17 11:01:20.386 12224 12354 E AndroidRuntime: Process: com.android.systemui, PID: 12224
06-17 11:01:20.386 12224 12354 E AndroidRuntime: java.lang.RuntimeException: An error occurred while executing doInBackground()
06-17 11:01:20.386 12224 12354 E AndroidRuntime: at android.os.AsyncTask$4.done(AsyncTask.java:399)
06-17 11:01:20.386 12224 12354 E AndroidRuntime: at java.util.concurrent.FutureTask.finishCompletion(FutureTask.java:383)
06-17 11:01:20.386 12224 12354 E AndroidRuntime: at java.util.concurrent.FutureTask.setException(FutureTask.java:252)
06-17 11:01:20.386 12224 12354 E AndroidRuntime: at java.util.concurrent.FutureTask.run(FutureTask.java:271)
06-17 11:01:20.386 12224 12354 E AndroidRuntime: at java.util.concurrent.ThreadPoolExecutor.runWorker(ThreadPoolExecutor.java:1167)
06-17 11:01:20.386 12224 12354 E AndroidRuntime: at java.util.concurrent.ThreadPoolExecutor$Worker.run(ThreadPoolExecutor.java:641)
06-17 11:01:20.386 12224 12354 E AndroidRuntime: at java.lang.Thread.run(Thread.java:919)
06-17 11:01:20.386 12224 12354 E AndroidRuntime: Caused by: java.lang.NullPointerException: Attempt to invoke virtual method 'void java.io.InputStream.close()' on a null object reference
06-17 11:01:20.386 12224 12354 E AndroidRuntime: at com.android.internal.widget.LocalImageResolver.getBoundsOptionsForImage(LocalImageResolver.java:67)
06-17 11:01:20.386 12224 12354 E AndroidRuntime: at com.android.internal.widget.LocalImageResolver.resolveImage(LocalImageResolver.java:39)
06-17 11:01:20.386 12224 12354 E AndroidRuntime: at com.android.systemui.statusbar.notification.row.NotificationInlineImageResolver.resolveImage(NotificationInlineImageResolver.java:76)
06-17 11:01:20.386 12224 12354 E AndroidRuntime: at com.android.systemui.statusbar.notification.row.NotificationInlineImageCache$PreloadImageTask.doInBackground(NotificationInlineImageCache.java:99)
06-17 11:01:20.386 12224 12354 E AndroidRuntime: at com.android.systemui.statusbar.notification.row.NotificationInlineImageCache$PreloadImageTask.doInBackground(NotificationInlineImageCache.java:86)
06-17 11:01:20.386 12224 12354 E AndroidRuntime: at android.os.AsyncTask$3.call(AsyncTask.java:378)
06-17 11:01:20.386 12224 12354 E AndroidRuntime: at java.util.concurrent.FutureTask.run(FutureTask.java:266)
06-17 11:01:20.386 12224 12354 E AndroidRuntime: ... 3 more
06-17 11:01:20.391 12224 12356 D SystemUIService: Already in calculating memory info. So skip this.
06-17 11:01:20.393 1257 12379 I DropBoxManagerService: add tag=system_app_crash isTagEnabled=true flags=0x2
06-17 11:01:20.395 1257 3338 W ActivityManager: crash : com.android.systemui,0
06-17 11:01:20.395 1257 1269 D SettingsProvider: isChangeAllowed() : name = all_splugin_disabled
06-17 11:01:20.396 1257 1269 D SettingsProvider: edmUri: content://com.sec.knox.provider/RestrictionPolicy3
06-17 11:01:20.396 1257 1269 D SettingsProvider: projectionArgs: isSettingsChangesAllowed
06-17 11:01:20.396 1257 1269 D SettingsProvider: selectionArgs: false
06-17 11:01:20.396 1257 1269 D SettingsProvider: selectionArgs: 10054
06-17 11:01:20.396 1257 1269 D SecContentProvider: called from android.uid.systemui:10054
06-17 11:01:20.397 1257 1269 D RestrictionPolicy: isSettingsChangesAllowedAsUser, userId 0 : true
06-17 11:01:20.397 1257 1269 D SettingsProvider: ret = 1
06-17 11:01:20.403 1257 3338 W ActivityManager: Process com.android.systemui has crashed too many times: killing!
06-17 11:01:20.423 1257 3338 D SamsungAlarmManager: setInexact Intent (T:3/F:0/AC:false) 20360614T110120 - CU:10215/CP:1766
06-17 11:01:20.423 1257 3338 I SamsungAlarmManager: setLocked to kernel - T:2 / 20260617T110715, SetElapsed=771738, nowELAPSED=416768
06-17 11:01:20.423 1257 3338 I SamsungAlarmManager: setLocked to kernel - T:3 / 20260617T110200, SetElapsed=456345, nowELAPSED=416768
06-17 11:01:20.529 1257 1257 W WallpaperManagerService: Wallpaper service gone: ComponentInfo{com.android.systemui/com.android.systemui.ImageWallpaper}
06-17 11:01:20.529 1257 1257 W WallpaperManagerService: Wallpaper service gone: ComponentInfo{com.android.systemui/com.android.systemui.ImageWallpaper}
06-17 11:01:20.531 1257 3461 D ConnectivityService: ConnectivityService NetworkRequestInfo binderDied(NetworkRequest [ LISTEN id=359, [] ], android.os.BinderProxy@f19cb46)
06-17 11:01:20.531 3346 3346 D SDHMS:eb.h: VideoPlayListener mIsVideoPlay : false
06-17 11:01:20.531 1257 1466 D ConnectivityService: releasing NetworkRequest [ LISTEN id=359, [] ] (release request)
06-17 11:01:20.532 1257 3470 I WindowManager: WIN DEATH: Window{800315a u0 NavigationBar0}
06-17 11:01:20.535 1257 1613 D NotificationListeners: Removing active service ComponentInfo{com.android.systemui/com.android.systemui.statusbar.NotificationListener}
06-17 11:01:20.535 1257 1614 V AODManagerService: binderDied
06-17 11:01:20.540 1257 5056 I StatusBarManagerService: binder died for pkg=com.android.systemui
06-17 11:01:20.540 1257 3470 W WindowManager: Failed to deliver inset state change
06-17 11:01:20.540 1257 3470 W WindowManager: android.os.DeadObjectException
06-17 11:01:20.540 1257 3470 W WindowManager: at android.os.BinderProxy.transactNative(Native Method)
06-17 11:01:20.540 1257 3470 W WindowManager: at android.os.BinderProxy.transact(BinderProxy.java:527)
06-17 11:01:20.540 1257 3470 W WindowManager: at android.view.IWindow$Stub$Proxy.insetsChanged(IWindow.java:734)
06-17 11:01:20.540 1257 3470 W WindowManager: at com.android.server.wm.WindowState.notifyInsetsChanged(WindowState.java:3856)
06-17 11:01:20.540 1257 3470 W WindowManager: at com.android.server.wm.InsetsStateController.lambda$new$0(InsetsStateController.java:56)
06-17 11:01:20.540 1257 3470 W WindowManager: at com.android.server.wm.-$$Lambda$InsetsStateController$sIYEJIR4ztgffCLMi5Z1RvdxyYs.accept(Unknown Source:2)
06-17 11:01:20.540 1257 3470 W WindowManager: at com.android.server.wm.WindowContainer$ForAllWindowsConsumerWrapper.apply(WindowContainer.java:1184)
06-17 11:01:20.540 1257 3470 W WindowManager: at com.android.server.wm.WindowContainer$ForAllWindowsConsumerWrapper.apply(WindowContainer.java:1174)
06-17 11:01:20.540 1257 3470 W WindowManager: at com.android.server.wm.WindowState.applyInOrderWithImeWindows(WindowState.java:4957)
06-17 11:01:20.540 1257 3470 W WindowManager: at com.android.server.wm.WindowState.forAllWindows(WindowState.java:4841)
06-17 11:01:20.540 1257 3470 W WindowManager: at com.android.server.wm.WindowContainer.forAllWindows(WindowContainer.java:883)
06-17 11:01:20.540 1257 3470 W WindowManager: at com.android.server.wm.WindowContainer.forAllWindows(WindowContainer.java:883)
06-17 11:01:20.540 1257 3470 W WindowManager: at com.android.server.wm.DisplayContent.forAllWindows(DisplayContent.java:2477)
06-17 11:01:20.540 1257 3470 W WindowManager: at com.android.server.wm.WindowContainer.forAllWindows(WindowContainer.java:900)
06-17 11:01:20.540 1257 3470 W WindowManager: at com.android.server.wm.InsetsStateController.notifyInsetsChanged(InsetsStateController.java:227)
06-17 11:01:20.540 1257 3470 W WindowManager: at com.android.server.wm.InsetsStateController.onPostLayout(InsetsStateController.java:121)
06-17 11:01:20.540 1257 3470 W WindowManager: at com.android.server.wm.DisplayContent.applySurfaceChangesTransaction(DisplayContent.java:4524)
06-17 11:01:20.540 1257 3470 W WindowManager: at com.android.server.wm.RootWindowContainer.applySurfaceChangesTransaction(RootWindowContainer.java:1013)
06-17 11:01:20.540 1257 3470 W WindowManager: at com.android.server.wm.RootWindowContainer.performSurfacePlacementNoTrace(RootWindowContainer.java:734)
06-17 11:01:20.540 1257 3470 W WindowManager: at com.android.server.wm.RootWindowContainer.performSurfacePlacement(RootWindowContainer.java:669)
06-17 11:01:20.540 1257 3470 W WindowManager: at com.android.server.wm.WindowSurfacePlacer.performSurfacePlacementLoop(WindowSurfacePlacer.java:180)
06-17 11:01:20.540 1257 3470 W WindowManager: at com.android.server.wm.WindowSurfacePlacer.performSurfacePlacement(WindowSurfacePlacer.java:111)
06-17 11:01:20.540 1257 3470 W WindowManager: at com.android.server.wm.WindowSurfacePlacer.performSurfacePlacement(WindowSurfacePlacer.java:99)
06-17 11:01:20.540 1257 3470 W WindowManager: at com.android.server.wm.WindowManagerService.postWindowRemoveCleanupLocked(WindowManagerService.java:2122)
06-17 11:01:20.540 1257 3470 W WindowManager: at com.android.server.wm.WindowState.removeImmediately(WindowState.java:2336)
06-17 11:01:20.540 1257 3470 W WindowManager: at com.android.server.wm.WindowState.removeIfPossible(WindowState.java:2463)
06-17 11:01:20.540 1257 3470 W WindowManager: at com.android.server.wm.WindowState.access$300(WindowState.java:264)
06-17 11:01:20.540 1257 3470 W WindowManager: at com.android.server.wm.WindowState$DeathRecipient.binderDied(WindowState.java:3034)
06-17 11:01:20.540 1257 3470 W WindowManager: at android.os.BinderProxy.sendDeathNotice(BinderProxy.java:637)
06-17 11:01:20.541 1257 2390 D ConnectivityService: ConnectivityService NetworkRequestInfo binderDied(NetworkRequest [ LISTEN id=357, [ Transports: WIFI Capabilities: NOT_VPN] ], android.os.BinderProxy@a9755d2)
06-17 11:01:20.541 1257 1614 D ConnectivityService: ConnectivityService NetworkRequestInfo binderDied(NetworkRequest [ TRACK_DEFAULT id=358, [ Capabilities: INTERNET&NOT_RESTRICTED&TRUSTED Uid: 10054] ], android.os.BinderProxy@101b6a3)
06-17 11:01:20.542 1257 1907 D WallpaperManagerService: binderDied android.app.IWallpaperManagerCallback$Stub$Proxy@69bfb66
06-17 11:01:20.542 1257 1466 D ConnectivityService: releasing NetworkRequest [ LISTEN id=357, [ Transports: WIFI Capabilities: NOT_VPN] ] (release request)
06-17 11:01:20.542 1257 1466 D ConnectivityService: releasing NetworkRequest [ TRACK_DEFAULT id=358, [ Capabilities: INTERNET&NOT_RESTRICTED&TRUSTED Uid: 10054] ] (release request)
06-17 11:01:20.544 1257 3470 W WindowManager: Failed to deliver inset state change
06-17 11:01:20.544 1257 3470 W WindowManager: android.os.DeadObjectException
06-17 11:01:20.544 1257 3470 W WindowManager: at android.os.BinderProxy.transactNative(Native Method)
06-17 11:01:20.544 1257 3470 W WindowManager: at android.os.BinderProxy.transact(BinderProxy.java:527)
06-17 11:01:20.544 1257 3470 W WindowManager: at android.view.IWindow$Stub$Proxy.insetsChanged(IWindow.java:734)
06-17 11:01:20.544 1257 3470 W WindowManager: at com.android.server.wm.WindowState.notifyInsetsChanged(WindowState.java:3856)
06-17 11:01:20.544 1257 3470 W WindowManager: at com.android.server.wm.InsetsStateController.lambda$new$0(InsetsStateController.java:56)
06-17 11:01:20.544 1257 3470 W WindowManager: at com.android.server.wm.-$$Lambda$InsetsStateController$sIYEJIR4ztgffCLMi5Z1RvdxyYs.accept(Unknown Source:2)
06-17 11:01:20.544 1257 3470 W WindowManager: at com.android.server.wm.WindowContainer$ForAllWindowsConsumerWrapper.apply(WindowContainer.java:1184)
06-17 11:01:20.544 1257 3470 W WindowManager: at com.android.server.wm.WindowContainer$ForAllWindowsConsumerWrapper.apply(WindowContainer.java:1174)
06-17 11:01:20.544 1257 3470 W WindowManager: at com.android.server.wm.WindowState.applyInOrderWithImeWindows(WindowState.java:4957)
06-17 11:01:20.544 1257 3470 W WindowManager: at com.android.server.wm.WindowState.forAllWindows(WindowState.java:4841)
06-17 11:01:20.544 1257 3470 W WindowManager: at com.android.server.wm.WindowContainer.forAllWindows(WindowContainer.java:883)
06-17 11:01:20.544 1257 3470 W WindowManager: at com.android.server.wm.WindowContainer.forAllWindows(WindowContainer.java:883)
06-17 11:01:20.544 1257 3470 W WindowManager: at com.android.server.wm.DisplayContent.forAllWindows(DisplayContent.java:2477)
06-17 11:01:20.544 1257 3470 W WindowManager: at com.android.server.wm.WindowContainer.forAllWindows(WindowContainer.java:900)
06-17 11:01:20.544 1257 3470 W WindowManager: at com.android.server.wm.InsetsStateController.notifyInsetsChanged(InsetsStateController.java:227)
06-17 11:01:20.544 1257 3470 W WindowManager: at com.android.server.wm.InsetsStateController.onPostLayout(InsetsStateController.java:121)
06-17 11:01:20.544 1257 3470 W WindowManager: at com.android.server.wm.DisplayContent.applySurfaceChangesTransaction(DisplayContent.java:4524)
06-17 11:01:20.544 1257 3470 W WindowManager: at com.android.server.wm.RootWindowContainer.applySurfaceChangesTransaction(RootWindowContainer.java:1013)
06-17 11:01:20.544 1257 3470 W WindowManager: at com.android.server.wm.RootWindowContainer.performSurfacePlacementNoTrace(RootWindowContainer.java:734)
06-17 11:01:20.544 1257 3470 W WindowManager: at com.android.server.wm.RootWindowContainer.performSurfacePlacement(RootWindowContainer.java:669)
06-17 11:01:20.544 1257 3470 W WindowManager: at com.android.server.wm.WindowSurfacePlacer.performSurfacePlacementLoop(WindowSurfacePlacer.java:180)
06-17 11:01:20.544 1257 3470 W WindowManager: at com.android.server.wm.WindowSurfacePlacer.performSurfacePlacement(WindowSurfacePlacer.java:111)
06-17 11:01:20.544 1257 3470 W WindowManager: at com.android.server.wm.WindowSurfacePlacer.performSurfacePlacement(WindowSurfacePlacer.java:99)
06-17 11:01:20.544 1257 3470 W WindowManager: at com.android.server.wm.WindowManagerService.postWindowRemoveCleanupLocked(WindowManagerService.java:2122)
06-17 11:01:20.544 1257 3470 W WindowManager: at com.android.server.wm.WindowState.removeImmediately(WindowState.java:2336)
06-17 11:01:20.544 1257 3470 W WindowManager: at com.android.server.wm.WindowState.removeIfPossible(WindowState.java:2463)
06-17 11:01:20.544 1257 3470 W WindowManager: at com.android.server.wm.WindowState.access$300(WindowState.java:264)
06-17 11:01:20.544 1257 3470 W WindowManager: at com.android.server.wm.WindowState$DeathRecipient.binderDied(WindowState.java:3034)
06-17 11:01:20.544 1257 3470 W WindowManager: at android.os.BinderProxy.sendDeathNotice(BinderProxy.java:637)
06-17 11:01:20.545 1257 3470 W WindowManager: Failed to deliver inset state change
06-17 11:01:20.545 1257 3470 W WindowManager: android.os.DeadObjectException
06-17 11:01:20.545 1257 3470 W WindowManager: at android.os.BinderProxy.transactNative(Native Method)
06-17 11:01:20.545 1257 3470 W WindowManager: at android.os.BinderProxy.transact(BinderProxy.java:527)
06-17 11:01:20.545 1257 3470 W WindowManager: at android.view.IWindow$Stub$Proxy.insetsChanged(IWindow.java:734)
06-17 11:01:20.545 1257 3470 W WindowManager: at com.android.server.wm.WindowState.notifyInsetsChanged(WindowState.java:3856)
06-17 11:01:20.545 1257 3470 W WindowManager: at com.android.server.wm.InsetsStateController.lambda$new$0(InsetsStateController.java:56)
06-17 11:01:20.545 1257 3470 W WindowManager: at com.android.server.wm.-$$Lambda$InsetsStateController$sIYEJIR4ztgffCLMi5Z1RvdxyYs.accept(Unknown Source:2)
06-17 11:01:20.545 1257 3470 W WindowManager: at com.android.server.wm.WindowContainer$ForAllWindowsConsumerWrapper.apply(WindowContainer.java:1184)
06-17 11:01:20.545 1257 3470 W WindowManager: at com.android.server.wm.WindowContainer$ForAllWindowsConsumerWrapper.apply(WindowContainer.java:1174)
06-17 11:01:20.545 1257 3470 W WindowManager: at com.android.server.wm.WindowState.applyInOrderWithImeWindows(WindowState.java:4957)
06-17 11:01:20.545 1257 3470 W WindowManager: at com.android.server.wm.WindowState.forAllWindows(WindowState.java:4841)
06-17 11:01:20.545 1257 3470 W WindowManager: at com.android.server.wm.WindowContainer.forAllWindows(WindowContainer.java:883)
06-17 11:01:20.545 1257 3470 W WindowManager: at com.android.server.wm.WindowContainer.forAllWindows(WindowContainer.java:883)
06-17 11:01:20.545 1257 3470 W WindowManager: at com.android.server.wm.DisplayContent.forAllWindows(DisplayContent.java:2477)
06-17 11:01:20.545 1257 3470 W WindowManager: at com.android.server.wm.WindowContainer.forAllWindows(WindowContainer.java:900)
06-17 11:01:20.545 1257 3470 W WindowManager: at com.android.server.wm.InsetsStateController.notifyInsetsChanged(InsetsStateController.java:227)
06-17 11:01:20.545 1257 3470 W WindowManager: at com.android.server.wm.InsetsStateController.onPostLayout(InsetsStateController.java:121)
06-17 11:01:20.545 1257 3470 W WindowManager: at com.android.server.wm.DisplayContent.applySurfaceChangesTransaction(DisplayContent.java:4524)
06-17 11:01:20.545 1257 3470 W WindowManager: at com.android.server.wm.RootWindowContainer.applySurfaceChangesTransaction(RootWindowContainer.java:1013)
06-17 11:01:20.545 1257 3470 W WindowManager: at com.android.server.wm.RootWindowContainer.performSurfacePlacementNoTrace(RootWindowContainer.java:734)
06-17 11:01:20.545 1257 3470 W WindowManager: at com.android.server.wm.RootWindowContainer.performSurfacePlacement(RootWindowContainer.java:669)
06-17 11:01:20.545 1257 3470 W WindowManager: at com.android.server.wm.WindowSurfacePlacer.performSurfacePlacementLoop(WindowSurfacePlacer.java:180)
06-17 11:01:20.545 1257 3470 W WindowManager: at com.android.server.wm.WindowSurfacePlacer.performSurfacePlacement(WindowSurfacePlacer.java:111)
06-17 11:01:20.545 1257 3470 W WindowManager: at com.android.server.wm.WindowSurfacePlacer.performSurfacePlacement(WindowSurfacePlacer.java:99)
06-17 11:01:20.545 1257 3470 W WindowManager: at com.android.server.wm.WindowManagerService.postWindowRemoveCleanupLocked(WindowManagerService.java:2122)
06-17 11:01:20.545 1257 3470 W WindowManager: at com.android.server.wm.WindowState.removeImmediately(WindowState.java:2336)
06-17 11:01:20.545 1257 3470 W WindowManager: at com.android.server.wm.WindowState.removeIfPossible(WindowState.java:2463)
06-17 11:01:20.545 1257 3470 W WindowManager: at com.android.server.wm.WindowState.access$300(WindowState.java:264)
06-17 11:01:20.545 1257 3470 W WindowManager: at com.android.server.wm.WindowState$DeathRecipient.binderDied(WindowState.java:3034)
06-17 11:01:20.545 1257 3470 W WindowManager: at android.os.BinderProxy.sendDeathNotice(BinderProxy.java:637)
06-17 11:01:20.547 1257 3484 V CocktailBarStatePolicyController: binderDied : binder = android.os.BinderProxy@cf0fd1e
06-17 11:01:20.551 1257 3470 W WindowManager: Failed to report 'resized' to the client of Window{61ba57 u0 StatusBar}, removing this window.
06-17 11:01:20.553 1257 3470 W WindowManager: Failed to report 'resized' to the client of Window{32d7dea u0 ScreenDecorOverlayBottom}, removing this window.
06-17 11:01:20.554 1257 3470 D WindowManager: setKeyguardOccluded occluded=false
06-17 11:01:20.556 1257 3470 I WindowManager: Destroying surface Surface(name=StatusBar$_12224)/@0x16f4547 called by com.android.server.wm.WindowStateAnimator.destroySurface:1790 com.android.server.wm.WindowStateAnimator.destroySurfaceLocked:720 com.android.server.wm.WindowState.removeImmediately:2327 com.android.server.wm.RootWindowContainer.performSurfacePlacementNoTrace:901 com.android.server.wm.RootWindowContainer.performSurfacePlacement:669 com.android.server.wm.WindowSurfacePlacer.performSurfacePlacementLoop:180 com.android.server.wm.WindowSurfacePlacer.performSurfacePlacement:111 com.android.server.wm.WindowSurfacePlacer.performSurfacePlacement:99
06-17 11:01:20.559 1257 3470 I WindowManager: Destroying surface Surface(name=ScreenDecorOverlayBottom$_12224)/@0x2ef19ff called by com.android.server.wm.WindowStateAnimator.destroySurface:1790 com.android.server.wm.WindowStateAnimator.destroySurfaceLocked:720 com.android.server.wm.WindowState.removeImmediately:2327 com.android.server.wm.RootWindowContainer.performSurfacePlacementNoTrace:901 com.android.server.wm.RootWindowContainer.performSurfacePlacement:669 com.android.server.wm.WindowSurfacePlacer.performSurfacePlacementLoop:180 com.android.server.wm.WindowSurfacePlacer.performSurfacePlacement:111 com.android.server.wm.WindowSurfacePlacer.performSurfacePlacement:99
06-17 11:01:20.564 1257 3470 W WindowManager: Failed to deliver inset state change
06-17 11:01:20.564 1257 3470 W WindowManager: android.os.DeadObjectException
06-17 11:01:20.564 1257 3470 W WindowManager: at android.os.BinderProxy.transactNative(Native Method)
06-17 11:01:20.564 1257 3470 W WindowManager: at android.os.BinderProxy.transact(BinderProxy.java:527)
06-17 11:01:20.564 1257 3470 W WindowManager: at android.view.IWindow$Stub$Proxy.insetsChanged(IWindow.java:734)
06-17 11:01:20.564 1257 3470 W WindowManager: at com.android.server.wm.WindowState.notifyInsetsChanged(WindowState.java:3856)
06-17 11:01:20.564 1257 3470 W WindowManager: at com.android.server.wm.InsetsStateController.lambda$new$0(InsetsStateController.java:56)
06-17 11:01:20.564 1257 3470 W WindowManager: at com.android.server.wm.-$$Lambda$InsetsStateController$sIYEJIR4ztgffCLMi5Z1RvdxyYs.accept(Unknown Source:2)
06-17 11:01:20.564 1257 3470 W WindowManager: at com.android.server.wm.WindowContainer$ForAllWindowsConsumerWrapper.apply(WindowContainer.java:1184)
06-17 11:01:20.564 1257 3470 W WindowManager: at com.android.server.wm.WindowContainer$ForAllWindowsConsumerWrapper.apply(WindowContainer.java:1174)
06-17 11:01:20.564 1257 3470 W WindowManager: at com.android.server.wm.WindowState.applyInOrderWithImeWindows(WindowState.java:4957)
06-17 11:01:20.564 1257 3470 W WindowManager: at com.android.server.wm.WindowState.forAllWindows(WindowState.java:4841)
06-17 11:01:20.564 1257 3470 W WindowManager: at com.android.server.wm.WindowContainer.forAllWindows(WindowContainer.java:883)
06-17 11:01:20.564 1257 3470 W WindowManager: at com.android.server.wm.WindowContainer.forAllWindows(WindowContainer.java:883)
06-17 11:01:20.564 1257 3470 W WindowManager: at com.android.server.wm.DisplayContent.forAllWindows(DisplayContent.java:2477)
06-17 11:01:20.564 1257 3470 W WindowManager: at com.android.server.wm.WindowContainer.forAllWindows(WindowContainer.java:900)
06-17 11:01:20.564 1257 3470 W WindowManager: at com.android.server.wm.InsetsStateController.notifyInsetsChanged(InsetsStateController.java:227)
06-17 11:01:20.564 1257 3470 W WindowManager: at com.android.server.wm.InsetsStateController.onPostLayout(InsetsStateController.java:121)
06-17 11:01:20.564 1257 3470 W WindowManager: at com.android.server.wm.DisplayContent.applySurfaceChangesTransaction(DisplayContent.java:4524)
06-17 11:01:20.564 1257 3470 W WindowManager: at com.android.server.wm.RootWindowContainer.applySurfaceChangesTransaction(RootWindowContainer.java:1013)
06-17 11:01:20.564 1257 3470 W WindowManager: at com.android.server.wm.RootWindowContainer.performSurfacePlacementNoTrace(RootWindowContainer.java:734)
06-17 11:01:20.564 1257 3470 W WindowManager: at com.android.server.wm.RootWindowContainer.performSurfacePlacement(RootWindowContainer.java:669)
06-17 11:01:20.564 1257 3470 W WindowManager: at com.android.server.wm.WindowSurfacePlacer.performSurfacePlacementLoop(WindowSurfacePlacer.java:180)
06-17 11:01:20.564 1257 3470 W WindowManager: at com.android.server.wm.WindowSurfacePlacer.performSurfacePlacement(WindowSurfacePlacer.java:111)
06-17 11:01:20.564 1257 3470 W WindowManager: at com.android.server.wm.WindowSurfacePlacer.performSurfacePlacement(WindowSurfacePlacer.java:99)
06-17 11:01:20.564 1257 3470 W WindowManager: at com.android.server.wm.WindowManagerService.postWindowRemoveCleanupLocked(WindowManagerService.java:2122)
06-17 11:01:20.564 1257 3470 W WindowManager: at com.android.server.wm.WindowState.removeImmediately(WindowState.java:2336)
06-17 11:01:20.564 1257 3470 W WindowManager: at com.android.server.wm.WindowState.removeIfPossible(WindowState.java:2463)
06-17 11:01:20.564 1257 3470 W WindowManager: at com.android.server.wm.WindowState.access$300(WindowState.java:264)
06-17 11:01:20.564 1257 3470 W WindowManager: at com.android.server.wm.WindowState$DeathRecipient.binderDied(WindowState.java:3034)
06-17 11:01:20.564 1257 3470 W WindowManager: at android.os.BinderProxy.sendDeathNotice(BinderProxy.java:637)
06-17 11:01:20.576 1257 3470 W WindowManager: Failed to report 'resized' to the client of Window{5601565 u0 ScreenDecorOverlay}, removing this window.
06-17 11:01:20.576 1257 3470 I WindowManager: Destroying surface Surface(name=ScreenDecorOverlay$_12224)/@0xeef2615 called by com.android.server.wm.WindowStateAnimator.destroySurface:1790 com.android.server.wm.WindowStateAnimator.destroySurfaceLocked:720 com.android.server.wm.WindowState.removeImmediately:2327 com.android.server.wm.RootWindowContainer.performSurfacePlacementNoTrace:901 com.android.server.wm.RootWindowContainer.performSurfacePlacement:669 com.android.server.wm.WindowSurfacePlacer.performSurfacePlacementLoop:180 com.android.server.wm.WindowSurfacePlacer.performSurfacePlacement:111 com.android.server.wm.WindowSurfacePlacer.performSurfacePlacement:99
06-17 11:01:20.589 1257 5066 W WindowManager: Failed looking up window callers=com.android.server.wm.WindowManagerService.windowForClientLocked:6039 com.android.server.wm.WindowState$DeathRecipient.binderDied:3027 android.os.BinderProxy.sendDeathNotice:637
06-17 11:01:20.589 1257 5066 I WindowManager: WIN DEATH: null
06-17 11:01:20.591 1257 3338 I WindowManager: WIN DEATH: Window{d6fcb62 u0 Bouncer}
06-17 11:01:20.601 1257 1273 D ActivityTaskManager: setLockScreenShown(true,false) is called from 1257
06-17 11:01:20.602 1257 3387 W WindowManager: Failed looking up window callers=com.android.server.wm.WindowManagerService.windowForClientLocked:6039 com.android.server.wm.WindowState$DeathRecipient.binderDied:3027 android.os.BinderProxy.sendDeathNotice:637
06-17 11:01:20.603 1257 3387 I WindowManager: WIN DEATH: null
06-17 11:01:20.604 1257 3383 W WindowManager: Failed looking up window callers=com.android.server.wm.WindowManagerService.windowForClientLocked:6039 com.android.server.wm.WindowState$DeathRecipient.binderDied:3027 android.os.BinderProxy.sendDeathNotice:637
06-17 11:01:20.604 1257 3383 I WindowManager: WIN DEATH: null
06-17 11:01:20.607 1257 1904 I WindowManager: WIN DEATH: Window{8b1f23d u0 com.android.systemui.ImageWallpaper}
06-17 11:01:20.608 1257 1904 I WindowManager: Destroying surface Surface(name=com.android.systemui.ImageWallpaper$_12224)/@0x2abcd2a called by com.android.server.wm.WindowStateAnimator.destroySurface:1790 com.android.server.wm.WindowStateAnimator.destroySurfaceLocked:720 com.android.server.wm.WindowState.removeImmediately:2327 com.android.server.wm.WindowState.removeIfPossible:2463 com.android.server.wm.WindowState.access$300:264 com.android.server.wm.WindowState$DeathRecipient.binderDied:3034 android.os.BinderProxy.sendDeathNotice:637
06-17 11:01:20.613 1257 5088 I WindowManager: WIN DEATH: Window{b818fc7 u0 DockedStackDivider}
06-17 11:01:20.625 1257 1906 I WindowManager: WIN DEATH: Window{3329254 u0 AssistPreviewPanel}
06-17 11:01:20.629 1257 4992 I ActivityManager: Process com.android.systemui (pid 12224) has died: pers PERU(426,1364)
06-17 11:01:20.634 1257 1275 D PowerManagerService: [api] setUserActivityTimeoutOverrideFromWindowManagerInternal: timeoutMillis: -1
06-17 11:01:20.634 1257 1275 D PowerManagerService: getScreenOffTimeoutLocked: 5000 -> 30000
06-17 11:01:20.635 1257 1275 D PowerManagerService: [api] setScreenDimDurationOverrideFromWindowManagerInternal: timeoutMillis: -1
06-17 11:01:20.637 1257 1275 V UsbDeviceManager: onKeyguardStateChanged: isShowing=true secure=false user=0
06-17 11:01:20.638 1257 1272 D UsbDeviceManager: handleMessage -> MSG_UPDATE_SCREEN_LOCK: mScreenLocked=false
06-17 11:01:20.641 1257 1275 D StorageManagerService: onKeyguardStateChanged = false
06-17 11:01:20.643 1257 1424 I StorageManagerService: handleMessage :{ when=-1ms what=15 target=com.android.server.StorageManagerService$StorageManagerServiceHandler }
06-17 11:01:20.643 1257 1424 D StorageManagerService: handleMessage :: H_KEYGUARD_CHANGED = 0
06-17 11:01:20.656 1257 4992 W ActivityManager: Scheduling restart of crashed service com.android.systemui/.SystemUIService in 0ms
06-17 11:01:20.657 1257 4992 W ActivityManager: Scheduling restart of crashed service com.android.systemui/.keyguard.KeyguardService in 0ms
06-17 11:01:20.657 1257 4992 W ActivityManager: Scheduling restart of crashed service com.android.systemui/.ImageWallpaper in 0ms
06-17 11:01:20.660 1257 4992 W ActivityManager: Re-adding persistent process ProcessRecord{49feed7 12224:com.android.systemui/u0a54}
06-17 11:01:20.662 1257 4992 D ActivityManager: package com.android.systemui, user - 0 is SDcard whitelisted
06-17 11:01:20.668 1257 1275 W ActivityManager: setHasOverlayUi called on unknown pid: 12224
06-17 11:01:20.707 1257 1282 I ActivityManager: Start proc 12385:com.android.systemui/u0a54 for restart com.android.systemui
06-17 11:01:20.721 1257 1612 I ActivityManager: Killing 10995:com.sec.android.app.fm/u0a86 (adj 999): empty #25
06-17 11:01:20.724 1257 1612 I ActivityManager: Killing 11111:com.sec.android.widgetapp.easymodecontactswidget/u0a185 (adj 999): empty #25
06-17 11:01:20.745 1257 1612 I ActivityManager: DSS OFF for com.android.systemui
06-17 11:01:20.749 1257 1612 D OomAdjuster: Set persistent 12385 com.android.systemui adj -800: pers-top-ui com.android.server.am.OomAdjuster.updateOomAdjLocked:557 com.android.server.am.ActivityManagerService.updateOomAdjLocked:19836 com.android.server.am.ActiveServices.realStartServiceLocked:2895 com.android.server.am.ActiveServices.attachApplicationLocked:3589 com.android.server.am.ActivityManagerService.attachApplicationLocked:6237 com.android.server.am.ActivityManagerService.attachApplication:6307 android.app.IActivityManager$Stub.onTransact:2386
06-17 11:01:20.824 1257 3393 I DropBoxManagerService: add tag=system_server_wtf isTagEnabled=true flags=0x2
06-17 11:01:20.875 1257 1257 D TrustManagerService: Removing dead TrustListener.
06-17 11:01:20.928 1257 3393 D SettingsProvider: isChangeAllowed() : name = wallpaper_rotate_fixed
06-17 11:01:20.928 1257 3393 D SettingsProvider: edmUri: content://com.sec.knox.provider/RestrictionPolicy3
06-17 11:01:20.928 1257 3393 D SettingsProvider: projectionArgs: isSettingsChangesAllowed
06-17 11:01:20.928 1257 3393 D SettingsProvider: selectionArgs: false
06-17 11:01:20.928 1257 3393 D SettingsProvider: selectionArgs: 10054
06-17 11:01:20.928 1257 3393 D SecContentProvider: called from android.uid.systemui:10054
06-17 11:01:20.929 1257 3393 D RestrictionPolicy: isSettingsChangesAllowedAsUser, userId 0 : true
06-17 11:01:20.929 1257 3393 D SettingsProvider: ret = 1
06-17 11:01:20.936 1257 3393 D WallpaperManagerService: mDeviceColor:black
06-17 11:01:20.961 1257 1274 D SettingsProvider: isChangeAllowed() : name = enabled_notification_listeners
06-17 11:01:20.961 1257 1274 D SettingsProvider: isChangeAllowed() : name = enabled_notification_assistant
06-17 11:01:20.962 1257 1274 D SettingsProvider: isChangeAllowed() : name = enabled_notification_policy_access_packages
06-17 11:01:20.976 1257 1274 D SettingsProvider: isChangeAllowed() : name = enabled_notification_listeners
06-17 11:01:20.976 1257 1274 D SettingsProvider: isChangeAllowed() : name = enabled_notification_assistant
06-17 11:01:20.976 1257 1274 D SettingsProvider: isChangeAllowed() : name = enabled_notification_policy_access_packages
06-17 11:01:20.978 1257 3393 V WifiDisplayAdapter: getWifiDisplayStatusLocked: result=WifiDisplayStatus{featureState=0, scanState=0, activeDisplayState=0, activeDisplay=null, displays=[], sessionInfo=WifiDisplaySessionInfo:
06-17 11:01:20.978 1257 3393 V WifiDisplayAdapter: Client/Owner: Client
06-17 11:01:20.978 1257 3393 V WifiDisplayAdapter: GroupId:
06-17 11:01:20.978 1257 3393 V WifiDisplayAdapter: Passphrase:
06-17 11:01:20.978 1257 3393 V WifiDisplayAdapter: SessionId: 0
06-17 11:01:20.978 1257 3393 V WifiDisplayAdapter: IP Address: , connectedState=-1}
06-17 11:01:20.984 1257 3393 V WifiDisplayAdapter: getWifiDisplayStatusLocked: result=WifiDisplayStatus{featureState=0, scanState=0, activeDisplayState=0, activeDisplay=null, displays=[], sessionInfo=WifiDisplaySessionInfo:
06-17 11:01:20.984 1257 3393 V WifiDisplayAdapter: Client/Owner: Client
06-17 11:01:20.984 1257 3393 V WifiDisplayAdapter: GroupId:
06-17 11:01:20.984 1257 3393 V WifiDisplayAdapter: Passphrase:
06-17 11:01:20.984 1257 3393 V WifiDisplayAdapter: SessionId: 0
06-17 11:01:20.984 1257 3393 V WifiDisplayAdapter: IP Address: , connectedState=-1}
06-17 11:01:20.995 1257 1274 D SettingsProvider: isChangeAllowed() : name = enabled_notification_listeners
06-17 11:01:20.995 1257 1274 D SettingsProvider: isChangeAllowed() : name = enabled_notification_assistant
06-17 11:01:20.995 1257 1274 D SettingsProvider: isChangeAllowed() : name = enabled_notification_policy_access_packages
06-17 11:01:21.016 1257 1274 D SettingsProvider: isChangeAllowed() : name = enabled_notification_listeners
06-17 11:01:21.017 1257 1274 D SettingsProvider: isChangeAllowed() : name = enabled_notification_assistant
06-17 11:01:21.017 1257 1274 D SettingsProvider: isChangeAllowed() : name = enabled_notification_policy_access_packages
06-17 11:01:21.036 1257 1274 D SettingsProvider: isChangeAllowed() : name = enabled_notification_listeners
06-17 11:01:21.037 1257 1274 D SettingsProvider: isChangeAllowed() : name = enabled_notification_assistant
06-17 11:01:21.037 1257 1274 D SettingsProvider: isChangeAllowed() : name = enabled_notification_policy_access_packages
06-17 11:01:21.038 1257 1612 D ActivityTaskManager: setLockScreenShown(true,false) is called from 12385
06-17 11:01:21.039 1257 1257 D RestrictionPolicy: isSettingsChangesAllowedAsUser, userId 0 : true
06-17 11:01:21.039 1257 1275 V UsbDeviceManager: onKeyguardStateChanged: isShowing=true secure=false user=0
06-17 11:01:21.040 1257 1272 D UsbDeviceManager: handleMessage -> MSG_UPDATE_SCREEN_LOCK: mScreenLocked=false
06-17 11:01:21.040 1257 1275 D StorageManagerService: onKeyguardStateChanged = false
06-17 11:01:21.040 1257 1257 D RestrictionPolicy: isAirplaneModeAllowed : true
06-17 11:01:21.040 1257 1424 I StorageManagerService: handleMessage :{ when=0 what=15 target=com.android.server.StorageManagerService$StorageManagerServiceHandler }
06-17 11:01:21.040 1257 1257 D RestrictionPolicy: isCellularDataAllowed: true
06-17 11:01:21.041 1257 1424 D StorageManagerService: handleMessage :: H_KEYGUARD_CHANGED = 0
06-17 11:01:21.041 1257 1257 D RestrictionPolicy: isNFCEnabled : true
06-17 11:01:21.041 1257 1257 D RestrictionPolicy: isWifiTetheringEnabled : true
06-17 11:01:21.052 1257 1274 D SettingsProvider: isChangeAllowed() : name = enabled_notification_listeners
06-17 11:01:21.053 1257 1274 D SettingsProvider: isChangeAllowed() : name = enabled_notification_assistant
06-17 11:01:21.053 1257 1274 D SettingsProvider: isChangeAllowed() : name = enabled_notification_policy_access_packages
06-17 11:01:21.061 1257 1612 D PowerManagerService: [api] setDozeAfterScreenOff: true (uid: 10054 pid: 12385)
06-17 11:01:21.069 1257 1612 D SettingsProvider: isChangeAllowed() : name = lockstar_facewidget_area
06-17 11:01:21.069 1257 1612 D SettingsProvider: edmUri: content://com.sec.knox.provider/RestrictionPolicy3
06-17 11:01:21.069 1257 1612 D SettingsProvider: projectionArgs: isSettingsChangesAllowed
06-17 11:01:21.069 1257 1612 D SettingsProvider: selectionArgs: false
06-17 11:01:21.069 1257 1612 D SettingsProvider: selectionArgs: 10054
06-17 11:01:21.070 1257 1612 D SecContentProvider: called from android.uid.systemui:10054
06-17 11:01:21.070 1257 1612 D RestrictionPolicy: isSettingsChangesAllowedAsUser, userId 0 : true
06-17 11:01:21.070 1257 1612 D SettingsProvider: ret = 1
06-17 11:01:21.079 1257 3393 D WallpaperManagerService: which : 2, return type : 8 (called by userId= 0)
06-17 11:01:21.082 1257 3393 D WallpaperManagerService: WallpaperManagerCallbackClient android.app.IWallpaperManagerCallback$Stub$Proxy@5831a11
06-17 11:01:21.085 1257 1906 D SettingsProvider: isChangeAllowed() : name = white_lockscreen_wallpaper
06-17 11:01:21.085 1257 1906 D SettingsProvider: WALLPAPER_FONT_THEME : white_lockscreen_wallpaper is allowed
06-17 11:01:21.086 1257 1612 D SettingsProvider: isChangeAllowed() : name = white_lockscreen_statusbar
06-17 11:01:21.086 1257 1612 D SettingsProvider: WALLPAPER_FONT_THEME : white_lockscreen_statusbar is allowed
06-17 11:01:21.087 1257 1906 D SettingsProvider: isChangeAllowed() : name = white_lockscreen_navigationbar
06-17 11:01:21.087 1257 1906 D SettingsProvider: WALLPAPER_FONT_THEME : white_lockscreen_navigationbar is allowed
06-17 11:01:21.117 1257 1612 D SettingsProvider: isChangeAllowed() : name = navigation_mode
06-17 11:01:21.117 1257 1612 D SettingsProvider: edmUri: content://com.sec.knox.provider/RestrictionPolicy3
06-17 11:01:21.117 1257 1612 D SettingsProvider: projectionArgs: isSettingsChangesAllowed
06-17 11:01:21.117 1257 1612 D SettingsProvider: selectionArgs: false
06-17 11:01:21.117 1257 1612 D SettingsProvider: selectionArgs: 10054
06-17 11:01:21.117 1257 1612 D SecContentProvider: called from android.uid.systemui:10054
06-17 11:01:21.117 1257 1612 D RestrictionPolicy: isSettingsChangesAllowedAsUser, userId 0 : true
06-17 11:01:21.118 1257 1612 D SettingsProvider: ret = 1
06-17 11:01:21.152 2568 2568 D io_stats: !@ 179,0 r 1091867 23837041 w 25299 545424 d 15384 348656 f 23292 28810 iot 244520 248624 th 51200 0 0 pt 0 inp 0 0 417.496
06-17 11:01:21.307 1257 3393 D ConnectivityService: listenForNetwork for uid/pid:10054/12385 NetworkRequest [ LISTEN id=360, [ Transports: WIFI Capabilities: NOT_VPN] ]
06-17 11:01:21.311 1257 3393 D ConnectivityService: requestNetwork for uid/pid:10054/12385 NetworkRequest [ TRACK_DEFAULT id=361, [ Capabilities: INTERNET&NOT_RESTRICTED&TRUSTED Uid: 10054] ]
06-17 11:01:21.312 1257 1466 D ConnectivityService: sending new Min Network Score(0): NetworkRequest [ TRACK_DEFAULT id=361, [ Capabilities: INTERNET&NOT_RESTRICTED&TRUSTED Uid: 10054] ]
06-17 11:01:21.318 1257 1612 I Telecom:SamsungTelecomServiceImpl: getCallState - callingPid : 12385 / processName : sts
06-17 11:01:21.333 1257 1612 I Telecom:SamsungTelecomServiceImpl: getCallState - callingPid : 12385 / processName : sts
06-17 11:01:21.364 1257 1904 D WindowManager: notifyMovementBoundsChanged: insetRect(42, 125 - 1038, 2232), normalRect(533, 1948 - 1038, 2232), animatingRect(533, 1948 - 1038, 2232), fromIme=false, fromShelffalse, rot=0
06-17 11:01:21.372 1257 1904 I StatusBarManagerService: registerStatusBar bar=com.android.internal.statusbar.IStatusBar$Stub$Proxy@8e24276
06-17 11:01:21.390 1257 1904 D SettingsProvider: isChangeAllowed() : name = navigation_bar_gesture_disabled_by_policy
06-17 11:01:21.390 1257 1904 D SettingsProvider: edmUri: content://com.sec.knox.provider/RestrictionPolicy3
06-17 11:01:21.390 1257 1904 D SettingsProvider: projectionArgs: isSettingsChangesAllowed
06-17 11:01:21.390 1257 1904 D SettingsProvider: selectionArgs: false
06-17 11:01:21.390 1257 1904 D SettingsProvider: selectionArgs: 10054
06-17 11:01:21.391 1257 1904 D SecContentProvider: called from android.uid.systemui:10054
06-17 11:01:21.391 1257 1904 D RestrictionPolicy: isSettingsChangesAllowedAsUser, userId 0 : true
06-17 11:01:21.391 1257 1904 D SettingsProvider: ret = 1
06-17 11:01:21.393 1257 1904 D SettingsProvider: isChangeAllowed() : name = navigationbar_color
06-17 11:01:21.393 1257 1904 D SettingsProvider: edmUri: content://com.sec.knox.provider/RestrictionPolicy3
06-17 11:01:21.393 1257 1904 D SettingsProvider: projectionArgs: isSettingsChangesAllowed
06-17 11:01:21.393 1257 1904 D SettingsProvider: selectionArgs: false
06-17 11:01:21.393 1257 1904 D SettingsProvider: selectionArgs: 10054
06-17 11:01:21.393 1257 1904 D SecContentProvider: called from android.uid.systemui:10054
06-17 11:01:21.394 1257 1904 D RestrictionPolicy: isSettingsChangesAllowedAsUser, userId 0 : true
06-17 11:01:21.394 1257 1904 D SettingsProvider: ret = 1
06-17 11:01:21.394 1257 1904 D SettingsProvider: isChangeAllowed() : name = navigationbar_current_color
06-17 11:01:21.394 1257 1904 D SettingsProvider: edmUri: content://com.sec.knox.provider/RestrictionPolicy3
06-17 11:01:21.394 1257 1904 D SettingsProvider: projectionArgs: isSettingsChangesAllowed
06-17 11:01:21.394 1257 1904 D SettingsProvider: selectionArgs: false
06-17 11:01:21.394 1257 1904 D SettingsProvider: selectionArgs: 10054
06-17 11:01:21.395 1257 1904 D SecContentProvider: called from android.uid.systemui:10054
06-17 11:01:21.395 1257 1904 D RestrictionPolicy: isSettingsChangesAllowedAsUser, userId 0 : true
06-17 11:01:21.395 1257 1904 D SettingsProvider: ret = 1
06-17 11:01:21.398 1257 1904 D SettingsProvider: isChangeAllowed() : name = icon_blacklist
06-17 11:01:21.399 1257 1904 D SettingsProvider: edmUri: content://com.sec.knox.provider/RestrictionPolicy3
06-17 11:01:21.399 1257 1904 D SettingsProvider: projectionArgs: isSettingsChangesAllowed
06-17 11:01:21.399 1257 1904 D SettingsProvider: selectionArgs: false
06-17 11:01:21.399 1257 1904 D SettingsProvider: selectionArgs: 10054
06-17 11:01:21.399 1257 1904 D SecContentProvider: called from android.uid.systemui:10054
06-17 11:01:21.399 1257 1904 D RestrictionPolicy: isSettingsChangesAllowedAsUser, userId 0 : true
06-17 11:01:21.399 1257 1904 D SettingsProvider: ret = 1
06-17 11:01:21.424 1257 3393 D WallpaperManagerService: which : 2, return type : 8 (called by userId= 0)
06-17 11:01:21.425 1257 3393 D WallpaperManagerService: getVideoFilePath userId=0 path=
06-17 11:01:21.425 1257 3338 D WallpaperManagerService: getVideoFilePath userId=0 pkg=com.android.systemui which= 2
06-17 11:01:21.425 1257 3393 D WallpaperManagerService: getVideoColor userId=0, which = 2, videoColor=black
06-17 11:01:21.640 1257 3338 I Telecom:SamsungTelecomServiceImpl: isInCall - callingPackage : com.android.systemui
06-17 11:01:21.670 1257 3338 D SettingsProvider: isChangeAllowed() : name = flashlight_available
06-17 11:01:21.670 1257 3338 D SettingsProvider: edmUri: content://com.sec.knox.provider/RestrictionPolicy3
06-17 11:01:21.670 1257 3338 D SettingsProvider: projectionArgs: isSettingsChangesAllowed
06-17 11:01:21.670 1257 3338 D SettingsProvider: selectionArgs: false
06-17 11:01:21.670 1257 3338 D SettingsProvider: selectionArgs: 10054
06-17 11:01:21.670 1257 3338 D SecContentProvider: called from android.uid.systemui:10054
06-17 11:01:21.670 1257 3338 D RestrictionPolicy: isSettingsChangesAllowedAsUser, userId 0 : true
06-17 11:01:21.671 1257 3338 D SettingsProvider: ret = 1
06-17 11:01:21.671 1257 3338 D SettingsProvider: isChangeAllowed() : name = flashlight_enabled
06-17 11:01:21.671 1257 3338 D SettingsProvider: edmUri: content://com.sec.knox.provider/RestrictionPolicy3
06-17 11:01:21.671 1257 3338 D SettingsProvider: projectionArgs: isSettingsChangesAllowed
06-17 11:01:21.671 1257 3338 D SettingsProvider: selectionArgs: false
06-17 11:01:21.671 1257 3338 D SettingsProvider: selectionArgs: 10054
06-17 11:01:21.672 1257 3338 D SecContentProvider: called from android.uid.systemui:10054
06-17 11:01:21.672 1257 3338 D RestrictionPolicy: isSettingsChangesAllowedAsUser, userId 0 : true
06-17 11:01:21.672 1257 3338 D SettingsProvider: ret = 1
06-17 11:01:21.695 1257 3393 D SettingsProvider: isChangeAllowed() : name = face_widget_res_id
06-17 11:01:21.696 1257 3393 D SettingsProvider: edmUri: content://com.sec.knox.provider/RestrictionPolicy3
06-17 11:01:21.696 1257 3393 D SettingsProvider: projectionArgs: isSettingsChangesAllowed
06-17 11:01:21.696 1257 3393 D SettingsProvider: selectionArgs: false
06-17 11:01:21.696 1257 3393 D SettingsProvider: selectionArgs: 10054
06-17 11:01:21.696 1257 3393 D SecContentProvider: called from android.uid.systemui:10054
06-17 11:01:21.696 1257 3393 D RestrictionPolicy: isSettingsChangesAllowedAsUser, userId 0 : true
06-17 11:01:21.696 1257 3393 D SettingsProvider: ret = 1
06-17 11:01:21.698 1257 3393 D SettingsProvider: isChangeAllowed() : name = face_widget_order
06-17 11:01:21.698 1257 3393 D SettingsProvider: edmUri: content://com.sec.knox.provider/RestrictionPolicy3
06-17 11:01:21.698 1257 3393 D SettingsProvider: projectionArgs: isSettingsChangesAllowed
06-17 11:01:21.698 1257 3393 D SettingsProvider: selectionArgs: false
06-17 11:01:21.698 1257 3393 D SettingsProvider: selectionArgs: 10054
06-17 11:01:21.698 1257 3393 D SecContentProvider: called from android.uid.systemui:10054
06-17 11:01:21.698 1257 3393 D RestrictionPolicy: isSettingsChangesAllowedAsUser, userId 0 : true
06-17 11:01:21.698 1257 3393 D SettingsProvider: ret = 1
06-17 11:01:21.773 12385 12385 D StatusBar: sw screen_mode_setting : 0
06-17 11:01:21.779 1257 1904 D WindowManager: setKeyguardOccluded occluded=false
06-17 11:01:21.862 1257 1904 I Telecom:SamsungTelecomServiceImpl: @hide @test getCurrentTtyMode - callingPackage : com.android.systemui
06-17 11:01:21.870 1257 1904 D ConnectivityService: listenForNetwork for uid/pid:10054/12385 NetworkRequest [ LISTEN id=362, [] ]
06-17 11:01:21.897 1257 1904 D StatusBarManagerService: setPanelExpandStateToType : state = false, barType = 0
06-17 11:01:21.905 1257 1904 D OverlayManager: Skipped idmap creation for android and com.samsung.systemui.hidenotch.withoutcornerround
06-17 11:01:21.910 1257 1906 D OverlayManager: Skipped idmap creation for android and com.samsung.systemui.hidenotch
06-17 11:01:21.914 1257 1904 D OverlayManager: Skipped idmap creation for android and com.samsung.systemui.hidenotch.withoutcornerround
06-17 11:01:21.933 1257 1904 D WindowManager: notifyMovementBoundsChanged: insetRect(42, 125 - 1038, 2232), normalRect(533, 1948 - 1038, 2232), animatingRect(533, 1948 - 1038, 2232), fromIme=false, fromShelffalse, rot=0
06-17 11:01:21.985 12385 12385 D StatusBar: sw screen_mode_setting : 0
06-17 11:01:21.994 1257 1904 D WindowManager: makeSurface duration=2 name=ScreenDecorOverlay$_12385
06-17 11:01:22.000 1257 1257 W WallpaperManagerService: Wallpaper onServiceConnected : ComponentInfo{com.android.systemui/com.android.systemui.ImageWallpaper}
06-17 11:01:22.001 1257 1257 W WindowManager: addWindowToken: Attempted to add binder token: android.os.Binder@248a855 for already created window token: WallpaperWindowToken{18297f8 token=android.os.Binder@248a855} displayId=0
06-17 11:01:22.003 1257 1257 D WallpaperManagerService: .xml file : width=2400 height=2400 name= component=null
06-17 11:01:22.003 1257 1257 D WallpaperManagerService: service : width=-1 height=-1 name= component=ComponentInfo{com.android.systemui/com.android.systemui.ImageWallpaper}
06-17 11:01:22.003 1257 1257 D WallpaperManagerService: Different wallpaper
06-17 11:01:22.003 1257 1257 D WallpaperManagerService: saveSettingsLockedInternal mode = 0
06-17 11:01:22.006 1257 1257 W WallpaperManagerService: Wallpaper onServiceConnected : ComponentInfo{com.android.systemui/com.android.systemui.ImageWallpaper}
06-17 11:01:22.008 1257 1257 D WallpaperManagerService: .xml file : width=2400 height=2400 name= component=null
06-17 11:01:22.008 1257 1257 D WallpaperManagerService: service : width=-1 height=-1 name= component=ComponentInfo{com.android.systemui/com.android.systemui.ImageWallpaper}
06-17 11:01:22.008 1257 1257 D WallpaperManagerService: Different wallpaper
06-17 11:01:22.008 1257 1257 D WallpaperManagerService: saveSettingsLockedInternal mode = 0
06-17 11:01:22.014 1257 3383 D WallpaperManagerService: which : 2, return type : 8 (called by userId= 0)
06-17 11:01:22.015 1257 3383 D WallpaperManagerService: getVideoColor userId=0, which = 2, videoColor=black
06-17 11:01:22.015 1257 3383 D WallpaperManagerService: getVideoFilePath userId=0 path=
06-17 11:01:22.016 1257 3383 D WallpaperManagerService: getVideoFilePath userId=0 pkg=com.android.systemui which= 2
06-17 11:01:22.059 1257 3393 D PowerManagerService: [api] userActivity : event: 0 flags: 0 (uid: 10054 pid: 12385) eventTime = 418404
06-17 11:01:22.082 1257 1906 D WindowManager: makeSurface duration=3 name=ScreenDecorOverlayBottom$_12385
06-17 11:01:22.100 1257 1906 D WindowManager: makeSurface duration=2 name=NavigationBar0$_12385
06-17 11:01:22.247 1257 3383 I Telecom:SamsungTelecomServiceImpl: isInCall - callingPackage : com.android.systemui
06-17 11:01:22.249 1257 3383 I Telecom:SamsungTelecomServiceImpl: isInCall - callingPackage : com.android.systemui
06-17 11:01:22.279 1257 1904 D WindowManager: makeSurface duration=2 name=StatusBar$_12385
06-17 11:01:22.328 1257 1276 I WindowManager: Reparenting to leash, surface=Surface(name=b1e14d3 StatusBar)/@0x23890aa
06-17 11:01:22.330 1257 1276 D WindowManager: makeSurface duration=1 leash=Surface(name=Surface(name=b1e14d3 StatusBar)/@0x23890aa - animation-leash)/@0xba5949b
06-17 11:01:22.336 1257 1276 I WindowManager: Reparenting to leash, surface=Surface(name=1ff3e86 NavigationBar0)/@0x6414811
06-17 11:01:22.337 1257 1276 D WindowManager: makeSurface duration=1 leash=Surface(name=Surface(name=1ff3e86 NavigationBar0)/@0x6414811 - animation-leash)/@0xbe70d76
06-17 11:01:22.341 1257 3383 D CustomFrequencyManagerService: FrequencyrequestList.getNextSchedTuneBoostRequest, index: 1
06-17 11:01:22.351 1257 1904 D CustomFrequencyManagerService: FrequencyrequestList.getNextSchedTuneBoostRequest, index: 1
06-17 11:01:22.398 1257 3383 D SettingsProvider: isChangeAllowed() : name = quickstar_coloring_notification_switch
06-17 11:01:22.398 1257 3383 D SettingsProvider: edmUri: content://com.sec.knox.provider/RestrictionPolicy3
06-17 11:01:22.398 1257 3383 D SettingsProvider: projectionArgs: isSettingsChangesAllowed
06-17 11:01:22.398 1257 3383 D SettingsProvider: selectionArgs: false
06-17 11:01:22.398 1257 3383 D SettingsProvider: selectionArgs: 10054
06-17 11:01:22.398 1257 3383 D SecContentProvider: called from android.uid.systemui:10054
06-17 11:01:22.399 1257 3383 D RestrictionPolicy: isSettingsChangesAllowedAsUser, userId 0 : true
06-17 11:01:22.399 1257 3383 D SettingsProvider: ret = 1
06-17 11:01:22.404 1257 1904 D SettingsProvider: isChangeAllowed() : name = aod_lock_share_page_key_order
