06-17 10:59:11.551 1257 1269 W WindowManager: at com.android.server.wm.WindowState.access$300(WindowState.java:264)
06-17 10:59:11.551 1257 1269 W WindowManager: at com.android.server.wm.WindowState$DeathRecipient.binderDied(WindowState.java:3034)
06-17 10:59:11.551 1257 1269 W WindowManager: at android.os.BinderProxy.sendDeathNotice(BinderProxy.java:637)
06-17 10:59:11.556 1257 1269 W WindowManager: Failed to report 'resized' to the client of Window{32bb558 u0 StatusBar}, removing this window.
06-17 10:59:11.557 1257 1269 W WindowManager: Failed to report 'resized' to the client of Window{22fb64e u0 ScreenDecorOverlayBottom}, removing this window.
06-17 10:59:11.558 1257 1269 D WindowManager: setKeyguardOccluded occluded=false
06-17 10:59:11.558 1257 1269 I WindowManager: Destroying surface Surface(name=StatusBar$_30346)/@0xff4f740 called by com.android.server.wm.WindowStateAnimator.destroySurface:1790 com.android.server.wm.WindowStateAnimator.destroySurfaceLocked:720 com.android.server.wm.WindowState.removeImmediately:2327 com.android.server.wm.RootWindowContainer.performSurfacePlacementNoTrace:901 com.android.server.wm.RootWindowContainer.performSurfacePlacement:669 com.android.server.wm.WindowSurfacePlacer.performSurfacePlacementLoop:180 com.android.server.wm.WindowSurfacePlacer.performSurfacePlacement:111 com.android.server.wm.WindowSurfacePlacer.performSurfacePlacement:99
06-17 10:59:11.561 1257 1269 I WindowManager: Destroying surface Surface(name=ScreenDecorOverlayBottom$_30346)/@0xd9c14b5 called by com.android.server.wm.WindowStateAnimator.destroySurface:1790 com.android.server.wm.WindowStateAnimator.destroySurfaceLocked:720 com.android.server.wm.WindowState.removeImmediately:2327 com.android.server.wm.RootWindowContainer.performSurfacePlacementNoTrace:901 com.android.server.wm.RootWindowContainer.performSurfacePlacement:669 com.android.server.wm.WindowSurfacePlacer.performSurfacePlacementLoop:180 com.android.server.wm.WindowSurfacePlacer.performSurfacePlacement:111 com.android.server.wm.WindowSurfacePlacer.performSurfacePlacement:99
06-17 10:59:11.567 1257 1269 W WindowManager: Failed to deliver inset state change
06-17 10:59:11.567 1257 1269 W WindowManager: android.os.DeadObjectException
06-17 10:59:11.567 1257 1269 W WindowManager: at android.os.BinderProxy.transactNative(Native Method)
06-17 10:59:11.567 1257 1269 W WindowManager: at android.os.BinderProxy.transact(BinderProxy.java:527)
06-17 10:59:11.567 1257 1269 W WindowManager: at android.view.IWindow$Stub$Proxy.insetsChanged(IWindow.java:734)
06-17 10:59:11.567 1257 1269 W WindowManager: at com.android.server.wm.WindowState.notifyInsetsChanged(WindowState.java:3856)
06-17 10:59:11.567 1257 1269 W WindowManager: at com.android.server.wm.InsetsStateController.lambda$new$0(InsetsStateController.java:56)
06-17 10:59:11.567 1257 1269 W WindowManager: at com.android.server.wm.-$$Lambda$InsetsStateController$sIYEJIR4ztgffCLMi5Z1RvdxyYs.accept(Unknown Source:2)
06-17 10:59:11.567 1257 1269 W WindowManager: at com.android.server.wm.WindowContainer$ForAllWindowsConsumerWrapper.apply(WindowContainer.java:1184)
06-17 10:59:11.567 1257 1269 W WindowManager: at com.android.server.wm.WindowContainer$ForAllWindowsConsumerWrapper.apply(WindowContainer.java:1174)
06-17 10:59:11.567 1257 1269 W WindowManager: at com.android.server.wm.WindowState.applyInOrderWithImeWindows(WindowState.java:4957)
06-17 10:59:11.567 1257 1269 W WindowManager: at com.android.server.wm.WindowState.forAllWindows(WindowState.java:4841)
06-17 10:59:11.567 1257 1269 W WindowManager: at com.android.server.wm.WindowContainer.forAllWindows(WindowContainer.java:883)
06-17 10:59:11.567 1257 1269 W WindowManager: at com.android.server.wm.WindowContainer.forAllWindows(WindowContainer.java:883)
06-17 10:59:11.567 1257 1269 W WindowManager: at com.android.server.wm.DisplayContent.forAllWindows(DisplayContent.java:2477)
06-17 10:59:11.567 1257 1269 W WindowManager: at com.android.server.wm.WindowContainer.forAllWindows(WindowContainer.java:900)
06-17 10:59:11.567 1257 1269 W WindowManager: at com.android.server.wm.InsetsStateController.notifyInsetsChanged(InsetsStateController.java:227)
06-17 10:59:11.567 1257 1269 W WindowManager: at com.android.server.wm.InsetsStateController.onPostLayout(InsetsStateController.java:121)
06-17 10:59:11.567 1257 1269 W WindowManager: at com.android.server.wm.DisplayContent.applySurfaceChangesTransaction(DisplayContent.java:4524)
06-17 10:59:11.567 1257 1269 W WindowManager: at com.android.server.wm.RootWindowContainer.applySurfaceChangesTransaction(RootWindowContainer.java:1013)
06-17 10:59:11.567 1257 1269 W WindowManager: at com.android.server.wm.RootWindowContainer.performSurfacePlacementNoTrace(RootWindowContainer.java:734)
06-17 10:59:11.567 1257 1269 W WindowManager: at com.android.server.wm.RootWindowContainer.performSurfacePlacement(RootWindowContainer.java:669)
06-17 10:59:11.567 1257 1269 W WindowManager: at com.android.server.wm.WindowSurfacePlacer.performSurfacePlacementLoop(WindowSurfacePlacer.java:180)
06-17 10:59:11.567 1257 1269 W WindowManager: at com.android.server.wm.WindowSurfacePlacer.performSurfacePlacement(WindowSurfacePlacer.java:111)
06-17 10:59:11.567 1257 1269 W WindowManager: at com.android.server.wm.WindowSurfacePlacer.performSurfacePlacement(WindowSurfacePlacer.java:99)
06-17 10:59:11.567 1257 1269 W WindowManager: at com.android.server.wm.WindowManagerService.postWindowRemoveCleanupLocked(WindowManagerService.java:2122)
06-17 10:59:11.567 1257 1269 W WindowManager: at com.android.server.wm.WindowState.removeImmediately(WindowState.java:2336)
06-17 10:59:11.567 1257 1269 W WindowManager: at com.android.server.wm.WindowState.removeIfPossible(WindowState.java:2463)
06-17 10:59:11.567 1257 1269 W WindowManager: at com.android.server.wm.WindowState.access$300(WindowState.java:264)
06-17 10:59:11.567 1257 1269 W WindowManager: at com.android.server.wm.WindowState$DeathRecipient.binderDied(WindowState.java:3034)
06-17 10:59:11.567 1257 1269 W WindowManager: at android.os.BinderProxy.sendDeathNotice(BinderProxy.java:637)
06-17 10:59:11.574 1257 1269 W WindowManager: Failed to report 'resized' to the client of Window{630c1aa u0 ScreenDecorOverlay}, removing this window.
06-17 10:59:11.575 1257 1269 I WindowManager: Destroying surface Surface(name=ScreenDecorOverlay$_30346)/@0x1df76bb called by com.android.server.wm.WindowStateAnimator.destroySurface:1790 com.android.server.wm.WindowStateAnimator.destroySurfaceLocked:720 com.android.server.wm.WindowState.removeImmediately:2327 com.android.server.wm.RootWindowContainer.performSurfacePlacementNoTrace:901 com.android.server.wm.RootWindowContainer.performSurfacePlacement:669 com.android.server.wm.WindowSurfacePlacer.performSurfacePlacementLoop:180 com.android.server.wm.WindowSurfacePlacer.performSurfacePlacement:111 com.android.server.wm.WindowSurfacePlacer.performSurfacePlacement:99
06-17 10:59:11.582 1257 3470 W WindowManager: Failed looking up window callers=com.android.server.wm.WindowManagerService.windowForClientLocked:6039 com.android.server.wm.WindowState$DeathRecipient.binderDied:3027 android.os.BinderProxy.sendDeathNotice:637
06-17 10:59:11.583 1257 3470 I WindowManager: WIN DEATH: null
06-17 10:59:11.583 1257 3461 I WindowManager: WIN DEATH: Window{a0fff17 u0 Bouncer}
06-17 10:59:11.587 1257 1273 D ActivityTaskManager: setLockScreenShown(true,false) is called from 1257
06-17 10:59:11.588 1257 5092 I WindowManager: WIN DEATH: Window{c8bd1a9 u0 DockedStackDivider}
06-17 10:59:11.595 1257 1614 W WindowManager: Failed looking up window callers=com.android.server.wm.WindowManagerService.windowForClientLocked:6039 com.android.server.wm.WindowState$DeathRecipient.binderDied:3027 android.os.BinderProxy.sendDeathNotice:637
06-17 10:59:11.595 1257 1614 I WindowManager: WIN DEATH: null
06-17 10:59:11.596 1257 2390 W WindowManager: Failed looking up window callers=com.android.server.wm.WindowManagerService.windowForClientLocked:6039 com.android.server.wm.WindowState$DeathRecipient.binderDied:3027 android.os.BinderProxy.sendDeathNotice:637
06-17 10:59:11.596 1257 2390 I WindowManager: WIN DEATH: null
06-17 10:59:11.597 1257 3460 I ActivityManager: Process com.android.systemui (pid 30346) has died: pers PERU(280,1496)
06-17 10:59:11.601 1257 3393 I WindowManager: WIN DEATH: Window{8aec8cb u0 AssistPreviewPanel}
06-17 10:59:11.617 1257 1275 D PowerManagerService: [api] setUserActivityTimeoutOverrideFromWindowManagerInternal: timeoutMillis: -1
06-17 10:59:11.617 1257 1275 D PowerManagerService: getScreenOffTimeoutLocked: 5000 -> 30000
06-17 10:59:11.617 1257 1275 D PowerManagerService: [api] setScreenDimDurationOverrideFromWindowManagerInternal: timeoutMillis: -1
06-17 10:59:11.625 1257 1275 V UsbDeviceManager: onKeyguardStateChanged: isShowing=true secure=false user=0
06-17 10:59:11.626 1257 1275 D StorageManagerService: onKeyguardStateChanged = false
06-17 10:59:11.627 1257 1424 I StorageManagerService: handleMessage :{ when=0 what=15 target=com.android.server.StorageManagerService$StorageManagerServiceHandler }
06-17 10:59:11.628 1257 1424 D StorageManagerService: handleMessage :: H_KEYGUARD_CHANGED = 0
06-17 10:59:11.632 1257 1272 D UsbDeviceManager: handleMessage -> MSG_UPDATE_SCREEN_LOCK: mScreenLocked=false
06-17 10:59:11.654 1257 3460 W ActivityManager: Scheduling restart of crashed service com.android.systemui/.SystemUIService in 0ms
06-17 10:59:11.654 1257 3460 W ActivityManager: Scheduling restart of crashed service com.android.systemui/.keyguard.KeyguardService in 0ms
06-17 10:59:11.654 1257 3460 W ActivityManager: Scheduling restart of crashed service com.android.systemui/.ImageWallpaper in 0ms
06-17 10:59:11.657 1257 3460 W ActivityManager: Re-adding persistent process ProcessRecord{49feed7 30346:com.android.systemui/u0a54}
06-17 10:59:11.658 1257 3460 D ActivityManager: package com.android.systemui, user - 0 is SDcard whitelisted
06-17 10:59:11.662 1257 1275 W ActivityManager: setHasOverlayUi called on unknown pid: 30346
06-17 10:59:11.704 1257 1282 I ActivityManager: Start proc 31005:com.android.systemui/u0a54 for restart com.android.systemui
06-17 10:59:11.712 1257 3460 I ActivityManager: Killing 29340:com.sec.android.soagent/1000 (adj 999): empty #25
06-17 10:59:11.718 1257 3460 I ActivityManager: Killing 29449:com.sec.spp.push/u0a100 (adj 999): empty #25
06-17 10:59:11.743 1257 3460 I ActivityManager: DSS OFF for com.android.systemui
06-17 10:59:11.747 1257 3460 D OomAdjuster: Set persistent 31005 com.android.systemui adj -800: pers-top-ui com.android.server.am.OomAdjuster.updateOomAdjLocked:557 com.android.server.am.ActivityManagerService.updateOomAdjLocked:19836 com.android.server.am.ActiveServices.realStartServiceLocked:2895 com.android.server.am.ActiveServices.attachApplicationLocked:3589 com.android.server.am.ActivityManagerService.attachApplicationLocked:6237 com.android.server.am.ActivityManagerService.attachApplication:6307 android.app.IActivityManager$Stub.onTransact:2386
06-17 10:59:11.833 1257 3460 I DropBoxManagerService: add tag=system_server_wtf isTagEnabled=true flags=0x2
06-17 10:59:11.893 1257 1257 D TrustManagerService: Removing dead TrustListener.
06-17 10:59:11.951 1257 3460 D SettingsProvider: isChangeAllowed() : name = wallpaper_rotate_fixed
06-17 10:59:11.951 1257 3460 D SettingsProvider: edmUri: content://com.sec.knox.provider/RestrictionPolicy3
06-17 10:59:11.951 1257 3460 D SettingsProvider: projectionArgs: isSettingsChangesAllowed
06-17 10:59:11.951 1257 3460 D SettingsProvider: selectionArgs: false
06-17 10:59:11.951 1257 3460 D SettingsProvider: selectionArgs: 10054
06-17 10:59:11.952 1257 3460 D SecContentProvider: called from android.uid.systemui:10054
06-17 10:59:11.952 1257 3460 D RestrictionPolicy: isSettingsChangesAllowedAsUser, userId 0 : true
06-17 10:59:11.952 1257 3460 D SettingsProvider: ret = 1
06-17 10:59:11.958 1257 3460 D WallpaperManagerService: mDeviceColor:black
06-17 10:59:11.965 1257 1614 I ActivityManager: Killing 29645:com.instagram.android/u0a271 (adj 999): empty #25
06-17 10:59:11.980 1257 1274 D SettingsProvider: isChangeAllowed() : name = enabled_notification_listeners
06-17 10:59:11.981 1257 1274 D SettingsProvider: isChangeAllowed() : name = enabled_notification_assistant
06-17 10:59:11.981 1257 1274 D SettingsProvider: isChangeAllowed() : name = enabled_notification_policy_access_packages
06-17 10:59:11.994 3154 3154 W ContextImpl: Calling a method in the system process without a qualified user: android.app.ContextImpl.startService:1632 android.content.ContextWrapper.startService:683 android.content.ContextWrapper.startService:683 com.sec.android.diagmonagent.sa.receiver.CFLogReceiver.sendCFLog:23 com.sec.android.diagmonagent.sa.receiver.CFLogReceiver.onReceive:15
06-17 10:59:12.002 1257 1274 D SettingsProvider: isChangeAllowed() : name = enabled_notification_listeners
06-17 10:59:12.003 1257 1274 D SettingsProvider: isChangeAllowed() : name = enabled_notification_assistant
06-17 10:59:12.004 1257 5056 D ActivityManager: package com.zvooq.openplay, user - 0 is SDcard whitelisted
06-17 10:59:12.004 1257 1274 D SettingsProvider: isChangeAllowed() : name = enabled_notification_policy_access_packages
06-17 10:59:12.005 1257 1929 V WifiDisplayAdapter: getWifiDisplayStatusLocked: result=WifiDisplayStatus{featureState=0, scanState=0, activeDisplayState=0, activeDisplay=null, displays=[], sessionInfo=WifiDisplaySessionInfo:
06-17 10:59:12.005 1257 1929 V WifiDisplayAdapter: Client/Owner: Client
06-17 10:59:12.005 1257 1929 V WifiDisplayAdapter: GroupId:
06-17 10:59:12.005 1257 1929 V WifiDisplayAdapter: Passphrase:
06-17 10:59:12.005 1257 1929 V WifiDisplayAdapter: SessionId: 0
06-17 10:59:12.005 1257 1929 V WifiDisplayAdapter: IP Address: , connectedState=-1}
06-17 10:59:12.016 1257 1929 V WifiDisplayAdapter: getWifiDisplayStatusLocked: result=WifiDisplayStatus{featureState=0, scanState=0, activeDisplayState=0, activeDisplay=null, displays=[], sessionInfo=WifiDisplaySessionInfo:
06-17 10:59:12.016 1257 1929 V WifiDisplayAdapter: Client/Owner: Client
06-17 10:59:12.016 1257 1929 V WifiDisplayAdapter: GroupId:
06-17 10:59:12.016 1257 1929 V WifiDisplayAdapter: Passphrase:
06-17 10:59:12.016 1257 1929 V WifiDisplayAdapter: SessionId: 0
06-17 10:59:12.016 1257 1929 V WifiDisplayAdapter: IP Address: , connectedState=-1}
06-17 10:59:12.019 1257 1274 D SettingsProvider: isChangeAllowed() : name = enabled_notification_listeners
06-17 10:59:12.019 1257 1274 D SettingsProvider: isChangeAllowed() : name = enabled_notification_assistant
06-17 10:59:12.019 1257 1274 D SettingsProvider: isChangeAllowed() : name = enabled_notification_policy_access_packages
06-17 10:59:12.030 1257 1282 I ActivityManager: Start proc 31042:com.zvooq.openplay/u0a311 for broadcast {com.zvooq.openplay/com.zvooq.openplay.player.systemwidget.PlayerSystemWidget}
06-17 10:59:12.032 1257 5056 D ConnectivityService: ConnectivityService NetworkRequestInfo binderDied(NetworkRequest [ LISTEN id=255, [ Capabilities: INTERNET&NOT_RESTRICTED&TRUSTED&NOT_VPN Uid: 10271] ], android.os.BinderProxy@569ee99)
06-17 10:59:12.032 1257 2390 D ConnectivityService: ConnectivityService NetworkRequestInfo binderDied(NetworkRequest [ TRACK_DEFAULT id=252, [ Capabilities: INTERNET&NOT_RESTRICTED&TRUSTED Uid: 10271] ], android.os.BinderProxy@823655e)
06-17 10:59:12.033 1257 1466 D ConnectivityService: releasing NetworkRequest [ LISTEN id=255, [ Capabilities: INTERNET&NOT_RESTRICTED&TRUSTED&NOT_VPN Uid: 10271] ] (release request)
06-17 10:59:12.033 1257 1466 D ConnectivityService: releasing NetworkRequest [ TRACK_DEFAULT id=252, [ Capabilities: INTERNET&NOT_RESTRICTED&TRUSTED Uid: 10271] ] (release request)
06-17 10:59:12.043 1257 1274 D SettingsProvider: isChangeAllowed() : name = enabled_notification_listeners
06-17 10:59:12.044 1257 1274 D SettingsProvider: isChangeAllowed() : name = enabled_notification_assistant
06-17 10:59:12.044 1257 1274 D SettingsProvider: isChangeAllowed() : name = enabled_notification_policy_access_packages
06-17 10:59:12.062 1257 1270 I ActivityManager: DSS OFF for com.zvooq.openplay
06-17 10:59:12.063 1257 1274 D SettingsProvider: isChangeAllowed() : name = enabled_notification_listeners
06-17 10:59:12.063 1257 1274 D SettingsProvider: isChangeAllowed() : name = enabled_notification_assistant
06-17 10:59:12.064 1257 1274 D SettingsProvider: isChangeAllowed() : name = enabled_notification_policy_access_packages
06-17 10:59:12.082 1257 1274 D SettingsProvider: isChangeAllowed() : name = enabled_notification_listeners
06-17 10:59:12.083 1257 1274 D SettingsProvider: isChangeAllowed() : name = enabled_notification_assistant
06-17 10:59:12.083 1257 1614 D ActivityTaskManager: setLockScreenShown(true,false) is called from 31005
06-17 10:59:12.083 1257 1274 D SettingsProvider: isChangeAllowed() : name = enabled_notification_policy_access_packages
06-17 10:59:12.084 1257 1275 V UsbDeviceManager: onKeyguardStateChanged: isShowing=true secure=false user=0
06-17 10:59:12.085 1257 1275 D StorageManagerService: onKeyguardStateChanged = false
06-17 10:59:12.085 1257 1272 D UsbDeviceManager: handleMessage -> MSG_UPDATE_SCREEN_LOCK: mScreenLocked=false
06-17 10:59:12.086 1257 1424 I StorageManagerService: handleMessage :{ when=0 what=15 target=com.android.server.StorageManagerService$StorageManagerServiceHandler }
06-17 10:59:12.087 1257 1424 D StorageManagerService: handleMessage :: H_KEYGUARD_CHANGED = 0
06-17 10:59:12.092 1257 1257 D RestrictionPolicy: isSettingsChangesAllowedAsUser, userId 0 : true
06-17 10:59:12.094 1257 1257 D RestrictionPolicy: isAirplaneModeAllowed : true
06-17 10:59:12.095 1257 1257 D RestrictionPolicy: isCellularDataAllowed: true
06-17 10:59:12.095 1257 1257 D RestrictionPolicy: isNFCEnabled : true
06-17 10:59:12.096 1257 1257 D RestrictionPolicy: isWifiTetheringEnabled : true
06-17 10:59:12.106 1257 3393 D PowerManagerService: [api] setDozeAfterScreenOff: true (uid: 10054 pid: 31005)
06-17 10:59:12.116 1257 3393 D SettingsProvider: isChangeAllowed() : name = lockstar_facewidget_area
06-17 10:59:12.116 1257 3393 D SettingsProvider: edmUri: content://com.sec.knox.provider/RestrictionPolicy3
06-17 10:59:12.116 1257 3393 D SettingsProvider: projectionArgs: isSettingsChangesAllowed
06-17 10:59:12.116 1257 3393 D SettingsProvider: selectionArgs: false
06-17 10:59:12.116 1257 3393 D SettingsProvider: selectionArgs: 10054
06-17 10:59:12.116 1257 3393 D SecContentProvider: called from android.uid.systemui:10054
06-17 10:59:12.116 1257 3393 D RestrictionPolicy: isSettingsChangesAllowedAsUser, userId 0 : true
06-17 10:59:12.117 1257 3393 D SettingsProvider: ret = 1
06-17 10:59:12.125 1257 1613 D WallpaperManagerService: which : 2, return type : 8 (called by userId= 0)
06-17 10:59:12.128 1257 3393 D WallpaperManagerService: WallpaperManagerCallbackClient android.app.IWallpaperManagerCallback$Stub$Proxy@4620158
06-17 10:59:12.130 1257 1613 D SettingsProvider: isChangeAllowed() : name = white_lockscreen_wallpaper
06-17 10:59:12.130 1257 1613 D SettingsProvider: WALLPAPER_FONT_THEME : white_lockscreen_wallpaper is allowed
06-17 10:59:12.132 1257 1613 D SettingsProvider: isChangeAllowed() : name = white_lockscreen_statusbar
06-17 10:59:12.132 1257 1613 D SettingsProvider: WALLPAPER_FONT_THEME : white_lockscreen_statusbar is allowed
06-17 10:59:12.132 1257 3393 D SettingsProvider: isChangeAllowed() : name = white_lockscreen_navigationbar
06-17 10:59:12.133 1257 3393 D SettingsProvider: WALLPAPER_FONT_THEME : white_lockscreen_navigationbar is allowed
06-17 10:59:12.193 1257 3393 D SettingsProvider: isChangeAllowed() : name = navigation_mode
06-17 10:59:12.193 1257 3393 D SettingsProvider: edmUri: content://com.sec.knox.provider/RestrictionPolicy3
06-17 10:59:12.193 1257 3393 D SettingsProvider: projectionArgs: isSettingsChangesAllowed
06-17 10:59:12.193 1257 3393 D SettingsProvider: selectionArgs: false
06-17 10:59:12.193 1257 3393 D SettingsProvider: selectionArgs: 10054
06-17 10:59:12.193 1257 3393 D SecContentProvider: called from android.uid.systemui:10054
06-17 10:59:12.194 1257 3393 D RestrictionPolicy: isSettingsChangesAllowedAsUser, userId 0 : true
06-17 10:59:12.194 1257 3393 D SettingsProvider: ret = 1
06-17 10:59:12.448 1257 2003 D ConnectivityService: listenForNetwork for uid/pid:10054/31005 NetworkRequest [ LISTEN id=261, [ Transports: WIFI Capabilities: NOT_VPN] ]
06-17 10:59:12.456 1257 2003 D ConnectivityService: requestNetwork for uid/pid:10054/31005 NetworkRequest [ TRACK_DEFAULT id=262, [ Capabilities: INTERNET&NOT_RESTRICTED&TRUSTED Uid: 10054] ]
06-17 10:59:12.457 1257 1466 D ConnectivityService: sending new Min Network Score(0): NetworkRequest [ TRACK_DEFAULT id=262, [ Capabilities: INTERNET&NOT_RESTRICTED&TRUSTED Uid: 10054] ]
06-17 10:59:12.473 1257 2003 I Telecom:SamsungTelecomServiceImpl: getCallState - callingPid : 31005 / processName : sts
06-17 10:59:12.489 1257 3470 I Telecom:SamsungTelecomServiceImpl: getCallState - callingPid : 31005 / processName : sts
06-17 10:59:12.537 1257 3393 D WindowManager: notifyMovementBoundsChanged: insetRect(42, 125 - 1038, 2232), normalRect(533, 1948 - 1038, 2232), animatingRect(533, 1948 - 1038, 2232), fromIme=false, fromShelffalse, rot=0
06-17 10:59:12.550 1257 1614 I StatusBarManagerService: registerStatusBar bar=com.android.internal.statusbar.IStatusBar$Stub$Proxy@84ac388
06-17 10:59:12.571 1257 1614 D SettingsProvider: isChangeAllowed() : name = navigation_bar_gesture_disabled_by_policy
06-17 10:59:12.571 1257 1614 D SettingsProvider: edmUri: content://com.sec.knox.provider/RestrictionPolicy3
06-17 10:59:12.571 1257 1614 D SettingsProvider: projectionArgs: isSettingsChangesAllowed
06-17 10:59:12.571 1257 1614 D SettingsProvider: selectionArgs: false
06-17 10:59:12.571 1257 1614 D SettingsProvider: selectionArgs: 10054
06-17 10:59:12.572 1257 1614 D SecContentProvider: called from android.uid.systemui:10054
06-17 10:59:12.572 1257 1614 D RestrictionPolicy: isSettingsChangesAllowedAsUser, userId 0 : true
06-17 10:59:12.572 1257 1614 D SettingsProvider: ret = 1
06-17 10:59:12.575 1257 1614 D SettingsProvider: isChangeAllowed() : name = navigationbar_color
06-17 10:59:12.575 1257 1614 D SettingsProvider: edmUri: content://com.sec.knox.provider/RestrictionPolicy3
06-17 10:59:12.575 1257 1614 D SettingsProvider: projectionArgs: isSettingsChangesAllowed
06-17 10:59:12.575 1257 1614 D SettingsProvider: selectionArgs: false
06-17 10:59:12.575 1257 1614 D SettingsProvider: selectionArgs: 10054
06-17 10:59:12.575 1257 1614 D SecContentProvider: called from android.uid.systemui:10054
06-17 10:59:12.576 1257 1614 D RestrictionPolicy: isSettingsChangesAllowedAsUser, userId 0 : true
06-17 10:59:12.576 1257 1614 D SettingsProvider: ret = 1
06-17 10:59:12.577 1257 1614 D SettingsProvider: isChangeAllowed() : name = navigationbar_current_color
06-17 10:59:12.577 1257 1614 D SettingsProvider: edmUri: content://com.sec.knox.provider/RestrictionPolicy3
06-17 10:59:12.577 1257 1614 D SettingsProvider: projectionArgs: isSettingsChangesAllowed
06-17 10:59:12.577 1257 1614 D SettingsProvider: selectionArgs: false
06-17 10:59:12.577 1257 1614 D SettingsProvider: selectionArgs: 10054
06-17 10:59:12.577 1257 1614 D SecContentProvider: called from android.uid.systemui:10054
06-17 10:59:12.577 1257 1614 D RestrictionPolicy: isSettingsChangesAllowedAsUser, userId 0 : true
06-17 10:59:12.577 1257 1614 D SettingsProvider: ret = 1
06-17 10:59:12.581 1257 1614 D SettingsProvider: isChangeAllowed() : name = icon_blacklist
06-17 10:59:12.581 1257 1614 D SettingsProvider: edmUri: content://com.sec.knox.provider/RestrictionPolicy3
06-17 10:59:12.581 1257 1614 D SettingsProvider: projectionArgs: isSettingsChangesAllowed
06-17 10:59:12.581 1257 1614 D SettingsProvider: selectionArgs: false
06-17 10:59:12.581 1257 1614 D SettingsProvider: selectionArgs: 10054
06-17 10:59:12.582 1257 1614 D SecContentProvider: called from android.uid.systemui:10054
06-17 10:59:12.582 1257 1614 D RestrictionPolicy: isSettingsChangesAllowedAsUser, userId 0 : true
06-17 10:59:12.582 1257 1614 D SettingsProvider: ret = 1
06-17 10:59:12.612 1257 3393 D WallpaperManagerService: which : 2, return type : 8 (called by userId= 0)
06-17 10:59:12.614 1257 1614 D WallpaperManagerService: getVideoFilePath userId=0 path=
06-17 10:59:12.614 1257 2003 D WallpaperManagerService: getVideoFilePath userId=0 pkg=com.android.systemui which= 2
06-17 10:59:12.615 1257 3393 D WallpaperManagerService: getVideoColor userId=0, which = 2, videoColor=black
06-17 10:59:12.810 1257 1614 I Telecom:SamsungTelecomServiceImpl: isInCall - callingPackage : com.android.systemui
06-17 10:59:12.833 1257 3470 D SettingsProvider: isChangeAllowed() : name = flashlight_available
06-17 10:59:12.833 1257 3470 D SettingsProvider: edmUri: content://com.sec.knox.provider/RestrictionPolicy3
06-17 10:59:12.833 1257 3470 D SettingsProvider: projectionArgs: isSettingsChangesAllowed
06-17 10:59:12.833 1257 3470 D SettingsProvider: selectionArgs: false
06-17 10:59:12.833 1257 3470 D SettingsProvider: selectionArgs: 10054
06-17 10:59:12.834 1257 3470 D SecContentProvider: called from android.uid.systemui:10054
06-17 10:59:12.834 1257 3470 D RestrictionPolicy: isSettingsChangesAllowedAsUser, userId 0 : true
06-17 10:59:12.834 1257 3470 D SettingsProvider: ret = 1
06-17 10:59:12.835 1257 3393 D SettingsProvider: isChangeAllowed() : name = flashlight_enabled
06-17 10:59:12.835 1257 3393 D SettingsProvider: edmUri: content://com.sec.knox.provider/RestrictionPolicy3
06-17 10:59:12.835 1257 3393 D SettingsProvider: projectionArgs: isSettingsChangesAllowed
06-17 10:59:12.835 1257 3393 D SettingsProvider: selectionArgs: false
06-17 10:59:12.835 1257 3393 D SettingsProvider: selectionArgs: 10054
06-17 10:59:12.835 1257 3393 D SecContentProvider: called from android.uid.systemui:10054
06-17 10:59:12.835 1257 3393 D RestrictionPolicy: isSettingsChangesAllowedAsUser, userId 0 : true
06-17 10:59:12.835 1257 3393 D SettingsProvider: ret = 1
06-17 10:59:12.885 1257 3470 D SettingsProvider: isChangeAllowed() : name = face_widget_res_id
06-17 10:59:12.885 1257 3470 D SettingsProvider: edmUri: content://com.sec.knox.provider/RestrictionPolicy3
06-17 10:59:12.885 1257 3470 D SettingsProvider: projectionArgs: isSettingsChangesAllowed
06-17 10:59:12.885 1257 3470 D SettingsProvider: selectionArgs: false
06-17 10:59:12.885 1257 3470 D SettingsProvider: selectionArgs: 10054
06-17 10:59:12.886 1257 3470 D SecContentProvider: called from android.uid.systemui:10054
06-17 10:59:12.886 1257 3470 D RestrictionPolicy: isSettingsChangesAllowedAsUser, userId 0 : true
06-17 10:59:12.886 1257 3470 D SettingsProvider: ret = 1
06-17 10:59:12.887 1257 3470 D SettingsProvider: isChangeAllowed() : name = face_widget_order
06-17 10:59:12.887 1257 3470 D SettingsProvider: edmUri: content://com.sec.knox.provider/RestrictionPolicy3
06-17 10:59:12.887 1257 3470 D SettingsProvider: projectionArgs: isSettingsChangesAllowed
06-17 10:59:12.887 1257 3470 D SettingsProvider: selectionArgs: false
06-17 10:59:12.887 1257 3470 D SettingsProvider: selectionArgs: 10054
06-17 10:59:12.887 1257 3470 D SecContentProvider: called from android.uid.systemui:10054
06-17 10:59:12.887 1257 3470 D RestrictionPolicy: isSettingsChangesAllowedAsUser, userId 0 : true
06-17 10:59:12.888 1257 3470 D SettingsProvider: ret = 1
06-17 10:59:12.948 31005 31005 D StatusBar: sw screen_mode_setting : 0
06-17 10:59:12.954 1257 3470 D WindowManager: setKeyguardOccluded occluded=false
06-17 10:59:13.032 1257 3393 I Telecom:SamsungTelecomServiceImpl: @hide @test getCurrentTtyMode - callingPackage : com.android.systemui
06-17 10:59:13.040 1257 3393 D ConnectivityService: listenForNetwork for uid/pid:10054/31005 NetworkRequest [ LISTEN id=263, [] ]
06-17 10:59:13.065 1257 3393 D StatusBarManagerService: setPanelExpandStateToType : state = false, barType = 0
06-17 10:59:13.074 1257 3393 D OverlayManager: Skipped idmap creation for android and com.samsung.systemui.hidenotch.withoutcornerround
06-17 10:59:13.083 1257 3393 D OverlayManager: Skipped idmap creation for android and com.samsung.systemui.hidenotch
06-17 10:59:13.085 1257 1614 D OverlayManager: Skipped idmap creation for android and com.samsung.systemui.hidenotch.withoutcornerround
06-17 10:59:13.099 1257 3393 D WindowManager: notifyMovementBoundsChanged: insetRect(42, 125 - 1038, 2232), normalRect(533, 1948 - 1038, 2232), animatingRect(533, 1948 - 1038, 2232), fromIme=false, fromShelffalse, rot=0
06-17 10:59:13.147 31005 31005 D StatusBar: sw screen_mode_setting : 0
06-17 10:59:13.155 1257 1257 W WallpaperManagerService: Wallpaper onServiceConnected : ComponentInfo{com.android.systemui/com.android.systemui.ImageWallpaper}
06-17 10:59:13.155 1257 1257 W WindowManager: addWindowToken: Attempted to add binder token: android.os.Binder@248a855 for already created window token: WallpaperWindowToken{18297f8 token=android.os.Binder@248a855} displayId=0
06-17 10:59:13.158 1257 1257 D WallpaperManagerService: .xml file : width=2400 height=2400 name= component=null
06-17 10:59:13.159 1257 1257 D WallpaperManagerService: service : width=-1 height=-1 name= component=ComponentInfo{com.android.systemui/com.android.systemui.ImageWallpaper}
06-17 10:59:13.159 1257 1257 D WallpaperManagerService: Different wallpaper
06-17 10:59:13.159 1257 1257 D WallpaperManagerService: saveSettingsLockedInternal mode = 0
06-17 10:59:13.162 1257 1613 D WindowManager: makeSurface duration=2 name=ScreenDecorOverlay$_31005
06-17 10:59:13.174 1257 1257 W WallpaperManagerService: Wallpaper onServiceConnected : ComponentInfo{com.android.systemui/com.android.systemui.ImageWallpaper}
06-17 10:59:13.175 1257 1257 D WallpaperManagerService: .xml file : width=2400 height=2400 name= component=null
06-17 10:59:13.175 1257 1257 D WallpaperManagerService: service : width=-1 height=-1 name= component=ComponentInfo{com.android.systemui/com.android.systemui.ImageWallpaper}
06-17 10:59:13.175 1257 1257 D WallpaperManagerService: Different wallpaper
06-17 10:59:13.175 1257 1257 D WallpaperManagerService: saveSettingsLockedInternal mode = 0
06-17 10:59:13.182 1257 3393 D WallpaperManagerService: which : 2, return type : 8 (called by userId= 0)
06-17 10:59:13.183 1257 3393 D WallpaperManagerService: getVideoColor userId=0, which = 2, videoColor=black
06-17 10:59:13.183 1257 3393 D WallpaperManagerService: getVideoFilePath userId=0 path=
06-17 10:59:13.184 1257 3393 D WallpaperManagerService: getVideoFilePath userId=0 pkg=com.android.systemui which= 2
06-17 10:59:13.225 1257 3393 D PowerManagerService: [api] userActivity : event: 0 flags: 0 (uid: 10054 pid: 31005) eventTime = 289569
06-17 10:59:13.253 1257 2003 D WindowManager: makeSurface duration=1 name=ScreenDecorOverlayBottom$_31005
06-17 10:59:13.258 1257 1907 D ConnectivityService: listenForNetwork for uid/pid:10311/31042 NetworkRequest [ LISTEN id=264, [ Capabilities: NOT_RESTRICTED&TRUSTED&FOREGROUND Uid: 10311] ]
06-17 10:59:13.269 1257 1613 D WindowManager: makeSurface duration=2 name=NavigationBar0$_31005
06-17 10:59:13.424 1257 2112 I Telecom:SamsungTelecomServiceImpl: isInCall - callingPackage : com.android.systemui
06-17 10:59:13.425 1257 2112 I Telecom:SamsungTelecomServiceImpl: isInCall - callingPackage : com.android.systemui
06-17 10:59:13.442 1257 1907 D SamsungAlarmManager: Cancel Alarm calling from uid:10215 pid :1766 / op:PendingIntent{ab1cd8e: PendingIntentRecord{9deb50c com.google.android.gms broadcastIntent}}
06-17 10:59:13.445 1257 1907 I SamsungAlarmManager: setLocked to kernel - T:2 / 20260617T110518, SetElapsed=655342, nowELAPSED=289790
06-17 10:59:13.448 1257 1907 I SamsungAlarmManager: setLocked to kernel - T:3 / 20260617T105930, SetElapsed=306890, nowELAPSED=289793
06-17 10:59:13.463 1257 3470 D SamsungAlarmManager: setInexact Intent (T:3/F:0/AC:false) 20260617T110251 - CU:10215/CP:1766
06-17 10:59:13.463 1257 3470 I SamsungAlarmManager: setLocked to kernel - T:2 / 20260617T110518, SetElapsed=655342, nowELAPSED=289808
06-17 10:59:13.463 1257 3470 I SamsungAlarmManager: setLocked to kernel - T:3 / 20260617T105930, SetElapsed=306890, nowELAPSED=289808
06-17 10:59:13.478 1257 3470 V MARsPolicyManager: onAppWidgetManagerActions pkgName = ru.yandex.searchplugin, action = android.appwidget.action.APPWIDGET_UPDATE, userId = 0
06-17 10:59:13.479 1257 2112 D WindowManager: makeSurface duration=2 name=StatusBar$_31005
06-17 10:59:13.484 1257 3470 D ActivityManager: package ru.yandex.searchplugin, user - 0 is SDcard whitelisted
06-17 10:59:13.523 1257 1282 I ActivityManager: Start proc 31274:ru.yandex.searchplugin/u0a251 for broadcast {ru.yandex.searchplugin/ru.yandex.searchplugin.widgets.weather.WeatherNowcastWidget}
06-17 10:59:13.533 1257 1276 I WindowManager: Reparenting to leash, surface=Surface(name=c74fbb7 StatusBar)/@0x52357fd
06-17 10:59:13.535 1257 1276 D WindowManager: makeSurface duration=2 leash=Surface(name=Surface(name=c74fbb7 StatusBar)/@0x52357fd - animation-leash)/@0xf89bcf2
06-17 10:59:13.541 1257 3470 I WindowManager: Reparenting to leash, surface=Surface(name=53e363a NavigationBar0)/@0x42829c0
06-17 10:59:13.542 1257 3470 D WindowManager: makeSurface duration=1 leash=Surface(name=Surface(name=53e363a NavigationBar0)/@0x42829c0 - animation-leash)/@0xc5276f9
06-17 10:59:13.546 1257 3383 D CustomFrequencyManagerService: FrequencyrequestList.getNextSchedTuneBoostRequest, index: 1
06-17 10:59:13.555 1257 3470 D CustomFrequencyManagerService: FrequencyrequestList.getNextSchedTuneBoostRequest, index: 1
06-17 10:59:13.568 1257 1907 I ActivityManager: DSS OFF for ru.yandex.searchplugin
06-17 10:59:13.612 1257 1907 D SettingsProvider: isChangeAllowed() : name = quickstar_coloring_notification_switch
06-17 10:59:13.612 1257 1907 D SettingsProvider: edmUri: content://com.sec.knox.provider/RestrictionPolicy3
06-17 10:59:13.612 1257 1907 D SettingsProvider: projectionArgs: isSettingsChangesAllowed
06-17 10:59:13.612 1257 1907 D SettingsProvider: selectionArgs: false
06-17 10:59:13.612 1257 1907 D SettingsProvider: selectionArgs: 10054
06-17 10:59:13.612 1257 1907 D SecContentProvider: called from android.uid.systemui:10054
06-17 10:59:13.613 1257 1907 D RestrictionPolicy: isSettingsChangesAllowedAsUser, userId 0 : true
06-17 10:59:13.613 1257 1907 D SettingsProvider: ret = 1
06-17 10:59:13.620 1257 3383 D SettingsProvider: isChangeAllowed() : name = aod_lock_share_page_key_order
06-17 10:59:13.620 1257 3383 D SettingsProvider: edmUri: content://com.sec.knox.provider/RestrictionPolicy3
06-17 10:59:13.620 1257 3383 D SettingsProvider: projectionArgs: isSettingsChangesAllowed
06-17 10:59:13.620 1257 3383 D SettingsProvider: selectionArgs: false
06-17 10:59:13.620 1257 3383 D SettingsProvider: selectionArgs: 10054
06-17 10:59:13.620 1257 3383 D SecContentProvider: called from android.uid.systemui:10054
06-17 10:59:13.621 1257 3383 D RestrictionPolicy: isSettingsChangesAllowedAsUser, userId 0 : true
06-17 10:59:13.621 1257 3383 D SettingsProvider: ret = 1
06-17 10:59:13.720 1257 1907 D SettingsProvider: isChangeAllowed() : name = sysui_qqs_count
06-17 10:59:13.720 1257 1907 D SettingsProvider: edmUri: content://com.sec.knox.provider/RestrictionPolicy3
06-17 10:59:13.720 1257 1907 D SettingsProvider: projectionArgs: isSettingsChangesAllowed
06-17 10:59:13.720 1257 1907 D SettingsProvider: selectionArgs: false
06-17 10:59:13.720 1257 1907 D SettingsProvider: selectionArgs: 10054
06-17 10:59:13.720 1257 1907 D SecContentProvider: called from android.uid.systemui:10054
06-17 10:59:13.721 1257 1907 D RestrictionPolicy: isSettingsChangesAllowedAsUser, userId 0 : true
06-17 10:59:13.721 1257 1907 D SettingsProvider: ret = 1
06-17 10:59:13.775 1257 3470 D SettingsProvider: isChangeAllowed() : name = qs_detail_content_primary_text_color
06-17 10:59:13.775 1257 3470 D SettingsProvider: edmUri: content://com.sec.knox.provider/RestrictionPolicy3
06-17 10:59:13.775 1257 3470 D SettingsProvider: projectionArgs: isSettingsChangesAllowed
06-17 10:59:13.775 1257 3470 D SettingsProvider: selectionArgs: false
06-17 10:59:13.775 1257 3470 D SettingsProvider: selectionArgs: 10054
06-17 10:59:13.775 1257 3470 D SecContentProvider: called from android.uid.systemui:10054
06-17 10:59:13.776 1257 3470 D RestrictionPolicy: isSettingsChangesAllowedAsUser, userId 0 : true
06-17 10:59:13.776 1257 3470 D SettingsProvider: ret = 1
06-17 10:59:13.779 1257 1907 D SettingsProvider: isChangeAllowed() : name = qs_detail_content_secondary_text_color
06-17 10:59:13.779 1257 1907 D SettingsProvider: edmUri: content://com.sec.knox.provider/RestrictionPolicy3
06-17 10:59:13.779 1257 1907 D SettingsProvider: projectionArgs: isSettingsChangesAllowed
06-17 10:59:13.779 1257 1907 D SettingsProvider: selectionArgs: false
06-17 10:59:13.779 1257 1907 D SettingsProvider: selectionArgs: 10054
06-17 10:59:13.780 1257 1907 D SecContentProvider: called from android.uid.systemui:10054
06-17 10:59:13.780 1257 1907 D RestrictionPolicy: isSettingsChangesAllowedAsUser, userId 0 : true
06-17 10:59:13.780 1257 1907 D SettingsProvider: ret = 1
06-17 10:59:13.791 1257 1613 D SettingsProvider: isChangeAllowed() : name = qs_detail_content_primary_text_color
06-17 10:59:13.791 1257 1613 D SettingsProvider: edmUri: content://com.sec.knox.provider/RestrictionPolicy3
06-17 10:59:13.791 1257 1613 D SettingsProvider: projectionArgs: isSettingsChangesAllowed
06-17 10:59:13.791 1257 1613 D SettingsProvider: selectionArgs: false
06-17 10:59:13.791 1257 1613 D SettingsProvider: selectionArgs: 10054
06-17 10:59:13.791 1257 1613 D SecContentProvider: called from android.uid.systemui:10054
06-17 10:59:13.792 1257 1613 D RestrictionPolicy: isSettingsChangesAllowedAsUser, userId 0 : true
06-17 10:59:13.792 1257 1613 D SettingsProvider: ret = 1
06-17 10:59:13.795 1257 3470 D SettingsProvider: isChangeAllowed() : name = qs_detail_content_secondary_text_color
06-17 10:59:13.795 1257 3470 D SettingsProvider: edmUri: content://com.sec.knox.provider/RestrictionPolicy3
06-17 10:59:13.795 1257 3470 D SettingsProvider: projectionArgs: isSettingsChangesAllowed
06-17 10:59:13.795 1257 3470 D SettingsProvider: selectionArgs: false
06-17 10:59:13.795 1257 3470 D SettingsProvider: selectionArgs: 10054
06-17 10:59:13.795 1257 1276 I WindowManager: Reparenting to original parent: Surface(name=WindowToken{2eef2b6 android.os.BinderProxy@8c94378})/@0x5572aee, destroyLeash=true, surface=Surface(name=c74fbb7 StatusBar)/@0x52357fd
06-17 10:59:13.796 1257 3470 D SecContentProvider: called from android.uid.systemui:10054
06-17 10:59:13.796 1257 1276 I WindowManager: Reparenting to original parent: Surface(name=WindowToken{5b44965 android.os.BinderProxy@35798cf})/@0xb0bde1c, destroyLeash=true, surface=Surface(name=53e363a NavigationBar0)/@0x42829c0
06-17 10:59:13.796 1257 3470 D RestrictionPolicy: isSettingsChangesAllowedAsUser, userId 0 : true
06-17 10:59:13.796 1257 3470 D SettingsProvider: ret = 1
06-17 10:59:13.905 1257 3470 I Telecom:SamsungTelecomServiceImpl: getUserSelectedOutgoingPhoneAccount - callingPackage : com.samsung.android.app.telephonyui
06-17 10:59:13.907 1257 3470 I Telecom:SamsungTelecomServiceImpl: getPhoneAccount - PhoneAccountHandle : ComponentInfo{com.android.phone/com.android.services.telephony.TelephonyConnectionService}, ***, UserHandle{0} / callingPid : 24305 / processName : sts
06-17 10:59:13.920 1257 2112 I Telecom:SamsungTelecomServiceImpl: getCallCapablePhoneAccounts - includeDisabledAccounts : false / callingPackage : com.samsung.android.app.telephonyui
06-17 10:59:13.922 1257 2112 I Telecom:SamsungTelecomServiceImpl: getPhoneAccount - PhoneAccountHandle : ComponentInfo{com.android.phone/com.android.services.telephony.TelephonyConnectionService}, ***, UserHandle{0} / callingPid : 24305 / processName : sts
06-17 10:59:13.925 1257 2112 I Telecom:SamsungTelecomServiceImpl: getUserSelectedOutgoingPhoneAccount - callingPackage : com.samsung.android.app.telephonyui
06-17 10:59:13.927 1257 2112 I Telecom:SamsungTelecomServiceImpl: getPhoneAccount - PhoneAccountHandle : ComponentInfo{com.android.phone/com.android.services.telephony.TelephonyConnectionService}, ***, UserHandle{0} / callingPid : 24305 / processName : sts
06-17 10:59:13.939 1257 3470 I Telecom:SamsungTelecomServiceImpl: getCallCapablePhoneAccounts - includeDisabledAccounts : false / callingPackage : com.samsung.android.app.telephonyui
06-17 10:59:13.941 1257 2112 I Telecom:SamsungTelecomServiceImpl: getPhoneAccount - PhoneAccountHandle : ComponentInfo{com.android.phone/com.android.services.telephony.TelephonyConnectionService}, ***, UserHandle{0} / callingPid : 24305 / processName : sts
06-17 10:59:14.330 1257 1613 D ActivityManager: package ru.yandex.searchplugin, user - 0 is SDcard whitelisted
06-17 10:59:14.364 1257 1282 I ActivityManager: Start proc 31388:ru.yandex.searchplugin:AppMetrica/u0a251 for service {ru.yandex.searchplugin/io.appmetrica.analytics.internal.AppMetricaService}
06-17 10:59:14.368 1257 1907 I Telecom:SamsungTelecomServiceImpl: getCallState - callingPid : 31005 / processName : sts
06-17 10:59:14.404 1257 1613 I ActivityManager: DSS OFF for ru.yandex.searchplugin
06-17 10:59:14.445 1257 1907 D WindowManager: makeSurface duration=2 name=com.android.systemui.ImageWallpaper$_31005
06-17 10:59:14.458 1257 1276 V WindowManager: performShow on Window{97c467e u0 com.android.systemui.ImageWallpaper}: mDrawState=READY_TO_SHOW readyForDisplay=false starting=false during animation: policyVis=true parentHidden=false tok.hiddenRequested=false tok.hidden=false animating=false tok animating=false Callers=com.android.server.wm.WindowState.performShowLocked:4719 com.android.server.wm.WindowStateAnimator.commitFinishDrawingLocked:401 com.android.server.wm.DisplayContent.lambda$new$8$DisplayContent:990 com.android.server.wm.-$$Lambda$DisplayContent$qxt4izS31fb0LF2uo_OF9DMa7gc.accept:4
06-17 10:59:14.465 1257 1276 V WindowManager: performShow on Window{97c467e u0 com.android.systemui.ImageWallpaper}: mDrawState=READY_TO_SHOW readyForDisplay=false starting=false during animation: policyVis=true parentHidden=false tok.hiddenRequested=false tok.hidden=false animating=false tok animating=false Callers=com.android.server.wm.WindowState.performShowLocked:4719 com.android.server.wm.DisplayContent.lambda$new$0$DisplayContent:680 com.android.server.wm.-$$Lambda$DisplayContent$0yxrqH9eGY2qTjH1u_BvaVrXCSA.accept:4 com.android.server.wm.WindowContainer$ForAllWindowsConsumerWrapper.apply:1184
06-17 10:59:14.478 1257 1257 D EdgeLightingManager: isCallingUserSupported : callingUserId=-1, mUserId=0, isDualAppId=false
06-17 10:59:14.484 1257 1257 D SmartAlertController: SmartAlert - Found Missed Event
06-17 10:59:14.486 1257 31412 D SmartAlertController: SmartAlert - already registered or Setting disabled
06-17 10:59:14.533 24447 24447 W ContextImpl: Calling a method in the system process without a qualified user: android.app.ContextImpl.startService:1632 android.content.ContextWrapper.startService:683 com.samsung.android.sm.battery.receiver.BatteryReceiver.c:6 com.samsung.android.sm.battery.receiver.BatteryReceiver.onReceive:16 android.app.ActivityThread.handleReceiver:4111
06-17 10:59:14.561 1257 1907 W BroadcastQueue: Background execution not allowed: receiving Intent { act=android.intent.action.DROPBOX_ENTRY_ADDED flg=0x10 (has extras) } to com.google.android.gms/.stats.service.DropBoxEntryAddedReceiver
06-17 10:59:14.568 1257 1281 D ActivityManager: package com.samsung.android.dqagent, user - 0 is SDcard whitelisted
06-17 10:59:14.596 1257 2459 D BatteryService: Sending ACTION_BATTERY_CHANGED. scale:100, info:{.chargerAcOnline = false, .chargerUsbOnline = true, .chargerWirelessOnline = false, .maxChargingCurrent = 0, .maxChargingVoltage = 0, .batteryStatus = CHARGING, .batteryHealth = GOOD, .batteryPresent = true, .batteryLevel = 48, .batteryVoltage = 3833, .batteryTemperature = 335, .batteryCurrent = 0, .batteryCycleCount = 0, .batteryFullCharge = 5000000, .batteryChargeCounter = 2440000, .batteryTechnology = Li-ion}
06-17 10:59:14.596 1257 2459 D BatteryService: online:4, current avg:-210, charge type:1, POGO powered:false, power sharing:false, high voltage charger:false, charger_type:0, capacity:280000, misc_event:65536, current_event:0, current_now:-304
06-17 10:59:14.599 1257 1257 D UsbDeviceManager: received ACTION_BATTERY_CHANGED
06-17 10:59:14.600 1257 1272 D UsbDeviceManager: handleMessage -> MSG_UPDATE_CHARGING_STATE: mUsbCharging=true
06-17 10:59:14.617 1257 1282 W ActivityManager: Slow operation: 52ms so far, now at startProcess: returned from zygote!
06-17 10:59:14.619 1257 1282 W ActivityManager: Slow operation: 53ms so far, now at startProcess: done updating battery stats
06-17 10:59:14.620 1257 1282 W ActivityManager: Slow operation: 54ms so far, now at startProcess: building log message
06-17 10:59:14.620 1257 1282 I ActivityManager: Start proc 31421:com.samsung.android.dqagent/1000 for broadcast {com.samsung.android.dqagent/com.samsung.android.dqagent.receiver.DQADataReceiver}
06-17 10:59:14.620 1257 1282 W ActivityManager: Slow operation: 54ms so far, now at startProcess: starting to update pids map
06-17 10:59:14.620 1257 1282 W ActivityManager: Slow operation: 55ms so far, now at startProcess: done updating pids map
06-17 10:59:14.647 1257 1907 D SettingsProvider: isChangeAllowed() : name = hide_rotation_lock_toggle_for_accessibility
06-17 10:59:14.647 1257 1907 D SettingsProvider: edmUri: content://com.sec.knox.provider/RestrictionPolicy3
06-17 10:59:14.647 1257 1907 D SettingsProvider: projectionArgs: isSettingsChangesAllowed
06-17 10:59:14.647 1257 1907 D SettingsProvider: selectionArgs: false
06-17 10:59:14.647 1257 1907 D SettingsProvider: selectionArgs: 10054
06-17 10:59:14.647 1257 1907 D SecContentProvider: called from android.uid.systemui:10054
06-17 10:59:14.648 1257 1907 D RestrictionPolicy: isSettingsChangesAllowedAsUser, userId 0 : true
06-17 10:59:14.648 1257 1907 D SettingsProvider: ret = 1
06-17 10:59:14.671 1257 2003 I ActivityManager: DSS OFF for com.samsung.android.dqagent
06-17 10:59:14.683 1257 1270 D ActivityManager: package com.samsung.android.lool, user - 0 is SDcard whitelisted
06-17 10:59:14.684 1257 1270 W ActivityManager: wait for provider publish: waiters=1 callerApp=ProcessRecord{16a2d54 24447:com.samsung.android.lool/1000} cpr=ContentProviderRecord{f9ba13e u0 com.samsung.android.lool/com.samsung.android.sm.database.SmProvider}
06-17 10:59:14.684 1257 1483 W Looper : Drained
06-17 10:59:14.700 1257 2112 D SamsungAlarmManager: Cancel Alarm calling from uid:10215 pid :2832 / op:PendingIntent{5208584: PendingIntentRecord{f9f416d com.google.android.gms broadcastIntent}}
06-17 10:59:14.716 1257 2112 V WindowManager: performShow on Window{97c467e u0 com.android.systemui.ImageWallpaper}: mDrawState=READY_TO_SHOW readyForDisplay=false starting=false during animation: policyVis=true parentHidden=false tok.hiddenRequested=false tok.hidden=false animating=false tok animating=false Callers=com.android.server.wm.WindowState.performShowLocked:4719 com.android.server.wm.WindowStateAnimator.commitFinishDrawingLocked:401 com.android.server.wm.DisplayContent.lambda$new$8$DisplayContent:990 com.android.server.wm.-$$Lambda$DisplayContent$qxt4izS31fb0LF2uo_OF9DMa7gc.accept:4
06-17 10:59:14.723 1257 1282 I ActivityManager: Start proc 31450:com.samsung.android.sm.provider/1000 for content provider {com.samsung.android.lool/com.samsung.android.sm.database.SmProvider}
06-17 10:59:14.733 1257 1276 V WindowManager: performShow on Window{97c467e u0 com.android.systemui.ImageWallpaper}: mDrawState=READY_TO_SHOW readyForDisplay=false starting=false during animation: policyVis=true parentHidden=false tok.hiddenRequested=false tok.hidden=false animating=false tok animating=false Callers=com.android.server.wm.WindowState.performShowLocked:4719 com.android.server.wm.DisplayContent.lambda$new$0$DisplayContent:680 com.android.server.wm.-$$Lambda$DisplayContent$0yxrqH9eGY2qTjH1u_BvaVrXCSA.accept:4 com.android.server.wm.WindowContainer$ForAllWindowsConsumerWrapper.apply:1184
06-17 10:59:14.790 1257 2112 I ActivityManager: DSS OFF for com.samsung.android.lool
06-17 10:59:14.800 1257 3393 D ActivityManager: package ru.yandex.searchplugin, user - 0 is SDcard whitelisted
06-17 10:59:14.801 1257 3393 W ActivityManager: wait for provider publish: waiters=1 callerApp=ProcessRecord{d7a357a 31274:ru.yandex.searchplugin/u0a251} cpr=ContentProviderRecord{ec5752 u0 ru.yandex.searchplugin/com.yandex.passport.internal.provider.InternalProvider}
06-17 10:59:14.835 1257 1282 I ActivityManager: Start proc 31500:ru.yandex.searchplugin:passport/u0a251 for content provider {ru.yandex.searchplugin/com.yandex.passport.internal.provider.InternalProvider}
06-17 10:59:14.874 1257 2112 I ActivityManager: DSS OFF for ru.yandex.searchplugin
06-17 10:59:14.888 1257 1274 D SettingsProvider: isChangeAllowed() : name = enabled_notification_listeners
06-17 10:59:14.888 1257 1274 D SettingsProvider: isChangeAllowed() : name = enabled_notification_assistant
06-17 10:59:14.889 1257 1274 D SettingsProvider: isChangeAllowed() : name = enabled_notification_policy_access_packages
06-17 10:59:14.892 1257 1483 W Looper : Slow delivery took 205ms PackageManagerHandlerThread h=android.os.Handler c= m=0
06-17 10:59:14.948 1257 3461 W ActivityManager: Background start not allowed: service Intent { act=ru.rustore.sdk.pushclient.MESSAGING_EVENT pkg=ru.yandex.searchplugin } to ru.yandex.searchplugin/io.appmetrica.analytics.push.provider.rustore.AppMetricaRuStoreMessagingService from pid=31274 uid=10251 pkg=ru.yandex.searchplugin startFg?=false
06-17 10:59:15.048 1257 5056 D CustomFrequencyManagerService: FrequencyrequestList.getNextSchedTuneBoostRequest, index: 1
06-17 10:59:15.060 1257 2112 D SamsungAlarmManager: Cancel Alarm calling from uid:10215 pid :2832 / op:PendingIntent{b98e56a: PendingIntentRecord{f9f416d com.google.android.gms broadcastIntent}}
