06-17 11:01:29.284 1257 1614 I Telecom:SamsungTelecomServiceImpl: getCallState - callingPid : 12929 / processName : sts
06-17 11:01:29.296 1257 1614 D ActivityManager: package com.android.providers.calendar, user - 0 is SDcard whitelisted
06-17 11:01:29.296 1257 1614 W ActivityManager: wait for provider publish: waiters=1 callerApp=ProcessRecord{b689b77 13077:com.samsung.android.calendar/u0a162} cpr=ContentProviderRecord{ff2a3e4 u0 com.android.providers.calendar/.CalendarProvider2}
06-17 11:01:29.321 1257 1455 D WifiP2pService: P2pDisabledState{ when=0 what=143376 target=com.android.internal.util.StateMachine$SmHandler }
06-17 11:01:29.324 1257 1455 D WifiP2pService: P2pDisabledState{ when=-1ms what=139412 obj=Bundle[mParcelledData.dataSize=224] target=com.android.internal.util.StateMachine$SmHandler }
06-17 11:01:29.324 1257 1455 D WifiP2pService: DefaultState{ when=-1ms what=139412 obj=Bundle[mParcelledData.dataSize=224] target=com.android.internal.util.StateMachine$SmHandler }
06-17 11:01:29.324 1257 1455 D WifiP2pService: P2pDisabledState{ when=-1ms what=139360 obj=Bundle[mParcelledData.dataSize=248] target=com.android.internal.util.StateMachine$SmHandler }
06-17 11:01:29.325 1257 1455 D WifiP2pService: DefaultState{ when=-2ms what=139360 obj=Bundle[mParcelledData.dataSize=248] target=com.android.internal.util.StateMachine$SmHandler }
06-17 11:01:29.325 1257 1455 D WifiP2pService: add a new client
06-17 11:01:29.337 1257 1907 D WindowManager: notifyMovementBoundsChanged: insetRect(42, 125 - 1038, 2232), normalRect(533, 1948 - 1038, 2232), animatingRect(533, 1948 - 1038, 2232), fromIme=false, fromShelffalse, rot=0
06-17 11:01:29.352 1257 1282 W ActivityManager: Slow operation: 57ms so far, now at startProcess: returned from zygote!
06-17 11:01:29.367 1257 1282 W ActivityManager: Slow operation: 72ms so far, now at startProcess: done updating battery stats
06-17 11:01:29.367 1257 1282 W ActivityManager: Slow operation: 73ms so far, now at startProcess: building log message
06-17 11:01:29.367 1257 1282 I ActivityManager: Start proc 13329:com.android.providers.calendar/u0a103 for content provider {com.android.providers.calendar/com.android.providers.calendar.CalendarProvider2}
06-17 11:01:29.367 1257 1282 W ActivityManager: Slow operation: 73ms so far, now at startProcess: starting to update pids map
06-17 11:01:29.368 1257 2389 I StatusBarManagerService: registerStatusBar bar=com.android.internal.statusbar.IStatusBar$Stub$Proxy@135e444
06-17 11:01:29.368 1257 1282 W ActivityManager: Slow operation: 73ms so far, now at startProcess: done updating pids map
06-17 11:01:29.395 1257 3383 D SettingsProvider: isChangeAllowed() : name = navigation_bar_gesture_disabled_by_policy
06-17 11:01:29.395 1257 3383 D SettingsProvider: edmUri: content://com.sec.knox.provider/RestrictionPolicy3
06-17 11:01:29.395 1257 3383 D SettingsProvider: projectionArgs: isSettingsChangesAllowed
06-17 11:01:29.395 1257 3383 D SettingsProvider: selectionArgs: false
06-17 11:01:29.395 1257 3383 D SettingsProvider: selectionArgs: 10054
06-17 11:01:29.396 1257 3383 D SecContentProvider: called from android.uid.systemui:10054
06-17 11:01:29.396 1257 3383 D RestrictionPolicy: isSettingsChangesAllowedAsUser, userId 0 : true
06-17 11:01:29.396 1257 3383 D SettingsProvider: ret = 1
06-17 11:01:29.404 1257 1904 D SettingsProvider: isChangeAllowed() : name = navigationbar_color
06-17 11:01:29.404 1257 1904 D SettingsProvider: edmUri: content://com.sec.knox.provider/RestrictionPolicy3
06-17 11:01:29.404 1257 1904 D SettingsProvider: projectionArgs: isSettingsChangesAllowed
06-17 11:01:29.404 1257 1904 D SettingsProvider: selectionArgs: false
06-17 11:01:29.404 1257 1904 D SettingsProvider: selectionArgs: 10054
06-17 11:01:29.405 1257 1904 D SecContentProvider: called from android.uid.systemui:10054
06-17 11:01:29.405 1257 1904 D RestrictionPolicy: isSettingsChangesAllowedAsUser, userId 0 : true
06-17 11:01:29.405 1257 1904 D SettingsProvider: ret = 1
06-17 11:01:29.406 1257 3383 D SettingsProvider: isChangeAllowed() : name = navigationbar_current_color
06-17 11:01:29.406 1257 3383 D SettingsProvider: edmUri: content://com.sec.knox.provider/RestrictionPolicy3
06-17 11:01:29.406 1257 3383 D SettingsProvider: projectionArgs: isSettingsChangesAllowed
06-17 11:01:29.406 1257 3383 D SettingsProvider: selectionArgs: false
06-17 11:01:29.406 1257 3383 D SettingsProvider: selectionArgs: 10054
06-17 11:01:29.407 1257 3383 D SecContentProvider: called from android.uid.systemui:10054
06-17 11:01:29.407 1257 3383 D RestrictionPolicy: isSettingsChangesAllowedAsUser, userId 0 : true
06-17 11:01:29.407 1257 3383 D SettingsProvider: ret = 1
06-17 11:01:29.414 1257 5092 D SettingsProvider: isChangeAllowed() : name = icon_blacklist
06-17 11:01:29.414 1257 5092 D SettingsProvider: edmUri: content://com.sec.knox.provider/RestrictionPolicy3
06-17 11:01:29.414 1257 5092 D SettingsProvider: projectionArgs: isSettingsChangesAllowed
06-17 11:01:29.414 1257 5092 D SettingsProvider: selectionArgs: false
06-17 11:01:29.414 1257 5092 D SettingsProvider: selectionArgs: 10054
06-17 11:01:29.414 1257 5092 D SecContentProvider: called from android.uid.systemui:10054
06-17 11:01:29.414 1257 5092 D RestrictionPolicy: isSettingsChangesAllowedAsUser, userId 0 : true
06-17 11:01:29.414 1257 5092 D SettingsProvider: ret = 1
06-17 11:01:29.450 1257 3355 D WallpaperManagerService: which : 2, return type : 8 (called by userId= 0)
06-17 11:01:29.451 1257 1257 D SmartAlertController: SmartAlert - vibrate
06-17 11:01:29.452 1257 1257 D VibratorService: Turning vibrator off
06-17 11:01:29.453 1257 3383 D WallpaperManagerService: getVideoFilePath userId=0 path=
06-17 11:01:29.453 1257 1904 D WallpaperManagerService: getVideoFilePath userId=0 pkg=com.android.systemui which= 2
06-17 11:01:29.454 1257 3470 D WallpaperManagerService: getVideoColor userId=0, which = 2, videoColor=black
06-17 11:01:29.457 1257 2390 D ActivityManager: package com.sec.android.widgetapp.easymodecontactswidget, user - 0 is SDcard whitelisted
06-17 11:01:29.464 1257 2390 I ActivityManager: DSS OFF for com.android.providers.calendar
06-17 11:01:29.466 1257 13365 D VibratorService: vibratorOn() : 75ms, amplitude :-1, mag :9999, f : -1
06-17 11:01:29.499 1257 3338 D ActivityManager: package com.samsung.android.messaging, user - 0 is SDcard whitelisted
06-17 11:01:29.523 1257 1282 W ActivityManager: Slow operation: 68ms so far, now at startProcess: returned from zygote!
06-17 11:01:29.524 1257 1282 W ActivityManager: Slow operation: 69ms so far, now at startProcess: done updating battery stats
06-17 11:01:29.524 1257 1282 W ActivityManager: Slow operation: 70ms so far, now at startProcess: building log message
06-17 11:01:29.524 1257 1282 I ActivityManager: Start proc 13371:com.sec.android.widgetapp.easymodecontactswidget/u0a185 for broadcast {com.sec.android.widgetapp.easymodecontactswidget/com.sec.android.widgetapp.easymodecontactswidget.SeniorFavoriteWidgetProviderLarge}
06-17 11:01:29.525 1257 1282 W ActivityManager: Slow operation: 70ms so far, now at startProcess: starting to update pids map
06-17 11:01:29.525 1257 1282 W ActivityManager: Slow operation: 70ms so far, now at startProcess: done updating pids map
06-17 11:01:29.568 1257 13365 D VibratorService: vibratorOn() : 75ms, amplitude :-1, mag :9999, f : -1
06-17 11:01:29.581 1257 1282 W ActivityManager: Slow operation: 84ms so far, now at startProcess: returned from zygote!
06-17 11:01:29.583 1257 1282 W ActivityManager: Slow operation: 85ms so far, now at startProcess: done updating battery stats
06-17 11:01:29.584 1257 1282 W ActivityManager: Slow operation: 86ms so far, now at startProcess: building log message
06-17 11:01:29.584 1257 1282 I ActivityManager: Start proc 13416:com.samsung.android.messaging/u0a114 for service {com.samsung.android.messaging/com.samsung.android.messaging.externalservice.rcs.RcsExternalService}
06-17 11:01:29.584 1257 1282 W ActivityManager: Slow operation: 86ms so far, now at startProcess: starting to update pids map
06-17 11:01:29.584 1257 1282 W ActivityManager: Slow operation: 86ms so far, now at startProcess: done updating pids map
06-17 11:01:29.585 1257 5092 I ActivityManager: DSS OFF for com.sec.android.widgetapp.easymodecontactswidget
06-17 11:01:29.646 1257 1907 D ConnectivityService: requestNetwork for uid/pid:10101/12670 NetworkRequest [ TRACK_DEFAULT id=368, [ Capabilities: INTERNET&NOT_RESTRICTED&TRUSTED Uid: 10101] ]
06-17 11:01:29.646 1257 1466 D ConnectivityService: sending new Min Network Score(0): NetworkRequest [ TRACK_DEFAULT id=368, [ Capabilities: INTERNET&NOT_RESTRICTED&TRUSTED Uid: 10101] ]
06-17 11:01:29.677 1257 3460 I ActivityManager: DSS OFF for com.samsung.android.messaging
06-17 11:01:29.727 1257 3338 I ActivityManager: Killing 12603:com.sec.android.gallery3d/u0a109 (adj 999): empty #25
06-17 11:01:29.727 1257 3338 I ActivityManager: Killing 12553:com.samsung.android.themestore/u0a131 (adj 999): empty #26
06-17 11:01:29.741 1257 3338 I Telecom:SamsungTelecomServiceImpl: isInCall - callingPackage : com.android.systemui
06-17 11:01:29.770 1257 2389 I ActivityManager: Killing 6020:com.samsung.android.lool/1000 (adj 995): empty #25
06-17 11:01:29.771 1257 2389 I ActivityManager: Killing 11131:com.samsung.android.app.notes/u0a382 (adj 999): empty #26
06-17 11:01:29.785 1257 3470 D SettingsProvider: isChangeAllowed() : name = flashlight_available
06-17 11:01:29.785 1257 3470 D SettingsProvider: edmUri: content://com.sec.knox.provider/RestrictionPolicy3
06-17 11:01:29.785 1257 3470 D SettingsProvider: projectionArgs: isSettingsChangesAllowed
06-17 11:01:29.785 1257 3470 D SettingsProvider: selectionArgs: false
06-17 11:01:29.785 1257 3470 D SettingsProvider: selectionArgs: 10054
06-17 11:01:29.785 1257 3470 D SecContentProvider: called from android.uid.systemui:10054
06-17 11:01:29.785 1257 3470 D RestrictionPolicy: isSettingsChangesAllowedAsUser, userId 0 : true
06-17 11:01:29.786 1257 3470 D SettingsProvider: ret = 1
06-17 11:01:29.787 1257 2389 D SettingsProvider: isChangeAllowed() : name = flashlight_enabled
06-17 11:01:29.787 1257 2389 D SettingsProvider: edmUri: content://com.sec.knox.provider/RestrictionPolicy3
06-17 11:01:29.787 1257 2389 D SettingsProvider: projectionArgs: isSettingsChangesAllowed
06-17 11:01:29.787 1257 2389 D SettingsProvider: selectionArgs: false
06-17 11:01:29.787 1257 2389 D SettingsProvider: selectionArgs: 10054
06-17 11:01:29.788 1257 2389 D SecContentProvider: called from android.uid.systemui:10054
06-17 11:01:29.789 1257 2389 D RestrictionPolicy: isSettingsChangesAllowedAsUser, userId 0 : true
06-17 11:01:29.789 1257 2389 D SettingsProvider: ret = 1
06-17 11:01:29.869 1257 1929 D ActivityManager: package com.samsung.android.app.notes, user - 0 is SDcard whitelisted
06-17 11:01:29.870 1257 1929 I ActivityManager: Killing 24746:com.android.settings/1000 (adj 995): empty #25
06-17 11:01:29.901 1257 1282 I ActivityManager: Start proc 13499:com.samsung.android.app.notes/u0a382 for broadcast {com.samsung.android.app.notes/com.samsung.android.app.notes.widget.WidgetToolBarProvider}
06-17 11:01:29.945 1257 13365 D VibratorService: Turning vibrator off
06-17 11:01:29.951 12929 12929 D StatusBar: sw screen_mode_setting : 0
06-17 11:01:29.955 1257 3470 I ActivityManager: DSS OFF for com.samsung.android.app.notes
06-17 11:01:29.967 1257 1614 D WindowManager: setKeyguardOccluded occluded=false
06-17 11:01:29.987 1257 3484 D SettingsProvider: isChangeAllowed() : name = face_widget_res_id
06-17 11:01:29.987 1257 3484 D SettingsProvider: edmUri: content://com.sec.knox.provider/RestrictionPolicy3
06-17 11:01:29.987 1257 3484 D SettingsProvider: projectionArgs: isSettingsChangesAllowed
06-17 11:01:29.988 1257 3484 D SettingsProvider: selectionArgs: false
06-17 11:01:29.988 1257 3484 D SettingsProvider: selectionArgs: 10054
06-17 11:01:29.988 1257 3484 D SecContentProvider: called from android.uid.systemui:10054
06-17 11:01:29.988 1257 3484 D RestrictionPolicy: isSettingsChangesAllowedAsUser, userId 0 : true
06-17 11:01:29.989 1257 3484 D SettingsProvider: ret = 1
06-17 11:01:29.993 1257 3484 D SettingsProvider: isChangeAllowed() : name = face_widget_order
06-17 11:01:29.993 1257 3484 D SettingsProvider: edmUri: content://com.sec.knox.provider/RestrictionPolicy3
06-17 11:01:29.993 1257 3484 D SettingsProvider: projectionArgs: isSettingsChangesAllowed
06-17 11:01:29.993 1257 3484 D SettingsProvider: selectionArgs: false
06-17 11:01:29.993 1257 3484 D SettingsProvider: selectionArgs: 10054
06-17 11:01:29.994 1257 3484 D SecContentProvider: called from android.uid.systemui:10054
06-17 11:01:29.999 1257 3484 D RestrictionPolicy: isSettingsChangesAllowedAsUser, userId 0 : true
06-17 11:01:29.999 1257 3484 D SettingsProvider: ret = 1
06-17 11:01:30.076 1257 3338 I Telecom:SamsungTelecomServiceImpl: @hide @test getCurrentTtyMode - callingPackage : com.android.systemui
06-17 11:01:30.084 1257 3338 D ConnectivityService: listenForNetwork for uid/pid:10054/12929 NetworkRequest [ LISTEN id=369, [] ]
06-17 11:01:30.089 1257 1614 D ActivityManager: package com.android.keychain, user - 0 is SDcard whitelisted
06-17 11:01:30.114 1257 1929 D StatusBarManagerService: setPanelExpandStateToType : state = false, barType = 0
06-17 11:01:30.120 1257 1614 D OverlayManager: Skipped idmap creation for android and com.samsung.systemui.hidenotch.withoutcornerround
06-17 11:01:30.125 1257 1269 D OverlayManager: Skipped idmap creation for android and com.samsung.systemui.hidenotch
06-17 11:01:30.129 1257 1282 I ActivityManager: Start proc 13580:com.android.keychain/1000 for service {com.android.keychain/com.android.keychain.KeyChainService}
06-17 11:01:30.138 1257 1269 D OverlayManager: Skipped idmap creation for android and com.samsung.systemui.hidenotch.withoutcornerround
06-17 11:01:30.159 1257 1929 D WindowManager: notifyMovementBoundsChanged: insetRect(42, 125 - 1038, 2232), normalRect(533, 1948 - 1038, 2232), animatingRect(533, 1948 - 1038, 2232), fromIme=false, fromShelffalse, rot=0
06-17 11:01:30.159 1257 3338 I ActivityManager: DSS OFF for com.android.keychain
06-17 11:01:30.232 12929 12929 D StatusBar: sw screen_mode_setting : 0
06-17 11:01:30.243 1257 1257 W WallpaperManagerService: Wallpaper onServiceConnected : ComponentInfo{com.android.systemui/com.android.systemui.ImageWallpaper}
06-17 11:01:30.246 1257 3393 D WindowManager: makeSurface duration=1 name=ScreenDecorOverlay$_12929
06-17 11:01:30.247 1257 1257 W WindowManager: addWindowToken: Attempted to add binder token: android.os.Binder@248a855 for already created window token: WallpaperWindowToken{18297f8 token=android.os.Binder@248a855} displayId=0
06-17 11:01:30.249 1257 1257 D WallpaperManagerService: .xml file : width=2400 height=2400 name= component=null
06-17 11:01:30.249 1257 1257 D WallpaperManagerService: service : width=-1 height=-1 name= component=ComponentInfo{com.android.systemui/com.android.systemui.ImageWallpaper}
06-17 11:01:30.250 1257 1257 D WallpaperManagerService: Different wallpaper
06-17 11:01:30.250 1257 1257 D WallpaperManagerService: saveSettingsLockedInternal mode = 0
06-17 11:01:30.255 1257 1257 W WallpaperManagerService: Wallpaper onServiceConnected : ComponentInfo{com.android.systemui/com.android.systemui.ImageWallpaper}
06-17 11:01:30.256 1257 1257 D WallpaperManagerService: .xml file : width=2400 height=2400 name= component=null
06-17 11:01:30.256 1257 1257 D WallpaperManagerService: service : width=-1 height=-1 name= component=ComponentInfo{com.android.systemui/com.android.systemui.ImageWallpaper}
06-17 11:01:30.256 1257 1257 D WallpaperManagerService: Different wallpaper
06-17 11:01:30.256 1257 1257 D WallpaperManagerService: saveSettingsLockedInternal mode = 0
06-17 11:01:30.273 1257 4992 D WallpaperManagerService: which : 2, return type : 8 (called by userId= 0)
06-17 11:01:30.274 1257 3484 D WallpaperManagerService: getVideoColor userId=0, which = 2, videoColor=black
06-17 11:01:30.275 1257 3484 D WallpaperManagerService: getVideoFilePath userId=0 path=
06-17 11:01:30.275 1257 3484 D WallpaperManagerService: getVideoFilePath userId=0 pkg=com.android.systemui which= 2
06-17 11:01:30.326 1257 1929 D PowerManagerService: [api] userActivity : event: 0 flags: 0 (uid: 10054 pid: 12929) eventTime = 426671
06-17 11:01:30.332 1257 1929 D CustomFrequencyManagerService: FrequencyrequestList.getNextSchedTuneBoostRequest, index: 1
06-17 11:01:30.352 1257 3470 D WindowManager: makeSurface duration=4 name=ScreenDecorOverlayBottom$_12929
06-17 11:01:30.374 1257 3484 D WindowManager: makeSurface duration=1 name=NavigationBar0$_12929
06-17 11:01:30.403 1257 3484 I ActivityManager: Killing 11232:com.android.nfc:QuickTile/1027 (adj 995): empty #25
06-17 11:01:30.423 1257 1274 D SettingsProvider: isChangeAllowed() : name = enabled_notification_listeners
06-17 11:01:30.424 1257 1274 D SettingsProvider: isChangeAllowed() : name = enabled_notification_assistant
06-17 11:01:30.424 1257 1274 D SettingsProvider: isChangeAllowed() : name = enabled_notification_policy_access_packages
06-17 11:01:30.523 1257 1612 D CustomFrequencyManagerService: releaseDVFSLockLocked : Getting Lock type frm List : DVFS_MIN_LIMIT frequency : 1354000 uid : 1000 pid : 1257 tag : com.samsung.android.app.galaxyfinder@1
06-17 11:01:30.529 1257 1612 I Telecom:SamsungTelecomServiceImpl: isInCall - callingPackage : com.android.systemui
06-17 11:01:30.530 1257 1612 I Telecom:SamsungTelecomServiceImpl: isInCall - callingPackage : com.android.systemui
06-17 11:01:30.542 1257 3387 D ActivityManager: package com.sec.android.app.sbrowser, user - 0 is SDcard whitelisted
06-17 11:01:30.544 1257 3387 I ActivityManager: Killing 24675:com.android.settings:QuickSettingsTile/1000 (adj 995): empty #25
06-17 11:01:30.563 1257 3387 D WindowManager: makeSurface duration=1 name=StatusBar$_12929
06-17 11:01:30.598 1257 1282 W ActivityManager: Slow operation: 57ms so far, now at startProcess: returned from zygote!
06-17 11:01:30.606 1257 1276 I WindowManager: Reparenting to leash, surface=Surface(name=bb8b054 StatusBar)/@0x69bc39a
06-17 11:01:30.609 1257 1276 D WindowManager: makeSurface duration=3 leash=Surface(name=Surface(name=bb8b054 StatusBar)/@0x69bc39a - animation-leash)/@0x90764cb
06-17 11:01:30.613 1257 1906 I WindowManager: Reparenting to leash, surface=Surface(name=5cc142e NavigationBar0)/@0x8fc8bc1
06-17 11:01:30.615 1257 1906 D WindowManager: makeSurface duration=2 leash=Surface(name=Surface(name=5cc142e NavigationBar0)/@0x8fc8bc1 - animation-leash)/@0xe627f66
06-17 11:01:30.622 1257 1282 W ActivityManager: Slow operation: 81ms so far, now at startProcess: done updating battery stats
06-17 11:01:30.622 1257 1282 W ActivityManager: Slow operation: 81ms so far, now at startProcess: building log message
06-17 11:01:30.622 1257 1282 I ActivityManager: Start proc 13656:com.sec.android.app.sbrowser/u0a236 for broadcast {com.sec.android.app.sbrowser/com.sec.android.app.sbrowser.DeviceWallpaperChangedReceiver}
06-17 11:01:30.622 1257 1282 W ActivityManager: Slow operation: 81ms so far, now at startProcess: starting to update pids map
06-17 11:01:30.623 1257 1282 W ActivityManager: Slow operation: 82ms so far, now at startProcess: done updating pids map
06-17 11:01:30.633 1257 1904 D CustomFrequencyManagerService: FrequencyrequestList.getNextSchedTuneBoostRequest, index: 1
06-17 11:01:30.640 1257 3387 D CustomFrequencyManagerService: FrequencyrequestList.getNextSchedTuneBoostRequest, index: 1
06-17 11:01:30.654 1257 1904 I ActivityManager: DSS OFF for com.sec.android.app.sbrowser
06-17 11:01:30.703 1257 1929 D SettingsProvider: isChangeAllowed() : name = quickstar_coloring_notification_switch
06-17 11:01:30.703 1257 1929 D SettingsProvider: edmUri: content://com.sec.knox.provider/RestrictionPolicy3
06-17 11:01:30.703 1257 1929 D SettingsProvider: projectionArgs: isSettingsChangesAllowed
06-17 11:01:30.704 1257 1929 D SettingsProvider: selectionArgs: false
06-17 11:01:30.704 1257 1929 D SettingsProvider: selectionArgs: 10054
06-17 11:01:30.704 1257 1929 D SecContentProvider: called from android.uid.systemui:10054
06-17 11:01:30.705 1257 1929 D RestrictionPolicy: isSettingsChangesAllowedAsUser, userId 0 : true
06-17 11:01:30.705 1257 1929 D SettingsProvider: ret = 1
06-17 11:01:30.711 1257 3480 D SettingsProvider: isChangeAllowed() : name = aod_lock_share_page_key_order
06-17 11:01:30.711 1257 3480 D SettingsProvider: edmUri: content://com.sec.knox.provider/RestrictionPolicy3
06-17 11:01:30.711 1257 3480 D SettingsProvider: projectionArgs: isSettingsChangesAllowed
06-17 11:01:30.711 1257 3480 D SettingsProvider: selectionArgs: false
06-17 11:01:30.711 1257 3480 D SettingsProvider: selectionArgs: 10054
06-17 11:01:30.712 1257 3480 D SecContentProvider: called from android.uid.systemui:10054
06-17 11:01:30.712 1257 3480 D RestrictionPolicy: isSettingsChangesAllowedAsUser, userId 0 : true
06-17 11:01:30.712 1257 3480 D SettingsProvider: ret = 1
06-17 11:01:30.818 1257 1906 D SettingsProvider: isChangeAllowed() : name = sysui_qqs_count
06-17 11:01:30.818 1257 1906 D SettingsProvider: edmUri: content://com.sec.knox.provider/RestrictionPolicy3
06-17 11:01:30.818 1257 1906 D SettingsProvider: projectionArgs: isSettingsChangesAllowed
06-17 11:01:30.819 1257 1906 D SettingsProvider: selectionArgs: false
06-17 11:01:30.819 1257 1906 D SettingsProvider: selectionArgs: 10054
06-17 11:01:30.819 1257 1906 D SecContentProvider: called from android.uid.systemui:10054
06-17 11:01:30.819 1257 1906 D RestrictionPolicy: isSettingsChangesAllowedAsUser, userId 0 : true
06-17 11:01:30.819 1257 1906 D SettingsProvider: ret = 1
06-17 11:01:30.859 1257 5066 D SettingsProvider: isChangeAllowed() : name = qs_detail_content_primary_text_color
06-17 11:01:30.859 1257 5066 D SettingsProvider: edmUri: content://com.sec.knox.provider/RestrictionPolicy3
06-17 11:01:30.859 1257 5066 D SettingsProvider: projectionArgs: isSettingsChangesAllowed
06-17 11:01:30.859 1257 5066 D SettingsProvider: selectionArgs: false
06-17 11:01:30.859 1257 5066 D SettingsProvider: selectionArgs: 10054
06-17 11:01:30.860 1257 5066 D SecContentProvider: called from android.uid.systemui:10054
06-17 11:01:30.860 1257 5066 D RestrictionPolicy: isSettingsChangesAllowedAsUser, userId 0 : true
06-17 11:01:30.860 1257 5066 D SettingsProvider: ret = 1
06-17 11:01:30.862 1257 1929 D SettingsProvider: isChangeAllowed() : name = qs_detail_content_secondary_text_color
06-17 11:01:30.862 1257 1929 D SettingsProvider: edmUri: content://com.sec.knox.provider/RestrictionPolicy3
06-17 11:01:30.862 1257 1929 D SettingsProvider: projectionArgs: isSettingsChangesAllowed
06-17 11:01:30.862 1257 1929 D SettingsProvider: selectionArgs: false
06-17 11:01:30.862 1257 1929 D SettingsProvider: selectionArgs: 10054
06-17 11:01:30.863 1257 1929 D SecContentProvider: called from android.uid.systemui:10054
06-17 11:01:30.863 1257 1929 D RestrictionPolicy: isSettingsChangesAllowedAsUser, userId 0 : true
06-17 11:01:30.863 1257 1929 D SettingsProvider: ret = 1
06-17 11:01:30.869 1257 1904 D SettingsProvider: isChangeAllowed() : name = qs_detail_content_primary_text_color
06-17 11:01:30.869 1257 1904 D SettingsProvider: edmUri: content://com.sec.knox.provider/RestrictionPolicy3
06-17 11:01:30.869 1257 1904 D SettingsProvider: projectionArgs: isSettingsChangesAllowed
06-17 11:01:30.869 1257 1904 D SettingsProvider: selectionArgs: false
06-17 11:01:30.869 1257 1904 D SettingsProvider: selectionArgs: 10054
06-17 11:01:30.869 1257 1904 D SecContentProvider: called from android.uid.systemui:10054
06-17 11:01:30.870 1257 1904 D RestrictionPolicy: isSettingsChangesAllowedAsUser, userId 0 : true
06-17 11:01:30.870 1257 1904 D SettingsProvider: ret = 1
06-17 11:01:30.872 1257 1904 D SettingsProvider: isChangeAllowed() : name = qs_detail_content_secondary_text_color
06-17 11:01:30.873 1257 1904 D SettingsProvider: edmUri: content://com.sec.knox.provider/RestrictionPolicy3
06-17 11:01:30.873 1257 1904 D SettingsProvider: projectionArgs: isSettingsChangesAllowed
06-17 11:01:30.873 1257 1904 D SettingsProvider: selectionArgs: false
06-17 11:01:30.873 1257 1904 D SettingsProvider: selectionArgs: 10054
06-17 11:01:30.873 1257 1904 D SecContentProvider: called from android.uid.systemui:10054
06-17 11:01:30.873 1257 1904 D RestrictionPolicy: isSettingsChangesAllowedAsUser, userId 0 : true
06-17 11:01:30.874 1257 1904 D SettingsProvider: ret = 1
06-17 11:01:30.881 1257 1276 I WindowManager: Reparenting to original parent: Surface(name=WindowToken{ae653a7 android.os.BinderProxy@dbf21a8})/@0xb338b52, destroyLeash=true, surface=Surface(name=bb8b054 StatusBar)/@0x69bc39a
06-17 11:01:30.881 1257 1276 I WindowManager: Reparenting to original parent: Surface(name=WindowToken{f0aeb73 android.os.BinderProxy@11cad})/@0xbb38f20, destroyLeash=true, surface=Surface(name=5cc142e NavigationBar0)/@0x8fc8bc1
06-17 11:01:30.933 1257 3480 I Telecom:SamsungTelecomServiceImpl: getUserSelectedOutgoingPhoneAccount - callingPackage : com.samsung.android.app.telephonyui
06-17 11:01:30.935 1257 3387 I Telecom:SamsungTelecomServiceImpl: getPhoneAccount - PhoneAccountHandle : ComponentInfo{com.android.phone/com.android.services.telephony.TelephonyConnectionService}, ***, UserHandle{0} / callingPid : 24305 / processName : sts
06-17 11:01:30.938 3154 3154 W ContextImpl: Calling a method in the system process without a qualified user: android.app.ContextImpl.startService:1632 android.content.ContextWrapper.startService:683 android.content.ContextWrapper.startService:683 com.sec.android.diagmonagent.sa.receiver.CFLogReceiver.sendCFLog:23 com.sec.android.diagmonagent.sa.receiver.CFLogReceiver.onReceive:15
06-17 11:01:30.940 1257 5066 I ActivityManager: Killing 9028:com.samsung.android.app.sharelive/5026 (adj 999): empty #25
06-17 11:01:30.947 1257 3480 D ActivityManager: package com.instagram.android, user - 0 is SDcard whitelisted
06-17 11:01:30.959 1257 5066 I Telecom:SamsungTelecomServiceImpl: getCallCapablePhoneAccounts - includeDisabledAccounts : false / callingPackage : com.samsung.android.app.telephonyui
06-17 11:01:30.961 1257 5066 I Telecom:SamsungTelecomServiceImpl: getPhoneAccount - PhoneAccountHandle : ComponentInfo{com.android.phone/com.android.services.telephony.TelephonyConnectionService}, ***, UserHandle{0} / callingPid : 24305 / processName : sts
06-17 11:01:30.965 1257 3480 I Telecom:SamsungTelecomServiceImpl: getUserSelectedOutgoingPhoneAccount - callingPackage : com.samsung.android.app.telephonyui
06-17 11:01:30.967 1257 3480 I Telecom:SamsungTelecomServiceImpl: getPhoneAccount - PhoneAccountHandle : ComponentInfo{com.android.phone/com.android.services.telephony.TelephonyConnectionService}, ***, UserHandle{0} / callingPid : 24305 / processName : sts
06-17 11:01:30.977 1257 5066 I Telecom:SamsungTelecomServiceImpl: getCallCapablePhoneAccounts - includeDisabledAccounts : false / callingPackage : com.samsung.android.app.telephonyui
06-17 11:01:30.979 1257 5066 I Telecom:SamsungTelecomServiceImpl: getPhoneAccount - PhoneAccountHandle : ComponentInfo{com.android.phone/com.android.services.telephony.TelephonyConnectionService}, ***, UserHandle{0} / callingPid : 24305 / processName : sts
06-17 11:01:30.984 1257 1282 I ActivityManager: Start proc 13729:com.instagram.android/u0a271 for broadcast {com.instagram.android/com.instagram.util.startup.appwarmer.KeepWarmReceiver}
06-17 11:01:31.012 1257 1929 I ActivityManager: DSS OFF for com.instagram.android
06-17 11:01:31.157 2568 2568 D io_stats: !@ 179,0 r 1103233 24123809 w 25611 553004 d 15384 348656 f 23512 29059 iot 247796 251659 th 51200 0 0 pt 0 inp 0 0 427.502
06-17 11:01:31.436 1257 1270 I Telecom:SamsungTelecomServiceImpl: getCallState - callingPid : 12929 / processName : sts
06-17 11:01:31.438 1257 5066 I ActivityManager: Killing 11275:com.samsung.android.kidsinstaller/u0a187 (adj 999): empty #25
06-17 11:01:31.460 1257 5066 D WindowManager: makeSurface duration=2 name=com.android.systemui.ImageWallpaper$_12929
06-17 11:01:31.465 1257 1276 V WindowManager: performShow on Window{e4975fb u0 com.android.systemui.ImageWallpaper}: mDrawState=READY_TO_SHOW readyForDisplay=false starting=false during animation: policyVis=true parentHidden=false tok.hiddenRequested=false tok.hidden=false animating=false tok animating=false Callers=com.android.server.wm.WindowState.performShowLocked:4719 com.android.server.wm.WindowStateAnimator.commitFinishDrawingLocked:401 com.android.server.wm.DisplayContent.lambda$new$8$DisplayContent:990 com.android.server.wm.-$$Lambda$DisplayContent$qxt4izS31fb0LF2uo_OF9DMa7gc.accept:4
06-17 11:01:31.468 1257 1276 V WindowManager: performShow on Window{e4975fb u0 com.android.systemui.ImageWallpaper}: mDrawState=READY_TO_SHOW readyForDisplay=false starting=false during animation: policyVis=true parentHidden=false tok.hiddenRequested=false tok.hidden=false animating=false tok animating=false Callers=com.android.server.wm.WindowState.performShowLocked:4719 com.android.server.wm.DisplayContent.lambda$new$0$DisplayContent:680 com.android.server.wm.-$$Lambda$DisplayContent$0yxrqH9eGY2qTjH1u_BvaVrXCSA.accept:4 com.android.server.wm.WindowContainer$ForAllWindowsConsumerWrapper.apply:1184
06-17 11:01:31.482 1257 1276 V WindowManager: performShow on Window{e4975fb u0 com.android.systemui.ImageWallpaper}: mDrawState=READY_TO_SHOW readyForDisplay=false starting=false during animation: policyVis=true parentHidden=false tok.hiddenRequested=false tok.hidden=false animating=false tok animating=false Callers=com.android.server.wm.WindowState.performShowLocked:4719 com.android.server.wm.DisplayContent.lambda$new$0$DisplayContent:680 com.android.server.wm.-$$Lambda$DisplayContent$0yxrqH9eGY2qTjH1u_BvaVrXCSA.accept:4 com.android.server.wm.WindowContainer$ForAllWindowsConsumerWrapper.apply:1184
06-17 11:01:31.598 1257 1257 D EdgeLightingManager: isCallingUserSupported : callingUserId=-1, mUserId=0, isDualAppId=false
06-17 11:01:31.604 1257 1257 D SmartAlertController: SmartAlert - Found Missed Event
06-17 11:01:31.606 1257 13768 D SmartAlertController: SmartAlert - already registered or Setting disabled
06-17 11:01:31.633 1257 3383 D ActivityManager: package com.samsung.android.lool, user - 0 is SDcard whitelisted
06-17 11:01:31.651 1257 1435 D SettingsProvider: isChangeAllowed() : name = hide_rotation_lock_toggle_for_accessibility
06-17 11:01:31.651 1257 1435 D SettingsProvider: edmUri: content://com.sec.knox.provider/RestrictionPolicy3
06-17 11:01:31.651 1257 1435 D SettingsProvider: projectionArgs: isSettingsChangesAllowed
06-17 11:01:31.651 1257 1435 D SettingsProvider: selectionArgs: false
06-17 11:01:31.651 1257 1435 D SettingsProvider: selectionArgs: 10054
06-17 11:01:31.652 1257 1435 D SecContentProvider: called from android.uid.systemui:10054
06-17 11:01:31.652 1257 1435 D RestrictionPolicy: isSettingsChangesAllowedAsUser, userId 0 : true
06-17 11:01:31.652 1257 1435 D SettingsProvider: ret = 1
06-17 11:01:31.683 1257 1282 W ActivityManager: Slow operation: 52ms so far, now at startProcess: returned from zygote!
06-17 11:01:31.683 1257 1282 W ActivityManager: Slow operation: 52ms so far, now at startProcess: done updating battery stats
06-17 11:01:31.684 1257 1282 W ActivityManager: Slow operation: 53ms so far, now at startProcess: building log message
06-17 11:01:31.684 1257 1282 I ActivityManager: Start proc 13785:com.samsung.android.lool/1000 for service {com.samsung.android.lool/com.samsung.android.sm.battery.ui.mode.BatteryModeTile}
06-17 11:01:31.684 1257 1282 W ActivityManager: Slow operation: 53ms so far, now at startProcess: starting to update pids map
06-17 11:01:31.685 1257 1282 W ActivityManager: Slow operation: 54ms so far, now at startProcess: done updating pids map
06-17 11:01:31.719 1257 2390 I ActivityManager: DSS OFF for com.samsung.android.lool
06-17 11:01:31.726 1257 3383 V WindowManager: performShow on Window{e4975fb u0 com.android.systemui.ImageWallpaper}: mDrawState=READY_TO_SHOW readyForDisplay=false starting=false during animation: policyVis=true parentHidden=false tok.hiddenRequested=false tok.hidden=false animating=false tok animating=false Callers=com.android.server.wm.WindowState.performShowLocked:4719 com.android.server.wm.WindowStateAnimator.commitFinishDrawingLocked:401 com.android.server.wm.DisplayContent.lambda$new$8$DisplayContent:990 com.android.server.wm.-$$Lambda$DisplayContent$qxt4izS31fb0LF2uo_OF9DMa7gc.accept:4
06-17 11:01:31.737 1257 1276 V WindowManager: performShow on Window{e4975fb u0 com.android.systemui.ImageWallpaper}: mDrawState=READY_TO_SHOW readyForDisplay=false starting=false during animation: policyVis=true parentHidden=false tok.hiddenRequested=false tok.hidden=false animating=false tok animating=false Callers=com.android.server.wm.WindowState.performShowLocked:4719 com.android.server.wm.DisplayContent.lambda$new$0$DisplayContent:680 com.android.server.wm.-$$Lambda$DisplayContent$0yxrqH9eGY2qTjH1u_BvaVrXCSA.accept:4 com.android.server.wm.WindowContainer$ForAllWindowsConsumerWrapper.apply:1184
06-17 11:01:31.748 1257 2390 D ActivityManager: package com.android.nfc, user - 0 is SDcard whitelisted
06-17 11:01:31.795 1257 1282 I ActivityManager: Start proc 13824:com.android.nfc:QuickTile/1027 for service {com.android.nfc/com.samsung.android.nfc.quicktile.NfcTile}
06-17 11:01:31.813 1257 2390 D ConnectivityService: requestNetwork for uid/pid:10271/13729 NetworkRequest [ TRACK_DEFAULT id=370, [ Capabilities: INTERNET&NOT_RESTRICTED&TRUSTED Uid: 10271] ]
06-17 11:01:31.813 1257 1270 D ActivityManager: package com.samsung.android.app.sharelive, user - 0 is SDcard whitelisted
06-17 11:01:31.813 1257 1466 D ConnectivityService: sending new Min Network Score(0): NetworkRequest [ TRACK_DEFAULT id=370, [ Capabilities: INTERNET&NOT_RESTRICTED&TRUSTED Uid: 10271] ]
06-17 11:01:31.830 1257 1270 D ActivityManager: package com.android.settings, user - 0 is SDcard whitelisted
06-17 11:01:31.846 1257 2390 I ActivityManager: DSS OFF for com.android.nfc
06-17 11:01:31.861 1257 1282 I ActivityManager: Start proc 13861:com.samsung.android.app.sharelive/5026 for service {com.samsung.android.app.sharelive/com.samsung.android.app.sharelive.presentation.quickpanel.DeviceVisibilityTileService}
06-17 11:01:31.861 1257 1282 W ActivityManager: Slow operation: 51ms so far, now at startProcess: starting to update pids map
06-17 11:01:31.862 1257 1282 W ActivityManager: Slow operation: 51ms so far, now at startProcess: done updating pids map
06-17 11:01:31.881 1257 1270 D SecContentProvider: called from android.uid.system:1000
06-17 11:01:31.882 1257 1270 D RestrictionPolicy: isPowerOffAllowed : true
06-17 11:01:31.886 1257 1282 W ActivityManager: Slow operation: 57ms so far, now at startProcess: returned from zygote!
06-17 11:01:31.887 1257 1282 W ActivityManager: Slow operation: 58ms so far, now at startProcess: done updating battery stats
06-17 11:01:31.888 1257 1282 W ActivityManager: Slow operation: 59ms so far, now at startProcess: building log message
06-17 11:01:31.888 1257 1282 I ActivityManager: Start proc 13878:com.android.settings:QuickSettingsTile/1000 for service {com.android.settings/com.samsung.android.settings.qstile.SecAccountTiles}
06-17 11:01:31.888 1257 1282 W ActivityManager: Slow operation: 59ms so far, now at startProcess: starting to update pids map
06-17 11:01:31.889 1257 1282 W ActivityManager: Slow operation: 60ms so far, now at startProcess: done updating pids map
06-17 11:01:31.921 1257 3383 D ActivityManager: package com.android.settings, user - 0 is SDcard whitelisted
06-17 11:01:31.928 1257 3383 I ActivityManager: DSS OFF for com.samsung.android.app.sharelive
06-17 11:01:31.957 1257 1435 I ActivityManager: DSS OFF for com.android.settings
06-17 11:01:31.969 1257 1282 I ActivityManager: Start proc 13924:com.android.settings/1000 for service {com.android.settings/com.samsung.android.settings.bluetooth.BluetoothCastTile}
06-17 11:01:31.972 1257 1282 W ActivityManager: Slow operation: 52ms so far, now at startProcess: done updating pids map
06-17 11:01:32.023 1257 2390 I ActivityManager: DSS OFF for com.android.settings
06-17 11:01:32.043 1257 1906 D ActivityManager: package com.samsung.android.kidsinstaller, user - 0 is SDcard whitelisted
06-17 11:01:32.080 1257 1282 I ActivityManager: Start proc 13977:com.samsung.android.kidsinstaller/u0a187 for service {com.samsung.android.kidsinstaller/com.samsung.android.kidsinstaller.quickpanel.service.KidsTileService}
06-17 11:01:32.131 1257 1270 I ActivityManager: DSS OFF for com.samsung.android.kidsinstaller
06-17 11:01:32.137 1257 3387 D CustomFrequencyManagerService: FrequencyrequestList.getNextSchedTuneBoostRequest, index: 1
06-17 11:01:32.256 1257 1435 W UriGrantsManagerService: No content provider found for permission check: content://com.sec.kidsplat.parentalcontrol.provider.v2/setup_wizzard
06-17 11:01:32.343 1257 1270 I Telecom:SamsungTelecomServiceImpl: getUserSelectedOutgoingPhoneAccount - callingPackage : com.samsung.android.app.telephonyui
06-17 11:01:32.344 1257 1270 I Telecom:SamsungTelecomServiceImpl: getPhoneAccount - PhoneAccountHandle : ComponentInfo{com.android.phone/com.android.services.telephony.TelephonyConnectionService}, ***, UserHandle{0} / callingPid : 24305 / processName : sts
06-17 11:01:32.355 1257 1435 I Telecom:SamsungTelecomServiceImpl: getCallCapablePhoneAccounts - includeDisabledAccounts : false / callingPackage : com.samsung.android.app.telephonyui
06-17 11:01:32.357 1257 1435 I Telecom:SamsungTelecomServiceImpl: getPhoneAccount - PhoneAccountHandle : ComponentInfo{com.android.phone/com.android.services.telephony.TelephonyConnectionService}, ***, UserHandle{0} / callingPid : 24305 / processName : sts
06-17 11:01:32.360 1257 1435 I Telecom:SamsungTelecomServiceImpl: getUserSelectedOutgoingPhoneAccount - callingPackage : com.samsung.android.app.telephonyui
06-17 11:01:32.362 1257 1435 I Telecom:SamsungTelecomServiceImpl: getPhoneAccount - PhoneAccountHandle : ComponentInfo{com.android.phone/com.android.services.telephony.TelephonyConnectionService}, ***, UserHandle{0} / callingPid : 24305 / processName : sts
06-17 11:01:32.375 1257 3387 I Telecom:SamsungTelecomServiceImpl: getCallCapablePhoneAccounts - includeDisabledAccounts : false / callingPackage : com.samsung.android.app.telephonyui
06-17 11:01:32.376 1257 1435 I Telecom:SamsungTelecomServiceImpl: getPhoneAccount - PhoneAccountHandle : ComponentInfo{com.android.phone/com.android.services.telephony.TelephonyConnectionService}, ***, UserHandle{0} / callingPid : 24305 / processName : sts
06-17 11:01:32.386 1257 1435 I Telecom:SamsungTelecomServiceImpl: getUserSelectedOutgoingPhoneAccount - callingPackage : com.samsung.android.app.telephonyui
06-17 11:01:32.387 1257 1435 I Telecom:SamsungTelecomServiceImpl: getPhoneAccount - PhoneAccountHandle : ComponentInfo{com.android.phone/com.android.services.telephony.TelephonyConnectionService}, ***, UserHandle{0} / callingPid : 24305 / processName : sts
06-17 11:01:32.398 1257 3387 I Telecom:SamsungTelecomServiceImpl: getCallCapablePhoneAccounts - includeDisabledAccounts : false / callingPackage : com.samsung.android.app.telephonyui
06-17 11:01:32.399 1257 1435 I Telecom:SamsungTelecomServiceImpl: getPhoneAccount - PhoneAccountHandle : ComponentInfo{com.android.phone/com.android.services.telephony.TelephonyConnectionService}, ***, UserHandle{0} / callingPid : 24305 / processName : sts
06-17 11:01:32.402 1257 1435 I Telecom:SamsungTelecomServiceImpl: getUserSelectedOutgoingPhoneAccount - callingPackage : com.samsung.android.app.telephonyui
06-17 11:01:32.404 1257 1435 I Telecom:SamsungTelecomServiceImpl: getPhoneAccount - PhoneAccountHandle : ComponentInfo{com.android.phone/com.android.services.telephony.TelephonyConnectionService}, ***, UserHandle{0} / callingPid : 24305 / processName : sts
06-17 11:01:32.415 1257 3387 I Telecom:SamsungTelecomServiceImpl: getCallCapablePhoneAccounts - includeDisabledAccounts : false / callingPackage : com.samsung.android.app.telephonyui
06-17 11:01:32.416 1257 1435 I Telecom:SamsungTelecomServiceImpl: getPhoneAccount - PhoneAccountHandle : ComponentInfo{com.android.phone/com.android.services.telephony.TelephonyConnectionService}, ***, UserHandle{0} / callingPid : 24305 / processName : sts
06-17 11:01:32.429 1257 1270 I Telecom:SamsungTelecomServiceImpl: getUserSelectedOutgoingPhoneAccount - callingPackage : com.samsung.android.app.telephonyui
06-17 11:01:32.430 1257 1270 I Telecom:SamsungTelecomServiceImpl: getPhoneAccount - PhoneAccountHandle : ComponentInfo{com.android.phone/com.android.services.telephony.TelephonyConnectionService}, ***, UserHandle{0} / callingPid : 24305 / processName : sts
06-17 11:01:32.439 1257 1270 D ActivityManager: package com.samsung.android.mdx.kit, user - 0 is SDcard whitelisted
06-17 11:01:32.439 1257 1270 W ActivityManager: wait for provider publish: waiters=1 callerApp=ProcessRecord{2720c1a 13861:com.samsung.android.app.sharelive/5026} cpr=ContentProviderRecord{5b434b u0 com.samsung.android.mdx.kit/.provider.CapabilityContentProvider}
06-17 11:01:32.445 1257 5066 I Telecom:SamsungTelecomServiceImpl: getCallCapablePhoneAccounts - includeDisabledAccounts : false / callingPackage : com.samsung.android.app.telephonyui
06-17 11:01:32.448 1257 1435 I Telecom:SamsungTelecomServiceImpl: getPhoneAccount - PhoneAccountHandle : ComponentInfo{com.android.phone/com.android.services.telephony.TelephonyConnectionService}, ***, UserHandle{0} / callingPid : 24305 / processName : sts
06-17 11:01:32.478 1257 1282 I ActivityManager: Start proc 14044:com.samsung.android.mdx.kit/5025 for content provider {com.samsung.android.mdx.kit/com.samsung.android.mdx.kit.provider.CapabilityContentProvider}
06-17 11:01:32.500 1257 3387 I ActivityManager: DSS OFF for com.samsung.android.mdx.kit
06-17 11:01:32.573 1257 1435 D ConnectivityService: listenForNetwork for uid/pid:10271/13729 NetworkRequest [ LISTEN id=371, [ Capabilities: INTERNET&NOT_RESTRICTED&TRUSTED&NOT_VPN Uid: 10271] ]
06-17 11:01:32.605 1257 1257 D CustomFrequencyManagerService: acquireDVFSLockLocked : type : DVFS_MIN_LIMIT frequency : 1295000 uid : 1000 pid : 1257 pkgName : LISTVIEW_SCROLL@CPU_MIN@52
06-17 11:01:32.612 1257 1435 D SettingsProvider: isChangeAllowed() : name = pref_dynamic_plugin_version
06-17 11:01:32.612 1257 1435 D SettingsProvider: edmUri: content://com.sec.knox.provider/RestrictionPolicy3
06-17 11:01:32.612 1257 1435 D SettingsProvider: projectionArgs: isSettingsChangesAllowed
06-17 11:01:32.612 1257 1435 D SettingsProvider: selectionArgs: false
06-17 11:01:32.612 1257 1435 D SettingsProvider: selectionArgs: 10054
06-17 11:01:32.613 1257 1435 D SecContentProvider: called from android.uid.systemui:10054
06-17 11:01:32.613 1257 1435 D RestrictionPolicy: isSettingsChangesAllowedAsUser, userId 0 : true
06-17 11:01:32.614 1257 1435 D SettingsProvider: ret = 1
06-17 11:01:32.615 1257 5066 D SettingsProvider: isChangeAllowed() : name = pref_dynamic_plugin_connected
06-17 11:01:32.615 1257 5066 D SettingsProvider: edmUri: content://com.sec.knox.provider/RestrictionPolicy3
06-17 11:01:32.615 1257 5066 D SettingsProvider: projectionArgs: isSettingsChangesAllowed
06-17 11:01:32.615 1257 5066 D SettingsProvider: selectionArgs: false
06-17 11:01:32.615 1257 5066 D SettingsProvider: selectionArgs: 10054
06-17 11:01:32.615 1257 5066 D SecContentProvider: called from android.uid.systemui:10054
06-17 11:01:32.616 1257 5066 D RestrictionPolicy: isSettingsChangesAllowedAsUser, userId 0 : true
06-17 11:01:32.616 1257 5066 D SettingsProvider: ret = 1
06-17 11:01:32.644 1257 5066 D ActivityManager: package com.facebook.services, user - 0 is SDcard whitelisted
06-17 11:01:32.673 1257 1282 I ActivityManager: Start proc 14088:com.facebook.services/u0a73 for service {com.facebook.services/com.facebook.oxygen.services.fbns.PreloadedFbnsService}
06-17 11:01:32.710 1257 1435 I ActivityManager: DSS OFF for com.facebook.services
06-17 11:01:32.760 1257 3383 D SettingsProvider: isChangeAllowed() : name = quickshare_enabled
06-17 11:01:32.760 1257 3383 D SettingsProvider: edmUri: content://com.sec.knox.provider/RestrictionPolicy3
06-17 11:01:32.760 1257 3383 D SettingsProvider: projectionArgs: isSettingsChangesAllowed
06-17 11:01:32.760 1257 3383 D SettingsProvider: selectionArgs: false
06-17 11:01:32.760 1257 3383 D SettingsProvider: selectionArgs: 5026
06-17 11:01:32.761 1257 3383 D SecContentProvider: called from android.uid.sharelive:5026
06-17 11:01:32.761 1257 3383 D RestrictionPolicy: isSettingsChangesAllowedAsUser, userId 0 : true
06-17 11:01:32.761 1257 3383 D SettingsProvider: ret = 1
06-17 11:01:32.766 1257 1435 D SettingsProvider: isChangeAllowed() : name = pref_allowed_number_sgg
06-17 11:01:32.767 1257 1435 D SettingsProvider: edmUri: content://com.sec.knox.provider/RestrictionPolicy3
06-17 11:01:32.767 1257 1435 D SettingsProvider: projectionArgs: isSettingsChangesAllowed
06-17 11:01:32.767 1257 1435 D SettingsProvider: selectionArgs: false
06-17 11:01:32.767 1257 1435 D SettingsProvider: selectionArgs: 10054
06-17 11:01:32.768 1257 1435 D SecContentProvider: called from android.uid.systemui:10054
06-17 11:01:32.772 1257 1435 D RestrictionPolicy: isSettingsChangesAllowedAsUser, userId 0 : true
06-17 11:01:32.772 1257 1435 D SettingsProvider: ret = 1
06-17 11:01:32.776 1257 1435 D SettingsProvider: isChangeAllowed() : name = plugin_lock_event_dump
06-17 11:01:32.776 1257 1435 D SettingsProvider: edmUri: content://com.sec.knox.provider/RestrictionPolicy3
06-17 11:01:32.776 1257 1435 D SettingsProvider: projectionArgs: isSettingsChangesAllowed
06-17 11:01:32.776 1257 1435 D SettingsProvider: selectionArgs: false
06-17 11:01:32.776 1257 1435 D SettingsProvider: selectionArgs: 10054
06-17 11:01:32.776 1257 1435 D SecContentProvider: called from android.uid.systemui:10054
06-17 11:01:32.777 1257 1435 D RestrictionPolicy: isSettingsChangesAllowedAsUser, userId 0 : true
06-17 11:01:32.777 1257 1435 D SettingsProvider: ret = 1
06-17 11:01:32.779 1257 3387 D SettingsProvider: isChangeAllowed() : name = pref_dynamic_allowed_number
06-17 11:01:32.779 1257 3387 D SettingsProvider: edmUri: content://com.sec.knox.provider/RestrictionPolicy3
06-17 11:01:32.779 1257 3387 D SettingsProvider: projectionArgs: isSettingsChangesAllowed
06-17 11:01:32.779 1257 3387 D SettingsProvider: selectionArgs: false
06-17 11:01:32.779 1257 3387 D SettingsProvider: selectionArgs: 10054
06-17 11:01:32.779 1257 3387 D SecContentProvider: called from android.uid.systemui:10054
06-17 11:01:32.779 1257 3387 D RestrictionPolicy: isSettingsChangesAllowedAsUser, userId 0 : true
06-17 11:01:32.780 1257 3387 D SettingsProvider: ret = 1
06-17 11:01:32.780 1257 1257 V SettingsProvider: Notifying for 0: content://settings/secure/plugin_lock_event_dump
06-17 11:01:32.781 1257 3387 D SettingsProvider: isChangeAllowed() : name = pref_dynamic_plugin_version
06-17 11:01:32.781 1257 3387 D SettingsProvider: edmUri: content://com.sec.knox.provider/RestrictionPolicy3
06-17 11:01:32.781 1257 3387 D SettingsProvider: projectionArgs: isSettingsChangesAllowed
06-17 11:01:32.781 1257 3387 D SettingsProvider: selectionArgs: false
06-17 11:01:32.781 1257 3387 D SettingsProvider: selectionArgs: 10054
06-17 11:01:32.781 1257 3387 D SecContentProvider: called from android.uid.systemui:10054
06-17 11:01:32.781 1257 3387 D RestrictionPolicy: isSettingsChangesAllowedAsUser, userId 0 : true
06-17 11:01:32.781 1257 3387 D SettingsProvider: ret = 1
06-17 11:01:32.781 1257 1257 V SettingsProvider: Notifying for 0: content://settings/secure/pref_dynamic_allowed_number
06-17 11:01:32.782 1257 1906 D SettingsProvider: isChangeAllowed() : name = pref_dynamic_plugin_connected
06-17 11:01:32.782 1257 1906 D SettingsProvider: edmUri: content://com.sec.knox.provider/RestrictionPolicy3
06-17 11:01:32.782 1257 1906 D SettingsProvider: projectionArgs: isSettingsChangesAllowed
06-17 11:01:32.782 1257 1906 D SettingsProvider: selectionArgs: false
06-17 11:01:32.782 1257 1906 D SettingsProvider: selectionArgs: 10054
06-17 11:01:32.786 1257 1906 D SecContentProvider: called from android.uid.systemui:10054
06-17 11:01:32.788 1257 1906 D RestrictionPolicy: isSettingsChangesAllowedAsUser, userId 0 : true
06-17 11:01:32.788 1257 1906 D SettingsProvider: ret = 1
06-17 11:01:32.834 1257 1435 D SettingsProvider: isChangeAllowed() : name = plugin_lock_event_dump
06-17 11:01:32.834 1257 1435 D SettingsProvider: edmUri: content://com.sec.knox.provider/RestrictionPolicy3
06-17 11:01:32.834 1257 1435 D SettingsProvider: projectionArgs: isSettingsChangesAllowed
06-17 11:01:32.834 1257 1435 D SettingsProvider: selectionArgs: false
06-17 11:01:32.834 1257 1435 D SettingsProvider: selectionArgs: 10054
06-17 11:01:32.835 1257 1435 D SecContentProvider: called from android.uid.systemui:10054
06-17 11:01:32.835 1257 1435 D RestrictionPolicy: isSettingsChangesAllowedAsUser, userId 0 : true
06-17 11:01:32.835 1257 1435 D SettingsProvider: ret = 1
06-17 11:01:32.837 1257 1257 V SettingsProvider: Notifying for 0: content://settings/secure/plugin_lock_event_dump
06-17 11:01:32.838 1257 2390 D SettingsProvider: isChangeAllowed() : name = pref_dynamic_plugin_version
06-17 11:01:32.839 1257 2390 D SettingsProvider: edmUri: content://com.sec.knox.provider/RestrictionPolicy3
06-17 11:01:32.839 1257 2390 D SettingsProvider: projectionArgs: isSettingsChangesAllowed
06-17 11:01:32.839 1257 2390 D SettingsProvider: selectionArgs: false
06-17 11:01:32.839 1257 2390 D SettingsProvider: selectionArgs: 10054
06-17 11:01:32.839 1257 2390 D SecContentProvider: called from android.uid.systemui:10054
06-17 11:01:32.840 1257 2390 D RestrictionPolicy: isSettingsChangesAllowedAsUser, userId 0 : true
06-17 11:01:32.840 1257 2390 D SettingsProvider: ret = 1
06-17 11:01:32.841 1257 5066 D SettingsProvider: isChangeAllowed() : name = pref_dynamic_plugin_connected
06-17 11:01:32.841 1257 5066 D SettingsProvider: edmUri: content://com.sec.knox.provider/RestrictionPolicy3
