06-17 11:00:10.493 1257 2550 D WindowManager: makeSurface duration=2 name=NavigationBar0$_6506
06-17 11:00:10.643 1257 1614 I Telecom:SamsungTelecomServiceImpl: isInCall - callingPackage : com.android.systemui
06-17 11:00:10.646 1257 4992 I Telecom:SamsungTelecomServiceImpl: isInCall - callingPackage : com.android.systemui
06-17 11:00:10.691 1257 1614 D WindowManager: makeSurface duration=3 name=StatusBar$_6506
06-17 11:00:10.732 1257 1276 I WindowManager: Reparenting to leash, surface=Surface(name=163105c StatusBar)/@0xfa898a9
06-17 11:00:10.734 1257 1276 D WindowManager: makeSurface duration=1 leash=Surface(name=Surface(name=163105c StatusBar)/@0xfa898a9 - animation-leash)/@0x8ca5dcf
06-17 11:00:10.741 1257 1276 I WindowManager: Reparenting to leash, surface=Surface(name=51ebb0f NavigationBar0)/@0x53907eb
06-17 11:00:10.742 1257 1276 D WindowManager: makeSurface duration=1 leash=Surface(name=Surface(name=51ebb0f NavigationBar0)/@0x53907eb - animation-leash)/@0x4742948
06-17 11:00:10.753 1257 4992 D CustomFrequencyManagerService: FrequencyrequestList.getNextSchedTuneBoostRequest, index: 2
06-17 11:00:10.760 1257 2550 D CustomFrequencyManagerService: FrequencyrequestList.getNextSchedTuneBoostRequest, index: 2
06-17 11:00:10.828 1257 4992 D SettingsProvider: isChangeAllowed() : name = quickstar_coloring_notification_switch
06-17 11:00:10.828 1257 4992 D SettingsProvider: edmUri: content://com.sec.knox.provider/RestrictionPolicy3
06-17 11:00:10.828 1257 4992 D SettingsProvider: projectionArgs: isSettingsChangesAllowed
06-17 11:00:10.828 1257 4992 D SettingsProvider: selectionArgs: false
06-17 11:00:10.828 1257 4992 D SettingsProvider: selectionArgs: 10054
06-17 11:00:10.829 1257 4992 D SecContentProvider: called from android.uid.systemui:10054
06-17 11:00:10.829 1257 4992 D RestrictionPolicy: isSettingsChangesAllowedAsUser, userId 0 : true
06-17 11:00:10.829 1257 4992 D SettingsProvider: ret = 1
06-17 11:00:10.837 1257 1614 D SettingsProvider: isChangeAllowed() : name = aod_lock_share_page_key_order
06-17 11:00:10.837 1257 1614 D SettingsProvider: edmUri: content://com.sec.knox.provider/RestrictionPolicy3
06-17 11:00:10.837 1257 1614 D SettingsProvider: projectionArgs: isSettingsChangesAllowed
06-17 11:00:10.837 1257 1614 D SettingsProvider: selectionArgs: false
06-17 11:00:10.837 1257 1614 D SettingsProvider: selectionArgs: 10054
06-17 11:00:10.838 1257 1614 D SecContentProvider: called from android.uid.systemui:10054
06-17 11:00:10.838 1257 1614 D RestrictionPolicy: isSettingsChangesAllowedAsUser, userId 0 : true
06-17 11:00:10.838 1257 1614 D SettingsProvider: ret = 1
06-17 11:00:10.974 1257 3355 D SettingsProvider: isChangeAllowed() : name = sysui_qqs_count
06-17 11:00:10.974 1257 3355 D SettingsProvider: edmUri: content://com.sec.knox.provider/RestrictionPolicy3
06-17 11:00:10.974 1257 3355 D SettingsProvider: projectionArgs: isSettingsChangesAllowed
06-17 11:00:10.974 1257 3355 D SettingsProvider: selectionArgs: false
06-17 11:00:10.974 1257 3355 D SettingsProvider: selectionArgs: 10054
06-17 11:00:10.975 1257 3355 D SecContentProvider: called from android.uid.systemui:10054
06-17 11:00:10.975 1257 3355 D RestrictionPolicy: isSettingsChangesAllowedAsUser, userId 0 : true
06-17 11:00:10.975 1257 3355 D SettingsProvider: ret = 1
06-17 11:00:10.999 1257 1276 I WindowManager: Reparenting to original parent: Surface(name=WindowToken{30d8ecf android.os.BinderProxy@a2221a9})/@0x82d2d42, destroyLeash=true, surface=Surface(name=163105c StatusBar)/@0xfa898a9
06-17 11:00:11.000 1257 1276 I WindowManager: Reparenting to original parent: Surface(name=WindowToken{725386e android.os.BinderProxy@afe7470})/@0x3615a90, destroyLeash=true, surface=Surface(name=51ebb0f NavigationBar0)/@0x53907eb
06-17 11:00:11.008 1257 4992 D SettingsProvider: isChangeAllowed() : name = qs_detail_content_primary_text_color
06-17 11:00:11.008 1257 4992 D SettingsProvider: edmUri: content://com.sec.knox.provider/RestrictionPolicy3
06-17 11:00:11.008 1257 4992 D SettingsProvider: projectionArgs: isSettingsChangesAllowed
06-17 11:00:11.008 1257 4992 D SettingsProvider: selectionArgs: false
06-17 11:00:11.008 1257 4992 D SettingsProvider: selectionArgs: 10054
06-17 11:00:11.009 1257 4992 D SecContentProvider: called from android.uid.systemui:10054
06-17 11:00:11.009 1257 4992 D RestrictionPolicy: isSettingsChangesAllowedAsUser, userId 0 : true
06-17 11:00:11.009 1257 4992 D SettingsProvider: ret = 1
06-17 11:00:11.011 1257 3355 D SettingsProvider: isChangeAllowed() : name = qs_detail_content_secondary_text_color
06-17 11:00:11.011 1257 3355 D SettingsProvider: edmUri: content://com.sec.knox.provider/RestrictionPolicy3
06-17 11:00:11.011 1257 3355 D SettingsProvider: projectionArgs: isSettingsChangesAllowed
06-17 11:00:11.011 1257 3355 D SettingsProvider: selectionArgs: false
06-17 11:00:11.011 1257 3355 D SettingsProvider: selectionArgs: 10054
06-17 11:00:11.012 1257 3355 D SecContentProvider: called from android.uid.systemui:10054
06-17 11:00:11.012 1257 3355 D RestrictionPolicy: isSettingsChangesAllowedAsUser, userId 0 : true
06-17 11:00:11.012 1257 3355 D SettingsProvider: ret = 1
06-17 11:00:11.018 1257 4992 D SettingsProvider: isChangeAllowed() : name = qs_detail_content_primary_text_color
06-17 11:00:11.018 1257 4992 D SettingsProvider: edmUri: content://com.sec.knox.provider/RestrictionPolicy3
06-17 11:00:11.018 1257 4992 D SettingsProvider: projectionArgs: isSettingsChangesAllowed
06-17 11:00:11.018 1257 4992 D SettingsProvider: selectionArgs: false
06-17 11:00:11.018 1257 4992 D SettingsProvider: selectionArgs: 10054
06-17 11:00:11.018 1257 4992 D SecContentProvider: called from android.uid.systemui:10054
06-17 11:00:11.019 1257 4992 D RestrictionPolicy: isSettingsChangesAllowedAsUser, userId 0 : true
06-17 11:00:11.019 1257 4992 D SettingsProvider: ret = 1
06-17 11:00:11.020 1257 4992 D SettingsProvider: isChangeAllowed() : name = qs_detail_content_secondary_text_color
06-17 11:00:11.020 1257 4992 D SettingsProvider: edmUri: content://com.sec.knox.provider/RestrictionPolicy3
06-17 11:00:11.020 1257 4992 D SettingsProvider: projectionArgs: isSettingsChangesAllowed
06-17 11:00:11.021 1257 4992 D SettingsProvider: selectionArgs: false
06-17 11:00:11.021 1257 4992 D SettingsProvider: selectionArgs: 10054
06-17 11:00:11.021 1257 4992 D SecContentProvider: called from android.uid.systemui:10054
06-17 11:00:11.021 1257 4992 D RestrictionPolicy: isSettingsChangesAllowedAsUser, userId 0 : true
06-17 11:00:11.021 1257 4992 D SettingsProvider: ret = 1
06-17 11:00:11.079 1257 1614 I Telecom:SamsungTelecomServiceImpl: getUserSelectedOutgoingPhoneAccount - callingPackage : com.samsung.android.app.telephonyui
06-17 11:00:11.080 1257 1614 I Telecom:SamsungTelecomServiceImpl: getPhoneAccount - PhoneAccountHandle : ComponentInfo{com.android.phone/com.android.services.telephony.TelephonyConnectionService}, ***, UserHandle{0} / callingPid : 24305 / processName : sts
06-17 11:00:11.093 1257 4992 I Telecom:SamsungTelecomServiceImpl: getCallCapablePhoneAccounts - includeDisabledAccounts : false / callingPackage : com.samsung.android.app.telephonyui
06-17 11:00:11.095 1257 3355 I Telecom:SamsungTelecomServiceImpl: getPhoneAccount - PhoneAccountHandle : ComponentInfo{com.android.phone/com.android.services.telephony.TelephonyConnectionService}, ***, UserHandle{0} / callingPid : 24305 / processName : sts
06-17 11:00:11.099 1257 4992 I Telecom:SamsungTelecomServiceImpl: getUserSelectedOutgoingPhoneAccount - callingPackage : com.samsung.android.app.telephonyui
06-17 11:00:11.100 1257 3355 I Telecom:SamsungTelecomServiceImpl: getPhoneAccount - PhoneAccountHandle : ComponentInfo{com.android.phone/com.android.services.telephony.TelephonyConnectionService}, ***, UserHandle{0} / callingPid : 24305 / processName : sts
06-17 11:00:11.109 2568 2568 D io_stats: !@ 179,0 r 1013724 22731133 w 22764 493640 d 13909 318228 f 21637 26827 iot 227688 232459 th 51200 0 0 pt 0 inp 0 0 347.454
06-17 11:00:11.113 1257 4992 I Telecom:SamsungTelecomServiceImpl: getCallCapablePhoneAccounts - includeDisabledAccounts : false / callingPackage : com.samsung.android.app.telephonyui
06-17 11:00:11.115 1257 3355 I Telecom:SamsungTelecomServiceImpl: getPhoneAccount - PhoneAccountHandle : ComponentInfo{com.android.phone/com.android.services.telephony.TelephonyConnectionService}, ***, UserHandle{0} / callingPid : 24305 / processName : sts
06-17 11:00:11.145 1257 1281 W BroadcastQueue: Skipping deliver [background] BroadcastRecord{a02c084 u-1 android.intent.action.ACTION_DEFAULT_DATA_SUBSCRIPTION_CHANGED} to ReceiverList{a439d16 6506 com.android.systemui/10054/u0 remote:33dd231}: filter unregistered
06-17 11:00:11.512 1257 1614 I Telecom:SamsungTelecomServiceImpl: getCallState - callingPid : 6506 / processName : sts
06-17 11:00:11.513 1257 3355 I ActivityManager: Killing 5866:com.sec.android.widgetapp.easymodecontactswidget/u0a185 (adj 999): empty #25
06-17 11:00:11.529 1257 1257 D CustomFrequencyManagerService: releaseDVFSLockLocked : Getting Lock type frm List : DVFS_MIN_LIMIT frequency : 1295000 uid : 1000 pid : 1257 tag : LISTVIEW_SCROLL@CPU_MIN@52
06-17 11:00:11.594 1257 1614 D WindowManager: makeSurface duration=3 name=com.android.systemui.ImageWallpaper$_6506
06-17 11:00:11.607 1257 1276 V WindowManager: performShow on Window{66d1bd4 u0 com.android.systemui.ImageWallpaper}: mDrawState=READY_TO_SHOW readyForDisplay=false starting=false during animation: policyVis=true parentHidden=false tok.hiddenRequested=false tok.hidden=false animating=false tok animating=false Callers=com.android.server.wm.WindowState.performShowLocked:4719 com.android.server.wm.WindowStateAnimator.commitFinishDrawingLocked:401 com.android.server.wm.DisplayContent.lambda$new$8$DisplayContent:990 com.android.server.wm.-$$Lambda$DisplayContent$qxt4izS31fb0LF2uo_OF9DMa7gc.accept:4
06-17 11:00:11.618 1257 1276 V WindowManager: performShow on Window{66d1bd4 u0 com.android.systemui.ImageWallpaper}: mDrawState=READY_TO_SHOW readyForDisplay=false starting=false during animation: policyVis=true parentHidden=false tok.hiddenRequested=false tok.hidden=false animating=false tok animating=false Callers=com.android.server.wm.WindowState.performShowLocked:4719 com.android.server.wm.DisplayContent.lambda$new$0$DisplayContent:680 com.android.server.wm.-$$Lambda$DisplayContent$0yxrqH9eGY2qTjH1u_BvaVrXCSA.accept:4 com.android.server.wm.WindowContainer$ForAllWindowsConsumerWrapper.apply:1184
06-17 11:00:11.632 1257 1257 D EdgeLightingManager: isCallingUserSupported : callingUserId=-1, mUserId=0, isDualAppId=false
06-17 11:00:11.638 1257 1257 D SmartAlertController: SmartAlert - Found Missed Event
06-17 11:00:11.639 1257 6917 D SmartAlertController: SmartAlert - already registered or Setting disabled
06-17 11:00:11.744 1257 1614 D ActivityManager: package com.samsung.android.smartmirroring, user - 0 is SDcard whitelisted
06-17 11:00:11.761 1257 3355 D SettingsProvider: isChangeAllowed() : name = hide_rotation_lock_toggle_for_accessibility
06-17 11:00:11.761 1257 3355 D SettingsProvider: edmUri: content://com.sec.knox.provider/RestrictionPolicy3
06-17 11:00:11.761 1257 3355 D SettingsProvider: projectionArgs: isSettingsChangesAllowed
06-17 11:00:11.761 1257 3355 D SettingsProvider: selectionArgs: false
06-17 11:00:11.761 1257 3355 D SettingsProvider: selectionArgs: 10054
06-17 11:00:11.762 1257 3355 D SecContentProvider: called from android.uid.systemui:10054
06-17 11:00:11.762 1257 3355 D RestrictionPolicy: isSettingsChangesAllowedAsUser, userId 0 : true
06-17 11:00:11.762 1257 3355 D SettingsProvider: ret = 1
06-17 11:00:11.765 1257 1282 I ActivityManager: Start proc 6929:com.samsung.android.smartmirroring/u0a152 for service {com.samsung.android.smartmirroring/com.samsung.android.smartmirroring.tile.SmartMirroringTile}
06-17 11:00:11.811 1257 3470 I ActivityManager: DSS OFF for com.samsung.android.smartmirroring
06-17 11:00:11.833 1257 4992 V WindowManager: performShow on Window{66d1bd4 u0 com.android.systemui.ImageWallpaper}: mDrawState=READY_TO_SHOW readyForDisplay=false starting=false during animation: policyVis=true parentHidden=false tok.hiddenRequested=false tok.hidden=false animating=false tok animating=false Callers=com.android.server.wm.WindowState.performShowLocked:4719 com.android.server.wm.WindowStateAnimator.commitFinishDrawingLocked:401 com.android.server.wm.DisplayContent.lambda$new$8$DisplayContent:990 com.android.server.wm.-$$Lambda$DisplayContent$qxt4izS31fb0LF2uo_OF9DMa7gc.accept:4
06-17 11:00:11.853 1257 1276 V WindowManager: performShow on Window{66d1bd4 u0 com.android.systemui.ImageWallpaper}: mDrawState=READY_TO_SHOW readyForDisplay=false starting=false during animation: policyVis=true parentHidden=false tok.hiddenRequested=false tok.hidden=false animating=false tok animating=false Callers=com.android.server.wm.WindowState.performShowLocked:4719 com.android.server.wm.DisplayContent.lambda$new$0$DisplayContent:680 com.android.server.wm.-$$Lambda$DisplayContent$0yxrqH9eGY2qTjH1u_BvaVrXCSA.accept:4 com.android.server.wm.WindowContainer$ForAllWindowsConsumerWrapper.apply:1184
06-17 11:00:11.876 1257 1614 W UriGrantsManagerService: No content provider found for permission check: content://com.sec.kidsplat.parentalcontrol.provider.v2/setup_wizzard
06-17 11:00:11.931 1257 1614 V WifiDisplayAdapter: getWifiDisplayStatusLocked: result=WifiDisplayStatus{featureState=0, scanState=0, activeDisplayState=0, activeDisplay=null, displays=[], sessionInfo=WifiDisplaySessionInfo:
06-17 11:00:11.931 1257 1614 V WifiDisplayAdapter: Client/Owner: Client
06-17 11:00:11.931 1257 1614 V WifiDisplayAdapter: GroupId:
06-17 11:00:11.931 1257 1614 V WifiDisplayAdapter: Passphrase:
06-17 11:00:11.931 1257 1614 V WifiDisplayAdapter: SessionId: 0
06-17 11:00:11.931 1257 1614 V WifiDisplayAdapter: IP Address: , connectedState=-1}
06-17 11:00:12.258 1257 3378 D CustomFrequencyManagerService: FrequencyrequestList.getNextSchedTuneBoostRequest, index: 1
06-17 11:00:12.305 1257 3378 I Telecom:SamsungTelecomServiceImpl: getUserSelectedOutgoingPhoneAccount - callingPackage : com.samsung.android.app.telephonyui
06-17 11:00:12.307 1257 3378 I Telecom:SamsungTelecomServiceImpl: getPhoneAccount - PhoneAccountHandle : ComponentInfo{com.android.phone/com.android.services.telephony.TelephonyConnectionService}, ***, UserHandle{0} / callingPid : 24305 / processName : sts
06-17 11:00:12.320 1257 3378 I Telecom:SamsungTelecomServiceImpl: getCallCapablePhoneAccounts - includeDisabledAccounts : false / callingPackage : com.samsung.android.app.telephonyui
06-17 11:00:12.321 1257 3355 I Telecom:SamsungTelecomServiceImpl: getPhoneAccount - PhoneAccountHandle : ComponentInfo{com.android.phone/com.android.services.telephony.TelephonyConnectionService}, ***, UserHandle{0} / callingPid : 24305 / processName : sts
06-17 11:00:12.326 1257 1614 I Telecom:SamsungTelecomServiceImpl: getUserSelectedOutgoingPhoneAccount - callingPackage : com.samsung.android.app.telephonyui
06-17 11:00:12.328 1257 3378 I Telecom:SamsungTelecomServiceImpl: getPhoneAccount - PhoneAccountHandle : ComponentInfo{com.android.phone/com.android.services.telephony.TelephonyConnectionService}, ***, UserHandle{0} / callingPid : 24305 / processName : sts
06-17 11:00:12.342 1257 1614 I Telecom:SamsungTelecomServiceImpl: getCallCapablePhoneAccounts - includeDisabledAccounts : false / callingPackage : com.samsung.android.app.telephonyui
06-17 11:00:12.344 1257 1614 I Telecom:SamsungTelecomServiceImpl: getPhoneAccount - PhoneAccountHandle : ComponentInfo{com.android.phone/com.android.services.telephony.TelephonyConnectionService}, ***, UserHandle{0} / callingPid : 24305 / processName : sts
06-17 11:00:12.355 1257 3378 I Telecom:SamsungTelecomServiceImpl: getUserSelectedOutgoingPhoneAccount - callingPackage : com.samsung.android.app.telephonyui
06-17 11:00:12.357 1257 3378 I Telecom:SamsungTelecomServiceImpl: getPhoneAccount - PhoneAccountHandle : ComponentInfo{com.android.phone/com.android.services.telephony.TelephonyConnectionService}, ***, UserHandle{0} / callingPid : 24305 / processName : sts
06-17 11:00:12.371 1257 3378 I Telecom:SamsungTelecomServiceImpl: getCallCapablePhoneAccounts - includeDisabledAccounts : false / callingPackage : com.samsung.android.app.telephonyui
06-17 11:00:12.373 1257 3378 I Telecom:SamsungTelecomServiceImpl: getPhoneAccount - PhoneAccountHandle : ComponentInfo{com.android.phone/com.android.services.telephony.TelephonyConnectionService}, ***, UserHandle{0} / callingPid : 24305 / processName : sts
06-17 11:00:12.378 1257 3378 I Telecom:SamsungTelecomServiceImpl: getUserSelectedOutgoingPhoneAccount - callingPackage : com.samsung.android.app.telephonyui
06-17 11:00:12.379 1257 3378 I Telecom:SamsungTelecomServiceImpl: getPhoneAccount - PhoneAccountHandle : ComponentInfo{com.android.phone/com.android.services.telephony.TelephonyConnectionService}, ***, UserHandle{0} / callingPid : 24305 / processName : sts
06-17 11:00:12.391 1257 3378 I Telecom:SamsungTelecomServiceImpl: getCallCapablePhoneAccounts - includeDisabledAccounts : false / callingPackage : com.samsung.android.app.telephonyui
06-17 11:00:12.393 1257 3378 I Telecom:SamsungTelecomServiceImpl: getPhoneAccount - PhoneAccountHandle : ComponentInfo{com.android.phone/com.android.services.telephony.TelephonyConnectionService}, ***, UserHandle{0} / callingPid : 24305 / processName : sts
06-17 11:00:12.405 1257 3378 I Telecom:SamsungTelecomServiceImpl: getUserSelectedOutgoingPhoneAccount - callingPackage : com.samsung.android.app.telephonyui
06-17 11:00:12.407 1257 3378 I Telecom:SamsungTelecomServiceImpl: getPhoneAccount - PhoneAccountHandle : ComponentInfo{com.android.phone/com.android.services.telephony.TelephonyConnectionService}, ***, UserHandle{0} / callingPid : 24305 / processName : sts
06-17 11:00:12.419 1257 3378 I Telecom:SamsungTelecomServiceImpl: getCallCapablePhoneAccounts - includeDisabledAccounts : false / callingPackage : com.samsung.android.app.telephonyui
06-17 11:00:12.421 1257 3378 I Telecom:SamsungTelecomServiceImpl: getPhoneAccount - PhoneAccountHandle : ComponentInfo{com.android.phone/com.android.services.telephony.TelephonyConnectionService}, ***, UserHandle{0} / callingPid : 24305 / processName : sts
06-17 11:00:12.608 1257 3378 D SettingsProvider: isChangeAllowed() : name = pref_dynamic_plugin_version
06-17 11:00:12.608 1257 3378 D SettingsProvider: edmUri: content://com.sec.knox.provider/RestrictionPolicy3
06-17 11:00:12.608 1257 3378 D SettingsProvider: projectionArgs: isSettingsChangesAllowed
06-17 11:00:12.609 1257 3378 D SettingsProvider: selectionArgs: false
06-17 11:00:12.609 1257 3378 D SettingsProvider: selectionArgs: 10054
06-17 11:00:12.609 1257 3378 D SecContentProvider: called from android.uid.systemui:10054
06-17 11:00:12.609 1257 3378 D RestrictionPolicy: isSettingsChangesAllowedAsUser, userId 0 : true
06-17 11:00:12.609 1257 3378 D SettingsProvider: ret = 1
06-17 11:00:12.611 1257 3378 D SettingsProvider: isChangeAllowed() : name = pref_dynamic_plugin_connected
06-17 11:00:12.611 1257 3378 D SettingsProvider: edmUri: content://com.sec.knox.provider/RestrictionPolicy3
06-17 11:00:12.611 1257 3378 D SettingsProvider: projectionArgs: isSettingsChangesAllowed
06-17 11:00:12.611 1257 3378 D SettingsProvider: selectionArgs: false
06-17 11:00:12.611 1257 3378 D SettingsProvider: selectionArgs: 10054
06-17 11:00:12.612 1257 3378 D SecContentProvider: called from android.uid.systemui:10054
06-17 11:00:12.612 1257 3378 D RestrictionPolicy: isSettingsChangesAllowedAsUser, userId 0 : true
06-17 11:00:12.612 1257 3378 D SettingsProvider: ret = 1
06-17 11:00:12.703 1257 3378 D SettingsProvider: isChangeAllowed() : name = pref_allowed_number_sgg
06-17 11:00:12.703 1257 3378 D SettingsProvider: edmUri: content://com.sec.knox.provider/RestrictionPolicy3
06-17 11:00:12.703 1257 3378 D SettingsProvider: projectionArgs: isSettingsChangesAllowed
06-17 11:00:12.703 1257 3378 D SettingsProvider: selectionArgs: false
06-17 11:00:12.703 1257 3378 D SettingsProvider: selectionArgs: 10054
06-17 11:00:12.703 1257 3378 D SecContentProvider: called from android.uid.systemui:10054
06-17 11:00:12.704 1257 3378 D RestrictionPolicy: isSettingsChangesAllowedAsUser, userId 0 : true
06-17 11:00:12.704 1257 3378 D SettingsProvider: ret = 1
06-17 11:00:12.705 1257 3355 D SettingsProvider: isChangeAllowed() : name = pref_dynamic_allowed_number
06-17 11:00:12.705 1257 3355 D SettingsProvider: edmUri: content://com.sec.knox.provider/RestrictionPolicy3
06-17 11:00:12.705 1257 3355 D SettingsProvider: projectionArgs: isSettingsChangesAllowed
06-17 11:00:12.705 1257 3355 D SettingsProvider: selectionArgs: false
06-17 11:00:12.705 1257 3355 D SettingsProvider: selectionArgs: 10054
06-17 11:00:12.706 1257 3355 D SecContentProvider: called from android.uid.systemui:10054
06-17 11:00:12.706 1257 3355 D RestrictionPolicy: isSettingsChangesAllowedAsUser, userId 0 : true
06-17 11:00:12.706 1257 3355 D SettingsProvider: ret = 1
06-17 11:00:12.708 1257 1257 V SettingsProvider: Notifying for 0: content://settings/secure/pref_dynamic_allowed_number
06-17 11:00:12.717 1257 3378 D SettingsProvider: isChangeAllowed() : name = plugin_lock_event_dump
06-17 11:00:12.718 1257 3378 D SettingsProvider: edmUri: content://com.sec.knox.provider/RestrictionPolicy3
06-17 11:00:12.718 1257 3378 D SettingsProvider: projectionArgs: isSettingsChangesAllowed
06-17 11:00:12.718 1257 3378 D SettingsProvider: selectionArgs: false
06-17 11:00:12.718 1257 3378 D SettingsProvider: selectionArgs: 10054
06-17 11:00:12.718 1257 3378 D SecContentProvider: called from android.uid.systemui:10054
06-17 11:00:12.719 1257 3378 D RestrictionPolicy: isSettingsChangesAllowedAsUser, userId 0 : true
06-17 11:00:12.719 1257 3378 D SettingsProvider: ret = 1
06-17 11:00:12.722 1257 1257 V SettingsProvider: Notifying for 0: content://settings/secure/plugin_lock_event_dump
06-17 11:00:12.724 1257 3378 D SettingsProvider: isChangeAllowed() : name = pref_dynamic_plugin_version
06-17 11:00:12.724 1257 3378 D SettingsProvider: edmUri: content://com.sec.knox.provider/RestrictionPolicy3
06-17 11:00:12.724 1257 3378 D SettingsProvider: projectionArgs: isSettingsChangesAllowed
06-17 11:00:12.724 1257 3378 D SettingsProvider: selectionArgs: false
06-17 11:00:12.724 1257 3378 D SettingsProvider: selectionArgs: 10054
06-17 11:00:12.724 1257 3378 D SecContentProvider: called from android.uid.systemui:10054
06-17 11:00:12.725 1257 3378 D RestrictionPolicy: isSettingsChangesAllowedAsUser, userId 0 : true
06-17 11:00:12.725 1257 3378 D SettingsProvider: ret = 1
06-17 11:00:12.725 1257 3378 D SettingsProvider: isChangeAllowed() : name = pref_dynamic_plugin_connected
06-17 11:00:12.725 1257 3378 D SettingsProvider: edmUri: content://com.sec.knox.provider/RestrictionPolicy3
06-17 11:00:12.725 1257 3378 D SettingsProvider: projectionArgs: isSettingsChangesAllowed
06-17 11:00:12.725 1257 3378 D SettingsProvider: selectionArgs: false
06-17 11:00:12.725 1257 3378 D SettingsProvider: selectionArgs: 10054
06-17 11:00:12.726 1257 3378 D SecContentProvider: called from android.uid.systemui:10054
06-17 11:00:12.726 1257 3378 D RestrictionPolicy: isSettingsChangesAllowedAsUser, userId 0 : true
06-17 11:00:12.726 1257 3378 D SettingsProvider: ret = 1
06-17 11:00:12.764 1257 3378 D SettingsProvider: isChangeAllowed() : name = plugin_lock_event_dump
06-17 11:00:12.764 1257 3378 D SettingsProvider: edmUri: content://com.sec.knox.provider/RestrictionPolicy3
06-17 11:00:12.764 1257 3378 D SettingsProvider: projectionArgs: isSettingsChangesAllowed
06-17 11:00:12.764 1257 3378 D SettingsProvider: selectionArgs: false
06-17 11:00:12.764 1257 3378 D SettingsProvider: selectionArgs: 10054
06-17 11:00:12.765 1257 3378 D SecContentProvider: called from android.uid.systemui:10054
06-17 11:00:12.765 1257 3378 D RestrictionPolicy: isSettingsChangesAllowedAsUser, userId 0 : true
06-17 11:00:12.765 1257 3378 D SettingsProvider: ret = 1
06-17 11:00:12.768 1257 1257 V SettingsProvider: Notifying for 0: content://settings/secure/plugin_lock_event_dump
06-17 11:00:12.769 1257 3355 D SettingsProvider: isChangeAllowed() : name = pref_dynamic_plugin_version
06-17 11:00:12.769 1257 3355 D SettingsProvider: edmUri: content://com.sec.knox.provider/RestrictionPolicy3
06-17 11:00:12.769 1257 3355 D SettingsProvider: projectionArgs: isSettingsChangesAllowed
06-17 11:00:12.770 1257 3355 D SettingsProvider: selectionArgs: false
06-17 11:00:12.770 1257 3355 D SettingsProvider: selectionArgs: 10054
06-17 11:00:12.770 1257 3355 D SecContentProvider: called from android.uid.systemui:10054
06-17 11:00:12.770 1257 3355 D RestrictionPolicy: isSettingsChangesAllowedAsUser, userId 0 : true
06-17 11:00:12.771 1257 3355 D SettingsProvider: ret = 1
06-17 11:00:12.773 1257 3355 D SettingsProvider: isChangeAllowed() : name = pref_dynamic_plugin_connected
06-17 11:00:12.773 1257 3355 D SettingsProvider: edmUri: content://com.sec.knox.provider/RestrictionPolicy3
06-17 11:00:12.773 1257 3355 D SettingsProvider: projectionArgs: isSettingsChangesAllowed
06-17 11:00:12.773 1257 3355 D SettingsProvider: selectionArgs: false
06-17 11:00:12.773 1257 3355 D SettingsProvider: selectionArgs: 10054
06-17 11:00:12.774 1257 3355 D SecContentProvider: called from android.uid.systemui:10054
06-17 11:00:12.774 1257 3355 D RestrictionPolicy: isSettingsChangesAllowedAsUser, userId 0 : true
06-17 11:00:12.774 1257 3355 D SettingsProvider: ret = 1
06-17 11:00:12.777 1257 3355 D SettingsProvider: isChangeAllowed() : name = pref_allowed_number_wallpaper_settings
06-17 11:00:12.777 1257 3355 D SettingsProvider: edmUri: content://com.sec.knox.provider/RestrictionPolicy3
06-17 11:00:12.777 1257 3355 D SettingsProvider: projectionArgs: isSettingsChangesAllowed
06-17 11:00:12.777 1257 3355 D SettingsProvider: selectionArgs: false
06-17 11:00:12.777 1257 3355 D SettingsProvider: selectionArgs: 10054
06-17 11:00:12.777 1257 3355 D SecContentProvider: called from android.uid.systemui:10054
06-17 11:00:12.777 1257 3355 D RestrictionPolicy: isSettingsChangesAllowedAsUser, userId 0 : true
06-17 11:00:12.778 1257 3355 D SettingsProvider: ret = 1
06-17 11:00:12.778 1257 3355 D SettingsProvider: isChangeAllowed() : name = pref_dynamic_allowed_number
06-17 11:00:12.778 1257 3355 D SettingsProvider: edmUri: content://com.sec.knox.provider/RestrictionPolicy3
06-17 11:00:12.778 1257 3355 D SettingsProvider: projectionArgs: isSettingsChangesAllowed
06-17 11:00:12.778 1257 3355 D SettingsProvider: selectionArgs: false
06-17 11:00:12.778 1257 3355 D SettingsProvider: selectionArgs: 10054
06-17 11:00:12.779 1257 3355 D SecContentProvider: called from android.uid.systemui:10054
06-17 11:00:12.779 1257 3355 D RestrictionPolicy: isSettingsChangesAllowedAsUser, userId 0 : true
06-17 11:00:12.779 1257 3355 D SettingsProvider: ret = 1
06-17 11:00:12.780 1257 1257 V SettingsProvider: Notifying for 0: content://settings/secure/pref_dynamic_allowed_number
06-17 11:00:12.786 1257 1614 D SettingsProvider: isChangeAllowed() : name = pref_allowed_number_dynamic
06-17 11:00:12.786 1257 1614 D SettingsProvider: edmUri: content://com.sec.knox.provider/RestrictionPolicy3
06-17 11:00:12.786 1257 1614 D SettingsProvider: projectionArgs: isSettingsChangesAllowed
06-17 11:00:12.786 1257 1614 D SettingsProvider: selectionArgs: false
06-17 11:00:12.786 1257 1614 D SettingsProvider: selectionArgs: 10054
06-17 11:00:12.786 1257 1614 D SecContentProvider: called from android.uid.systemui:10054
06-17 11:00:12.786 1257 1614 D RestrictionPolicy: isSettingsChangesAllowedAsUser, userId 0 : true
06-17 11:00:12.786 1257 1614 D SettingsProvider: ret = 1
06-17 11:00:12.788 1257 3355 D SettingsProvider: isChangeAllowed() : name = pref_dynamic_allowed_number
06-17 11:00:12.788 1257 3355 D SettingsProvider: edmUri: content://com.sec.knox.provider/RestrictionPolicy3
06-17 11:00:12.788 1257 3355 D SettingsProvider: projectionArgs: isSettingsChangesAllowed
06-17 11:00:12.788 1257 3355 D SettingsProvider: selectionArgs: false
06-17 11:00:12.788 1257 3355 D SettingsProvider: selectionArgs: 10054
06-17 11:00:12.788 1257 3355 D SecContentProvider: called from android.uid.systemui:10054
06-17 11:00:12.788 1257 3355 D RestrictionPolicy: isSettingsChangesAllowedAsUser, userId 0 : true
06-17 11:00:12.789 1257 3355 D SettingsProvider: ret = 1
06-17 11:00:12.790 1257 1257 V SettingsProvider: Notifying for 0: content://settings/secure/pref_dynamic_allowed_number
06-17 11:00:12.797 1257 3355 D SettingsProvider: isChangeAllowed() : name = plugin_lock_event_dump
06-17 11:00:12.797 1257 3355 D SettingsProvider: edmUri: content://com.sec.knox.provider/RestrictionPolicy3
06-17 11:00:12.797 1257 3355 D SettingsProvider: projectionArgs: isSettingsChangesAllowed
06-17 11:00:12.798 1257 3355 D SettingsProvider: selectionArgs: false
06-17 11:00:12.798 1257 3355 D SettingsProvider: selectionArgs: 10054
06-17 11:00:12.798 1257 3355 D SecContentProvider: called from android.uid.systemui:10054
06-17 11:00:12.798 1257 3355 D RestrictionPolicy: isSettingsChangesAllowedAsUser, userId 0 : true
06-17 11:00:12.799 1257 3355 D SettingsProvider: ret = 1
06-17 11:00:12.801 1257 1257 V SettingsProvider: Notifying for 0: content://settings/secure/plugin_lock_event_dump
06-17 11:00:12.816 1257 3378 D AdaptiveDisplaySolutionService: setAutoCurrentLimitState() : true , mADSEnableCondition : true
06-17 11:00:12.817 1257 3378 I AdaptiveDisplaySolutionService: updateAdaptiveControlState() : true
06-17 11:00:12.817 1257 3378 D AdaptiveDisplaySolutionService: [AdaptiveControl]: ACL OFF
06-17 11:00:12.817 1257 3378 V MdnieScenarioControlService: mAutoCurrentLimitOffState : true
06-17 11:00:12.817 1257 3378 D AdaptiveDisplaySolutionService: fileWriteString to /sys/class/lcd/panel/adaptive_control, 1
06-17 11:00:12.826 1257 3378 D AdaptiveDisplaySolutionService: fileWriteString to /sys/class/lcd/panel/adaptive_control, 0
06-17 11:00:12.932 1257 3378 D WallpaperManagerService: which : 2, return type : 8 (called by userId= 0)
06-17 11:00:13.041 1257 3378 I chatty : uid=1000(system) Binder:1257_12 identical 8 lines
06-17 11:00:13.046 1257 3378 D WallpaperManagerService: which : 2, return type : 8 (called by userId= 0)
06-17 11:00:13.089 1257 1614 D WallpaperManagerService: which : 2, return type : 8 (called by userId= 0)
06-17 11:00:13.093 1257 3355 D WallpaperManagerService: which : 2, return type : 8 (called by userId= 0)
06-17 11:00:13.106 1257 1614 D WallpaperManagerService: which : 2, return type : 8 (called by userId= 0)
06-17 11:00:13.110 1257 1614 D WallpaperManagerService: which : 2, return type : 8 (called by userId= 0)
06-17 11:00:13.116 1257 3355 I Telecom:SamsungTelecomServiceImpl: isInCall - callingPackage : com.android.systemui
06-17 11:00:13.121 1257 3355 D PowerManagerService: [api] userActivity : event: 0 flags: 0 (uid: 10054 pid: 6506) eventTime = 349466
06-17 11:00:13.132 1257 3378 V WindowManager: performShow on Window{66d1bd4 u0 com.android.systemui.ImageWallpaper}: mDrawState=READY_TO_SHOW readyForDisplay=false starting=false during animation: policyVis=true parentHidden=false tok.hiddenRequested=false tok.hidden=false animating=false tok animating=false Callers=com.android.server.wm.WindowState.performShowLocked:4719 com.android.server.wm.WindowStateAnimator.commitFinishDrawingLocked:401 com.android.server.wm.DisplayContent.lambda$new$8$DisplayContent:990 com.android.server.wm.-$$Lambda$DisplayContent$qxt4izS31fb0LF2uo_OF9DMa7gc.accept:4
06-17 11:00:13.135 1257 3378 I WindowManager: Reparenting to leash, surface=Surface(name=66d1bd4 com.android.systemui.ImageWallpaper)/@0x3e96702
06-17 11:00:13.137 1257 3378 D WindowManager: makeSurface duration=2 leash=Surface(name=Surface(name=66d1bd4 com.android.systemui.ImageWallpaper)/@0x3e96702 - animation-leash)/@0x54fa813
06-17 11:00:13.145 1257 3378 D CustomFrequencyManagerService: FrequencyrequestList.getNextSchedTuneBoostRequest, index: 1
06-17 11:00:13.158 1257 3355 D SettingsProvider: isChangeAllowed() : name = friends_plugin_version
06-17 11:00:13.158 1257 3355 D SettingsProvider: edmUri: content://com.sec.knox.provider/RestrictionPolicy3
06-17 11:00:13.158 1257 3355 D SettingsProvider: projectionArgs: isSettingsChangesAllowed
06-17 11:00:13.158 1257 3355 D SettingsProvider: selectionArgs: false
06-17 11:00:13.158 1257 3355 D SettingsProvider: selectionArgs: 10054
06-17 11:00:13.158 1257 3355 D SecContentProvider: called from android.uid.systemui:10054
06-17 11:00:13.158 1257 3355 D RestrictionPolicy: isSettingsChangesAllowedAsUser, userId 0 : true
06-17 11:00:13.159 1257 3355 D SettingsProvider: ret = 1
06-17 11:00:13.160 1257 3355 D SettingsProvider: isChangeAllowed() : name = friends_plugin_connected
06-17 11:00:13.160 1257 3355 D SettingsProvider: edmUri: content://com.sec.knox.provider/RestrictionPolicy3
06-17 11:00:13.160 1257 3355 D SettingsProvider: projectionArgs: isSettingsChangesAllowed
06-17 11:00:13.160 1257 3355 D SettingsProvider: selectionArgs: false
06-17 11:00:13.160 1257 3355 D SettingsProvider: selectionArgs: 10054
06-17 11:00:13.160 1257 3355 D SecContentProvider: called from android.uid.systemui:10054
06-17 11:00:13.160 1257 3355 D RestrictionPolicy: isSettingsChangesAllowedAsUser, userId 0 : true
06-17 11:00:13.160 1257 3355 D SettingsProvider: ret = 1
06-17 11:00:13.203 1257 3355 D SettingsProvider: isChangeAllowed() : name = friends_plugin_allowed_number
06-17 11:00:13.204 1257 3355 D SettingsProvider: edmUri: content://com.sec.knox.provider/RestrictionPolicy3
06-17 11:00:13.204 1257 3355 D SettingsProvider: projectionArgs: isSettingsChangesAllowed
06-17 11:00:13.204 1257 3355 D SettingsProvider: selectionArgs: false
06-17 11:00:13.204 1257 3355 D SettingsProvider: selectionArgs: 10054
06-17 11:00:13.204 1257 3355 D SecContentProvider: called from android.uid.systemui:10054
06-17 11:00:13.204 1257 3355 D RestrictionPolicy: isSettingsChangesAllowedAsUser, userId 0 : true
06-17 11:00:13.205 1257 3355 D SettingsProvider: ret = 1
06-17 11:00:13.210 1257 3355 D SettingsProvider: isChangeAllowed() : name = plugin_lock_event_dump
06-17 11:00:13.210 1257 3355 D SettingsProvider: edmUri: content://com.sec.knox.provider/RestrictionPolicy3
06-17 11:00:13.210 1257 3355 D SettingsProvider: projectionArgs: isSettingsChangesAllowed
06-17 11:00:13.210 1257 3355 D SettingsProvider: selectionArgs: false
06-17 11:00:13.210 1257 3355 D SettingsProvider: selectionArgs: 10054
06-17 11:00:13.211 1257 3355 D SecContentProvider: called from android.uid.systemui:10054
06-17 11:00:13.211 1257 3355 D RestrictionPolicy: isSettingsChangesAllowedAsUser, userId 0 : true
06-17 11:00:13.211 1257 3355 D SettingsProvider: ret = 1
06-17 11:00:13.213 1257 1257 V SettingsProvider: Notifying for 0: content://settings/secure/plugin_lock_event_dump
06-17 11:00:13.222 1257 3355 D WallpaperManagerService: which : 2, return type : 8 (called by userId= 0)
06-17 11:00:13.308 1257 3378 D StatusBarManagerService: notifyRequestedSystemKey recent=false home=false
06-17 11:00:13.309 1257 1275 D PowerManagerService: [api] setUserActivityTimeoutOverrideFromWindowManagerInternal: timeoutMillis: 5000
06-17 11:00:13.310 1257 1275 D PowerManagerService: getScreenOffTimeoutLocked: 30000 -> 5000
06-17 11:00:13.310 1257 1275 D PowerManagerService: [api] setScreenDimDurationOverrideFromWindowManagerInternal: timeoutMillis: 0
06-17 11:00:13.433 1257 1542 W ContextImpl: Calling a method in the system process without a qualified user: android.app.ContextImpl.sendBroadcast:1088 com.samsung.android.codecsolution.Logging.insertDiagmonLog:79 com.samsung.android.codecsolution.Logging.insertLog:53 com.samsung.android.codecsolution.Logging.insertLog:45 com.samsung.android.codecsolution.CodecSolutionManagerService$1.handleMessage:250
06-17 11:00:13.450 1257 3378 I WindowManager: Reparenting to leash, surface=Surface(name=51ebb0f NavigationBar0)/@0x53907eb
06-17 11:00:13.451 1257 3378 D WindowManager: makeSurface duration=1 leash=Surface(name=Surface(name=51ebb0f NavigationBar0)/@0x53907eb - animation-leash)/@0x7466381
06-17 11:00:13.460 1257 3378 D CustomFrequencyManagerService: FrequencyrequestList.getNextSchedTuneBoostRequest, index: 1
06-17 11:00:13.469 1257 3355 I Telecom:SamsungTelecomServiceImpl: isInCall - callingPackage : com.android.systemui
06-17 11:00:13.573 1257 3378 D WallpaperManagerService: which : 2, return type : 8 (called by userId= 0)
06-17 11:00:13.595 1257 3378 I Telecom:SamsungTelecomServiceImpl: isInCall - callingPackage : com.android.systemui
06-17 11:00:13.600 1257 1257 D GameManagerService: com.samsung.keyguard.KEYGUARD_STATE. check for pause
06-17 11:00:13.600 1257 1540 D GameManagerService: sendPauseConditionally()
06-17 11:00:13.643 1257 1276 I WindowManager: Reparenting to original parent: Surface(name=WallpaperWindowToken{18297f8 token=android.os.Binder@248a855})/@0x4613058, destroyLeash=true, surface=Surface(name=66d1bd4 com.android.systemui.ImageWallpaper)/@0x3e96702
06-17 11:00:13.662 1257 1276 I WindowManager: Reparenting to original parent: Surface(name=WindowToken{725386e android.os.BinderProxy@afe7470})/@0x3615a90, destroyLeash=true, surface=Surface(name=51ebb0f NavigationBar0)/@0x53907eb
06-17 11:00:13.680 1257 1276 I WindowManager: Destroying surface Surface(name=NavigationBar0$_6506)/@0x742bc03 called by com.android.server.wm.WindowStateAnimator.destroySurface:1790 com.android.server.wm.WindowStateAnimator.destroySurfaceLocked:720 com.android.server.wm.WindowState.destroySurfaceUnchecked:3534 com.android.server.wm.RootWindowContainer.performSurfacePlacementNoTrace:817 com.android.server.wm.RootWindowContainer.performSurfacePlacement:669 com.android.server.wm.WindowSurfacePlacer.performSurfacePlacementLoop:180 com.android.server.wm.WindowSurfacePlacer.performSurfacePlacement:111 com.android.server.wm.WindowSurfacePlacer.performSurfacePlacement:99
06-17 11:00:13.692 3346 3346 D SDHMS:eb.h: VideoPlayListener mIsVideoPlay : true
06-17 11:00:15.640 1257 3378 D SamsungAlarmManager: Cancel Alarm calling from uid:10215 pid :1766 / op:PendingIntent{cc2cb29: PendingIntentRecord{38d2eae com.google.android.gms startService}}
06-17 11:00:15.644 1257 3378 I SamsungAlarmManager: setLocked to kernel - T:2 / 20260617T110715, SetElapsed=771738, nowELAPSED=351990
06-17 11:00:15.646 1257 3378 I SamsungAlarmManager: setLocked to kernel - T:3 / 20260617T110100, SetElapsed=396345, nowELAPSED=351991
06-17 11:00:15.660 1257 3378 D SettingsProvider: isChangeAllowed() : name = accelerometer_rotation
06-17 11:00:15.663 1257 3378 D SettingsProvider: isChangeAllowed() : name = user_rotation
06-17 11:00:15.664 1257 3378 V WindowManager: rotationForOrientation(orient=5, last=0); user=0 USER_ROTATION_LOCKED
06-17 11:00:15.666 1257 3378 V WindowManager: Computed rotation=0 for display id=0 based on lastOrientation=5 and oldRotation=0, caller=com.android.server.wm.DisplayContent.updateRotationUnchecked:1531 com.android.server.wm.WindowManagerService.updateRotationUnchecked:4230 com.android.server.wm.WindowManagerService.freezeDisplayRotation:4140 com.android.server.wm.WindowManagerService.freezeRotation:4099 android.view.IWindowManager$Stub.onTransact:2089 com.android.server.wm.WindowManagerService.onTransact:1379
06-17 11:00:15.939 1257 2459 D BatteryService: Sending ACTION_BATTERY_CHANGED. scale:100, info:{.chargerAcOnline = false, .chargerUsbOnline = true, .chargerWirelessOnline = false, .maxChargingCurrent = 0, .maxChargingVoltage = 0, .batteryStatus = CHARGING, .batteryHealth = GOOD, .batteryPresent = true, .batteryLevel = 48, .batteryVoltage = 3839, .batteryTemperature = 336, .batteryCurrent = 0, .batteryCycleCount = 0, .batteryFullCharge = 5000000, .batteryChargeCounter = 2440000, .batteryTechnology = Li-ion}
06-17 11:00:15.939 1257 2459 D BatteryService: online:4, current avg:-107, charge type:1, POGO powered:false, power sharing:false, high voltage charger:false, charger_type:0, capacity:280000, misc_event:65536, current_event:0, current_now:88
06-17 11:00:15.944 1257 1257 D UsbDeviceManager: received ACTION_BATTERY_CHANGED
06-17 11:00:15.944 1257 1272 D UsbDeviceManager: handleMessage -> MSG_UPDATE_CHARGING_STATE: mUsbCharging=true
06-17 11:00:16.112 2568 2568 D io_stats: !@ 179,0 r 1014304 22741141 w 22820 494760 d 13909 318228 f 21644 26838 iot 227896 232665 th 51200 0 0 pt 0 inp 0 0 352.456
06-17 11:00:16.540 6506 6992 D SystemUIService: Starting getMemoryInfo in MemoryInfoReporter thread.
06-17 11:00:16.542 6506 7028 D SystemUIService: - Memory Information -
06-17 11:00:16.547 3346 3494 E SDHMS:ib.qa: e = /sys/class/lcd/panel/vrr: open failed: ENOENT (No such file or directory)
06-17 11:00:16.550 6506 6992 E AndroidRuntime: FATAL EXCEPTION: AsyncTask #8
06-17 11:00:16.550 6506 6992 E AndroidRuntime: Process: com.android.systemui, PID: 6506
06-17 11:00:16.550 6506 6992 E AndroidRuntime: java.lang.RuntimeException: An error occurred while executing doInBackground()
06-17 11:00:16.550 6506 6992 E AndroidRuntime: at android.os.AsyncTask$4.done(AsyncTask.java:399)
06-17 11:00:16.550 6506 6992 E AndroidRuntime: at java.util.concurrent.FutureTask.finishCompletion(FutureTask.java:383)
06-17 11:00:16.550 6506 6992 E AndroidRuntime: at java.util.concurrent.FutureTask.setException(FutureTask.java:252)
06-17 11:00:16.550 6506 6992 E AndroidRuntime: at java.util.concurrent.FutureTask.run(FutureTask.java:271)
06-17 11:00:16.550 6506 6992 E AndroidRuntime: at java.util.concurrent.ThreadPoolExecutor.runWorker(ThreadPoolExecutor.java:1167)
06-17 11:00:16.550 6506 6992 E AndroidRuntime: at java.util.concurrent.ThreadPoolExecutor$Worker.run(ThreadPoolExecutor.java:641)
06-17 11:00:16.550 6506 6992 E AndroidRuntime: at java.lang.Thread.run(Thread.java:919)
06-17 11:00:16.550 6506 6992 E AndroidRuntime: Caused by: java.lang.NullPointerException: Attempt to invoke virtual method 'void java.io.InputStream.close()' on a null object reference
06-17 11:00:16.550 6506 6992 E AndroidRuntime: at com.android.internal.widget.LocalImageResolver.getBoundsOptionsForImage(LocalImageResolver.java:67)
06-17 11:00:16.550 6506 6992 E AndroidRuntime: at com.android.internal.widget.LocalImageResolver.resolveImage(LocalImageResolver.java:39)
06-17 11:00:16.550 6506 6992 E AndroidRuntime: at com.android.systemui.statusbar.notification.row.NotificationInlineImageResolver.resolveImage(NotificationInlineImageResolver.java:76)
06-17 11:00:16.550 6506 6992 E AndroidRuntime: at com.android.systemui.statusbar.notification.row.NotificationInlineImageCache$PreloadImageTask.doInBackground(NotificationInlineImageCache.java:99)
06-17 11:00:16.550 6506 6992 E AndroidRuntime: at com.android.systemui.statusbar.notification.row.NotificationInlineImageCache$PreloadImageTask.doInBackground(NotificationInlineImageCache.java:86)
06-17 11:00:16.550 6506 6992 E AndroidRuntime: at android.os.AsyncTask$3.call(AsyncTask.java:378)
06-17 11:00:16.550 6506 6992 E AndroidRuntime: at java.util.concurrent.FutureTask.run(FutureTask.java:266)
06-17 11:00:16.550 6506 6992 E AndroidRuntime: ... 3 more
06-17 11:00:16.557 1257 7030 I DropBoxManagerService: add tag=system_app_crash isTagEnabled=true flags=0x2
06-17 11:00:16.558 1257 3470 W ActivityManager: crash : com.android.systemui,0
06-17 11:00:16.558 6506 6993 D SystemUIService: Already in calculating memory info. So skip this.
06-17 11:00:16.561 1257 3470 W ActivityManager: Process com.android.systemui has crashed too many times: killing!
06-17 11:00:16.587 1257 3378 D SamsungAlarmManager: setInexact Intent (T:3/F:0/AC:false) 20360614T110016 - CU:10215/CP:1766
06-17 11:00:16.587 1257 3378 I SamsungAlarmManager: setLocked to kernel - T:2 / 20260617T110715, SetElapsed=771738, nowELAPSED=352932
06-17 11:00:16.587 1257 3378 I SamsungAlarmManager: setLocked to kernel - T:3 / 20260617T110100, SetElapsed=396345, nowELAPSED=352932
06-17 11:00:16.663 1257 1435 I StatusBarManagerService: binder died for pkg=com.android.systemui
06-17 11:00:16.664 1257 3355 I WindowManager: WIN DEATH: Window{66d1bd4 u0 com.android.systemui.ImageWallpaper}
06-17 11:00:16.665 1257 3355 I WindowManager: Destroying surface Surface(name=com.android.systemui.ImageWallpaper$_6506)/@0xddead17 called by com.android.server.wm.WindowStateAnimator.destroySurface:1790 com.android.server.wm.WindowStateAnimator.destroySurfaceLocked:720 com.android.server.wm.WindowState.removeImmediately:2327 com.android.server.wm.WindowState.removeIfPossible:2463 com.android.server.wm.WindowState.access$300:264 com.android.server.wm.WindowState$DeathRecipient.binderDied:3034 android.os.BinderProxy.sendDeathNotice:637
06-17 11:00:16.668 1257 3460 V AODManagerService: binderDied
06-17 11:00:16.669 1257 1613 D WallpaperManagerService: binderDied android.app.IWallpaperManagerCallback$Stub$Proxy@6ba46d9
06-17 11:00:16.670 3346 3346 D SDHMS:eb.h: VideoPlayListener mIsVideoPlay : false
06-17 11:00:16.670 1257 2003 D ConnectivityService: ConnectivityService NetworkRequestInfo binderDied(NetworkRequest [ TRACK_DEFAULT id=315, [ Capabilities: INTERNET&NOT_RESTRICTED&TRUSTED Uid: 10054] ], android.os.BinderProxy@edeeaed)
06-17 11:00:16.671 1257 3480 D ConnectivityService: ConnectivityService NetworkRequestInfo binderDied(NetworkRequest [ LISTEN id=314, [ Transports: WIFI Capabilities: NOT_VPN] ], android.os.BinderProxy@cc6d22)
06-17 11:00:16.671 1257 1466 D ConnectivityService: releasing NetworkRequest [ TRACK_DEFAULT id=315, [ Capabilities: INTERNET&NOT_RESTRICTED&TRUSTED Uid: 10054] ] (release request)
06-17 11:00:16.671 1257 1466 D ConnectivityService: releasing NetworkRequest [ LISTEN id=314, [ Transports: WIFI Capabilities: NOT_VPN] ] (release request)
06-17 11:00:16.672 1257 2389 D NotificationListeners: Removing active service ComponentInfo{com.android.systemui/com.android.systemui.statusbar.NotificationListener}
06-17 11:00:16.673 1257 5056 I WindowManager: WIN DEATH: Window{7ef7af0 u0 DockedStackDivider}
06-17 11:00:16.674 1257 1270 D ConnectivityService: ConnectivityService NetworkRequestInfo binderDied(NetworkRequest [ LISTEN id=316, [] ], android.os.BinderProxy@4df4d70)
06-17 11:00:16.675 1257 1257 W WallpaperManagerService: Wallpaper service gone: ComponentInfo{com.android.systemui/com.android.systemui.ImageWallpaper}
06-17 11:00:16.675 1257 1257 W WallpaperManagerService: Wallpaper service gone: ComponentInfo{com.android.systemui/com.android.systemui.ImageWallpaper}
06-17 11:00:16.675 1257 1466 D ConnectivityService: releasing NetworkRequest [ LISTEN id=316, [] ] (release request)
06-17 11:00:16.679 1257 1929 V CocktailBarStatePolicyController: binderDied : binder = android.os.BinderProxy@8e8396e
06-17 11:00:16.679 1257 3387 I WindowManager: WIN DEATH: Window{7cc435a u0 AssistPreviewPanel}
06-17 11:00:16.686 1257 1269 I WindowManager: WIN DEATH: Window{163105c u0 StatusBar}
06-17 11:00:16.688 1257 1269 D WindowManager: setKeyguardOccluded occluded=false
06-17 11:00:16.690 1257 1269 I WindowManager: Destroying surface Surface(name=StatusBar$_6506)/@0x9a8d45a called by com.android.server.wm.WindowStateAnimator.destroySurface:1790 com.android.server.wm.WindowStateAnimator.destroySurfaceLocked:720 com.android.server.wm.WindowState.removeImmediately:2327 com.android.server.wm.WindowState.removeIfPossible:2463 com.android.server.wm.WindowState.access$300:264 com.android.server.wm.WindowState$DeathRecipient.binderDied:3034 android.os.BinderProxy.sendDeathNotice:637
06-17 11:00:16.702 1257 1269 W WindowManager: Failed to deliver inset state change
06-17 11:00:16.702 1257 1269 W WindowManager: android.os.DeadObjectException
06-17 11:00:16.702 1257 1269 W WindowManager: at android.os.BinderProxy.transactNative(Native Method)
06-17 11:00:16.702 1257 1269 W WindowManager: at android.os.BinderProxy.transact(BinderProxy.java:527)
06-17 11:00:16.702 1257 1269 W WindowManager: at android.view.IWindow$Stub$Proxy.insetsChanged(IWindow.java:734)
06-17 11:00:16.702 1257 1269 W WindowManager: at com.android.server.wm.WindowState.notifyInsetsChanged(WindowState.java:3856)
06-17 11:00:16.702 1257 1269 W WindowManager: at com.android.server.wm.InsetsStateController.lambda$new$0(InsetsStateController.java:56)
06-17 11:00:16.702 1257 1269 W WindowManager: at com.android.server.wm.-$$Lambda$InsetsStateController$sIYEJIR4ztgffCLMi5Z1RvdxyYs.accept(Unknown Source:2)
06-17 11:00:16.702 1257 1269 W WindowManager: at com.android.server.wm.WindowContainer$ForAllWindowsConsumerWrapper.apply(WindowContainer.java:1184)
06-17 11:00:16.702 1257 1269 W WindowManager: at com.android.server.wm.WindowContainer$ForAllWindowsConsumerWrapper.apply(WindowContainer.java:1174)
06-17 11:00:16.702 1257 1269 W WindowManager: at com.android.server.wm.WindowState.applyInOrderWithImeWindows(WindowState.java:4957)
06-17 11:00:16.702 1257 1269 W WindowManager: at com.android.server.wm.WindowState.forAllWindows(WindowState.java:4841)
06-17 11:00:16.702 1257 1269 W WindowManager: at com.android.server.wm.WindowContainer.forAllWindows(WindowContainer.java:883)
06-17 11:00:16.702 1257 1269 W WindowManager: at com.android.server.wm.WindowContainer.forAllWindows(WindowContainer.java:883)
06-17 11:00:16.702 1257 1269 W WindowManager: at com.android.server.wm.DisplayContent.forAllWindows(DisplayContent.java:2477)
06-17 11:00:16.702 1257 1269 W WindowManager: at com.android.server.wm.WindowContainer.forAllWindows(WindowContainer.java:900)
06-17 11:00:16.702 1257 1269 W WindowManager: at com.android.server.wm.InsetsStateController.notifyInsetsChanged(InsetsStateController.java:227)
06-17 11:00:16.702 1257 1269 W WindowManager: at com.android.server.wm.InsetsStateController.onPostLayout(InsetsStateController.java:121)
06-17 11:00:16.702 1257 1269 W WindowManager: at com.android.server.wm.DisplayContent.applySurfaceChangesTransaction(DisplayContent.java:4524)
06-17 11:00:16.702 1257 1269 W WindowManager: at com.android.server.wm.RootWindowContainer.applySurfaceChangesTransaction(RootWindowContainer.java:1013)
