06-17 11:01:27.789 1257 1257 D EdgeLightingPolicyManager.NotificationGroup: group key = 0|com.samsung.android.messaging|g:MESSAGE_RECEIVED ,value= summary : NotificationData { tag= com.samsung.android.messaging:GROUP_RECEIVED: } , child : 4key = 0|com.samsung.android.messaging|123|com.samsung.android.messaging:MESSAGE_RECEIVED:308|10114 , value = NotificationData { tag= com.samsung.android.messaging:MESSAGE_RECEIVED:308 } ,key = 0|com.samsung.android.messaging|123|com.samsung.android.messaging:MESSAGE_RECEIVED:285|10114 , value = NotificationData { tag= com.samsung.android.messaging:MESSAGE_RECEIVED:285 } ,key = 0|com.samsung.android.messaging|123|com.samsung.android.messaging:MESSAGE_RECEIVED:284|10114 , value = NotificationData { tag= com.samsung.android.messaging:MESSAGE_RECEIVED:284 } ,key = 0|com.samsung.android.messaging|123|com.samsung.android.messaging:MESSAGE_RECEIVED:167|10114 , value = NotificationData { tag= com.samsung.android.messaging:MESSAGE_RECEIVED:167 } , }
06-17 11:01:27.789 1257 1257 D EdgeLightingPolicyManager.NotificationGroup: group key = 0|com.sec.android.daemonapp|4914|null|10197 ,value= summary : null , child : 1key = 0|com.sec.android.daemonapp|4914|null|10197 , value = NotificationData { tag= null } , }
06-17 11:01:27.789 1257 1257 D EdgeLightingPolicyManager.NotificationGroup: group key = 0|com.android.chrome|g:OfflinePageAutoFetchNotification ,value= summary : null , child : 1key = 0|com.android.chrome|0|OfflinePageAutoFetchInProgressNotification|10230 , value = NotificationData { tag= OfflinePageAutoFetchInProgressNotification } , }
06-17 11:01:27.790 1257 1257 D EdgeLightingPolicyManager.NotificationGroup: group key = 0|ru.yandex.searchplugin|g:searchlib_group ,value= summary : null , child : 1key = 0|ru.yandex.searchplugin|19810816|SEARCHLIB_BAR|10251 , value = NotificationData { tag= SEARCHLIB_BAR } , }
06-17 11:01:27.790 1257 1257 D EdgeLightingPolicyManager: isAcceptableApplication: pkg=com.sec.android.daemonapp , range=1 , includeAllApp=false , userId=0 , infoRange=0 , infoCategory=0
06-17 11:01:27.790 1257 1257 D EdgeLightingPolicyManager: isAcceptableApplication: getAcceptablePolicy false
06-17 11:01:27.790 1257 1257 D EdgeLightingManager: showForNotificationScreenOn : return false by isAcceptableApplication.
06-17 11:01:27.797 1257 1257 D SmartAlertController: SmartAlert - Found Missed Event
06-17 11:01:27.800 1257 12874 D SmartAlertController: SmartAlert - already registered or Setting disabled
06-17 11:01:27.824 1257 3393 I ActivityManager: DSS OFF for com.microsoft.appmanager
06-17 11:01:27.911 12385 12664 D SystemUIService: Starting getMemoryInfo in MemoryInfoReporter thread.
06-17 11:01:27.912 12385 12892 D SystemUIService: - Memory Information -
06-17 11:01:27.925 12385 12662 D SystemUIService: Already in calculating memory info. So skip this.
06-17 11:01:27.931 12385 12666 D SystemUIService: Already in calculating memory info. So skip this.
06-17 11:01:27.932 12385 12664 E AndroidRuntime: FATAL EXCEPTION: AsyncTask #10
06-17 11:01:27.932 12385 12664 E AndroidRuntime: Process: com.android.systemui, PID: 12385
06-17 11:01:27.932 12385 12664 E AndroidRuntime: java.lang.RuntimeException: An error occurred while executing doInBackground()
06-17 11:01:27.932 12385 12664 E AndroidRuntime: at android.os.AsyncTask$4.done(AsyncTask.java:399)
06-17 11:01:27.932 12385 12664 E AndroidRuntime: at java.util.concurrent.FutureTask.finishCompletion(FutureTask.java:383)
06-17 11:01:27.932 12385 12664 E AndroidRuntime: at java.util.concurrent.FutureTask.setException(FutureTask.java:252)
06-17 11:01:27.932 12385 12664 E AndroidRuntime: at java.util.concurrent.FutureTask.run(FutureTask.java:271)
06-17 11:01:27.932 12385 12664 E AndroidRuntime: at java.util.concurrent.ThreadPoolExecutor.runWorker(ThreadPoolExecutor.java:1167)
06-17 11:01:27.932 12385 12664 E AndroidRuntime: at java.util.concurrent.ThreadPoolExecutor$Worker.run(ThreadPoolExecutor.java:641)
06-17 11:01:27.932 12385 12664 E AndroidRuntime: at java.lang.Thread.run(Thread.java:919)
06-17 11:01:27.932 12385 12664 E AndroidRuntime: Caused by: java.lang.NullPointerException: Attempt to invoke virtual method 'void java.io.InputStream.close()' on a null object reference
06-17 11:01:27.932 12385 12664 E AndroidRuntime: at com.android.internal.widget.LocalImageResolver.getBoundsOptionsForImage(LocalImageResolver.java:67)
06-17 11:01:27.932 12385 12664 E AndroidRuntime: at com.android.internal.widget.LocalImageResolver.resolveImage(LocalImageResolver.java:39)
06-17 11:01:27.932 12385 12664 E AndroidRuntime: at com.android.systemui.statusbar.notification.row.NotificationInlineImageResolver.resolveImage(NotificationInlineImageResolver.java:76)
06-17 11:01:27.932 12385 12664 E AndroidRuntime: at com.android.systemui.statusbar.notification.row.NotificationInlineImageCache$PreloadImageTask.doInBackground(NotificationInlineImageCache.java:99)
06-17 11:01:27.932 12385 12664 E AndroidRuntime: at com.android.systemui.statusbar.notification.row.NotificationInlineImageCache$PreloadImageTask.doInBackground(NotificationInlineImageCache.java:86)
06-17 11:01:27.932 12385 12664 E AndroidRuntime: at android.os.AsyncTask$3.call(AsyncTask.java:378)
06-17 11:01:27.932 12385 12664 E AndroidRuntime: at java.util.concurrent.FutureTask.run(FutureTask.java:266)
06-17 11:01:27.932 12385 12664 E AndroidRuntime: ... 3 more
06-17 11:01:27.932 12385 12662 E AndroidRuntime: FATAL EXCEPTION: AsyncTask #8
06-17 11:01:27.932 12385 12662 E AndroidRuntime: Process: com.android.systemui, PID: 12385
06-17 11:01:27.932 12385 12662 E AndroidRuntime: java.lang.RuntimeException: An error occurred while executing doInBackground()
06-17 11:01:27.932 12385 12662 E AndroidRuntime: at android.os.AsyncTask$4.done(AsyncTask.java:399)
06-17 11:01:27.932 12385 12662 E AndroidRuntime: at java.util.concurrent.FutureTask.finishCompletion(FutureTask.java:383)
06-17 11:01:27.932 12385 12662 E AndroidRuntime: at java.util.concurrent.FutureTask.setException(FutureTask.java:252)
06-17 11:01:27.932 12385 12662 E AndroidRuntime: at java.util.concurrent.FutureTask.run(FutureTask.java:271)
06-17 11:01:27.932 12385 12662 E AndroidRuntime: at java.util.concurrent.ThreadPoolExecutor.runWorker(ThreadPoolExecutor.java:1167)
06-17 11:01:27.932 12385 12662 E AndroidRuntime: at java.util.concurrent.ThreadPoolExecutor$Worker.run(ThreadPoolExecutor.java:641)
06-17 11:01:27.932 12385 12662 E AndroidRuntime: at java.lang.Thread.run(Thread.java:919)
06-17 11:01:27.932 12385 12662 E AndroidRuntime: Caused by: java.lang.NullPointerException: Attempt to invoke virtual method 'void java.io.InputStream.close()' on a null object reference
06-17 11:01:27.932 12385 12662 E AndroidRuntime: at com.android.internal.widget.LocalImageResolver.getBoundsOptionsForImage(LocalImageResolver.java:67)
06-17 11:01:27.932 12385 12662 E AndroidRuntime: at com.android.internal.widget.LocalImageResolver.resolveImage(LocalImageResolver.java:39)
06-17 11:01:27.932 12385 12662 E AndroidRuntime: at com.android.systemui.statusbar.notification.row.NotificationInlineImageResolver.resolveImage(NotificationInlineImageResolver.java:76)
06-17 11:01:27.932 12385 12662 E AndroidRuntime: at com.android.systemui.statusbar.notification.row.NotificationInlineImageCache$PreloadImageTask.doInBackground(NotificationInlineImageCache.java:99)
06-17 11:01:27.932 12385 12662 E AndroidRuntime: at com.android.systemui.statusbar.notification.row.NotificationInlineImageCache$PreloadImageTask.doInBackground(NotificationInlineImageCache.java:86)
06-17 11:01:27.932 12385 12662 E AndroidRuntime: at android.os.AsyncTask$3.call(AsyncTask.java:378)
06-17 11:01:27.932 12385 12662 E AndroidRuntime: at java.util.concurrent.FutureTask.run(FutureTask.java:266)
06-17 11:01:27.932 12385 12662 E AndroidRuntime: ... 3 more
06-17 11:01:28.015 1257 1907 I StatusBarManagerService: binder died for pkg=com.android.systemui
06-17 11:01:28.016 3346 3346 D SDHMS:eb.h: VideoPlayListener mIsVideoPlay : false
06-17 11:01:28.016 1257 2390 D NotificationListeners: Removing active service ComponentInfo{com.android.systemui/com.android.systemui.statusbar.NotificationListener}
06-17 11:01:28.017 1257 1270 D ConnectivityService: ConnectivityService NetworkRequestInfo binderDied(NetworkRequest [ TRACK_DEFAULT id=361, [ Capabilities: INTERNET&NOT_RESTRICTED&TRUSTED Uid: 10054] ], android.os.BinderProxy@2e77790)
06-17 11:01:28.017 1257 3480 D ConnectivityService: ConnectivityService NetworkRequestInfo binderDied(NetworkRequest [ LISTEN id=360, [ Transports: WIFI Capabilities: NOT_VPN] ], android.os.BinderProxy@c5bf889)
06-17 11:01:28.017 1257 1466 D ConnectivityService: releasing NetworkRequest [ TRACK_DEFAULT id=361, [ Capabilities: INTERNET&NOT_RESTRICTED&TRUSTED Uid: 10054] ] (release request)
06-17 11:01:28.018 1257 3470 V AODManagerService: binderDied
06-17 11:01:28.019 1257 1907 I WindowManager: WIN DEATH: Window{acdaa20 u0 AssistPreviewPanel}
06-17 11:01:28.019 1257 1435 D WallpaperManagerService: binderDied android.app.IWallpaperManagerCallback$Stub$Proxy@5831a11
06-17 11:01:28.020 1257 5066 D ConnectivityService: ConnectivityService NetworkRequestInfo binderDied(NetworkRequest [ LISTEN id=362, [] ], android.os.BinderProxy@bd8c08e)
06-17 11:01:28.020 1257 1466 D ConnectivityService: releasing NetworkRequest [ LISTEN id=362, [] ] (release request)
06-17 11:01:28.021 1257 1257 W WallpaperManagerService: Wallpaper service gone: ComponentInfo{com.android.systemui/com.android.systemui.ImageWallpaper}
06-17 11:01:28.021 1257 1257 W WallpaperManagerService: Wallpaper service gone: ComponentInfo{com.android.systemui/com.android.systemui.ImageWallpaper}
06-17 11:01:28.022 1257 3393 V CocktailBarStatePolicyController: binderDied : binder = android.os.BinderProxy@1c970af
06-17 11:01:28.023 1257 1466 D ConnectivityService: releasing NetworkRequest [ LISTEN id=360, [ Transports: WIFI Capabilities: NOT_VPN] ] (release request)
06-17 11:01:28.027 1257 3460 I WindowManager: WIN DEATH: Window{b1e14d3 u0 StatusBar}
06-17 11:01:28.027 1257 3460 D WindowManager: setKeyguardOccluded occluded=false
06-17 11:01:28.027 1257 3460 I WindowManager: Destroying surface Surface(name=StatusBar$_12385)/@0x15225ed called by com.android.server.wm.WindowStateAnimator.destroySurface:1790 com.android.server.wm.WindowStateAnimator.destroySurfaceLocked:720 com.android.server.wm.WindowState.removeImmediately:2327 com.android.server.wm.WindowState.removeIfPossible:2463 com.android.server.wm.WindowState.access$300:264 com.android.server.wm.WindowState$DeathRecipient.binderDied:3034 android.os.BinderProxy.sendDeathNotice:637
06-17 11:01:28.033 1257 3460 W WindowManager: Failed to deliver inset state change
06-17 11:01:28.033 1257 3460 W WindowManager: android.os.DeadObjectException
06-17 11:01:28.033 1257 3460 W WindowManager: at android.os.BinderProxy.transactNative(Native Method)
06-17 11:01:28.033 1257 3460 W WindowManager: at android.os.BinderProxy.transact(BinderProxy.java:527)
06-17 11:01:28.033 1257 3460 W WindowManager: at android.view.IWindow$Stub$Proxy.insetsChanged(IWindow.java:734)
06-17 11:01:28.033 1257 3460 W WindowManager: at com.android.server.wm.WindowState.notifyInsetsChanged(WindowState.java:3856)
06-17 11:01:28.033 1257 3460 W WindowManager: at com.android.server.wm.InsetsStateController.lambda$new$0(InsetsStateController.java:56)
06-17 11:01:28.033 1257 3460 W WindowManager: at com.android.server.wm.-$$Lambda$InsetsStateController$sIYEJIR4ztgffCLMi5Z1RvdxyYs.accept(Unknown Source:2)
06-17 11:01:28.033 1257 3460 W WindowManager: at com.android.server.wm.WindowContainer$ForAllWindowsConsumerWrapper.apply(WindowContainer.java:1184)
06-17 11:01:28.033 1257 3460 W WindowManager: at com.android.server.wm.WindowContainer$ForAllWindowsConsumerWrapper.apply(WindowContainer.java:1174)
06-17 11:01:28.033 1257 3460 W WindowManager: at com.android.server.wm.WindowState.applyInOrderWithImeWindows(WindowState.java:4957)
06-17 11:01:28.033 1257 3460 W WindowManager: at com.android.server.wm.WindowState.forAllWindows(WindowState.java:4841)
06-17 11:01:28.033 1257 3460 W WindowManager: at com.android.server.wm.WindowContainer.forAllWindows(WindowContainer.java:883)
06-17 11:01:28.033 1257 3460 W WindowManager: at com.android.server.wm.WindowContainer.forAllWindows(WindowContainer.java:883)
06-17 11:01:28.033 1257 3460 W WindowManager: at com.android.server.wm.DisplayContent.forAllWindows(DisplayContent.java:2477)
06-17 11:01:28.033 1257 3460 W WindowManager: at com.android.server.wm.WindowContainer.forAllWindows(WindowContainer.java:900)
06-17 11:01:28.033 1257 3460 W WindowManager: at com.android.server.wm.InsetsStateController.notifyInsetsChanged(InsetsStateController.java:227)
06-17 11:01:28.033 1257 3460 W WindowManager: at com.android.server.wm.InsetsStateController.onPostLayout(InsetsStateController.java:121)
06-17 11:01:28.033 1257 3460 W WindowManager: at com.android.server.wm.DisplayContent.applySurfaceChangesTransaction(DisplayContent.java:4524)
06-17 11:01:28.033 1257 3460 W WindowManager: at com.android.server.wm.RootWindowContainer.applySurfaceChangesTransaction(RootWindowContainer.java:1013)
06-17 11:01:28.033 1257 3460 W WindowManager: at com.android.server.wm.RootWindowContainer.performSurfacePlacementNoTrace(RootWindowContainer.java:734)
06-17 11:01:28.033 1257 3460 W WindowManager: at com.android.server.wm.RootWindowContainer.performSurfacePlacement(RootWindowContainer.java:669)
06-17 11:01:28.033 1257 3460 W WindowManager: at com.android.server.wm.WindowSurfacePlacer.performSurfacePlacementLoop(WindowSurfacePlacer.java:180)
06-17 11:01:28.033 1257 3460 W WindowManager: at com.android.server.wm.WindowSurfacePlacer.performSurfacePlacement(WindowSurfacePlacer.java:111)
06-17 11:01:28.033 1257 3460 W WindowManager: at com.android.server.wm.WindowSurfacePlacer.performSurfacePlacement(WindowSurfacePlacer.java:99)
06-17 11:01:28.033 1257 3460 W WindowManager: at com.android.server.wm.WindowManagerService.postWindowRemoveCleanupLocked(WindowManagerService.java:2122)
06-17 11:01:28.033 1257 3460 W WindowManager: at com.android.server.wm.WindowState.removeImmediately(WindowState.java:2336)
06-17 11:01:28.033 1257 3460 W WindowManager: at com.android.server.wm.WindowState.removeIfPossible(WindowState.java:2463)
06-17 11:01:28.033 1257 3460 W WindowManager: at com.android.server.wm.WindowState.access$300(WindowState.java:264)
06-17 11:01:28.033 1257 3460 W WindowManager: at com.android.server.wm.WindowState$DeathRecipient.binderDied(WindowState.java:3034)
06-17 11:01:28.033 1257 3460 W WindowManager: at android.os.BinderProxy.sendDeathNotice(BinderProxy.java:637)
06-17 11:01:28.039 1257 3460 W WindowManager: Failed to deliver inset state change
06-17 11:01:28.039 1257 3460 W WindowManager: android.os.DeadObjectException
06-17 11:01:28.039 1257 3460 W WindowManager: at android.os.BinderProxy.transactNative(Native Method)
06-17 11:01:28.039 1257 3460 W WindowManager: at android.os.BinderProxy.transact(BinderProxy.java:527)
06-17 11:01:28.039 1257 3460 W WindowManager: at android.view.IWindow$Stub$Proxy.insetsChanged(IWindow.java:734)
06-17 11:01:28.039 1257 3460 W WindowManager: at com.android.server.wm.WindowState.notifyInsetsChanged(WindowState.java:3856)
06-17 11:01:28.039 1257 3460 W WindowManager: at com.android.server.wm.InsetsStateController.lambda$new$0(InsetsStateController.java:56)
06-17 11:01:28.039 1257 3460 W WindowManager: at com.android.server.wm.-$$Lambda$InsetsStateController$sIYEJIR4ztgffCLMi5Z1RvdxyYs.accept(Unknown Source:2)
06-17 11:01:28.039 1257 3460 W WindowManager: at com.android.server.wm.WindowContainer$ForAllWindowsConsumerWrapper.apply(WindowContainer.java:1184)
06-17 11:01:28.039 1257 3460 W WindowManager: at com.android.server.wm.WindowContainer$ForAllWindowsConsumerWrapper.apply(WindowContainer.java:1174)
06-17 11:01:28.039 1257 3460 W WindowManager: at com.android.server.wm.WindowState.applyInOrderWithImeWindows(WindowState.java:4957)
06-17 11:01:28.039 1257 3460 W WindowManager: at com.android.server.wm.WindowState.forAllWindows(WindowState.java:4841)
06-17 11:01:28.039 1257 3460 W WindowManager: at com.android.server.wm.WindowContainer.forAllWindows(WindowContainer.java:883)
06-17 11:01:28.039 1257 3460 W WindowManager: at com.android.server.wm.WindowContainer.forAllWindows(WindowContainer.java:883)
06-17 11:01:28.039 1257 3460 W WindowManager: at com.android.server.wm.DisplayContent.forAllWindows(DisplayContent.java:2477)
06-17 11:01:28.039 1257 3460 W WindowManager: at com.android.server.wm.WindowContainer.forAllWindows(WindowContainer.java:900)
06-17 11:01:28.039 1257 3460 W WindowManager: at com.android.server.wm.InsetsStateController.notifyInsetsChanged(InsetsStateController.java:227)
06-17 11:01:28.039 1257 3460 W WindowManager: at com.android.server.wm.InsetsStateController.onPostLayout(InsetsStateController.java:121)
06-17 11:01:28.039 1257 3460 W WindowManager: at com.android.server.wm.DisplayContent.applySurfaceChangesTransaction(DisplayContent.java:4524)
06-17 11:01:28.039 1257 3460 W WindowManager: at com.android.server.wm.RootWindowContainer.applySurfaceChangesTransaction(RootWindowContainer.java:1013)
06-17 11:01:28.039 1257 3460 W WindowManager: at com.android.server.wm.RootWindowContainer.performSurfacePlacementNoTrace(RootWindowContainer.java:734)
06-17 11:01:28.039 1257 3460 W WindowManager: at com.android.server.wm.RootWindowContainer.performSurfacePlacement(RootWindowContainer.java:669)
06-17 11:01:28.039 1257 3460 W WindowManager: at com.android.server.wm.WindowSurfacePlacer.performSurfacePlacementLoop(WindowSurfacePlacer.java:180)
06-17 11:01:28.039 1257 3460 W WindowManager: at com.android.server.wm.WindowSurfacePlacer.performSurfacePlacement(WindowSurfacePlacer.java:111)
06-17 11:01:28.039 1257 3460 W WindowManager: at com.android.server.wm.WindowSurfacePlacer.performSurfacePlacement(WindowSurfacePlacer.java:99)
06-17 11:01:28.039 1257 3460 W WindowManager: at com.android.server.wm.WindowManagerService.postWindowRemoveCleanupLocked(WindowManagerService.java:2122)
06-17 11:01:28.039 1257 3460 W WindowManager: at com.android.server.wm.WindowState.removeImmediately(WindowState.java:2336)
06-17 11:01:28.039 1257 3460 W WindowManager: at com.android.server.wm.WindowState.removeIfPossible(WindowState.java:2463)
06-17 11:01:28.039 1257 3460 W WindowManager: at com.android.server.wm.WindowState.access$300(WindowState.java:264)
06-17 11:01:28.039 1257 3460 W WindowManager: at com.android.server.wm.WindowState$DeathRecipient.binderDied(WindowState.java:3034)
06-17 11:01:28.039 1257 3460 W WindowManager: at android.os.BinderProxy.sendDeathNotice(BinderProxy.java:637)
06-17 11:01:28.048 1257 3460 W WindowManager: Failed to report 'resized' to the client of Window{a70a19a u0 ScreenDecorOverlay}, removing this window.
06-17 11:01:28.049 1257 3460 I WindowManager: Destroying surface Surface(name=ScreenDecorOverlay$_12385)/@0x9c668cb called by com.android.server.wm.WindowStateAnimator.destroySurface:1790 com.android.server.wm.WindowStateAnimator.destroySurfaceLocked:720 com.android.server.wm.WindowState.removeImmediately:2327 com.android.server.wm.RootWindowContainer.performSurfacePlacementNoTrace:901 com.android.server.wm.RootWindowContainer.performSurfacePlacement:669 com.android.server.wm.WindowSurfacePlacer.performSurfacePlacementLoop:180 com.android.server.wm.WindowSurfacePlacer.performSurfacePlacement:111 com.android.server.wm.WindowSurfacePlacer.performSurfacePlacement:99
06-17 11:01:28.053 1257 5056 I WindowManager: WIN DEATH: Window{59ad50e u0 Bouncer}
06-17 11:01:28.055 1257 2003 I WindowManager: WIN DEATH: Window{713c943 u0 DockedStackDivider}
06-17 11:01:28.068 1257 5092 I WindowManager: WIN DEATH: Window{1ff3e86 u0 NavigationBar0}
06-17 11:01:28.072 1257 5092 W WindowManager: Failed to deliver inset state change
06-17 11:01:28.072 1257 5092 W WindowManager: android.os.DeadObjectException
06-17 11:01:28.072 1257 5092 W WindowManager: at android.os.BinderProxy.transactNative(Native Method)
06-17 11:01:28.072 1257 5092 W WindowManager: at android.os.BinderProxy.transact(BinderProxy.java:527)
06-17 11:01:28.072 1257 5092 W WindowManager: at android.view.IWindow$Stub$Proxy.insetsChanged(IWindow.java:734)
06-17 11:01:28.072 1257 5092 W WindowManager: at com.android.server.wm.WindowState.notifyInsetsChanged(WindowState.java:3856)
06-17 11:01:28.072 1257 5092 W WindowManager: at com.android.server.wm.InsetsStateController.lambda$new$0(InsetsStateController.java:56)
06-17 11:01:28.072 1257 5092 W WindowManager: at com.android.server.wm.-$$Lambda$InsetsStateController$sIYEJIR4ztgffCLMi5Z1RvdxyYs.accept(Unknown Source:2)
06-17 11:01:28.072 1257 5092 W WindowManager: at com.android.server.wm.WindowContainer$ForAllWindowsConsumerWrapper.apply(WindowContainer.java:1184)
06-17 11:01:28.072 1257 5092 W WindowManager: at com.android.server.wm.WindowContainer$ForAllWindowsConsumerWrapper.apply(WindowContainer.java:1174)
06-17 11:01:28.072 1257 5092 W WindowManager: at com.android.server.wm.WindowState.applyInOrderWithImeWindows(WindowState.java:4957)
06-17 11:01:28.072 1257 5092 W WindowManager: at com.android.server.wm.WindowState.forAllWindows(WindowState.java:4841)
06-17 11:01:28.072 1257 5092 W WindowManager: at com.android.server.wm.WindowContainer.forAllWindows(WindowContainer.java:883)
06-17 11:01:28.072 1257 5092 W WindowManager: at com.android.server.wm.WindowContainer.forAllWindows(WindowContainer.java:883)
06-17 11:01:28.072 1257 5092 W WindowManager: at com.android.server.wm.DisplayContent.forAllWindows(DisplayContent.java:2477)
06-17 11:01:28.072 1257 5092 W WindowManager: at com.android.server.wm.WindowContainer.forAllWindows(WindowContainer.java:900)
06-17 11:01:28.072 1257 5092 W WindowManager: at com.android.server.wm.InsetsStateController.notifyInsetsChanged(InsetsStateController.java:227)
06-17 11:01:28.072 1257 5092 W WindowManager: at com.android.server.wm.InsetsStateController.onPostLayout(InsetsStateController.java:121)
06-17 11:01:28.072 1257 5092 W WindowManager: at com.android.server.wm.DisplayContent.applySurfaceChangesTransaction(DisplayContent.java:4524)
06-17 11:01:28.072 1257 5092 W WindowManager: at com.android.server.wm.RootWindowContainer.applySurfaceChangesTransaction(RootWindowContainer.java:1013)
06-17 11:01:28.072 1257 5092 W WindowManager: at com.android.server.wm.RootWindowContainer.performSurfacePlacementNoTrace(RootWindowContainer.java:734)
06-17 11:01:28.072 1257 5092 W WindowManager: at com.android.server.wm.RootWindowContainer.performSurfacePlacement(RootWindowContainer.java:669)
06-17 11:01:28.072 1257 5092 W WindowManager: at com.android.server.wm.WindowSurfacePlacer.performSurfacePlacementLoop(WindowSurfacePlacer.java:180)
06-17 11:01:28.072 1257 5092 W WindowManager: at com.android.server.wm.WindowSurfacePlacer.performSurfacePlacement(WindowSurfacePlacer.java:111)
06-17 11:01:28.072 1257 5092 W WindowManager: at com.android.server.wm.WindowSurfacePlacer.performSurfacePlacement(WindowSurfacePlacer.java:99)
06-17 11:01:28.072 1257 5092 W WindowManager: at com.android.server.wm.WindowManagerService.postWindowRemoveCleanupLocked(WindowManagerService.java:2122)
06-17 11:01:28.072 1257 5092 W WindowManager: at com.android.server.wm.WindowState.removeImmediately(WindowState.java:2336)
06-17 11:01:28.072 1257 5092 W WindowManager: at com.android.server.wm.WindowState.removeIfPossible(WindowState.java:2463)
06-17 11:01:28.072 1257 5092 W WindowManager: at com.android.server.wm.WindowState.access$300(WindowState.java:264)
06-17 11:01:28.072 1257 5092 W WindowManager: at com.android.server.wm.WindowState$DeathRecipient.binderDied(WindowState.java:3034)
06-17 11:01:28.072 1257 5092 W WindowManager: at android.os.BinderProxy.sendDeathNotice(BinderProxy.java:637)
06-17 11:01:28.074 1257 5092 W WindowManager: Failed to report 'resized' to the client of Window{90dc6ec u0 ScreenDecorOverlayBottom}, removing this window.
06-17 11:01:28.075 1257 5092 I WindowManager: Destroying surface Surface(name=ScreenDecorOverlayBottom$_12385)/@0x950c6a7 called by com.android.server.wm.WindowStateAnimator.destroySurface:1790 com.android.server.wm.WindowStateAnimator.destroySurfaceLocked:720 com.android.server.wm.WindowState.removeImmediately:2327 com.android.server.wm.RootWindowContainer.performSurfacePlacementNoTrace:901 com.android.server.wm.RootWindowContainer.performSurfacePlacement:669 com.android.server.wm.WindowSurfacePlacer.performSurfacePlacementLoop:180 com.android.server.wm.WindowSurfacePlacer.performSurfacePlacement:111 com.android.server.wm.WindowSurfacePlacer.performSurfacePlacement:99
06-17 11:01:28.078 1257 1273 D ActivityTaskManager: setLockScreenShown(true,false) is called from 1257
06-17 11:01:28.078 1257 1270 W WindowManager: Failed looking up window callers=com.android.server.wm.WindowManagerService.windowForClientLocked:6039 com.android.server.wm.WindowState$DeathRecipient.binderDied:3027 android.os.BinderProxy.sendDeathNotice:637
06-17 11:01:28.078 1257 1270 I WindowManager: WIN DEATH: null
06-17 11:01:28.079 1257 1614 I WindowManager: WIN DEATH: Window{1d6b0df u0 com.android.systemui.ImageWallpaper}
06-17 11:01:28.079 1257 1614 I WindowManager: Destroying surface Surface(name=com.android.systemui.ImageWallpaper$_12385)/@0xe8e3ff2 called by com.android.server.wm.WindowStateAnimator.destroySurface:1790 com.android.server.wm.WindowStateAnimator.destroySurfaceLocked:720 com.android.server.wm.WindowState.removeImmediately:2327 com.android.server.wm.WindowState.removeIfPossible:2463 com.android.server.wm.WindowState.access$300:264 com.android.server.wm.WindowState$DeathRecipient.binderDied:3034 android.os.BinderProxy.sendDeathNotice:637
06-17 11:01:28.083 1257 2390 W WindowManager: Failed looking up window callers=com.android.server.wm.WindowManagerService.windowForClientLocked:6039 com.android.server.wm.WindowState$DeathRecipient.binderDied:3027 android.os.BinderProxy.sendDeathNotice:637
06-17 11:01:28.083 1257 2390 I WindowManager: WIN DEATH: null
06-17 11:01:28.084 1257 5088 I ActivityManager: Process com.android.systemui (pid 12385) has died: pers PERU(214,1472)
06-17 11:01:28.087 1257 1275 D PowerManagerService: [api] setUserActivityTimeoutOverrideFromWindowManagerInternal: timeoutMillis: -1
06-17 11:01:28.087 1257 1275 D PowerManagerService: getScreenOffTimeoutLocked: 5000 -> 30000
06-17 11:01:28.087 1257 1275 D PowerManagerService: [api] setScreenDimDurationOverrideFromWindowManagerInternal: timeoutMillis: -1
06-17 11:01:28.091 1257 1275 V UsbDeviceManager: onKeyguardStateChanged: isShowing=true secure=false user=0
06-17 11:01:28.092 1257 1272 D UsbDeviceManager: handleMessage -> MSG_UPDATE_SCREEN_LOCK: mScreenLocked=false
06-17 11:01:28.092 1257 1275 D StorageManagerService: onKeyguardStateChanged = false
06-17 11:01:28.094 1257 1424 I StorageManagerService: handleMessage :{ when=-2ms what=15 target=com.android.server.StorageManagerService$StorageManagerServiceHandler }
06-17 11:01:28.094 1257 1424 D StorageManagerService: handleMessage :: H_KEYGUARD_CHANGED = 0
06-17 11:01:28.108 1257 5088 W ActivityManager: Scheduling restart of crashed service com.android.systemui/.SystemUIService in 0ms
06-17 11:01:28.108 1257 5088 W ActivityManager: Scheduling restart of crashed service com.android.systemui/.keyguard.KeyguardService in 0ms
06-17 11:01:28.108 1257 5088 W ActivityManager: Scheduling restart of crashed service com.android.systemui/.ImageWallpaper in 0ms
06-17 11:01:28.112 1257 5088 W ActivityManager: Re-adding persistent process ProcessRecord{49feed7 12385:com.android.systemui/u0a54}
06-17 11:01:28.113 1257 5088 D ActivityManager: package com.android.systemui, user - 0 is SDcard whitelisted
06-17 11:01:28.123 1257 1275 W ActivityManager: setHasOverlayUi called on unknown pid: 12385
06-17 11:01:28.134 12868 12868 E ActivityThread: Failed to find provider info for com.microsoft.yourphonecompanion.contentprovider.featureoverride
06-17 11:01:28.143 1257 2389 D SecContentProvider: called from android.uid.samsungcloud:5009
06-17 11:01:28.144 1257 2389 D SecContentProvider: called from android.uid.samsungcloud:5009
06-17 11:01:28.144 1257 2389 E BluetoothManagerService: Unable to handle updateBleAppCount
06-17 11:01:28.157 1257 1282 I ActivityManager: Start proc 12929:com.android.systemui/u0a54 for restart com.android.systemui
06-17 11:01:28.160 1257 5088 I ActivityManager: Killing 11176:com.sec.android.app.sbrowser/u0a236 (adj 999): empty #25
06-17 11:01:28.162 1257 5088 I ActivityManager: Killing 9505:com.google.android.permissioncontroller/u0a83 (adj 999): empty #25
06-17 11:01:28.167 1257 2003 I ActivityManager: Killing 30866:com.facebook.katana/u0a203 (adj 999): empty #25
06-17 11:01:28.173 1257 2003 I ActivityManager: Killing 11745:com.facebook.services/u0a73 (adj 999): empty #25
06-17 11:01:28.182 1257 2003 I ActivityManager: Killing 11931:ru.yandex.searchplugin:AppMetrica/u0a251 (adj 999): empty #25
06-17 11:01:28.186 1257 3383 I ActivityManager: Killing 11519:com.instagram.android/u0a271 (adj 999): empty #25
06-17 11:01:28.189 1257 3383 I ActivityManager: Killing 8482:com.android.vending:background/u0a220 (adj 999): empty #25
06-17 11:01:28.194 1257 3383 I ActivityManager: Killing 7588:com.android.vending/u0a220 (adj 999): empty #25
06-17 11:01:28.216 1257 2003 I ActivityManager: DSS OFF for com.android.systemui
06-17 11:01:28.220 1257 2003 D OomAdjuster: Set persistent 12929 com.android.systemui adj -800: pers-top-ui com.android.server.am.OomAdjuster.updateOomAdjLocked:557 com.android.server.am.ActivityManagerService.updateOomAdjLocked:19836 com.android.server.am.ActiveServices.realStartServiceLocked:2895 com.android.server.am.ActiveServices.attachApplicationLocked:3589 com.android.server.am.ActivityManagerService.attachApplicationLocked:6237 com.android.server.am.ActivityManagerService.attachApplication:6307 android.app.IActivityManager$Stub.onTransact:2386
06-17 11:01:28.297 1257 2003 D ConnectivityService: listenForNetwork for uid/pid:10134/12868 NetworkRequest [ LISTEN id=364, [ Capabilities: INTERNET&NOT_RESTRICTED&TRUSTED&NOT_VPN&FOREGROUND Uid: 10134] ]
06-17 11:01:28.300 1257 3383 D ActivityManager: package com.microsoft.appmanager, user - 0 is SDcard whitelisted
06-17 11:01:28.307 1257 2003 I DropBoxManagerService: add tag=system_server_wtf isTagEnabled=true flags=0x2
06-17 11:01:28.313 1257 2003 I DropBoxManagerService: add tag=system_server_wtf isTagEnabled=true flags=0x2
06-17 11:01:28.322 1257 3378 D ConnectivityService: ConnectivityService NetworkRequestInfo binderDied(NetworkRequest [ TRACK_DEFAULT id=349, [ Capabilities: INTERNET&NOT_RESTRICTED&TRUSTED Uid: 10271] ], android.os.BinderProxy@10af14c)
06-17 11:01:28.322 1257 2003 D ConnectivityService: ConnectivityService NetworkRequestInfo binderDied(NetworkRequest [ LISTEN id=350, [ Capabilities: INTERNET&NOT_RESTRICTED&TRUSTED&NOT_VPN Uid: 10271] ], android.os.BinderProxy@3f61595)
06-17 11:01:28.322 1257 1466 D ConnectivityService: releasing NetworkRequest [ TRACK_DEFAULT id=349, [ Capabilities: INTERNET&NOT_RESTRICTED&TRUSTED Uid: 10271] ] (release request)
06-17 11:01:28.324 1257 1466 D ConnectivityService: releasing NetworkRequest [ LISTEN id=350, [ Capabilities: INTERNET&NOT_RESTRICTED&TRUSTED&NOT_VPN Uid: 10271] ] (release request)
06-17 11:01:28.324 1257 1282 I ActivityManager: Start proc 12963:com.microsoft.appmanager/u0a134 for service {com.microsoft.appmanager/androidx.room.MultiInstanceInvalidationService}
06-17 11:01:28.357 1257 2390 I ActivityManager: DSS OFF for com.microsoft.appmanager
06-17 11:01:28.386 1257 1257 D TrustManagerService: Removing dead TrustListener.
06-17 11:01:28.415 1257 1929 D ConnectivityService: ConnectivityService NetworkRequestInfo binderDied(NetworkRequest [ LISTEN id=331, [ Capabilities: INTERNET&NOT_RESTRICTED&TRUSTED Uid: 10220] ], android.os.BinderProxy@5dc5e44)
06-17 11:01:28.415 1257 5088 D ConnectivityService: ConnectivityService NetworkRequestInfo binderDied(NetworkRequest [ TRACK_DEFAULT id=329, [ Capabilities: INTERNET&NOT_RESTRICTED&TRUSTED Uid: 10220] ], android.os.BinderProxy@250b2d)
06-17 11:01:28.416 1257 1907 D ConnectivityService: ConnectivityService NetworkRequestInfo binderDied(NetworkRequest [ TRACK_DEFAULT id=341, [ Capabilities: INTERNET&NOT_RESTRICTED&TRUSTED Uid: 10220] ], android.os.BinderProxy@afba862)
06-17 11:01:28.416 1257 1466 D ConnectivityService: releasing NetworkRequest [ TRACK_DEFAULT id=329, [ Capabilities: INTERNET&NOT_RESTRICTED&TRUSTED Uid: 10220] ] (release request)
06-17 11:01:28.417 1257 1466 D ConnectivityService: releasing NetworkRequest [ TRACK_DEFAULT id=341, [ Capabilities: INTERNET&NOT_RESTRICTED&TRUSTED Uid: 10220] ] (release request)
06-17 11:01:28.417 1257 3470 W ActivityManager: Scheduling restart of crashed service com.android.vending/com.google.frameworks.client.data.android.server.play.BackgroundProcessEndpointService in 1000ms
06-17 11:01:28.419 1257 1466 D ConnectivityService: releasing NetworkRequest [ LISTEN id=331, [ Capabilities: INTERNET&NOT_RESTRICTED&TRUSTED Uid: 10220] ] (release request)
06-17 11:01:28.423 1257 2390 D ConnectivityService: ConnectivityService NetworkRequestInfo binderDied(NetworkRequest [ TRACK_DEFAULT id=330, [ Capabilities: INTERNET&NOT_RESTRICTED&TRUSTED Uid: 10220] ], android.os.BinderProxy@840bdf3)
06-17 11:01:28.424 1257 1466 D ConnectivityService: releasing NetworkRequest [ TRACK_DEFAULT id=330, [ Capabilities: INTERNET&NOT_RESTRICTED&TRUSTED Uid: 10220] ] (release request)
06-17 11:01:28.462 1257 5092 D ConnectivityService: ConnectivityService NetworkRequestInfo binderDied(NetworkRequest [ TRACK_DEFAULT id=265, [ Capabilities: INTERNET&NOT_RESTRICTED&TRUSTED Uid: 10203] ], android.os.BinderProxy@2138fc8)
06-17 11:01:28.462 1257 2112 D ConnectivityService: ConnectivityService NetworkRequestInfo binderDied(NetworkRequest [ TRACK_DEFAULT id=266, [ Capabilities: INTERNET&NOT_RESTRICTED&TRUSTED Uid: 10203] ], android.os.BinderProxy@4d35861)
06-17 11:01:28.462 1257 1466 D ConnectivityService: releasing NetworkRequest [ TRACK_DEFAULT id=265, [ Capabilities: INTERNET&NOT_RESTRICTED&TRUSTED Uid: 10203] ] (release request)
06-17 11:01:28.463 1257 1466 D ConnectivityService: releasing NetworkRequest [ TRACK_DEFAULT id=266, [ Capabilities: INTERNET&NOT_RESTRICTED&TRUSTED Uid: 10203] ] (release request)
06-17 11:01:28.471 1257 3378 D ConnectivityService: ConnectivityService NetworkRequestInfo binderDied(NetworkRequest [ TRACK_DEFAULT id=322, [ Capabilities: INTERNET&NOT_RESTRICTED&TRUSTED Uid: 10220] ], android.os.BinderProxy@ef05f86)
06-17 11:01:28.471 1257 1269 D ConnectivityService: ConnectivityService NetworkRequestInfo binderDied(NetworkRequest [ LISTEN id=323, [ Capabilities: INTERNET&NOT_RESTRICTED&TRUSTED Uid: 10220] ], android.os.BinderProxy@117b047)
06-17 11:01:28.471 1257 1466 D ConnectivityService: releasing NetworkRequest [ TRACK_DEFAULT id=322, [ Capabilities: INTERNET&NOT_RESTRICTED&TRUSTED Uid: 10220] ] (release request)
06-17 11:01:28.472 1257 1466 D ConnectivityService: releasing NetworkRequest [ LISTEN id=323, [ Capabilities: INTERNET&NOT_RESTRICTED&TRUSTED Uid: 10220] ] (release request)
06-17 11:01:28.487 1257 3470 D SettingsProvider: isChangeAllowed() : name = wallpaper_rotate_fixed
06-17 11:01:28.487 1257 3470 D SettingsProvider: edmUri: content://com.sec.knox.provider/RestrictionPolicy3
06-17 11:01:28.487 1257 3470 D SettingsProvider: projectionArgs: isSettingsChangesAllowed
06-17 11:01:28.487 1257 3470 D SettingsProvider: selectionArgs: false
06-17 11:01:28.487 1257 3470 D SettingsProvider: selectionArgs: 10054
06-17 11:01:28.488 1257 3470 D SecContentProvider: called from android.uid.systemui:10054
06-17 11:01:28.488 1257 3470 D RestrictionPolicy: isSettingsChangesAllowedAsUser, userId 0 : true
06-17 11:01:28.488 1257 3470 D SettingsProvider: ret = 1
06-17 11:01:28.499 1257 1274 D SettingsProvider: isChangeAllowed() : name = enabled_notification_listeners
06-17 11:01:28.500 1257 1274 D SettingsProvider: isChangeAllowed() : name = enabled_notification_assistant
06-17 11:01:28.500 1257 1274 D SettingsProvider: isChangeAllowed() : name = enabled_notification_policy_access_packages
06-17 11:01:28.503 1257 3470 D WallpaperManagerService: mDeviceColor:black
06-17 11:01:28.524 1257 2389 D ActivityManager: package com.samsung.android.app.appsedge, user - 0 is SDcard whitelisted
06-17 11:01:28.541 1257 1614 D ActivityManager: package com.samsung.android.calendar, user - 0 is SDcard whitelisted
06-17 11:01:28.544 1257 1614 I ActivityManager: Killing 11888:com.android.keychain/1000 (adj 999): empty #25
06-17 11:01:28.552 1257 3355 D SamsungAlarmManager: setInexact Intent (T:3/F:0/AC:false) 20360614T110128 - CU:10215/CP:1766
06-17 11:01:28.553 1257 3460 V WifiDisplayAdapter: getWifiDisplayStatusLocked: result=WifiDisplayStatus{featureState=0, scanState=0, activeDisplayState=0, activeDisplay=null, displays=[], sessionInfo=WifiDisplaySessionInfo:
06-17 11:01:28.553 1257 3460 V WifiDisplayAdapter: Client/Owner: Client
06-17 11:01:28.553 1257 3460 V WifiDisplayAdapter: GroupId:
06-17 11:01:28.553 1257 3460 V WifiDisplayAdapter: Passphrase:
06-17 11:01:28.553 1257 3460 V WifiDisplayAdapter: SessionId: 0
06-17 11:01:28.553 1257 3460 V WifiDisplayAdapter: IP Address: , connectedState=-1}
06-17 11:01:28.555 1257 3355 I SamsungAlarmManager: setLocked to kernel - T:2 / 20260617T110715, SetElapsed=771738, nowELAPSED=424899
06-17 11:01:28.556 1257 3355 I SamsungAlarmManager: setLocked to kernel - T:3 / 20260617T110200, SetElapsed=456345, nowELAPSED=424901
06-17 11:01:28.561 1257 3460 V WifiDisplayAdapter: getWifiDisplayStatusLocked: result=WifiDisplayStatus{featureState=0, scanState=0, activeDisplayState=0, activeDisplay=null, displays=[], sessionInfo=WifiDisplaySessionInfo:
06-17 11:01:28.561 1257 3460 V WifiDisplayAdapter: Client/Owner: Client
06-17 11:01:28.561 1257 3460 V WifiDisplayAdapter: GroupId:
06-17 11:01:28.561 1257 3460 V WifiDisplayAdapter: Passphrase:
06-17 11:01:28.561 1257 3460 V WifiDisplayAdapter: SessionId: 0
06-17 11:01:28.561 1257 3460 V WifiDisplayAdapter: IP Address: , connectedState=-1}
06-17 11:01:28.564 1257 1282 I ActivityManager: Start proc 13036:com.samsung.android.app.appsedge/u0a55 for service {com.samsung.android.app.appsedge/com.samsung.android.app.appsedge.edgepanel.EdgeIntentService}
06-17 11:01:28.578 1257 3470 D SamsungAlarmManager: Cancel Alarm calling from uid:10101 pid :12670 / op:PendingIntent{6faaa7d: PendingIntentRecord{25add72 com.microsoft.skydrive broadcastIntent}}
06-17 11:01:28.581 1257 1274 D SettingsProvider: isChangeAllowed() : name = enabled_notification_listeners
06-17 11:01:28.581 1257 1274 D SettingsProvider: isChangeAllowed() : name = enabled_notification_assistant
06-17 11:01:28.582 1257 1274 D SettingsProvider: isChangeAllowed() : name = enabled_notification_policy_access_packages
06-17 11:01:28.608 1257 3338 D SamsungAlarmManager: setInexact Intent (T:3/F:0/AC:false) 20360614T110128 - CU:10215/CP:2832
06-17 11:01:28.608 1257 3338 I SamsungAlarmManager: setLocked to kernel - T:2 / 20260617T110715, SetElapsed=771738, nowELAPSED=424953
06-17 11:01:28.609 1257 3338 I SamsungAlarmManager: setLocked to kernel - T:3 / 20260617T110200, SetElapsed=456345, nowELAPSED=424954
06-17 11:01:28.612 1257 1274 D SettingsProvider: isChangeAllowed() : name = enabled_notification_listeners
06-17 11:01:28.613 1257 1274 D SettingsProvider: isChangeAllowed() : name = enabled_notification_assistant
06-17 11:01:28.613 1257 1274 D SettingsProvider: isChangeAllowed() : name = enabled_notification_policy_access_packages
06-17 11:01:28.627 1257 1274 D SettingsProvider: isChangeAllowed() : name = enabled_notification_listeners
06-17 11:01:28.627 1257 1274 D SettingsProvider: isChangeAllowed() : name = enabled_notification_assistant
06-17 11:01:28.627 1257 1274 D SettingsProvider: isChangeAllowed() : name = enabled_notification_policy_access_packages
06-17 11:01:28.639 1257 1257 W LoadedApk: Slow system_server main thread handled for android.intent.action.PACKAGE_CHANGED took 104 ms, Receiver = com.android.server.appwidget.AppWidgetServiceImpl$1@112a754
06-17 11:01:28.639 1257 1257 W Looper : Slow dispatch took 104ms main h=android.app.ActivityThread$H c=android.app.-$$Lambda$LoadedApk$ReceiverDispatcher$Args$_BumDX2UKsnxLVrE6UJsJZkotuA@6fb2134 m=0
06-17 11:01:28.640 1257 1257 W Looper : Slow system_server main looper dispatch took 104ms h=android.app.ActivityThread$H c=android.app.-$$Lambda$LoadedApk$ReceiverDispatcher$Args$_BumDX2UKsnxLVrE6UJsJZkotuA@6fb2134 m=0
06-17 11:01:28.650 1257 2389 I ActivityManager: DSS OFF for com.samsung.android.app.appsedge
06-17 11:01:28.668 1257 1274 D SettingsProvider: isChangeAllowed() : name = enabled_notification_listeners
06-17 11:01:28.669 1257 1274 D SettingsProvider: isChangeAllowed() : name = enabled_notification_assistant
06-17 11:01:28.669 1257 1274 D SettingsProvider: isChangeAllowed() : name = enabled_notification_policy_access_packages
06-17 11:01:28.670 1257 1257 I Telecom : DefaultDialerCache: Refreshing default dialer for user 0: now com.samsung.android.dialer: DDC.oR@BBM
06-17 11:01:28.670 1257 1257 D CocktailBarManagerServiceContainer: onReceive : android.intent.action.PACKAGE_CHANGED
06-17 11:01:28.673 1257 1282 W ActivityManager: Slow operation: 140ms so far, now at startProcess: returned from zygote!
06-17 11:01:28.673 1257 1282 W ActivityManager: Slow operation: 141ms so far, now at startProcess: done updating battery stats
06-17 11:01:28.674 1257 1282 W ActivityManager: Slow operation: 141ms so far, now at startProcess: building log message
06-17 11:01:28.674 1257 1282 I ActivityManager: Start proc 13077:com.samsung.android.calendar/u0a162 for broadcast {com.samsung.android.calendar/com.android.calendar.widget.month.MonthWidgetProvider}
06-17 11:01:28.674 1257 1282 W ActivityManager: Slow operation: 141ms so far, now at startProcess: starting to update pids map
06-17 11:01:28.674 1257 1282 W ActivityManager: Slow operation: 141ms so far, now at startProcess: done updating pids map
06-17 11:01:28.678 1257 1929 D ActivityTaskManager: setLockScreenShown(true,false) is called from 12929
06-17 11:01:28.698 1257 1274 D SettingsProvider: isChangeAllowed() : name = enabled_notification_listeners
06-17 11:01:28.698 1257 1257 D ActivityManager: package com.samsung.android.app.galaxyfinder, user - 0 is SDcard whitelisted
06-17 11:01:28.699 1257 1274 D SettingsProvider: isChangeAllowed() : name = enabled_notification_assistant
06-17 11:01:28.700 1257 1274 D SettingsProvider: isChangeAllowed() : name = enabled_notification_policy_access_packages
06-17 11:01:28.705 1257 2390 D PowerManagerService: [api] setDozeAfterScreenOff: true (uid: 10054 pid: 12929)
06-17 11:01:28.714 1257 2390 D SettingsProvider: isChangeAllowed() : name = lockstar_facewidget_area
06-17 11:01:28.715 1257 2390 D SettingsProvider: edmUri: content://com.sec.knox.provider/RestrictionPolicy3
06-17 11:01:28.715 1257 2390 D SettingsProvider: projectionArgs: isSettingsChangesAllowed
06-17 11:01:28.715 1257 2390 D SettingsProvider: selectionArgs: false
06-17 11:01:28.715 1257 2390 D SettingsProvider: selectionArgs: 10054
06-17 11:01:28.715 1257 2390 D SecContentProvider: called from android.uid.systemui:10054
06-17 11:01:28.715 1257 2390 D RestrictionPolicy: isSettingsChangesAllowedAsUser, userId 0 : true
06-17 11:01:28.715 1257 2390 D SettingsProvider: ret = 1
06-17 11:01:28.733 1257 3470 D WallpaperManagerService: which : 2, return type : 8 (called by userId= 0)
06-17 11:01:28.737 1257 1614 I ActivityManager: DSS OFF for com.samsung.android.calendar
06-17 11:01:28.740 1257 3470 D WallpaperManagerService: WallpaperManagerCallbackClient android.app.IWallpaperManagerCallback$Stub$Proxy@502c0ce
06-17 11:01:28.742 1257 2390 D SettingsProvider: isChangeAllowed() : name = white_lockscreen_wallpaper
06-17 11:01:28.742 1257 2390 D SettingsProvider: WALLPAPER_FONT_THEME : white_lockscreen_wallpaper is allowed
06-17 11:01:28.747 1257 1282 W ActivityManager: Slow operation: 59ms so far, now at startProcess: returned from zygote!
06-17 11:01:28.749 1257 3470 D SettingsProvider: isChangeAllowed() : name = white_lockscreen_statusbar
06-17 11:01:28.749 1257 3470 D SettingsProvider: WALLPAPER_FONT_THEME : white_lockscreen_statusbar is allowed
06-17 11:01:28.751 1257 1929 D SettingsProvider: isChangeAllowed() : name = white_lockscreen_navigationbar
06-17 11:01:28.751 1257 1929 D SettingsProvider: WALLPAPER_FONT_THEME : white_lockscreen_navigationbar is allowed
06-17 11:01:28.753 1257 1275 V UsbDeviceManager: onKeyguardStateChanged: isShowing=true secure=false user=0
06-17 11:01:28.753 1257 1275 D StorageManagerService: onKeyguardStateChanged = false
06-17 11:01:28.754 1257 1272 D UsbDeviceManager: handleMessage -> MSG_UPDATE_SCREEN_LOCK: mScreenLocked=false
06-17 11:01:28.756 1257 1424 I StorageManagerService: handleMessage :{ when=-1ms what=15 target=com.android.server.StorageManagerService$StorageManagerServiceHandler }
06-17 11:01:28.757 1257 1424 D StorageManagerService: handleMessage :: H_KEYGUARD_CHANGED = 0
06-17 11:01:28.768 1257 1282 W ActivityManager: Slow operation: 80ms so far, now at startProcess: done updating battery stats
06-17 11:01:28.769 1257 1282 W ActivityManager: Slow operation: 81ms so far, now at startProcess: building log message
06-17 11:01:28.769 1257 1282 I ActivityManager: Start proc 13148:com.samsung.android.app.galaxyfinder:appservice/u0a76 for service {com.samsung.android.app.galaxyfinder/com.samsung.android.app.galaxyfinder.acceleration.AppCoreService}
06-17 11:01:28.769 1257 1282 W ActivityManager: Slow operation: 81ms so far, now at startProcess: starting to update pids map
06-17 11:01:28.770 1257 1282 W ActivityManager: Slow operation: 82ms so far, now at startProcess: done updating pids map
06-17 11:01:28.827 1257 1257 W Looper : Slow dispatch took 107ms main h=com.android.server.notification.NotificationManagerService$WorkerHandler c=null m=8
06-17 11:01:28.828 1257 1257 W Looper : Slow system_server main looper dispatch took 107ms h=com.android.server.notification.NotificationManagerService$WorkerHandler c=null m=8
06-17 11:01:28.828 1257 1257 W Looper : Slow delivery took 277ms main h=com.android.server.job.JobSchedulerService$JobHandler c=null m=4
06-17 11:01:28.828 1257 1257 W Looper : Slow system_server main looper delivery took 277ms h=com.android.server.job.JobSchedulerService$JobHandler c=null m=4
06-17 11:01:28.831 1257 1483 W Looper : Slow dispatch took 142ms PackageManagerHandlerThread h=android.os.Handler c= m=0
06-17 11:01:28.856 1257 3355 I ActivityManager: DSS OFF for com.samsung.android.app.galaxyfinder
06-17 11:01:28.864 1257 1257 D RestrictionPolicy: isSettingsChangesAllowedAsUser, userId 0 : true
06-17 11:01:28.866 1257 1257 D RestrictionPolicy: isAirplaneModeAllowed : true
06-17 11:01:28.867 1257 1257 D RestrictionPolicy: isCellularDataAllowed: true
06-17 11:01:28.868 1257 1257 D RestrictionPolicy: isNFCEnabled : true
06-17 11:01:28.868 1257 1257 D RestrictionPolicy: isWifiTetheringEnabled : true
06-17 11:01:28.891 12963 12963 E ActivityThread: Failed to find provider info for com.microsoft.yourphonecompanion.contentprovider.featureoverride
06-17 11:01:28.911 1257 1483 W Looper : Slow delivery took 295ms PackageManagerHandlerThread h=android.os.Handler c= m=0
06-17 11:01:28.936 1257 1907 D SettingsProvider: isChangeAllowed() : name = navigation_mode
06-17 11:01:28.936 1257 1907 D SettingsProvider: edmUri: content://com.sec.knox.provider/RestrictionPolicy3
06-17 11:01:28.936 1257 1907 D SettingsProvider: projectionArgs: isSettingsChangesAllowed
06-17 11:01:28.936 1257 1907 D SettingsProvider: selectionArgs: false
06-17 11:01:28.936 1257 1907 D SettingsProvider: selectionArgs: 10054
06-17 11:01:28.936 1257 1907 D SecContentProvider: called from android.uid.systemui:10054
06-17 11:01:28.937 1257 1907 D RestrictionPolicy: isSettingsChangesAllowedAsUser, userId 0 : true
06-17 11:01:28.937 1257 1907 D SettingsProvider: ret = 1
06-17 11:01:28.950 1257 1257 D SmartAlertController: SmartAlert - SemMotionRecognitionEvent.SMART_ALERT
06-17 11:01:28.951 1257 1257 W Looper : Drained
06-17 11:01:28.984 1257 1614 D CustomFrequencyManagerService: acquireDVFSLockLocked : type : DVFS_MIN_LIMIT frequency : 1354000 uid : 1000 pid : 1257 pkgName : com.samsung.android.app.galaxyfinder@1
06-17 11:01:29.045 1257 3355 I ActivityManager: Killing 12487:com.samsung.android.dqagent/1000 (adj 999): empty #25
06-17 11:01:29.077 1257 1273 W Looper : Slow delivery took 417ms android.ui h=com.android.server.am.ActivityManagerService$UiHandler c=null m=53
06-17 11:01:29.100 1257 1273 W Looper : Drained
06-17 11:01:29.111 1257 3355 D CustomFrequencyManagerService: FrequencyrequestList.getNextSchedTuneBoostRequest, index: 1
06-17 11:01:29.118 1257 3355 D CustomFrequencyManagerService: FrequencyrequestList.getNextSchedTuneBoostRequest, index: 1
06-17 11:01:29.151 1257 1483 W Looper : Slow dispatch took 100ms PackageManagerHandlerThread h=android.os.Handler c= m=0
06-17 11:01:29.180 1257 1904 D ConnectivityService: listenForNetwork for uid/pid:10054/12929 NetworkRequest [ LISTEN id=365, [ Transports: WIFI Capabilities: NOT_VPN] ]
06-17 11:01:29.188 1257 3470 D ConnectivityService: requestNetwork for uid/pid:10054/12929 NetworkRequest [ TRACK_DEFAULT id=366, [ Capabilities: INTERNET&NOT_RESTRICTED&TRUSTED Uid: 10054] ]
06-17 11:01:29.191 1257 1466 D ConnectivityService: sending new Min Network Score(0): NetworkRequest [ TRACK_DEFAULT id=366, [ Capabilities: INTERNET&NOT_RESTRICTED&TRUSTED Uid: 10054] ]
06-17 11:01:29.228 1257 3338 I Telecom:SamsungTelecomServiceImpl: getCallState - callingPid : 12929 / processName : sts
06-17 11:01:29.261 1257 1907 D ConnectivityService: listenForNetwork for uid/pid:10134/12963 NetworkRequest [ LISTEN id=367, [ Capabilities: INTERNET&NOT_RESTRICTED&TRUSTED&NOT_VPN&FOREGROUND Uid: 10134] ]
