06-17 11:00:08.460 1257 5088 D SamsungAlarmManager: Cancel Alarm calling from uid:10215 pid :2832 / op:PendingIntent{13abf0d: PendingIntentRecord{d477ec2 com.google.android.gms startService}}
06-17 11:00:08.463 1257 5088 I SamsungAlarmManager: setLocked to kernel - T:2 / 20260617T110715, SetElapsed=771738, nowELAPSED=344808
06-17 11:00:08.463 1257 5088 I SamsungAlarmManager: setLocked to kernel - T:3 / 20260617T110100, SetElapsed=396345, nowELAPSED=344808
06-17 11:00:08.468 1257 5088 D ActivityManager: package com.osp.app.signin, user - 0 is SDcard whitelisted
06-17 11:00:08.469 1257 5088 W ActivityManager: wait for provider publish: waiters=1 callerApp=ProcessRecord{56379f7 5733:com.samsung.android.messaging/u0a114} cpr=ContentProviderRecord{c1c44d3 u0 com.osp.app.signin/com.samsung.android.samsungaccount.profile.data.provider.ProfileProvider}
06-17 11:00:08.497 1257 1282 I ActivityManager: Start proc 6469:com.osp.app.signin/u0a104 for content provider {com.osp.app.signin/com.samsung.android.samsungaccount.profile.data.provider.ProfileProvider}
06-17 11:00:08.531 1257 3393 I ActivityManager: DSS OFF for com.osp.app.signin
06-17 11:00:08.572 4971 6121 D SystemUIService: Starting getMemoryInfo in MemoryInfoReporter thread.
06-17 11:00:08.578 4971 6121 E AndroidRuntime: FATAL EXCEPTION: AsyncTask #10
06-17 11:00:08.578 4971 6121 E AndroidRuntime: Process: com.android.systemui, PID: 4971
06-17 11:00:08.578 4971 6121 E AndroidRuntime: java.lang.RuntimeException: An error occurred while executing doInBackground()
06-17 11:00:08.578 4971 6121 E AndroidRuntime: at android.os.AsyncTask$4.done(AsyncTask.java:399)
06-17 11:00:08.578 4971 6121 E AndroidRuntime: at java.util.concurrent.FutureTask.finishCompletion(FutureTask.java:383)
06-17 11:00:08.578 4971 6121 E AndroidRuntime: at java.util.concurrent.FutureTask.setException(FutureTask.java:252)
06-17 11:00:08.578 4971 6121 E AndroidRuntime: at java.util.concurrent.FutureTask.run(FutureTask.java:271)
06-17 11:00:08.578 4971 6121 E AndroidRuntime: at java.util.concurrent.ThreadPoolExecutor.runWorker(ThreadPoolExecutor.java:1167)
06-17 11:00:08.578 4971 6121 E AndroidRuntime: at java.util.concurrent.ThreadPoolExecutor$Worker.run(ThreadPoolExecutor.java:641)
06-17 11:00:08.578 4971 6121 E AndroidRuntime: at java.lang.Thread.run(Thread.java:919)
06-17 11:00:08.578 4971 6121 E AndroidRuntime: Caused by: java.lang.NullPointerException: Attempt to invoke virtual method 'void java.io.InputStream.close()' on a null object reference
06-17 11:00:08.578 4971 6121 E AndroidRuntime: at com.android.internal.widget.LocalImageResolver.getBoundsOptionsForImage(LocalImageResolver.java:67)
06-17 11:00:08.578 4971 6121 E AndroidRuntime: at com.android.internal.widget.LocalImageResolver.resolveImage(LocalImageResolver.java:39)
06-17 11:00:08.578 4971 6121 E AndroidRuntime: at com.android.systemui.statusbar.notification.row.NotificationInlineImageResolver.resolveImage(NotificationInlineImageResolver.java:76)
06-17 11:00:08.578 4971 6121 E AndroidRuntime: at com.android.systemui.statusbar.notification.row.NotificationInlineImageCache$PreloadImageTask.doInBackground(NotificationInlineImageCache.java:99)
06-17 11:00:08.578 4971 6121 E AndroidRuntime: at com.android.systemui.statusbar.notification.row.NotificationInlineImageCache$PreloadImageTask.doInBackground(NotificationInlineImageCache.java:86)
06-17 11:00:08.578 4971 6121 E AndroidRuntime: at android.os.AsyncTask$3.call(AsyncTask.java:378)
06-17 11:00:08.578 4971 6121 E AndroidRuntime: at java.util.concurrent.FutureTask.run(FutureTask.java:266)
06-17 11:00:08.578 4971 6121 E AndroidRuntime: ... 3 more
06-17 11:00:08.580 4971 6493 D SystemUIService: - Memory Information -
06-17 11:00:08.583 1257 3393 W RescueParty: Noticed 3 events for UID 10054 in last 24 sec
06-17 11:00:08.583 1257 6494 I DropBoxManagerService: add tag=system_app_crash isTagEnabled=true flags=0x2
06-17 11:00:08.584 1257 3393 W ActivityManager: crash : com.android.systemui,0
06-17 11:00:08.589 1257 3393 W ActivityManager: Process com.android.systemui has crashed too many times: killing!
06-17 11:00:08.609 1257 1904 D SamsungAlarmManager: setInexact Intent (T:3/F:0/AC:false) 20360614T110008 - CU:10215/CP:1766
06-17 11:00:08.610 1257 1904 I SamsungAlarmManager: setLocked to kernel - T:2 / 20260617T110715, SetElapsed=771738, nowELAPSED=344955
06-17 11:00:08.612 1257 1904 I SamsungAlarmManager: setLocked to kernel - T:3 / 20260617T110100, SetElapsed=396345, nowELAPSED=344957
06-17 11:00:08.678 1257 4992 I StatusBarManagerService: binder died for pkg=com.android.systemui
06-17 11:00:08.680 1257 3470 D ConnectivityService: ConnectivityService NetworkRequestInfo binderDied(NetworkRequest [ LISTEN id=308, [] ], android.os.BinderProxy@705e735)
06-17 11:00:08.681 3346 3346 D SDHMS:eb.h: VideoPlayListener mIsVideoPlay : false
06-17 11:00:08.681 1257 1466 D ConnectivityService: releasing NetworkRequest [ LISTEN id=308, [] ] (release request)
06-17 11:00:08.681 1257 2550 D WallpaperManagerService: binderDied android.app.IWallpaperManagerCallback$Stub$Proxy@a3c4ab7
06-17 11:00:08.681 1257 1257 W WallpaperManagerService: Wallpaper service gone: ComponentInfo{com.android.systemui/com.android.systemui.ImageWallpaper}
06-17 11:00:08.681 1257 1257 W WallpaperManagerService: Wallpaper service gone: ComponentInfo{com.android.systemui/com.android.systemui.ImageWallpaper}
06-17 11:00:08.682 1257 2003 I WindowManager: WIN DEATH: Window{3131886 u0 com.android.systemui.ImageWallpaper}
06-17 11:00:08.683 1257 2003 I WindowManager: Destroying surface Surface(name=com.android.systemui.ImageWallpaper$_4971)/@0xbe7cd3b called by com.android.server.wm.WindowStateAnimator.destroySurface:1790 com.android.server.wm.WindowStateAnimator.destroySurfaceLocked:720 com.android.server.wm.WindowState.removeImmediately:2327 com.android.server.wm.WindowState.removeIfPossible:2463 com.android.server.wm.WindowState.access$300:264 com.android.server.wm.WindowState$DeathRecipient.binderDied:3034 android.os.BinderProxy.sendDeathNotice:637
06-17 11:00:08.686 1257 1269 D NotificationListeners: Removing active service ComponentInfo{com.android.systemui/com.android.systemui.statusbar.NotificationListener}
06-17 11:00:08.688 1257 5092 D ConnectivityService: ConnectivityService NetworkRequestInfo binderDied(NetworkRequest [ TRACK_DEFAULT id=306, [ Capabilities: INTERNET&NOT_RESTRICTED&TRUSTED Uid: 10054] ], android.os.BinderProxy@8dc8c58)
06-17 11:00:08.688 1257 1466 D ConnectivityService: releasing NetworkRequest [ TRACK_DEFAULT id=306, [ Capabilities: INTERNET&NOT_RESTRICTED&TRUSTED Uid: 10054] ] (release request)
06-17 11:00:08.689 1257 3387 V CocktailBarStatePolicyController: binderDied : binder = android.os.BinderProxy@26e9696
06-17 11:00:08.689 1257 3484 I ActivityManager: Process com.android.systemui (pid 4971) has died: pers PERU(229,1467)
06-17 11:00:08.689 1257 5056 V AODManagerService: binderDied
06-17 11:00:08.690 1257 2390 D ConnectivityService: ConnectivityService NetworkRequestInfo binderDied(NetworkRequest [ LISTEN id=305, [ Transports: WIFI Capabilities: NOT_VPN] ], android.os.BinderProxy@ba1604)
06-17 11:00:08.691 1257 1273 D ActivityTaskManager: setLockScreenShown(true,false) is called from 1257
06-17 11:00:08.692 1257 1929 I WindowManager: WIN DEATH: Window{54a41e3 u0 NavigationBar0}
06-17 11:00:08.695 1257 1466 D ConnectivityService: releasing NetworkRequest [ LISTEN id=305, [ Transports: WIFI Capabilities: NOT_VPN] ] (release request)
06-17 11:00:08.698 1257 1929 W WindowManager: Failed to deliver inset state change
06-17 11:00:08.698 1257 1929 W WindowManager: android.os.DeadObjectException
06-17 11:00:08.698 1257 1929 W WindowManager: at android.os.BinderProxy.transactNative(Native Method)
06-17 11:00:08.698 1257 1929 W WindowManager: at android.os.BinderProxy.transact(BinderProxy.java:527)
06-17 11:00:08.698 1257 1929 W WindowManager: at android.view.IWindow$Stub$Proxy.insetsChanged(IWindow.java:734)
06-17 11:00:08.698 1257 1929 W WindowManager: at com.android.server.wm.WindowState.notifyInsetsChanged(WindowState.java:3856)
06-17 11:00:08.698 1257 1929 W WindowManager: at com.android.server.wm.InsetsStateController.lambda$new$0(InsetsStateController.java:56)
06-17 11:00:08.698 1257 1929 W WindowManager: at com.android.server.wm.-$$Lambda$InsetsStateController$sIYEJIR4ztgffCLMi5Z1RvdxyYs.accept(Unknown Source:2)
06-17 11:00:08.698 1257 1929 W WindowManager: at com.android.server.wm.WindowContainer$ForAllWindowsConsumerWrapper.apply(WindowContainer.java:1184)
06-17 11:00:08.698 1257 1929 W WindowManager: at com.android.server.wm.WindowContainer$ForAllWindowsConsumerWrapper.apply(WindowContainer.java:1174)
06-17 11:00:08.698 1257 1929 W WindowManager: at com.android.server.wm.WindowState.applyInOrderWithImeWindows(WindowState.java:4957)
06-17 11:00:08.698 1257 1929 W WindowManager: at com.android.server.wm.WindowState.forAllWindows(WindowState.java:4841)
06-17 11:00:08.698 1257 1929 W WindowManager: at com.android.server.wm.WindowContainer.forAllWindows(WindowContainer.java:883)
06-17 11:00:08.698 1257 1929 W WindowManager: at com.android.server.wm.WindowContainer.forAllWindows(WindowContainer.java:883)
06-17 11:00:08.698 1257 1929 W WindowManager: at com.android.server.wm.DisplayContent.forAllWindows(DisplayContent.java:2477)
06-17 11:00:08.698 1257 1929 W WindowManager: at com.android.server.wm.WindowContainer.forAllWindows(WindowContainer.java:900)
06-17 11:00:08.698 1257 1929 W WindowManager: at com.android.server.wm.InsetsStateController.notifyInsetsChanged(InsetsStateController.java:227)
06-17 11:00:08.698 1257 1929 W WindowManager: at com.android.server.wm.InsetsStateController.onPostLayout(InsetsStateController.java:121)
06-17 11:00:08.698 1257 1929 W WindowManager: at com.android.server.wm.DisplayContent.applySurfaceChangesTransaction(DisplayContent.java:4524)
06-17 11:00:08.698 1257 1929 W WindowManager: at com.android.server.wm.RootWindowContainer.applySurfaceChangesTransaction(RootWindowContainer.java:1013)
06-17 11:00:08.698 1257 1929 W WindowManager: at com.android.server.wm.RootWindowContainer.performSurfacePlacementNoTrace(RootWindowContainer.java:734)
06-17 11:00:08.698 1257 1929 W WindowManager: at com.android.server.wm.RootWindowContainer.performSurfacePlacement(RootWindowContainer.java:669)
06-17 11:00:08.698 1257 1929 W WindowManager: at com.android.server.wm.WindowSurfacePlacer.performSurfacePlacementLoop(WindowSurfacePlacer.java:180)
06-17 11:00:08.698 1257 1929 W WindowManager: at com.android.server.wm.WindowSurfacePlacer.performSurfacePlacement(WindowSurfacePlacer.java:111)
06-17 11:00:08.698 1257 1929 W WindowManager: at com.android.server.wm.WindowSurfacePlacer.performSurfacePlacement(WindowSurfacePlacer.java:99)
06-17 11:00:08.698 1257 1929 W WindowManager: at com.android.server.wm.WindowManagerService.postWindowRemoveCleanupLocked(WindowManagerService.java:2122)
06-17 11:00:08.698 1257 1929 W WindowManager: at com.android.server.wm.WindowState.removeImmediately(WindowState.java:2336)
06-17 11:00:08.698 1257 1929 W WindowManager: at com.android.server.wm.WindowState.removeIfPossible(WindowState.java:2463)
06-17 11:00:08.698 1257 1929 W WindowManager: at com.android.server.wm.WindowState.access$300(WindowState.java:264)
06-17 11:00:08.698 1257 1929 W WindowManager: at com.android.server.wm.WindowState$DeathRecipient.binderDied(WindowState.java:3034)
06-17 11:00:08.698 1257 1929 W WindowManager: at android.os.BinderProxy.sendDeathNotice(BinderProxy.java:637)
06-17 11:00:08.701 1257 1929 I chatty : uid=1000(system) Binder:1257_A identical 1 line
06-17 11:00:08.702 1257 1929 W WindowManager: Failed to deliver inset state change
06-17 11:00:08.702 1257 1929 W WindowManager: android.os.DeadObjectException
06-17 11:00:08.702 1257 1929 W WindowManager: at android.os.BinderProxy.transactNative(Native Method)
06-17 11:00:08.702 1257 1929 W WindowManager: at android.os.BinderProxy.transact(BinderProxy.java:527)
06-17 11:00:08.702 1257 1929 W WindowManager: at android.view.IWindow$Stub$Proxy.insetsChanged(IWindow.java:734)
06-17 11:00:08.702 1257 1929 W WindowManager: at com.android.server.wm.WindowState.notifyInsetsChanged(WindowState.java:3856)
06-17 11:00:08.702 1257 1929 W WindowManager: at com.android.server.wm.InsetsStateController.lambda$new$0(InsetsStateController.java:56)
06-17 11:00:08.702 1257 1929 W WindowManager: at com.android.server.wm.-$$Lambda$InsetsStateController$sIYEJIR4ztgffCLMi5Z1RvdxyYs.accept(Unknown Source:2)
06-17 11:00:08.702 1257 1929 W WindowManager: at com.android.server.wm.WindowContainer$ForAllWindowsConsumerWrapper.apply(WindowContainer.java:1184)
06-17 11:00:08.702 1257 1929 W WindowManager: at com.android.server.wm.WindowContainer$ForAllWindowsConsumerWrapper.apply(WindowContainer.java:1174)
06-17 11:00:08.702 1257 1929 W WindowManager: at com.android.server.wm.WindowState.applyInOrderWithImeWindows(WindowState.java:4957)
06-17 11:00:08.702 1257 1929 W WindowManager: at com.android.server.wm.WindowState.forAllWindows(WindowState.java:4841)
06-17 11:00:08.702 1257 1929 W WindowManager: at com.android.server.wm.WindowContainer.forAllWindows(WindowContainer.java:883)
06-17 11:00:08.702 1257 1929 W WindowManager: at com.android.server.wm.WindowContainer.forAllWindows(WindowContainer.java:883)
06-17 11:00:08.702 1257 1929 W WindowManager: at com.android.server.wm.DisplayContent.forAllWindows(DisplayContent.java:2477)
06-17 11:00:08.702 1257 1929 W WindowManager: at com.android.server.wm.WindowContainer.forAllWindows(WindowContainer.java:900)
06-17 11:00:08.702 1257 1929 W WindowManager: at com.android.server.wm.InsetsStateController.notifyInsetsChanged(InsetsStateController.java:227)
06-17 11:00:08.702 1257 1929 W WindowManager: at com.android.server.wm.InsetsStateController.onPostLayout(InsetsStateController.java:121)
06-17 11:00:08.702 1257 1929 W WindowManager: at com.android.server.wm.DisplayContent.applySurfaceChangesTransaction(DisplayContent.java:4524)
06-17 11:00:08.702 1257 1929 W WindowManager: at com.android.server.wm.RootWindowContainer.applySurfaceChangesTransaction(RootWindowContainer.java:1013)
06-17 11:00:08.702 1257 1929 W WindowManager: at com.android.server.wm.RootWindowContainer.performSurfacePlacementNoTrace(RootWindowContainer.java:734)
06-17 11:00:08.702 1257 1929 W WindowManager: at com.android.server.wm.RootWindowContainer.performSurfacePlacement(RootWindowContainer.java:669)
06-17 11:00:08.702 1257 1929 W WindowManager: at com.android.server.wm.WindowSurfacePlacer.performSurfacePlacementLoop(WindowSurfacePlacer.java:180)
06-17 11:00:08.702 1257 1929 W WindowManager: at com.android.server.wm.WindowSurfacePlacer.performSurfacePlacement(WindowSurfacePlacer.java:111)
06-17 11:00:08.702 1257 1929 W WindowManager: at com.android.server.wm.WindowSurfacePlacer.performSurfacePlacement(WindowSurfacePlacer.java:99)
06-17 11:00:08.702 1257 1929 W WindowManager: at com.android.server.wm.WindowManagerService.postWindowRemoveCleanupLocked(WindowManagerService.java:2122)
06-17 11:00:08.702 1257 1929 W WindowManager: at com.android.server.wm.WindowState.removeImmediately(WindowState.java:2336)
06-17 11:00:08.702 1257 1929 W WindowManager: at com.android.server.wm.WindowState.removeIfPossible(WindowState.java:2463)
06-17 11:00:08.702 1257 1929 W WindowManager: at com.android.server.wm.WindowState.access$300(WindowState.java:264)
06-17 11:00:08.702 1257 1929 W WindowManager: at com.android.server.wm.WindowState$DeathRecipient.binderDied(WindowState.java:3034)
06-17 11:00:08.702 1257 1929 W WindowManager: at android.os.BinderProxy.sendDeathNotice(BinderProxy.java:637)
06-17 11:00:08.705 1257 1929 W WindowManager: Failed to report 'resized' to the client of Window{efda2e9 u0 StatusBar}, removing this window.
06-17 11:00:08.705 1257 1929 W WindowManager: Failed to report 'resized' to the client of Window{e091d21 u0 ScreenDecorOverlayBottom}, removing this window.
06-17 11:00:08.706 1257 1929 D WindowManager: setKeyguardOccluded occluded=false
06-17 11:00:08.706 1257 1929 I WindowManager: Destroying surface Surface(name=StatusBar$_4971)/@0xddada33 called by com.android.server.wm.WindowStateAnimator.destroySurface:1790 com.android.server.wm.WindowStateAnimator.destroySurfaceLocked:720 com.android.server.wm.WindowState.removeImmediately:2327 com.android.server.wm.RootWindowContainer.performSurfacePlacementNoTrace:901 com.android.server.wm.RootWindowContainer.performSurfacePlacement:669 com.android.server.wm.WindowSurfacePlacer.performSurfacePlacementLoop:180 com.android.server.wm.WindowSurfacePlacer.performSurfacePlacement:111 com.android.server.wm.WindowSurfacePlacer.performSurfacePlacement:99
06-17 11:00:08.708 1257 1929 I WindowManager: Destroying surface Surface(name=ScreenDecorOverlayBottom$_4971)/@0xfc48e70 called by com.android.server.wm.WindowStateAnimator.destroySurface:1790 com.android.server.wm.WindowStateAnimator.destroySurfaceLocked:720 com.android.server.wm.WindowState.removeImmediately:2327 com.android.server.wm.RootWindowContainer.performSurfacePlacementNoTrace:901 com.android.server.wm.RootWindowContainer.performSurfacePlacement:669 com.android.server.wm.WindowSurfacePlacer.performSurfacePlacementLoop:180 com.android.server.wm.WindowSurfacePlacer.performSurfacePlacement:111 com.android.server.wm.WindowSurfacePlacer.performSurfacePlacement:99
06-17 11:00:08.710 1257 1929 W WindowManager: Failed to deliver inset state change
06-17 11:00:08.710 1257 1929 W WindowManager: android.os.DeadObjectException
06-17 11:00:08.710 1257 1929 W WindowManager: at android.os.BinderProxy.transactNative(Native Method)
06-17 11:00:08.710 1257 1929 W WindowManager: at android.os.BinderProxy.transact(BinderProxy.java:527)
06-17 11:00:08.710 1257 1929 W WindowManager: at android.view.IWindow$Stub$Proxy.insetsChanged(IWindow.java:734)
06-17 11:00:08.710 1257 1929 W WindowManager: at com.android.server.wm.WindowState.notifyInsetsChanged(WindowState.java:3856)
06-17 11:00:08.710 1257 1929 W WindowManager: at com.android.server.wm.InsetsStateController.lambda$new$0(InsetsStateController.java:56)
06-17 11:00:08.710 1257 1929 W WindowManager: at com.android.server.wm.-$$Lambda$InsetsStateController$sIYEJIR4ztgffCLMi5Z1RvdxyYs.accept(Unknown Source:2)
06-17 11:00:08.710 1257 1929 W WindowManager: at com.android.server.wm.WindowContainer$ForAllWindowsConsumerWrapper.apply(WindowContainer.java:1184)
06-17 11:00:08.710 1257 1929 W WindowManager: at com.android.server.wm.WindowContainer$ForAllWindowsConsumerWrapper.apply(WindowContainer.java:1174)
06-17 11:00:08.710 1257 1929 W WindowManager: at com.android.server.wm.WindowState.applyInOrderWithImeWindows(WindowState.java:4957)
06-17 11:00:08.710 1257 1929 W WindowManager: at com.android.server.wm.WindowState.forAllWindows(WindowState.java:4841)
06-17 11:00:08.710 1257 1929 W WindowManager: at com.android.server.wm.WindowContainer.forAllWindows(WindowContainer.java:883)
06-17 11:00:08.710 1257 1929 W WindowManager: at com.android.server.wm.WindowContainer.forAllWindows(WindowContainer.java:883)
06-17 11:00:08.710 1257 1929 W WindowManager: at com.android.server.wm.DisplayContent.forAllWindows(DisplayContent.java:2477)
06-17 11:00:08.710 1257 1929 W WindowManager: at com.android.server.wm.WindowContainer.forAllWindows(WindowContainer.java:900)
06-17 11:00:08.710 1257 1929 W WindowManager: at com.android.server.wm.InsetsStateController.notifyInsetsChanged(InsetsStateController.java:227)
06-17 11:00:08.710 1257 1929 W WindowManager: at com.android.server.wm.InsetsStateController.onPostLayout(InsetsStateController.java:121)
06-17 11:00:08.710 1257 1929 W WindowManager: at com.android.server.wm.DisplayContent.applySurfaceChangesTransaction(DisplayContent.java:4524)
06-17 11:00:08.710 1257 1929 W WindowManager: at com.android.server.wm.RootWindowContainer.applySurfaceChangesTransaction(RootWindowContainer.java:1013)
06-17 11:00:08.710 1257 1929 W WindowManager: at com.android.server.wm.RootWindowContainer.performSurfacePlacementNoTrace(RootWindowContainer.java:734)
06-17 11:00:08.710 1257 1929 W WindowManager: at com.android.server.wm.RootWindowContainer.performSurfacePlacement(RootWindowContainer.java:669)
06-17 11:00:08.710 1257 1929 W WindowManager: at com.android.server.wm.WindowSurfacePlacer.performSurfacePlacementLoop(WindowSurfacePlacer.java:180)
06-17 11:00:08.710 1257 1929 W WindowManager: at com.android.server.wm.WindowSurfacePlacer.performSurfacePlacement(WindowSurfacePlacer.java:111)
06-17 11:00:08.710 1257 1929 W WindowManager: at com.android.server.wm.WindowSurfacePlacer.performSurfacePlacement(WindowSurfacePlacer.java:99)
06-17 11:00:08.710 1257 1929 W WindowManager: at com.android.server.wm.WindowManagerService.postWindowRemoveCleanupLocked(WindowManagerService.java:2122)
06-17 11:00:08.710 1257 1929 W WindowManager: at com.android.server.wm.WindowState.removeImmediately(WindowState.java:2336)
06-17 11:00:08.710 1257 1929 W WindowManager: at com.android.server.wm.WindowState.removeIfPossible(WindowState.java:2463)
06-17 11:00:08.710 1257 1929 W WindowManager: at com.android.server.wm.WindowState.access$300(WindowState.java:264)
06-17 11:00:08.710 1257 1929 W WindowManager: at com.android.server.wm.WindowState$DeathRecipient.binderDied(WindowState.java:3034)
06-17 11:00:08.710 1257 1929 W WindowManager: at android.os.BinderProxy.sendDeathNotice(BinderProxy.java:637)
06-17 11:00:08.713 1257 1929 W WindowManager: Failed to report 'resized' to the client of Window{15bca u0 ScreenDecorOverlay}, removing this window.
06-17 11:00:08.713 1257 1929 I WindowManager: Destroying surface Surface(name=ScreenDecorOverlay$_4971)/@0xc09e26e called by com.android.server.wm.WindowStateAnimator.destroySurface:1790 com.android.server.wm.WindowStateAnimator.destroySurfaceLocked:720 com.android.server.wm.WindowState.removeImmediately:2327 com.android.server.wm.RootWindowContainer.performSurfacePlacementNoTrace:901 com.android.server.wm.RootWindowContainer.performSurfacePlacement:669 com.android.server.wm.WindowSurfacePlacer.performSurfacePlacementLoop:180 com.android.server.wm.WindowSurfacePlacer.performSurfacePlacement:111 com.android.server.wm.WindowSurfacePlacer.performSurfacePlacement:99
06-17 11:00:08.718 1257 3338 I WindowManager: WIN DEATH: Window{da910c7 u0 DockedStackDivider}
06-17 11:00:08.729 1257 3355 I WindowManager: WIN DEATH: Window{1ccff54 u0 AssistPreviewPanel}
06-17 11:00:08.732 1257 4992 W WindowManager: Failed looking up window callers=com.android.server.wm.WindowManagerService.windowForClientLocked:6039 com.android.server.wm.WindowState$DeathRecipient.binderDied:3027 android.os.BinderProxy.sendDeathNotice:637
06-17 11:00:08.732 1257 4992 I WindowManager: WIN DEATH: null
06-17 11:00:08.732 1257 1275 V UsbDeviceManager: onKeyguardStateChanged: isShowing=true secure=false user=0
06-17 11:00:08.733 1257 3480 W WindowManager: Failed looking up window callers=com.android.server.wm.WindowManagerService.windowForClientLocked:6039 com.android.server.wm.WindowState$DeathRecipient.binderDied:3027 android.os.BinderProxy.sendDeathNotice:637
06-17 11:00:08.733 1257 3480 I WindowManager: WIN DEATH: null
06-17 11:00:08.733 1257 1272 D UsbDeviceManager: handleMessage -> MSG_UPDATE_SCREEN_LOCK: mScreenLocked=false
06-17 11:00:08.733 1257 1275 D StorageManagerService: onKeyguardStateChanged = false
06-17 11:00:08.733 1257 3389 I WindowManager: WIN DEATH: Window{d74f07a u0 Bouncer}
06-17 11:00:08.734 1257 1424 I StorageManagerService: handleMessage :{ when=0 what=15 target=com.android.server.StorageManagerService$StorageManagerServiceHandler }
06-17 11:00:08.734 1257 1424 D StorageManagerService: handleMessage :: H_KEYGUARD_CHANGED = 0
06-17 11:00:08.739 1257 1614 W WindowManager: Failed looking up window callers=com.android.server.wm.WindowManagerService.windowForClientLocked:6039 com.android.server.wm.WindowState$DeathRecipient.binderDied:3027 android.os.BinderProxy.sendDeathNotice:637
06-17 11:00:08.739 1257 1614 I WindowManager: WIN DEATH: null
06-17 11:00:08.742 1257 1275 D PowerManagerService: [api] setUserActivityTimeoutOverrideFromWindowManagerInternal: timeoutMillis: -1
06-17 11:00:08.742 1257 1275 D PowerManagerService: getScreenOffTimeoutLocked: 5000 -> 30000
06-17 11:00:08.742 1257 1275 D PowerManagerService: [api] setScreenDimDurationOverrideFromWindowManagerInternal: timeoutMillis: -1
06-17 11:00:08.755 1257 3484 W ActivityManager: Scheduling restart of crashed service com.android.systemui/.SystemUIService in 0ms
06-17 11:00:08.755 1257 3484 W ActivityManager: Scheduling restart of crashed service com.android.systemui/.keyguard.KeyguardService in 0ms
06-17 11:00:08.756 1257 3484 W ActivityManager: Scheduling restart of crashed service com.android.systemui/.ImageWallpaper in 0ms
06-17 11:00:08.758 1257 3484 W ActivityManager: Re-adding persistent process ProcessRecord{49feed7 4971:com.android.systemui/u0a54}
06-17 11:00:08.759 1257 3484 D ActivityManager: package com.android.systemui, user - 0 is SDcard whitelisted
06-17 11:00:08.763 1257 1275 W ActivityManager: setHasOverlayUi called on unknown pid: 4971
06-17 11:00:08.800 1257 1282 I ActivityManager: Start proc 6506:com.android.systemui/u0a54 for restart com.android.systemui
06-17 11:00:08.804 1257 3338 I ActivityManager: Killing 4203:com.google.process.gapps/u0a215 (adj 999): empty #25
06-17 11:00:08.809 1257 3338 I ActivityManager: Killing 4997:com.samsung.android.themestore/u0a131 (adj 999): empty #25
06-17 11:00:08.815 1257 4992 I ActivityManager: Killing 4786:com.samsung.android.app.appsedge/u0a55 (adj 999): empty #25
06-17 11:00:08.819 1257 3480 I ActivityManager: Killing 5333:com.microsoft.appmanager/u0a134 (adj 999): empty #25
06-17 11:00:08.827 1257 3480 I ActivityManager: Killing 5172:com.samsung.android.app.reminder/u0a198 (adj 999): empty #25
06-17 11:00:08.835 1257 3480 I ActivityManager: Killing 5404:com.samsung.android.calendar/u0a162 (adj 999): empty #25
06-17 11:00:08.838 1257 3338 I ActivityManager: Killing 5596:com.android.providers.calendar/u0a103 (adj 999): empty #25
06-17 11:00:08.840 1257 3338 I ActivityManager: Killing 5044:com.samsung.android.scloud/5009 (adj 999): empty #25
06-17 11:00:08.842 1257 3480 I ActivityManager: DSS OFF for com.android.systemui
06-17 11:00:08.848 1257 3480 D OomAdjuster: Set persistent 6506 com.android.systemui adj -800: pers-top-ui com.android.server.am.OomAdjuster.updateOomAdjLocked:557 com.android.server.am.ActivityManagerService.updateOomAdjLocked:19836 com.android.server.am.ActiveServices.realStartServiceLocked:2895 com.android.server.am.ActiveServices.attachApplicationLocked:3589 com.android.server.am.ActivityManagerService.attachApplicationLocked:6237 com.android.server.am.ActivityManagerService.attachApplication:6307 android.app.IActivityManager$Stub.onTransact:2386
06-17 11:00:08.944 1257 5056 W ActivityManager: Scheduling restart of crashed service com.samsung.android.app.reminder/.data.sync.CloudConnectionService in 1000ms
06-17 11:00:08.949 1257 3484 I DropBoxManagerService: add tag=system_server_wtf isTagEnabled=true flags=0x2
06-17 11:00:08.952 1257 3393 D ConnectivityService: ConnectivityService NetworkRequestInfo binderDied(NetworkRequest [ LISTEN id=311, [ Capabilities: INTERNET&NOT_RESTRICTED&TRUSTED&NOT_VPN&FOREGROUND Uid: 10134] ], android.os.BinderProxy@4fc2b59)
06-17 11:00:08.953 1257 1466 D ConnectivityService: releasing NetworkRequest [ LISTEN id=311, [ Capabilities: INTERNET&NOT_RESTRICTED&TRUSTED&NOT_VPN&FOREGROUND Uid: 10134] ] (release request)
06-17 11:00:08.953 1257 1455 D WifiP2pService: P2pDisabledState{ when=0 what=143378 obj=android.os.BinderProxy@ce1d8b0 target=com.android.internal.util.StateMachine$SmHandler }
06-17 11:00:08.953 1257 1455 D WifiP2pService: Remove client - com.microsoft.appmanager
06-17 11:00:08.958 1257 3484 I DropBoxManagerService: add tag=system_server_wtf isTagEnabled=true flags=0x2
06-17 11:00:08.970 1257 3470 W ActivityManager: Scheduling restart of crashed service com.microsoft.appmanager/androidx.room.MultiInstanceInvalidationService in 1000ms
06-17 11:00:09.004 1257 1257 D TrustManagerService: Removing dead TrustListener.
06-17 11:00:09.054 1257 3484 D SettingsProvider: isChangeAllowed() : name = wallpaper_rotate_fixed
06-17 11:00:09.054 1257 3484 D SettingsProvider: edmUri: content://com.sec.knox.provider/RestrictionPolicy3
06-17 11:00:09.054 1257 3484 D SettingsProvider: projectionArgs: isSettingsChangesAllowed
06-17 11:00:09.054 1257 3484 D SettingsProvider: selectionArgs: false
06-17 11:00:09.054 1257 3484 D SettingsProvider: selectionArgs: 10054
06-17 11:00:09.055 1257 3484 D SecContentProvider: called from android.uid.systemui:10054
06-17 11:00:09.055 1257 3484 D RestrictionPolicy: isSettingsChangesAllowedAsUser, userId 0 : true
06-17 11:00:09.055 1257 3484 D SettingsProvider: ret = 1
06-17 11:00:09.062 1257 1435 D WallpaperManagerService: mDeviceColor:black
06-17 11:00:09.074 1257 1274 D SettingsProvider: isChangeAllowed() : name = enabled_notification_listeners
06-17 11:00:09.075 1257 1274 D SettingsProvider: isChangeAllowed() : name = enabled_notification_assistant
06-17 11:00:09.075 1257 1274 D SettingsProvider: isChangeAllowed() : name = enabled_notification_policy_access_packages
06-17 11:00:09.093 1257 1274 D SettingsProvider: isChangeAllowed() : name = enabled_notification_listeners
06-17 11:00:09.093 1257 1274 D SettingsProvider: isChangeAllowed() : name = enabled_notification_assistant
06-17 11:00:09.094 1257 1274 D SettingsProvider: isChangeAllowed() : name = enabled_notification_policy_access_packages
06-17 11:00:09.104 1257 3389 V WifiDisplayAdapter: getWifiDisplayStatusLocked: result=WifiDisplayStatus{featureState=0, scanState=0, activeDisplayState=0, activeDisplay=null, displays=[], sessionInfo=WifiDisplaySessionInfo:
06-17 11:00:09.104 1257 3389 V WifiDisplayAdapter: Client/Owner: Client
06-17 11:00:09.104 1257 3389 V WifiDisplayAdapter: GroupId:
06-17 11:00:09.104 1257 3389 V WifiDisplayAdapter: Passphrase:
06-17 11:00:09.104 1257 3389 V WifiDisplayAdapter: SessionId: 0
06-17 11:00:09.104 1257 3389 V WifiDisplayAdapter: IP Address: , connectedState=-1}
06-17 11:00:09.111 1257 3389 V WifiDisplayAdapter: getWifiDisplayStatusLocked: result=WifiDisplayStatus{featureState=0, scanState=0, activeDisplayState=0, activeDisplay=null, displays=[], sessionInfo=WifiDisplaySessionInfo:
06-17 11:00:09.111 1257 3389 V WifiDisplayAdapter: Client/Owner: Client
06-17 11:00:09.111 1257 3389 V WifiDisplayAdapter: GroupId:
06-17 11:00:09.111 1257 3389 V WifiDisplayAdapter: Passphrase:
06-17 11:00:09.111 1257 3389 V WifiDisplayAdapter: SessionId: 0
06-17 11:00:09.111 1257 3389 V WifiDisplayAdapter: IP Address: , connectedState=-1}
06-17 11:00:09.116 1257 1274 D SettingsProvider: isChangeAllowed() : name = enabled_notification_listeners
06-17 11:00:09.117 1257 1274 D SettingsProvider: isChangeAllowed() : name = enabled_notification_assistant
06-17 11:00:09.117 1257 1274 D SettingsProvider: isChangeAllowed() : name = enabled_notification_policy_access_packages
06-17 11:00:09.137 1257 1274 D SettingsProvider: isChangeAllowed() : name = enabled_notification_listeners
06-17 11:00:09.137 1257 1274 D SettingsProvider: isChangeAllowed() : name = enabled_notification_assistant
06-17 11:00:09.138 1257 1274 D SettingsProvider: isChangeAllowed() : name = enabled_notification_policy_access_packages
06-17 11:00:09.153 1257 1274 D SettingsProvider: isChangeAllowed() : name = enabled_notification_listeners
06-17 11:00:09.154 1257 1274 D SettingsProvider: isChangeAllowed() : name = enabled_notification_assistant
06-17 11:00:09.155 1257 1274 D SettingsProvider: isChangeAllowed() : name = enabled_notification_policy_access_packages
06-17 11:00:09.161 1257 3389 D ActivityTaskManager: setLockScreenShown(true,false) is called from 6506
06-17 11:00:09.162 1257 1275 V UsbDeviceManager: onKeyguardStateChanged: isShowing=true secure=false user=0
06-17 11:00:09.163 1257 1272 D UsbDeviceManager: handleMessage -> MSG_UPDATE_SCREEN_LOCK: mScreenLocked=false
06-17 11:00:09.163 1257 1275 D StorageManagerService: onKeyguardStateChanged = false
06-17 11:00:09.164 1257 1424 I StorageManagerService: handleMessage :{ when=0 what=15 target=com.android.server.StorageManagerService$StorageManagerServiceHandler }
06-17 11:00:09.164 1257 1424 D StorageManagerService: handleMessage :: H_KEYGUARD_CHANGED = 0
06-17 11:00:09.166 1257 1257 D RestrictionPolicy: isSettingsChangesAllowedAsUser, userId 0 : true
06-17 11:00:09.167 1257 1257 D RestrictionPolicy: isAirplaneModeAllowed : true
06-17 11:00:09.167 1257 1257 D RestrictionPolicy: isCellularDataAllowed: true
06-17 11:00:09.167 1257 1257 D RestrictionPolicy: isNFCEnabled : true
06-17 11:00:09.167 1257 1257 D RestrictionPolicy: isWifiTetheringEnabled : true
06-17 11:00:09.176 1257 1274 D SettingsProvider: isChangeAllowed() : name = enabled_notification_listeners
06-17 11:00:09.177 1257 1274 D SettingsProvider: isChangeAllowed() : name = enabled_notification_assistant
06-17 11:00:09.178 1257 1274 D SettingsProvider: isChangeAllowed() : name = enabled_notification_policy_access_packages
06-17 11:00:09.180 1257 3378 D PowerManagerService: [api] setDozeAfterScreenOff: true (uid: 10054 pid: 6506)
06-17 11:00:09.189 1257 1612 D SettingsProvider: isChangeAllowed() : name = lockstar_facewidget_area
06-17 11:00:09.189 1257 1612 D SettingsProvider: edmUri: content://com.sec.knox.provider/RestrictionPolicy3
06-17 11:00:09.189 1257 1612 D SettingsProvider: projectionArgs: isSettingsChangesAllowed
06-17 11:00:09.189 1257 1612 D SettingsProvider: selectionArgs: false
06-17 11:00:09.189 1257 1612 D SettingsProvider: selectionArgs: 10054
06-17 11:00:09.189 1257 1612 D SecContentProvider: called from android.uid.systemui:10054
06-17 11:00:09.190 1257 1612 D RestrictionPolicy: isSettingsChangesAllowedAsUser, userId 0 : true
06-17 11:00:09.190 1257 1612 D SettingsProvider: ret = 1
06-17 11:00:09.201 1257 1435 D WallpaperManagerService: which : 2, return type : 8 (called by userId= 0)
06-17 11:00:09.204 1257 1435 D WallpaperManagerService: WallpaperManagerCallbackClient android.app.IWallpaperManagerCallback$Stub$Proxy@6ba46d9
06-17 11:00:09.205 1257 1612 D SettingsProvider: isChangeAllowed() : name = white_lockscreen_wallpaper
06-17 11:00:09.205 1257 1612 D SettingsProvider: WALLPAPER_FONT_THEME : white_lockscreen_wallpaper is allowed
06-17 11:00:09.206 1257 1435 D SettingsProvider: isChangeAllowed() : name = white_lockscreen_statusbar
06-17 11:00:09.206 1257 1435 D SettingsProvider: WALLPAPER_FONT_THEME : white_lockscreen_statusbar is allowed
06-17 11:00:09.207 1257 3484 D SettingsProvider: isChangeAllowed() : name = white_lockscreen_navigationbar
06-17 11:00:09.207 1257 3484 D SettingsProvider: WALLPAPER_FONT_THEME : white_lockscreen_navigationbar is allowed
06-17 11:00:09.240 1257 3389 D SettingsProvider: isChangeAllowed() : name = navigation_mode
06-17 11:00:09.240 1257 3389 D SettingsProvider: edmUri: content://com.sec.knox.provider/RestrictionPolicy3
06-17 11:00:09.240 1257 3389 D SettingsProvider: projectionArgs: isSettingsChangesAllowed
06-17 11:00:09.240 1257 3389 D SettingsProvider: selectionArgs: false
06-17 11:00:09.240 1257 3389 D SettingsProvider: selectionArgs: 10054
06-17 11:00:09.241 1257 3389 D SecContentProvider: called from android.uid.systemui:10054
06-17 11:00:09.241 1257 3389 D RestrictionPolicy: isSettingsChangesAllowedAsUser, userId 0 : true
06-17 11:00:09.241 1257 3389 D SettingsProvider: ret = 1
06-17 11:00:09.451 1257 3484 D ConnectivityService: listenForNetwork for uid/pid:10054/6506 NetworkRequest [ LISTEN id=314, [ Transports: WIFI Capabilities: NOT_VPN] ]
06-17 11:00:09.455 1257 1612 D ConnectivityService: requestNetwork for uid/pid:10054/6506 NetworkRequest [ TRACK_DEFAULT id=315, [ Capabilities: INTERNET&NOT_RESTRICTED&TRUSTED Uid: 10054] ]
06-17 11:00:09.456 1257 1466 D ConnectivityService: sending new Min Network Score(0): NetworkRequest [ TRACK_DEFAULT id=315, [ Capabilities: INTERNET&NOT_RESTRICTED&TRUSTED Uid: 10054] ]
06-17 11:00:09.465 1257 3484 I Telecom:SamsungTelecomServiceImpl: getCallState - callingPid : 6506 / processName : sts
06-17 11:00:09.478 1257 5088 I Telecom:SamsungTelecomServiceImpl: getCallState - callingPid : 6506 / processName : sts
06-17 11:00:09.508 1257 3389 D WindowManager: notifyMovementBoundsChanged: insetRect(42, 125 - 1038, 2232), normalRect(533, 1948 - 1038, 2232), animatingRect(533, 1948 - 1038, 2232), fromIme=false, fromShelffalse, rot=0
06-17 11:00:09.514 1257 1612 I StatusBarManagerService: registerStatusBar bar=com.android.internal.statusbar.IStatusBar$Stub$Proxy@f5488fe
06-17 11:00:09.527 1257 3389 D ActivityManager: package com.samsung.android.mobileservice, user - 0 is SDcard whitelisted
06-17 11:00:09.528 1257 3389 W ActivityManager: wait for provider publish: waiters=1 callerApp=ProcessRecord{e3ea9ad 6469:com.osp.app.signin/u0a104} cpr=ContentProviderRecord{d14ab7b u0 com.samsung.android.mobileservice/.deviceauth.data.local.EsuAgentProvider}
06-17 11:00:09.532 1257 3484 D SettingsProvider: isChangeAllowed() : name = navigation_bar_gesture_disabled_by_policy
06-17 11:00:09.532 1257 3484 D SettingsProvider: edmUri: content://com.sec.knox.provider/RestrictionPolicy3
06-17 11:00:09.532 1257 3484 D SettingsProvider: projectionArgs: isSettingsChangesAllowed
06-17 11:00:09.532 1257 3484 D SettingsProvider: selectionArgs: false
06-17 11:00:09.532 1257 3484 D SettingsProvider: selectionArgs: 10054
06-17 11:00:09.532 1257 3484 D SecContentProvider: called from android.uid.systemui:10054
06-17 11:00:09.532 1257 3484 D RestrictionPolicy: isSettingsChangesAllowedAsUser, userId 0 : true
06-17 11:00:09.532 1257 3484 D SettingsProvider: ret = 1
06-17 11:00:09.535 1257 1612 D SettingsProvider: isChangeAllowed() : name = navigationbar_color
06-17 11:00:09.535 1257 1612 D SettingsProvider: edmUri: content://com.sec.knox.provider/RestrictionPolicy3
06-17 11:00:09.535 1257 1612 D SettingsProvider: projectionArgs: isSettingsChangesAllowed
06-17 11:00:09.536 1257 1612 D SettingsProvider: selectionArgs: false
06-17 11:00:09.536 1257 1612 D SettingsProvider: selectionArgs: 10054
06-17 11:00:09.536 1257 1612 D SecContentProvider: called from android.uid.systemui:10054
06-17 11:00:09.536 1257 1612 D RestrictionPolicy: isSettingsChangesAllowedAsUser, userId 0 : true
06-17 11:00:09.536 1257 1612 D SettingsProvider: ret = 1
06-17 11:00:09.537 1257 1612 D SettingsProvider: isChangeAllowed() : name = navigationbar_current_color
06-17 11:00:09.537 1257 1612 D SettingsProvider: edmUri: content://com.sec.knox.provider/RestrictionPolicy3
06-17 11:00:09.537 1257 1612 D SettingsProvider: projectionArgs: isSettingsChangesAllowed
06-17 11:00:09.537 1257 1612 D SettingsProvider: selectionArgs: false
06-17 11:00:09.537 1257 1612 D SettingsProvider: selectionArgs: 10054
06-17 11:00:09.538 1257 1612 D SecContentProvider: called from android.uid.systemui:10054
06-17 11:00:09.538 1257 1612 D RestrictionPolicy: isSettingsChangesAllowedAsUser, userId 0 : true
06-17 11:00:09.538 1257 1612 D SettingsProvider: ret = 1
06-17 11:00:09.542 1257 1612 D SettingsProvider: isChangeAllowed() : name = icon_blacklist
06-17 11:00:09.542 1257 1612 D SettingsProvider: edmUri: content://com.sec.knox.provider/RestrictionPolicy3
06-17 11:00:09.542 1257 1612 D SettingsProvider: projectionArgs: isSettingsChangesAllowed
06-17 11:00:09.542 1257 1612 D SettingsProvider: selectionArgs: false
06-17 11:00:09.542 1257 1612 D SettingsProvider: selectionArgs: 10054
06-17 11:00:09.543 1257 1612 D SecContentProvider: called from android.uid.systemui:10054
06-17 11:00:09.543 1257 1612 D RestrictionPolicy: isSettingsChangesAllowedAsUser, userId 0 : true
06-17 11:00:09.543 1257 1612 D SettingsProvider: ret = 1
06-17 11:00:09.554 1257 1282 I ActivityManager: Start proc 6646:com.samsung.android.mobileservice/u0a107 for content provider {com.samsung.android.mobileservice/com.samsung.android.mobileservice.deviceauth.data.local.EsuAgentProvider}
06-17 11:00:09.569 1257 5088 D WallpaperManagerService: which : 2, return type : 8 (called by userId= 0)
06-17 11:00:09.570 1257 5088 D WallpaperManagerService: getVideoFilePath userId=0 path=
06-17 11:00:09.570 1257 5088 D WallpaperManagerService: getVideoFilePath userId=0 pkg=com.android.systemui which= 2
06-17 11:00:09.570 1257 1612 D WallpaperManagerService: getVideoColor userId=0, which = 2, videoColor=black
06-17 11:00:09.591 1257 5088 I ActivityManager: DSS OFF for com.samsung.android.mobileservice
06-17 11:00:09.772 1257 5088 I Telecom:SamsungTelecomServiceImpl: isInCall - callingPackage : com.android.systemui
06-17 11:00:09.795 1257 1612 D SettingsProvider: isChangeAllowed() : name = flashlight_available
06-17 11:00:09.795 1257 1612 D SettingsProvider: edmUri: content://com.sec.knox.provider/RestrictionPolicy3
06-17 11:00:09.795 1257 1612 D SettingsProvider: projectionArgs: isSettingsChangesAllowed
06-17 11:00:09.795 1257 1612 D SettingsProvider: selectionArgs: false
06-17 11:00:09.795 1257 1612 D SettingsProvider: selectionArgs: 10054
06-17 11:00:09.795 1257 1612 D SecContentProvider: called from android.uid.systemui:10054
06-17 11:00:09.796 1257 1612 D RestrictionPolicy: isSettingsChangesAllowedAsUser, userId 0 : true
06-17 11:00:09.796 1257 1612 D SettingsProvider: ret = 1
06-17 11:00:09.797 1257 1612 D SettingsProvider: isChangeAllowed() : name = flashlight_enabled
06-17 11:00:09.797 1257 1612 D SettingsProvider: edmUri: content://com.sec.knox.provider/RestrictionPolicy3
06-17 11:00:09.797 1257 1612 D SettingsProvider: projectionArgs: isSettingsChangesAllowed
06-17 11:00:09.797 1257 1612 D SettingsProvider: selectionArgs: false
06-17 11:00:09.797 1257 1612 D SettingsProvider: selectionArgs: 10054
06-17 11:00:09.798 1257 1612 D SecContentProvider: called from android.uid.systemui:10054
06-17 11:00:09.798 1257 1612 D RestrictionPolicy: isSettingsChangesAllowedAsUser, userId 0 : true
06-17 11:00:09.798 1257 1612 D SettingsProvider: ret = 1
06-17 11:00:09.971 1257 1281 D ActivityManager: package com.microsoft.appmanager, user - 0 is SDcard whitelisted
06-17 11:00:09.995 1257 1282 I ActivityManager: Start proc 6702:com.microsoft.appmanager/u0a134 for service {com.microsoft.appmanager/androidx.room.MultiInstanceInvalidationService}
06-17 11:00:10.035 1257 1612 I ActivityManager: DSS OFF for com.microsoft.appmanager
06-17 11:00:10.051 1257 1435 I ActivityManager: Killing 5099:com.microsoft.appmanager:auth/u0a134 (adj 999): empty #25
06-17 11:00:10.079 1257 3389 D SettingsProvider: isChangeAllowed() : name = face_widget_res_id
06-17 11:00:10.079 1257 3389 D SettingsProvider: edmUri: content://com.sec.knox.provider/RestrictionPolicy3
06-17 11:00:10.079 1257 3389 D SettingsProvider: projectionArgs: isSettingsChangesAllowed
06-17 11:00:10.079 1257 3389 D SettingsProvider: selectionArgs: false
06-17 11:00:10.079 1257 3389 D SettingsProvider: selectionArgs: 10054
06-17 11:00:10.079 1257 3389 D SecContentProvider: called from android.uid.systemui:10054
06-17 11:00:10.079 1257 3389 D RestrictionPolicy: isSettingsChangesAllowedAsUser, userId 0 : true
06-17 11:00:10.079 1257 3389 D SettingsProvider: ret = 1
06-17 11:00:10.081 1257 3389 D SettingsProvider: isChangeAllowed() : name = face_widget_order
06-17 11:00:10.081 1257 3389 D SettingsProvider: edmUri: content://com.sec.knox.provider/RestrictionPolicy3
06-17 11:00:10.081 1257 3389 D SettingsProvider: projectionArgs: isSettingsChangesAllowed
06-17 11:00:10.081 1257 3389 D SettingsProvider: selectionArgs: false
06-17 11:00:10.081 1257 3389 D SettingsProvider: selectionArgs: 10054
06-17 11:00:10.081 1257 3389 D SecContentProvider: called from android.uid.systemui:10054
06-17 11:00:10.081 1257 3389 D RestrictionPolicy: isSettingsChangesAllowedAsUser, userId 0 : true
06-17 11:00:10.081 1257 3389 D SettingsProvider: ret = 1
06-17 11:00:10.117 1257 3378 D ConnectivityService: ConnectivityService NetworkRequestInfo binderDied(NetworkRequest [ LISTEN id=307, [ Capabilities: INTERNET&NOT_RESTRICTED&TRUSTED&NOT_VPN&FOREGROUND Uid: 10134] ], android.os.BinderProxy@234ecc4)
06-17 11:00:10.118 1257 1466 D ConnectivityService: releasing NetworkRequest [ LISTEN id=307, [ Capabilities: INTERNET&NOT_RESTRICTED&TRUSTED&NOT_VPN&FOREGROUND Uid: 10134] ] (release request)
06-17 11:00:10.118 6506 6506 D StatusBar: sw screen_mode_setting : 0
06-17 11:00:10.132 1257 3484 D WindowManager: setKeyguardOccluded occluded=false
06-17 11:00:10.143 1257 1435 I ActivityManager: Killing 4860:com.microsoft.skydrive/u0a101 (adj 999): empty #25
06-17 11:00:10.144 1257 1435 I ActivityManager: Killing 5635:com.sec.android.app.fm/u0a86 (adj 999): empty #26
06-17 11:00:10.190 1257 3484 D ConnectivityService: ConnectivityService NetworkRequestInfo binderDied(NetworkRequest [ TRACK_DEFAULT id=309, [ Capabilities: INTERNET&NOT_RESTRICTED&TRUSTED Uid: 10101] ], android.os.BinderProxy@33a98cb)
06-17 11:00:10.191 1257 1466 D ConnectivityService: releasing NetworkRequest [ TRACK_DEFAULT id=309, [ Capabilities: INTERNET&NOT_RESTRICTED&TRUSTED Uid: 10101] ] (release request)
06-17 11:00:10.191 1257 1612 D ConnectivityService: ConnectivityService NetworkRequestInfo binderDied(NetworkRequest [ TRACK_DEFAULT id=304, [ Capabilities: INTERNET&NOT_RESTRICTED&TRUSTED Uid: 10101] ], android.os.BinderProxy@d44dfc1)
06-17 11:00:10.193 1257 1466 D ConnectivityService: releasing NetworkRequest [ TRACK_DEFAULT id=304, [ Capabilities: INTERNET&NOT_RESTRICTED&TRUSTED Uid: 10101] ] (release request)
06-17 11:00:10.228 1257 1614 I Telecom:SamsungTelecomServiceImpl: @hide @test getCurrentTtyMode - callingPackage : com.android.systemui
06-17 11:00:10.243 1257 3484 D ConnectivityService: listenForNetwork for uid/pid:10054/6506 NetworkRequest [ LISTEN id=316, [] ]
06-17 11:00:10.261 6702 6702 E ActivityThread: Failed to find provider info for com.microsoft.yourphonecompanion.contentprovider.featureoverride
06-17 11:00:10.269 1257 1435 D StatusBarManagerService: setPanelExpandStateToType : state = false, barType = 0
06-17 11:00:10.280 1257 1435 D OverlayManager: Skipped idmap creation for android and com.samsung.systemui.hidenotch.withoutcornerround
06-17 11:00:10.287 1257 1435 D OverlayManager: Skipped idmap creation for android and com.samsung.systemui.hidenotch
06-17 11:00:10.291 1257 2389 D OverlayManager: Skipped idmap creation for android and com.samsung.systemui.hidenotch.withoutcornerround
06-17 11:00:10.307 1257 2389 D WindowManager: notifyMovementBoundsChanged: insetRect(42, 125 - 1038, 2232), normalRect(533, 1948 - 1038, 2232), animatingRect(533, 1948 - 1038, 2232), fromIme=false, fromShelffalse, rot=0
06-17 11:00:10.364 6506 6506 D StatusBar: sw screen_mode_setting : 0
06-17 11:00:10.366 1257 3355 D ConnectivityService: listenForNetwork for uid/pid:10134/6702 NetworkRequest [ LISTEN id=317, [ Capabilities: INTERNET&NOT_RESTRICTED&TRUSTED&NOT_VPN&FOREGROUND Uid: 10134] ]
06-17 11:00:10.374 1257 2389 D WindowManager: makeSurface duration=2 name=ScreenDecorOverlay$_6506
06-17 11:00:10.379 1257 1257 W WallpaperManagerService: Wallpaper onServiceConnected : ComponentInfo{com.android.systemui/com.android.systemui.ImageWallpaper}
06-17 11:00:10.381 1257 1257 W WindowManager: addWindowToken: Attempted to add binder token: android.os.Binder@248a855 for already created window token: WallpaperWindowToken{18297f8 token=android.os.Binder@248a855} displayId=0
06-17 11:00:10.386 1257 1257 D WallpaperManagerService: .xml file : width=2400 height=2400 name= component=null
06-17 11:00:10.386 1257 1257 D WallpaperManagerService: service : width=-1 height=-1 name= component=ComponentInfo{com.android.systemui/com.android.systemui.ImageWallpaper}
06-17 11:00:10.386 1257 1257 D WallpaperManagerService: Different wallpaper
06-17 11:00:10.386 1257 1257 D WallpaperManagerService: saveSettingsLockedInternal mode = 0
06-17 11:00:10.391 1257 1257 W WallpaperManagerService: Wallpaper onServiceConnected : ComponentInfo{com.android.systemui/com.android.systemui.ImageWallpaper}
06-17 11:00:10.392 1257 1257 D WallpaperManagerService: .xml file : width=2400 height=2400 name= component=null
06-17 11:00:10.392 1257 1257 D WallpaperManagerService: service : width=-1 height=-1 name= component=ComponentInfo{com.android.systemui/com.android.systemui.ImageWallpaper}
06-17 11:00:10.393 1257 1257 D WallpaperManagerService: Different wallpaper
06-17 11:00:10.393 1257 1257 D WallpaperManagerService: saveSettingsLockedInternal mode = 0
06-17 11:00:10.400 1257 1455 D WifiP2pService: P2pDisabledState{ when=0 what=143376 target=com.android.internal.util.StateMachine$SmHandler }
06-17 11:00:10.404 1257 1455 D WifiP2pService: P2pDisabledState{ when=0 what=139412 obj=Bundle[mParcelledData.dataSize=224] target=com.android.internal.util.StateMachine$SmHandler }
06-17 11:00:10.405 1257 1455 D WifiP2pService: DefaultState{ when=0 what=139412 obj=Bundle[mParcelledData.dataSize=224] target=com.android.internal.util.StateMachine$SmHandler }
06-17 11:00:10.405 1257 1455 D WifiP2pService: P2pDisabledState{ when=0 what=139360 obj=Bundle[mParcelledData.dataSize=248] target=com.android.internal.util.StateMachine$SmHandler }
06-17 11:00:10.406 1257 1455 D WifiP2pService: DefaultState{ when=-1ms what=139360 obj=Bundle[mParcelledData.dataSize=248] target=com.android.internal.util.StateMachine$SmHandler }
06-17 11:00:10.406 1257 1455 D WifiP2pService: add a new client
06-17 11:00:10.407 1257 3355 D WallpaperManagerService: which : 2, return type : 8 (called by userId= 0)
06-17 11:00:10.409 1257 4992 D WallpaperManagerService: getVideoColor userId=0, which = 2, videoColor=black
06-17 11:00:10.409 1257 4992 D WallpaperManagerService: getVideoFilePath userId=0 path=
06-17 11:00:10.410 1257 3355 D WallpaperManagerService: getVideoFilePath userId=0 pkg=com.android.systemui which= 2
06-17 11:00:10.452 1257 3355 D PowerManagerService: [api] userActivity : event: 0 flags: 0 (uid: 10054 pid: 6506) eventTime = 346797
06-17 11:00:10.466 1257 4992 D WindowManager: makeSurface duration=2 name=ScreenDecorOverlayBottom$_6506
