06-17 11:00:40.256 1257 1270 I ActivityManager: DSS OFF for com.samsung.android.messaging
06-17 11:00:40.297 1257 1907 D ActivityManager: package com.facebook.services, user - 0 is SDcard whitelisted
06-17 11:00:40.335 1257 1282 I ActivityManager: Start proc 9971:com.facebook.services/u0a73 for service {com.facebook.services/com.facebook.oxygen.services.fbns.PreloadedFbnsService}
06-17 11:00:40.370 1257 1907 I ActivityManager: DSS OFF for com.facebook.services
06-17 11:00:40.426 1257 1907 I SamsungAlarmManager: setLocked to kernel - T:2 / 20260617T110715, SetElapsed=771738, nowELAPSED=376771
06-17 11:00:40.427 1257 1907 I SamsungAlarmManager: setLocked to kernel - T:3 / 20260617T110100, SetElapsed=396345, nowELAPSED=376772
06-17 11:00:40.429 1257 1907 D SamsungAlarmManager: setInexact Intent (T:2/F:0/AC:false) 20260617T110540 - CU:10271/CP:9216
06-17 11:00:40.429 1257 1907 I SamsungAlarmManager: setLocked to kernel - T:2 / 20260617T110540, SetElapsed=676769, nowELAPSED=376774
06-17 11:00:40.430 1257 1907 I SamsungAlarmManager: setLocked to kernel - T:3 / 20260617T110100, SetElapsed=396345, nowELAPSED=376775
06-17 11:00:40.475 1257 1907 D CustomFrequencyManagerService: releaseDVFSLockLocked : Getting Lock type frm List : DVFS_MIN_LIMIT frequency : 1354000 uid : 1000 pid : 1257 tag : com.samsung.android.app.galaxyfinder@1
06-17 11:00:40.761 8592 9329 D SystemUIService: Starting getMemoryInfo in MemoryInfoReporter thread.
06-17 11:00:40.763 8592 10053 D SystemUIService: - Memory Information -
06-17 11:00:40.770 8592 9334 D SystemUIService: Already in calculating memory info. So skip this.
06-17 11:00:40.770 8592 9331 D SystemUIService: Already in calculating memory info. So skip this.
06-17 11:00:40.773 8592 9329 E AndroidRuntime: FATAL EXCEPTION: AsyncTask #8
06-17 11:00:40.773 8592 9329 E AndroidRuntime: Process: com.android.systemui, PID: 8592
06-17 11:00:40.773 8592 9329 E AndroidRuntime: java.lang.RuntimeException: An error occurred while executing doInBackground()
06-17 11:00:40.773 8592 9329 E AndroidRuntime: at android.os.AsyncTask$4.done(AsyncTask.java:399)
06-17 11:00:40.773 8592 9329 E AndroidRuntime: at java.util.concurrent.FutureTask.finishCompletion(FutureTask.java:383)
06-17 11:00:40.773 8592 9329 E AndroidRuntime: at java.util.concurrent.FutureTask.setException(FutureTask.java:252)
06-17 11:00:40.773 8592 9329 E AndroidRuntime: at java.util.concurrent.FutureTask.run(FutureTask.java:271)
06-17 11:00:40.773 8592 9329 E AndroidRuntime: at java.util.concurrent.ThreadPoolExecutor.runWorker(ThreadPoolExecutor.java:1167)
06-17 11:00:40.773 8592 9329 E AndroidRuntime: at java.util.concurrent.ThreadPoolExecutor$Worker.run(ThreadPoolExecutor.java:641)
06-17 11:00:40.773 8592 9329 E AndroidRuntime: at java.lang.Thread.run(Thread.java:919)
06-17 11:00:40.773 8592 9329 E AndroidRuntime: Caused by: java.lang.NullPointerException: Attempt to invoke virtual method 'void java.io.InputStream.close()' on a null object reference
06-17 11:00:40.773 8592 9329 E AndroidRuntime: at com.android.internal.widget.LocalImageResolver.getBoundsOptionsForImage(LocalImageResolver.java:67)
06-17 11:00:40.773 8592 9329 E AndroidRuntime: at com.android.internal.widget.LocalImageResolver.resolveImage(LocalImageResolver.java:39)
06-17 11:00:40.773 8592 9329 E AndroidRuntime: at com.android.systemui.statusbar.notification.row.NotificationInlineImageResolver.resolveImage(NotificationInlineImageResolver.java:76)
06-17 11:00:40.773 8592 9329 E AndroidRuntime: at com.android.systemui.statusbar.notification.row.NotificationInlineImageCache$PreloadImageTask.doInBackground(NotificationInlineImageCache.java:99)
06-17 11:00:40.773 8592 9329 E AndroidRuntime: at com.android.systemui.statusbar.notification.row.NotificationInlineImageCache$PreloadImageTask.doInBackground(NotificationInlineImageCache.java:86)
06-17 11:00:40.773 8592 9329 E AndroidRuntime: at android.os.AsyncTask$3.call(AsyncTask.java:378)
06-17 11:00:40.773 8592 9329 E AndroidRuntime: at java.util.concurrent.FutureTask.run(FutureTask.java:266)
06-17 11:00:40.773 8592 9329 E AndroidRuntime: ... 3 more
06-17 11:00:40.778 1257 1907 W RescueParty: Noticed 3 events for UID 10054 in last 24 sec
06-17 11:00:40.779 1257 1907 W ActivityManager: crash : com.android.systemui,0
06-17 11:00:40.781 1257 1907 W ActivityManager: Process com.android.systemui has crashed too many times: killing!
06-17 11:00:40.782 1257 10056 I DropBoxManagerService: add tag=system_app_crash isTagEnabled=true flags=0x2
06-17 11:00:40.851 1257 1274 D SettingsProvider: isChangeAllowed() : name = enabled_notification_listeners
06-17 11:00:40.852 1257 1274 D SettingsProvider: isChangeAllowed() : name = enabled_notification_assistant
06-17 11:00:40.852 1257 1274 D SettingsProvider: isChangeAllowed() : name = enabled_notification_policy_access_packages
06-17 11:00:40.879 1257 1274 D SettingsProvider: isChangeAllowed() : name = enabled_notification_listeners
06-17 11:00:40.879 1257 1274 D SettingsProvider: isChangeAllowed() : name = enabled_notification_assistant
06-17 11:00:40.879 1257 1274 D SettingsProvider: isChangeAllowed() : name = enabled_notification_policy_access_packages
06-17 11:00:40.904 1257 1257 W WallpaperManagerService: Wallpaper service gone: ComponentInfo{com.android.systemui/com.android.systemui.ImageWallpaper}
06-17 11:00:40.904 1257 1257 W WallpaperManagerService: Wallpaper service gone: ComponentInfo{com.android.systemui/com.android.systemui.ImageWallpaper}
06-17 11:00:40.905 1257 1906 D ConnectivityService: ConnectivityService NetworkRequestInfo binderDied(NetworkRequest [ LISTEN id=332, [ Transports: WIFI Capabilities: NOT_VPN] ], android.os.BinderProxy@e823408)
06-17 11:00:40.905 1257 5088 D ConnectivityService: ConnectivityService NetworkRequestInfo binderDied(NetworkRequest [ TRACK_DEFAULT id=333, [ Capabilities: INTERNET&NOT_RESTRICTED&TRUSTED Uid: 10054] ], android.os.BinderProxy@f7ac7a1)
06-17 11:00:40.907 1257 1466 D ConnectivityService: releasing NetworkRequest [ LISTEN id=332, [ Transports: WIFI Capabilities: NOT_VPN] ] (release request)
06-17 11:00:40.907 1257 1466 D ConnectivityService: releasing NetworkRequest [ TRACK_DEFAULT id=333, [ Capabilities: INTERNET&NOT_RESTRICTED&TRUSTED Uid: 10054] ] (release request)
06-17 11:00:40.908 3346 3346 D SDHMS:eb.h: VideoPlayListener mIsVideoPlay : false
06-17 11:00:40.908 1257 1270 V AODManagerService: binderDied
06-17 11:00:40.909 1257 1270 D ConnectivityService: ConnectivityService NetworkRequestInfo binderDied(NetworkRequest [ LISTEN id=334, [] ], android.os.BinderProxy@7a03dc6)
06-17 11:00:40.910 1257 3470 D WallpaperManagerService: binderDied android.app.IWallpaperManagerCallback$Stub$Proxy@5e8c347
06-17 11:00:40.910 1257 3460 I WindowManager: WIN DEATH: Window{46c6866 u0 NavigationBar0}
06-17 11:00:40.912 1257 2112 I StatusBarManagerService: binder died for pkg=com.android.systemui
06-17 11:00:40.913 1257 3460 W WindowManager: Failed to deliver inset state change
06-17 11:00:40.913 1257 3460 W WindowManager: android.os.DeadObjectException
06-17 11:00:40.913 1257 3460 W WindowManager: at android.os.BinderProxy.transactNative(Native Method)
06-17 11:00:40.913 1257 3460 W WindowManager: at android.os.BinderProxy.transact(BinderProxy.java:527)
06-17 11:00:40.913 1257 3460 W WindowManager: at android.view.IWindow$Stub$Proxy.insetsChanged(IWindow.java:734)
06-17 11:00:40.913 1257 3460 W WindowManager: at com.android.server.wm.WindowState.notifyInsetsChanged(WindowState.java:3856)
06-17 11:00:40.913 1257 3460 W WindowManager: at com.android.server.wm.InsetsStateController.lambda$new$0(InsetsStateController.java:56)
06-17 11:00:40.913 1257 3460 W WindowManager: at com.android.server.wm.-$$Lambda$InsetsStateController$sIYEJIR4ztgffCLMi5Z1RvdxyYs.accept(Unknown Source:2)
06-17 11:00:40.913 1257 3460 W WindowManager: at com.android.server.wm.WindowContainer$ForAllWindowsConsumerWrapper.apply(WindowContainer.java:1184)
06-17 11:00:40.913 1257 3460 W WindowManager: at com.android.server.wm.WindowContainer$ForAllWindowsConsumerWrapper.apply(WindowContainer.java:1174)
06-17 11:00:40.913 1257 3460 W WindowManager: at com.android.server.wm.WindowState.applyInOrderWithImeWindows(WindowState.java:4957)
06-17 11:00:40.913 1257 3460 W WindowManager: at com.android.server.wm.WindowState.forAllWindows(WindowState.java:4841)
06-17 11:00:40.913 1257 3460 W WindowManager: at com.android.server.wm.WindowContainer.forAllWindows(WindowContainer.java:883)
06-17 11:00:40.913 1257 3460 W WindowManager: at com.android.server.wm.WindowContainer.forAllWindows(WindowContainer.java:883)
06-17 11:00:40.913 1257 3460 W WindowManager: at com.android.server.wm.DisplayContent.forAllWindows(DisplayContent.java:2477)
06-17 11:00:40.913 1257 3460 W WindowManager: at com.android.server.wm.WindowContainer.forAllWindows(WindowContainer.java:900)
06-17 11:00:40.913 1257 3460 W WindowManager: at com.android.server.wm.InsetsStateController.notifyInsetsChanged(InsetsStateController.java:227)
06-17 11:00:40.913 1257 3460 W WindowManager: at com.android.server.wm.InsetsStateController.onPostLayout(InsetsStateController.java:121)
06-17 11:00:40.913 1257 3460 W WindowManager: at com.android.server.wm.DisplayContent.applySurfaceChangesTransaction(DisplayContent.java:4524)
06-17 11:00:40.913 1257 3460 W WindowManager: at com.android.server.wm.RootWindowContainer.applySurfaceChangesTransaction(RootWindowContainer.java:1013)
06-17 11:00:40.913 1257 3460 W WindowManager: at com.android.server.wm.RootWindowContainer.performSurfacePlacementNoTrace(RootWindowContainer.java:734)
06-17 11:00:40.913 1257 3460 W WindowManager: at com.android.server.wm.RootWindowContainer.performSurfacePlacement(RootWindowContainer.java:669)
06-17 11:00:40.913 1257 3460 W WindowManager: at com.android.server.wm.WindowSurfacePlacer.performSurfacePlacementLoop(WindowSurfacePlacer.java:180)
06-17 11:00:40.913 1257 3460 W WindowManager: at com.android.server.wm.WindowSurfacePlacer.performSurfacePlacement(WindowSurfacePlacer.java:111)
06-17 11:00:40.913 1257 3460 W WindowManager: at com.android.server.wm.WindowSurfacePlacer.performSurfacePlacement(WindowSurfacePlacer.java:99)
06-17 11:00:40.913 1257 3460 W WindowManager: at com.android.server.wm.WindowManagerService.postWindowRemoveCleanupLocked(WindowManagerService.java:2122)
06-17 11:00:40.913 1257 3460 W WindowManager: at com.android.server.wm.WindowState.removeImmediately(WindowState.java:2336)
06-17 11:00:40.913 1257 3460 W WindowManager: at com.android.server.wm.WindowState.removeIfPossible(WindowState.java:2463)
06-17 11:00:40.913 1257 3460 W WindowManager: at com.android.server.wm.WindowState.access$300(WindowState.java:264)
06-17 11:00:40.913 1257 3460 W WindowManager: at com.android.server.wm.WindowState$DeathRecipient.binderDied(WindowState.java:3034)
06-17 11:00:40.913 1257 3460 W WindowManager: at android.os.BinderProxy.sendDeathNotice(BinderProxy.java:637)
06-17 11:00:40.915 1257 3460 W WindowManager: Failed to deliver inset state change
06-17 11:00:40.915 1257 3460 W WindowManager: android.os.DeadObjectException
06-17 11:00:40.915 1257 3460 W WindowManager: at android.os.BinderProxy.transactNative(Native Method)
06-17 11:00:40.915 1257 3460 W WindowManager: at android.os.BinderProxy.transact(BinderProxy.java:527)
06-17 11:00:40.915 1257 3460 W WindowManager: at android.view.IWindow$Stub$Proxy.insetsChanged(IWindow.java:734)
06-17 11:00:40.915 1257 3460 W WindowManager: at com.android.server.wm.WindowState.notifyInsetsChanged(WindowState.java:3856)
06-17 11:00:40.915 1257 3460 W WindowManager: at com.android.server.wm.InsetsStateController.lambda$new$0(InsetsStateController.java:56)
06-17 11:00:40.915 1257 3460 W WindowManager: at com.android.server.wm.-$$Lambda$InsetsStateController$sIYEJIR4ztgffCLMi5Z1RvdxyYs.accept(Unknown Source:2)
06-17 11:00:40.915 1257 3460 W WindowManager: at com.android.server.wm.WindowContainer$ForAllWindowsConsumerWrapper.apply(WindowContainer.java:1184)
06-17 11:00:40.915 1257 3460 W WindowManager: at com.android.server.wm.WindowContainer$ForAllWindowsConsumerWrapper.apply(WindowContainer.java:1174)
06-17 11:00:40.915 1257 3460 W WindowManager: at com.android.server.wm.WindowState.applyInOrderWithImeWindows(WindowState.java:4957)
06-17 11:00:40.915 1257 3460 W WindowManager: at com.android.server.wm.WindowState.forAllWindows(WindowState.java:4841)
06-17 11:00:40.915 1257 3460 W WindowManager: at com.android.server.wm.WindowContainer.forAllWindows(WindowContainer.java:883)
06-17 11:00:40.915 1257 3460 W WindowManager: at com.android.server.wm.WindowContainer.forAllWindows(WindowContainer.java:883)
06-17 11:00:40.915 1257 3460 W WindowManager: at com.android.server.wm.DisplayContent.forAllWindows(DisplayContent.java:2477)
06-17 11:00:40.915 1257 3460 W WindowManager: at com.android.server.wm.WindowContainer.forAllWindows(WindowContainer.java:900)
06-17 11:00:40.915 1257 3460 W WindowManager: at com.android.server.wm.InsetsStateController.notifyInsetsChanged(InsetsStateController.java:227)
06-17 11:00:40.915 1257 3460 W WindowManager: at com.android.server.wm.InsetsStateController.onPostLayout(InsetsStateController.java:121)
06-17 11:00:40.915 1257 3460 W WindowManager: at com.android.server.wm.DisplayContent.applySurfaceChangesTransaction(DisplayContent.java:4524)
06-17 11:00:40.915 1257 3460 W WindowManager: at com.android.server.wm.RootWindowContainer.applySurfaceChangesTransaction(RootWindowContainer.java:1013)
06-17 11:00:40.915 1257 3460 W WindowManager: at com.android.server.wm.RootWindowContainer.performSurfacePlacementNoTrace(RootWindowContainer.java:734)
06-17 11:00:40.915 1257 3460 W WindowManager: at com.android.server.wm.RootWindowContainer.performSurfacePlacement(RootWindowContainer.java:669)
06-17 11:00:40.915 1257 3460 W WindowManager: at com.android.server.wm.WindowSurfacePlacer.performSurfacePlacementLoop(WindowSurfacePlacer.java:180)
06-17 11:00:40.915 1257 3460 W WindowManager: at com.android.server.wm.WindowSurfacePlacer.performSurfacePlacement(WindowSurfacePlacer.java:111)
06-17 11:00:40.915 1257 3460 W WindowManager: at com.android.server.wm.WindowSurfacePlacer.performSurfacePlacement(WindowSurfacePlacer.java:99)
06-17 11:00:40.915 1257 3460 W WindowManager: at com.android.server.wm.WindowManagerService.postWindowRemoveCleanupLocked(WindowManagerService.java:2122)
06-17 11:00:40.915 1257 3460 W WindowManager: at com.android.server.wm.WindowState.removeImmediately(WindowState.java:2336)
06-17 11:00:40.915 1257 3460 W WindowManager: at com.android.server.wm.WindowState.removeIfPossible(WindowState.java:2463)
06-17 11:00:40.915 1257 3460 W WindowManager: at com.android.server.wm.WindowState.access$300(WindowState.java:264)
06-17 11:00:40.915 1257 3460 W WindowManager: at com.android.server.wm.WindowState$DeathRecipient.binderDied(WindowState.java:3034)
06-17 11:00:40.915 1257 3460 W WindowManager: at android.os.BinderProxy.sendDeathNotice(BinderProxy.java:637)
06-17 11:00:40.915 1257 1466 D ConnectivityService: releasing NetworkRequest [ LISTEN id=334, [] ] (release request)
06-17 11:00:40.915 1257 3383 V CocktailBarStatePolicyController: binderDied : binder = android.os.BinderProxy@d527052
06-17 11:00:40.916 1257 3460 W WindowManager: Failed to deliver inset state change
06-17 11:00:40.916 1257 3460 W WindowManager: android.os.DeadObjectException
06-17 11:00:40.916 1257 3460 W WindowManager: at android.os.BinderProxy.transactNative(Native Method)
06-17 11:00:40.916 1257 3460 W WindowManager: at android.os.BinderProxy.transact(BinderProxy.java:527)
06-17 11:00:40.916 1257 3460 W WindowManager: at android.view.IWindow$Stub$Proxy.insetsChanged(IWindow.java:734)
06-17 11:00:40.916 1257 3460 W WindowManager: at com.android.server.wm.WindowState.notifyInsetsChanged(WindowState.java:3856)
06-17 11:00:40.916 1257 3460 W WindowManager: at com.android.server.wm.InsetsStateController.lambda$new$0(InsetsStateController.java:56)
06-17 11:00:40.916 1257 3460 W WindowManager: at com.android.server.wm.-$$Lambda$InsetsStateController$sIYEJIR4ztgffCLMi5Z1RvdxyYs.accept(Unknown Source:2)
06-17 11:00:40.916 1257 3460 W WindowManager: at com.android.server.wm.WindowContainer$ForAllWindowsConsumerWrapper.apply(WindowContainer.java:1184)
06-17 11:00:40.916 1257 3460 W WindowManager: at com.android.server.wm.WindowContainer$ForAllWindowsConsumerWrapper.apply(WindowContainer.java:1174)
06-17 11:00:40.916 1257 3460 W WindowManager: at com.android.server.wm.WindowState.applyInOrderWithImeWindows(WindowState.java:4957)
06-17 11:00:40.916 1257 3460 W WindowManager: at com.android.server.wm.WindowState.forAllWindows(WindowState.java:4841)
06-17 11:00:40.916 1257 3460 W WindowManager: at com.android.server.wm.WindowContainer.forAllWindows(WindowContainer.java:883)
06-17 11:00:40.916 1257 3460 W WindowManager: at com.android.server.wm.WindowContainer.forAllWindows(WindowContainer.java:883)
06-17 11:00:40.916 1257 3460 W WindowManager: at com.android.server.wm.DisplayContent.forAllWindows(DisplayContent.java:2477)
06-17 11:00:40.916 1257 3460 W WindowManager: at com.android.server.wm.WindowContainer.forAllWindows(WindowContainer.java:900)
06-17 11:00:40.916 1257 3460 W WindowManager: at com.android.server.wm.InsetsStateController.notifyInsetsChanged(InsetsStateController.java:227)
06-17 11:00:40.916 1257 3460 W WindowManager: at com.android.server.wm.InsetsStateController.onPostLayout(InsetsStateController.java:121)
06-17 11:00:40.916 1257 3460 W WindowManager: at com.android.server.wm.DisplayContent.applySurfaceChangesTransaction(DisplayContent.java:4524)
06-17 11:00:40.916 1257 3460 W WindowManager: at com.android.server.wm.RootWindowContainer.applySurfaceChangesTransaction(RootWindowContainer.java:1013)
06-17 11:00:40.916 1257 3460 W WindowManager: at com.android.server.wm.RootWindowContainer.performSurfacePlacementNoTrace(RootWindowContainer.java:734)
06-17 11:00:40.916 1257 3460 W WindowManager: at com.android.server.wm.RootWindowContainer.performSurfacePlacement(RootWindowContainer.java:669)
06-17 11:00:40.916 1257 3460 W WindowManager: at com.android.server.wm.WindowSurfacePlacer.performSurfacePlacementLoop(WindowSurfacePlacer.java:180)
06-17 11:00:40.916 1257 3460 W WindowManager: at com.android.server.wm.WindowSurfacePlacer.performSurfacePlacement(WindowSurfacePlacer.java:111)
06-17 11:00:40.916 1257 3460 W WindowManager: at com.android.server.wm.WindowSurfacePlacer.performSurfacePlacement(WindowSurfacePlacer.java:99)
06-17 11:00:40.916 1257 3460 W WindowManager: at com.android.server.wm.WindowManagerService.postWindowRemoveCleanupLocked(WindowManagerService.java:2122)
06-17 11:00:40.916 1257 3460 W WindowManager: at com.android.server.wm.WindowState.removeImmediately(WindowState.java:2336)
06-17 11:00:40.916 1257 3460 W WindowManager: at com.android.server.wm.WindowState.removeIfPossible(WindowState.java:2463)
06-17 11:00:40.916 1257 3460 W WindowManager: at com.android.server.wm.WindowState.access$300(WindowState.java:264)
06-17 11:00:40.916 1257 3460 W WindowManager: at com.android.server.wm.WindowState$DeathRecipient.binderDied(WindowState.java:3034)
06-17 11:00:40.916 1257 3460 W WindowManager: at android.os.BinderProxy.sendDeathNotice(BinderProxy.java:637)
06-17 11:00:40.938 1257 3460 W WindowManager: Failed to report 'resized' to the client of Window{42492ee u0 StatusBar}, removing this window.
06-17 11:00:40.938 1257 3460 W WindowManager: Failed to report 'resized' to the client of Window{d841ad0 u0 ScreenDecorOverlayBottom}, removing this window.
06-17 11:00:40.938 1257 3460 D WindowManager: setKeyguardOccluded occluded=false
06-17 11:00:40.939 1257 3460 I WindowManager: Destroying surface Surface(name=StatusBar$_8592)/@0xa6c117d called by com.android.server.wm.WindowStateAnimator.destroySurface:1790 com.android.server.wm.WindowStateAnimator.destroySurfaceLocked:720 com.android.server.wm.WindowState.removeImmediately:2327 com.android.server.wm.RootWindowContainer.performSurfacePlacementNoTrace:901 com.android.server.wm.RootWindowContainer.performSurfacePlacement:669 com.android.server.wm.WindowSurfacePlacer.performSurfacePlacementLoop:180 com.android.server.wm.WindowSurfacePlacer.performSurfacePlacement:111 com.android.server.wm.WindowSurfacePlacer.performSurfacePlacement:99
06-17 11:00:40.940 1257 3460 I WindowManager: Destroying surface Surface(name=ScreenDecorOverlayBottom$_8592)/@0xa217c20 called by com.android.server.wm.WindowStateAnimator.destroySurface:1790 com.android.server.wm.WindowStateAnimator.destroySurfaceLocked:720 com.android.server.wm.WindowState.removeImmediately:2327 com.android.server.wm.RootWindowContainer.performSurfacePlacementNoTrace:901 com.android.server.wm.RootWindowContainer.performSurfacePlacement:669 com.android.server.wm.WindowSurfacePlacer.performSurfacePlacementLoop:180 com.android.server.wm.WindowSurfacePlacer.performSurfacePlacement:111 com.android.server.wm.WindowSurfacePlacer.performSurfacePlacement:99
06-17 11:00:40.941 1257 3460 W WindowManager: Failed to deliver inset state change
06-17 11:00:40.941 1257 3460 W WindowManager: android.os.DeadObjectException
06-17 11:00:40.941 1257 3460 W WindowManager: at android.os.BinderProxy.transactNative(Native Method)
06-17 11:00:40.941 1257 3460 W WindowManager: at android.os.BinderProxy.transact(BinderProxy.java:527)
06-17 11:00:40.941 1257 3460 W WindowManager: at android.view.IWindow$Stub$Proxy.insetsChanged(IWindow.java:734)
06-17 11:00:40.941 1257 3460 W WindowManager: at com.android.server.wm.WindowState.notifyInsetsChanged(WindowState.java:3856)
06-17 11:00:40.941 1257 3460 W WindowManager: at com.android.server.wm.InsetsStateController.lambda$new$0(InsetsStateController.java:56)
06-17 11:00:40.941 1257 3460 W WindowManager: at com.android.server.wm.-$$Lambda$InsetsStateController$sIYEJIR4ztgffCLMi5Z1RvdxyYs.accept(Unknown Source:2)
06-17 11:00:40.941 1257 3460 W WindowManager: at com.android.server.wm.WindowContainer$ForAllWindowsConsumerWrapper.apply(WindowContainer.java:1184)
06-17 11:00:40.941 1257 3460 W WindowManager: at com.android.server.wm.WindowContainer$ForAllWindowsConsumerWrapper.apply(WindowContainer.java:1174)
06-17 11:00:40.941 1257 3460 W WindowManager: at com.android.server.wm.WindowState.applyInOrderWithImeWindows(WindowState.java:4957)
06-17 11:00:40.941 1257 3460 W WindowManager: at com.android.server.wm.WindowState.forAllWindows(WindowState.java:4841)
06-17 11:00:40.941 1257 3460 W WindowManager: at com.android.server.wm.WindowContainer.forAllWindows(WindowContainer.java:883)
06-17 11:00:40.941 1257 3460 W WindowManager: at com.android.server.wm.WindowContainer.forAllWindows(WindowContainer.java:883)
06-17 11:00:40.941 1257 3460 W WindowManager: at com.android.server.wm.DisplayContent.forAllWindows(DisplayContent.java:2477)
06-17 11:00:40.941 1257 3460 W WindowManager: at com.android.server.wm.WindowContainer.forAllWindows(WindowContainer.java:900)
06-17 11:00:40.941 1257 3460 W WindowManager: at com.android.server.wm.InsetsStateController.notifyInsetsChanged(InsetsStateController.java:227)
06-17 11:00:40.941 1257 3460 W WindowManager: at com.android.server.wm.InsetsStateController.onPostLayout(InsetsStateController.java:121)
06-17 11:00:40.941 1257 3460 W WindowManager: at com.android.server.wm.DisplayContent.applySurfaceChangesTransaction(DisplayContent.java:4524)
06-17 11:00:40.941 1257 3460 W WindowManager: at com.android.server.wm.RootWindowContainer.applySurfaceChangesTransaction(RootWindowContainer.java:1013)
06-17 11:00:40.941 1257 3460 W WindowManager: at com.android.server.wm.RootWindowContainer.performSurfacePlacementNoTrace(RootWindowContainer.java:734)
06-17 11:00:40.941 1257 3460 W WindowManager: at com.android.server.wm.RootWindowContainer.performSurfacePlacement(RootWindowContainer.java:669)
06-17 11:00:40.941 1257 3460 W WindowManager: at com.android.server.wm.WindowSurfacePlacer.performSurfacePlacementLoop(WindowSurfacePlacer.java:180)
06-17 11:00:40.941 1257 3460 W WindowManager: at com.android.server.wm.WindowSurfacePlacer.performSurfacePlacement(WindowSurfacePlacer.java:111)
06-17 11:00:40.941 1257 3460 W WindowManager: at com.android.server.wm.WindowSurfacePlacer.performSurfacePlacement(WindowSurfacePlacer.java:99)
06-17 11:00:40.941 1257 3460 W WindowManager: at com.android.server.wm.WindowManagerService.postWindowRemoveCleanupLocked(WindowManagerService.java:2122)
06-17 11:00:40.941 1257 3460 W WindowManager: at com.android.server.wm.WindowState.removeImmediately(WindowState.java:2336)
06-17 11:00:40.941 1257 3460 W WindowManager: at com.android.server.wm.WindowState.removeIfPossible(WindowState.java:2463)
06-17 11:00:40.941 1257 3460 W WindowManager: at com.android.server.wm.WindowState.access$300(WindowState.java:264)
06-17 11:00:40.941 1257 3460 W WindowManager: at com.android.server.wm.WindowState$DeathRecipient.binderDied(WindowState.java:3034)
06-17 11:00:40.941 1257 3460 W WindowManager: at android.os.BinderProxy.sendDeathNotice(BinderProxy.java:637)
06-17 11:00:40.943 1257 3460 W WindowManager: Failed to report 'resized' to the client of Window{863731b u0 ScreenDecorOverlay}, removing this window.
06-17 11:00:40.944 1257 3460 I WindowManager: Destroying surface Surface(name=ScreenDecorOverlay$_8592)/@0xc833f9e called by com.android.server.wm.WindowStateAnimator.destroySurface:1790 com.android.server.wm.WindowStateAnimator.destroySurfaceLocked:720 com.android.server.wm.WindowState.removeImmediately:2327 com.android.server.wm.RootWindowContainer.performSurfacePlacementNoTrace:901 com.android.server.wm.RootWindowContainer.performSurfacePlacement:669 com.android.server.wm.WindowSurfacePlacer.performSurfacePlacementLoop:180 com.android.server.wm.WindowSurfacePlacer.performSurfacePlacement:111 com.android.server.wm.WindowSurfacePlacer.performSurfacePlacement:99
06-17 11:00:40.947 1257 2003 D NotificationListeners: Removing active service ComponentInfo{com.android.systemui/com.android.systemui.statusbar.NotificationListener}
06-17 11:00:40.947 1257 2389 W WindowManager: Failed looking up window callers=com.android.server.wm.WindowManagerService.windowForClientLocked:6039 com.android.server.wm.WindowState$DeathRecipient.binderDied:3027 android.os.BinderProxy.sendDeathNotice:637
06-17 11:00:40.947 1257 2389 I WindowManager: WIN DEATH: null
06-17 11:00:40.947 1257 3484 I WindowManager: WIN DEATH: Window{74aeffa u0 Bouncer}
06-17 11:00:40.953 1257 1612 I WindowManager: WIN DEATH: Window{b3c58b2 u0 DockedStackDivider}
06-17 11:00:40.961 1257 1269 I WindowManager: WIN DEATH: Window{ca26499 u0 AssistPreviewPanel}
06-17 11:00:40.966 1257 1273 D ActivityTaskManager: setLockScreenShown(true,false) is called from 1257
06-17 11:00:40.967 1257 4992 W WindowManager: Failed looking up window callers=com.android.server.wm.WindowManagerService.windowForClientLocked:6039 com.android.server.wm.WindowState$DeathRecipient.binderDied:3027 android.os.BinderProxy.sendDeathNotice:637
06-17 11:00:40.967 1257 4992 I WindowManager: WIN DEATH: null
06-17 11:00:40.968 1257 2550 W WindowManager: Failed looking up window callers=com.android.server.wm.WindowManagerService.windowForClientLocked:6039 com.android.server.wm.WindowState$DeathRecipient.binderDied:3027 android.os.BinderProxy.sendDeathNotice:637
06-17 11:00:40.968 1257 2550 I WindowManager: WIN DEATH: null
06-17 11:00:40.969 1257 1270 I ActivityManager: Process com.android.systemui (pid 8592) has died: pers PERU(153,1464)
06-17 11:00:40.969 1257 1275 D PowerManagerService: [api] setUserActivityTimeoutOverrideFromWindowManagerInternal: timeoutMillis: -1
06-17 11:00:40.970 1257 1275 D PowerManagerService: getScreenOffTimeoutLocked: 5000 -> 30000
06-17 11:00:40.970 1257 1275 D PowerManagerService: [api] setScreenDimDurationOverrideFromWindowManagerInternal: timeoutMillis: -1
06-17 11:00:40.978 1257 1275 V UsbDeviceManager: onKeyguardStateChanged: isShowing=true secure=false user=0
06-17 11:00:40.978 1257 1272 D UsbDeviceManager: handleMessage -> MSG_UPDATE_SCREEN_LOCK: mScreenLocked=false
06-17 11:00:40.979 1257 1275 D StorageManagerService: onKeyguardStateChanged = false
06-17 11:00:40.981 1257 1424 I StorageManagerService: handleMessage :{ when=-1ms what=15 target=com.android.server.StorageManagerService$StorageManagerServiceHandler }
06-17 11:00:40.982 1257 1424 D StorageManagerService: handleMessage :: H_KEYGUARD_CHANGED = 0
06-17 11:00:40.987 1257 3480 I WindowManager: WIN DEATH: Window{aec9770 u0 com.android.systemui.ImageWallpaper}
06-17 11:00:40.988 1257 3480 I WindowManager: Destroying surface Surface(name=com.android.systemui.ImageWallpaper$_8592)/@0x7f23a4c called by com.android.server.wm.WindowStateAnimator.destroySurface:1790 com.android.server.wm.WindowStateAnimator.destroySurfaceLocked:720 com.android.server.wm.WindowState.removeImmediately:2327 com.android.server.wm.WindowState.removeIfPossible:2463 com.android.server.wm.WindowState.access$300:264 com.android.server.wm.WindowState$DeathRecipient.binderDied:3034 android.os.BinderProxy.sendDeathNotice:637
06-17 11:00:41.000 1257 1270 W ActivityManager: Scheduling restart of crashed service com.android.systemui/.SystemUIService in 0ms
06-17 11:00:41.001 1257 1270 W ActivityManager: Scheduling restart of crashed service com.android.systemui/.keyguard.KeyguardService in 0ms
06-17 11:00:41.001 1257 1270 W ActivityManager: Scheduling restart of crashed service com.android.systemui/.ImageWallpaper in 0ms
06-17 11:00:41.008 1257 1270 W ActivityManager: Re-adding persistent process ProcessRecord{49feed7 8592:com.android.systemui/u0a54}
06-17 11:00:41.009 1257 1270 D ActivityManager: package com.android.systemui, user - 0 is SDcard whitelisted
06-17 11:00:41.015 1257 1275 W ActivityManager: setHasOverlayUi called on unknown pid: 8592
06-17 11:00:41.064 1257 3480 I ActivityManager: Killing 7377:com.samsung.android.sm.provider/1000 (adj 999): empty #25
06-17 11:00:41.071 1257 3480 I ActivityManager: Killing 8633:com.samsung.android.dqagent/1000 (adj 999): empty #25
06-17 11:00:41.074 1257 1282 W ActivityManager: Slow operation: 66ms so far, now at startProcess: returned from zygote!
06-17 11:00:41.075 1257 3461 I ActivityManager: Killing 8759:com.samsung.android.calendar/u0a162 (adj 999): empty #25
06-17 11:00:41.078 1257 1282 W ActivityManager: Slow operation: 70ms so far, now at startProcess: done updating battery stats
06-17 11:00:41.078 1257 1282 W ActivityManager: Slow operation: 70ms so far, now at startProcess: building log message
06-17 11:00:41.078 1257 1282 I ActivityManager: Start proc 10078:com.android.systemui/u0a54 for restart com.android.systemui
06-17 11:00:41.078 1257 1282 W ActivityManager: Slow operation: 70ms so far, now at startProcess: starting to update pids map
06-17 11:00:41.078 1257 1282 W ActivityManager: Slow operation: 70ms so far, now at startProcess: done updating pids map
06-17 11:00:41.104 1257 1274 D SettingsProvider: isChangeAllowed() : name = enabled_notification_listeners
06-17 11:00:41.104 1257 1274 D SettingsProvider: isChangeAllowed() : name = enabled_notification_assistant
06-17 11:00:41.104 1257 1274 D SettingsProvider: isChangeAllowed() : name = enabled_notification_policy_access_packages
06-17 11:00:41.112 1257 3461 I ActivityManager: Killing 7226:com.sec.android.app.fm/u0a86 (adj 999): empty #25
06-17 11:00:41.125 2568 2568 D io_stats: !@ 179,0 r 1056047 23340733 w 24009 516468 d 13909 318228 f 22474 27832 iot 236052 240406 th 51200 0 0 pt 0 inp 0 0 377.469
06-17 11:00:41.132 1257 2390 I ActivityManager: Killing 8808:com.android.providers.calendar/u0a103 (adj 999): empty #25
06-17 11:00:41.133 1257 2550 I ActivityManager: DSS OFF for com.android.systemui
06-17 11:00:41.143 1257 2550 D OomAdjuster: Set persistent 10078 com.android.systemui adj -800: pers-top-ui com.android.server.am.OomAdjuster.updateOomAdjLocked:557 com.android.server.am.ActivityManagerService.updateOomAdjLocked:19836 com.android.server.am.ActiveServices.realStartServiceLocked:2895 com.android.server.am.ActiveServices.attachApplicationLocked:3589 com.android.server.am.ActivityManagerService.attachApplicationLocked:6237 com.android.server.am.ActivityManagerService.attachApplication:6307 android.app.IActivityManager$Stub.onTransact:2386
06-17 11:00:41.160 1257 2390 I ActivityManager: Killing 8830:com.sec.android.widgetapp.easymodecontactswidget/u0a185 (adj 999): empty #25
06-17 11:00:41.168 1257 2390 I ActivityManager: Killing 5552:com.sec.android.daemonapp/u0a197 (adj 999): empty #25
06-17 11:00:41.175 1257 2003 I ActivityManager: Killing 8903:com.sec.android.app.sbrowser/u0a236 (adj 999): empty #25
06-17 11:00:41.177 1257 1257 W Looper : Slow dispatch took 159ms main h=com.android.server.job.JobSchedulerService$JobHandler c=null m=4
06-17 11:00:41.177 1257 1257 W Looper : Slow system_server main looper dispatch took 159ms h=com.android.server.job.JobSchedulerService$JobHandler c=null m=4
06-17 11:00:41.181 1257 1613 I ActivityManager: Killing 8938:com.sec.android.gallery3d/u0a109 (adj 999): empty #25
06-17 11:00:41.254 1257 1612 I DropBoxManagerService: add tag=system_server_wtf isTagEnabled=true flags=0x2
06-17 11:00:41.262 1257 1612 I DropBoxManagerService: add tag=system_server_wtf isTagEnabled=true flags=0x2
06-17 11:00:41.269 1257 1274 D SettingsProvider: isChangeAllowed() : name = enabled_notification_listeners
06-17 11:00:41.276 1257 3387 I ActivityManager: Killing 8852:com.samsung.android.app.notes/u0a382 (adj 999): empty #25
06-17 11:00:41.276 1257 1274 D SettingsProvider: isChangeAllowed() : name = enabled_notification_assistant
06-17 11:00:41.277 1257 1274 D SettingsProvider: isChangeAllowed() : name = enabled_notification_policy_access_packages
06-17 11:00:41.325 1257 1257 D TrustManagerService: Removing dead TrustListener.
06-17 11:00:41.384 1257 2003 D SettingsProvider: isChangeAllowed() : name = wallpaper_rotate_fixed
06-17 11:00:41.384 1257 2003 D SettingsProvider: edmUri: content://com.sec.knox.provider/RestrictionPolicy3
06-17 11:00:41.384 1257 2003 D SettingsProvider: projectionArgs: isSettingsChangesAllowed
06-17 11:00:41.384 1257 2003 D SettingsProvider: selectionArgs: false
06-17 11:00:41.384 1257 2003 D SettingsProvider: selectionArgs: 10054
06-17 11:00:41.384 1257 2003 D SecContentProvider: called from android.uid.systemui:10054
06-17 11:00:41.385 1257 2003 D RestrictionPolicy: isSettingsChangesAllowedAsUser, userId 0 : true
06-17 11:00:41.385 1257 2003 D SettingsProvider: ret = 1
06-17 11:00:41.396 1257 3387 D WallpaperManagerService: mDeviceColor:black
06-17 11:00:41.409 1257 1274 D SettingsProvider: isChangeAllowed() : name = enabled_notification_listeners
06-17 11:00:41.409 1257 1274 D SettingsProvider: isChangeAllowed() : name = enabled_notification_assistant
06-17 11:00:41.427 1257 1274 D SettingsProvider: isChangeAllowed() : name = enabled_notification_policy_access_packages
06-17 11:00:41.440 1257 1904 V WifiDisplayAdapter: getWifiDisplayStatusLocked: result=WifiDisplayStatus{featureState=0, scanState=0, activeDisplayState=0, activeDisplay=null, displays=[], sessionInfo=WifiDisplaySessionInfo:
06-17 11:00:41.440 1257 1904 V WifiDisplayAdapter: Client/Owner: Client
06-17 11:00:41.440 1257 1904 V WifiDisplayAdapter: GroupId:
06-17 11:00:41.440 1257 1904 V WifiDisplayAdapter: Passphrase:
06-17 11:00:41.440 1257 1904 V WifiDisplayAdapter: SessionId: 0
06-17 11:00:41.440 1257 1904 V WifiDisplayAdapter: IP Address: , connectedState=-1}
06-17 11:00:41.446 1257 3387 V WifiDisplayAdapter: getWifiDisplayStatusLocked: result=WifiDisplayStatus{featureState=0, scanState=0, activeDisplayState=0, activeDisplay=null, displays=[], sessionInfo=WifiDisplaySessionInfo:
06-17 11:00:41.446 1257 3387 V WifiDisplayAdapter: Client/Owner: Client
06-17 11:00:41.446 1257 3387 V WifiDisplayAdapter: GroupId:
06-17 11:00:41.446 1257 3387 V WifiDisplayAdapter: Passphrase:
06-17 11:00:41.446 1257 3387 V WifiDisplayAdapter: SessionId: 0
06-17 11:00:41.446 1257 3387 V WifiDisplayAdapter: IP Address: , connectedState=-1}
06-17 11:00:41.473 1257 1270 I ActivityManager: Killing 8352:com.android.keychain/1000 (adj 999): empty #25
06-17 11:00:41.483 1257 1274 D SettingsProvider: isChangeAllowed() : name = enabled_notification_listeners
06-17 11:00:41.484 1257 1274 D SettingsProvider: isChangeAllowed() : name = enabled_notification_assistant
06-17 11:00:41.485 1257 1274 D SettingsProvider: isChangeAllowed() : name = enabled_notification_policy_access_packages
06-17 11:00:41.533 1257 1257 D RestrictionPolicy: isSettingsChangesAllowedAsUser, userId 0 : true
06-17 11:00:41.537 1257 1257 D RestrictionPolicy: isAirplaneModeAllowed : true
06-17 11:00:41.537 1257 1257 D RestrictionPolicy: isCellularDataAllowed: true
06-17 11:00:41.538 1257 3387 D ActivityTaskManager: setLockScreenShown(true,false) is called from 10078
06-17 11:00:41.538 1257 1257 D RestrictionPolicy: isNFCEnabled : true
06-17 11:00:41.538 1257 1257 D RestrictionPolicy: isWifiTetheringEnabled : true
06-17 11:00:41.539 1257 1275 V UsbDeviceManager: onKeyguardStateChanged: isShowing=true secure=false user=0
06-17 11:00:41.539 1257 1272 D UsbDeviceManager: handleMessage -> MSG_UPDATE_SCREEN_LOCK: mScreenLocked=false
06-17 11:00:41.539 1257 1275 D StorageManagerService: onKeyguardStateChanged = false
06-17 11:00:41.540 1257 1424 I StorageManagerService: handleMessage :{ when=-1ms what=15 target=com.android.server.StorageManagerService$StorageManagerServiceHandler }
06-17 11:00:41.540 1257 1424 D StorageManagerService: handleMessage :: H_KEYGUARD_CHANGED = 0
06-17 11:00:41.541 1257 1614 D PowerManagerService: [api] setDozeAfterScreenOff: true (uid: 10054 pid: 10078)
06-17 11:00:41.550 1257 3387 D SettingsProvider: isChangeAllowed() : name = lockstar_facewidget_area
06-17 11:00:41.550 1257 3387 D SettingsProvider: edmUri: content://com.sec.knox.provider/RestrictionPolicy3
06-17 11:00:41.550 1257 3387 D SettingsProvider: projectionArgs: isSettingsChangesAllowed
06-17 11:00:41.550 1257 3387 D SettingsProvider: selectionArgs: false
06-17 11:00:41.550 1257 3387 D SettingsProvider: selectionArgs: 10054
06-17 11:00:41.550 1257 3387 D SecContentProvider: called from android.uid.systemui:10054
06-17 11:00:41.550 1257 3387 D RestrictionPolicy: isSettingsChangesAllowedAsUser, userId 0 : true
06-17 11:00:41.551 1257 3387 D SettingsProvider: ret = 1
06-17 11:00:41.555 1257 1274 D SettingsProvider: isChangeAllowed() : name = enabled_notification_listeners
06-17 11:00:41.557 1257 1612 D WallpaperManagerService: which : 2, return type : 8 (called by userId= 0)
06-17 11:00:41.560 1257 2390 D WallpaperManagerService: WallpaperManagerCallbackClient android.app.IWallpaperManagerCallback$Stub$Proxy@9c6b6e2
06-17 11:00:41.561 1257 1614 D SettingsProvider: isChangeAllowed() : name = white_lockscreen_wallpaper
06-17 11:00:41.561 1257 1614 D SettingsProvider: WALLPAPER_FONT_THEME : white_lockscreen_wallpaper is allowed
06-17 11:00:41.562 1257 1270 D SettingsProvider: isChangeAllowed() : name = white_lockscreen_statusbar
06-17 11:00:41.562 1257 1270 D SettingsProvider: WALLPAPER_FONT_THEME : white_lockscreen_statusbar is allowed
06-17 11:00:41.563 1257 1274 D SettingsProvider: isChangeAllowed() : name = enabled_notification_assistant
06-17 11:00:41.563 1257 1274 D SettingsProvider: isChangeAllowed() : name = enabled_notification_policy_access_packages
06-17 11:00:41.564 1257 2390 D SettingsProvider: isChangeAllowed() : name = white_lockscreen_navigationbar
06-17 11:00:41.564 1257 2390 D SettingsProvider: WALLPAPER_FONT_THEME : white_lockscreen_navigationbar is allowed
06-17 11:00:41.599 1257 1274 D SettingsProvider: isChangeAllowed() : name = enabled_notification_listeners
06-17 11:00:41.599 1257 1274 D SettingsProvider: isChangeAllowed() : name = enabled_notification_assistant
06-17 11:00:41.600 1257 3387 D SettingsProvider: isChangeAllowed() : name = navigation_mode
06-17 11:00:41.600 1257 3387 D SettingsProvider: edmUri: content://com.sec.knox.provider/RestrictionPolicy3
06-17 11:00:41.600 1257 3387 D SettingsProvider: projectionArgs: isSettingsChangesAllowed
06-17 11:00:41.600 1257 3387 D SettingsProvider: selectionArgs: false
06-17 11:00:41.600 1257 3387 D SettingsProvider: selectionArgs: 10054
06-17 11:00:41.600 1257 3387 D SecContentProvider: called from android.uid.systemui:10054
06-17 11:00:41.601 1257 3387 D RestrictionPolicy: isSettingsChangesAllowedAsUser, userId 0 : true
06-17 11:00:41.601 1257 3387 D SettingsProvider: ret = 1
06-17 11:00:41.601 1257 1274 D SettingsProvider: isChangeAllowed() : name = enabled_notification_policy_access_packages
06-17 11:00:41.633 1257 1274 D SettingsProvider: isChangeAllowed() : name = enabled_notification_listeners
06-17 11:00:41.634 1257 1274 D SettingsProvider: isChangeAllowed() : name = enabled_notification_assistant
06-17 11:00:41.634 1257 1274 D SettingsProvider: isChangeAllowed() : name = enabled_notification_policy_access_packages
06-17 11:00:41.638 1257 2003 D ConnectivityService: requestNetwork for uid/pid:10220/8482 NetworkRequest [ TRACK_DEFAULT id=341, [ Capabilities: INTERNET&NOT_RESTRICTED&TRUSTED Uid: 10220] ]
06-17 11:00:41.641 1257 1466 D ConnectivityService: sending new Min Network Score(0): NetworkRequest [ TRACK_DEFAULT id=341, [ Capabilities: INTERNET&NOT_RESTRICTED&TRUSTED Uid: 10220] ]
06-17 11:00:41.666 1257 1274 D SettingsProvider: isChangeAllowed() : name = enabled_notification_listeners
06-17 11:00:41.666 1257 1274 D SettingsProvider: isChangeAllowed() : name = enabled_notification_assistant
06-17 11:00:41.667 1257 1274 D SettingsProvider: isChangeAllowed() : name = enabled_notification_policy_access_packages
06-17 11:00:41.701 1257 1274 D SettingsProvider: isChangeAllowed() : name = enabled_notification_listeners
06-17 11:00:41.701 1257 1274 D SettingsProvider: isChangeAllowed() : name = enabled_notification_assistant
06-17 11:00:41.702 1257 1274 D SettingsProvider: isChangeAllowed() : name = enabled_notification_policy_access_packages
06-17 11:00:41.727 1257 1274 D SettingsProvider: isChangeAllowed() : name = enabled_notification_listeners
06-17 11:00:41.728 1257 1274 D SettingsProvider: isChangeAllowed() : name = enabled_notification_assistant
06-17 11:00:41.728 1257 1274 D SettingsProvider: isChangeAllowed() : name = enabled_notification_policy_access_packages
06-17 11:00:41.752 1257 1274 D SettingsProvider: isChangeAllowed() : name = enabled_notification_listeners
06-17 11:00:41.753 1257 1274 D SettingsProvider: isChangeAllowed() : name = enabled_notification_assistant
06-17 11:00:41.753 1257 1274 D SettingsProvider: isChangeAllowed() : name = enabled_notification_policy_access_packages
06-17 11:00:41.786 1257 1274 D SettingsProvider: isChangeAllowed() : name = enabled_notification_listeners
06-17 11:00:41.787 1257 1274 D SettingsProvider: isChangeAllowed() : name = enabled_notification_assistant
06-17 11:00:41.787 1257 1274 D SettingsProvider: isChangeAllowed() : name = enabled_notification_policy_access_packages
06-17 11:00:41.814 1257 1274 D SettingsProvider: isChangeAllowed() : name = enabled_notification_listeners
06-17 11:00:41.815 1257 1274 D SettingsProvider: isChangeAllowed() : name = enabled_notification_assistant
06-17 11:00:41.815 1257 1274 D SettingsProvider: isChangeAllowed() : name = enabled_notification_policy_access_packages
06-17 11:00:41.835 1257 1274 D SettingsProvider: isChangeAllowed() : name = enabled_notification_listeners
06-17 11:00:41.835 1257 1274 D SettingsProvider: isChangeAllowed() : name = enabled_notification_assistant
06-17 11:00:41.836 1257 1274 D SettingsProvider: isChangeAllowed() : name = enabled_notification_policy_access_packages
06-17 11:00:41.855 1257 1904 D ConnectivityService: listenForNetwork for uid/pid:10054/10078 NetworkRequest [ LISTEN id=342, [ Transports: WIFI Capabilities: NOT_VPN] ]
06-17 11:00:41.860 1257 1904 D ConnectivityService: requestNetwork for uid/pid:10054/10078 NetworkRequest [ TRACK_DEFAULT id=343, [ Capabilities: INTERNET&NOT_RESTRICTED&TRUSTED Uid: 10054] ]
06-17 11:00:41.861 1257 1466 D ConnectivityService: sending new Min Network Score(0): NetworkRequest [ TRACK_DEFAULT id=343, [ Capabilities: INTERNET&NOT_RESTRICTED&TRUSTED Uid: 10054] ]
06-17 11:00:41.873 1257 1435 I Telecom:SamsungTelecomServiceImpl: getCallState - callingPid : 10078 / processName : sts
06-17 11:00:41.879 1257 1274 D SettingsProvider: isChangeAllowed() : name = enabled_notification_listeners
06-17 11:00:41.882 1257 1274 D SettingsProvider: isChangeAllowed() : name = enabled_notification_assistant
06-17 11:00:41.882 1257 1274 D SettingsProvider: isChangeAllowed() : name = enabled_notification_policy_access_packages
06-17 11:00:41.886 1257 1435 I Telecom:SamsungTelecomServiceImpl: getCallState - callingPid : 10078 / processName : sts
06-17 11:00:41.925 1257 1904 D WindowManager: notifyMovementBoundsChanged: insetRect(42, 125 - 1038, 2232), normalRect(533, 1948 - 1038, 2232), animatingRect(533, 1948 - 1038, 2232), fromIme=false, fromShelffalse, rot=0
06-17 11:00:41.933 1257 1435 I StatusBarManagerService: registerStatusBar bar=com.android.internal.statusbar.IStatusBar$Stub$Proxy@5bc06f2
06-17 11:00:41.948 1257 1435 D SettingsProvider: isChangeAllowed() : name = navigation_bar_gesture_disabled_by_policy
06-17 11:00:41.948 1257 1435 D SettingsProvider: edmUri: content://com.sec.knox.provider/RestrictionPolicy3
06-17 11:00:41.948 1257 1435 D SettingsProvider: projectionArgs: isSettingsChangesAllowed
06-17 11:00:41.948 1257 1435 D SettingsProvider: selectionArgs: false
06-17 11:00:41.948 1257 1435 D SettingsProvider: selectionArgs: 10054
06-17 11:00:41.948 1257 1435 D SecContentProvider: called from android.uid.systemui:10054
06-17 11:00:41.949 1257 1435 D RestrictionPolicy: isSettingsChangesAllowedAsUser, userId 0 : true
06-17 11:00:41.949 1257 1435 D SettingsProvider: ret = 1
06-17 11:00:41.952 1257 1435 D SettingsProvider: isChangeAllowed() : name = navigationbar_color
06-17 11:00:41.952 1257 1435 D SettingsProvider: edmUri: content://com.sec.knox.provider/RestrictionPolicy3
06-17 11:00:41.952 1257 1435 D SettingsProvider: projectionArgs: isSettingsChangesAllowed
06-17 11:00:41.952 1257 1435 D SettingsProvider: selectionArgs: false
06-17 11:00:41.952 1257 1435 D SettingsProvider: selectionArgs: 10054
06-17 11:00:41.952 1257 1435 D SecContentProvider: called from android.uid.systemui:10054
06-17 11:00:41.953 1257 1435 D RestrictionPolicy: isSettingsChangesAllowedAsUser, userId 0 : true
06-17 11:00:41.953 1257 1435 D SettingsProvider: ret = 1
06-17 11:00:41.954 1257 1435 D SettingsProvider: isChangeAllowed() : name = navigationbar_current_color
06-17 11:00:41.954 1257 1435 D SettingsProvider: edmUri: content://com.sec.knox.provider/RestrictionPolicy3
06-17 11:00:41.954 1257 1435 D SettingsProvider: projectionArgs: isSettingsChangesAllowed
06-17 11:00:41.954 1257 1435 D SettingsProvider: selectionArgs: false
06-17 11:00:41.954 1257 1435 D SettingsProvider: selectionArgs: 10054
06-17 11:00:41.955 1257 1435 D SecContentProvider: called from android.uid.systemui:10054
06-17 11:00:41.955 1257 1435 D RestrictionPolicy: isSettingsChangesAllowedAsUser, userId 0 : true
06-17 11:00:41.955 1257 1435 D SettingsProvider: ret = 1
06-17 11:00:41.958 1257 1435 D SettingsProvider: isChangeAllowed() : name = icon_blacklist
06-17 11:00:41.959 1257 1435 D SettingsProvider: edmUri: content://com.sec.knox.provider/RestrictionPolicy3
06-17 11:00:41.959 1257 1435 D SettingsProvider: projectionArgs: isSettingsChangesAllowed
06-17 11:00:41.959 1257 1435 D SettingsProvider: selectionArgs: false
06-17 11:00:41.959 1257 1435 D SettingsProvider: selectionArgs: 10054
06-17 11:00:41.959 1257 1435 D SecContentProvider: called from android.uid.systemui:10054
06-17 11:00:41.959 1257 1435 D RestrictionPolicy: isSettingsChangesAllowedAsUser, userId 0 : true
06-17 11:00:41.960 1257 1435 D SettingsProvider: ret = 1
06-17 11:00:41.985 1257 1904 D WallpaperManagerService: which : 2, return type : 8 (called by userId= 0)
06-17 11:00:41.986 1257 1904 D WallpaperManagerService: getVideoFilePath userId=0 path=
06-17 11:00:41.986 1257 1904 D WallpaperManagerService: getVideoFilePath userId=0 pkg=com.android.systemui which= 2
06-17 11:00:41.987 1257 1435 D WallpaperManagerService: getVideoColor userId=0, which = 2, videoColor=black
06-17 11:00:42.171 1257 1904 I Telecom:SamsungTelecomServiceImpl: isInCall - callingPackage : com.android.systemui
06-17 11:00:42.222 1257 1904 D SettingsProvider: isChangeAllowed() : name = flashlight_available
06-17 11:00:42.222 1257 1904 D SettingsProvider: edmUri: content://com.sec.knox.provider/RestrictionPolicy3
06-17 11:00:42.222 1257 1904 D SettingsProvider: projectionArgs: isSettingsChangesAllowed
06-17 11:00:42.222 1257 1904 D SettingsProvider: selectionArgs: false
06-17 11:00:42.222 1257 1904 D SettingsProvider: selectionArgs: 10054
06-17 11:00:42.223 1257 1904 D SecContentProvider: called from android.uid.systemui:10054
06-17 11:00:42.223 1257 1904 D RestrictionPolicy: isSettingsChangesAllowedAsUser, userId 0 : true
06-17 11:00:42.223 1257 1904 D SettingsProvider: ret = 1
06-17 11:00:42.224 1257 1904 D SettingsProvider: isChangeAllowed() : name = flashlight_enabled
06-17 11:00:42.224 1257 1904 D SettingsProvider: edmUri: content://com.sec.knox.provider/RestrictionPolicy3
06-17 11:00:42.224 1257 1904 D SettingsProvider: projectionArgs: isSettingsChangesAllowed
06-17 11:00:42.224 1257 1904 D SettingsProvider: selectionArgs: false
06-17 11:00:42.224 1257 1904 D SettingsProvider: selectionArgs: 10054
06-17 11:00:42.224 1257 1904 D SecContentProvider: called from android.uid.systemui:10054
06-17 11:00:42.224 1257 1904 D RestrictionPolicy: isSettingsChangesAllowedAsUser, userId 0 : true
06-17 11:00:42.224 1257 1904 D SettingsProvider: ret = 1
06-17 11:00:42.452 1257 1435 I ActivityManager: Killing 7666:com.sec.android.provider.badge/u0a59 (adj 999): empty #25
06-17 11:00:42.506 1257 2390 D SettingsProvider: isChangeAllowed() : name = face_widget_res_id
06-17 11:00:42.506 1257 2390 D SettingsProvider: edmUri: content://com.sec.knox.provider/RestrictionPolicy3
