06-17 10:59:15.060 1257 2390 D SamsungAlarmManager: Cancel Alarm calling from uid:10251 pid :31274 / op:PendingIntent{ffc2a5b: PendingIntentRecord{a7c5e54 ru.yandex.searchplugin broadcastIntent}}
06-17 10:59:15.062 1257 2390 I SamsungAlarmManager: setLocked to kernel - T:2 / 20260617T110518, SetElapsed=655342, nowELAPSED=291407
06-17 10:59:15.062 1257 2390 I SamsungAlarmManager: setLocked to kernel - T:3 / 20260617T105930, SetElapsed=306890, nowELAPSED=291407
06-17 10:59:15.070 1257 1614 D SamsungAlarmManager: setInexact Intent (T:1/F:0/AC:false) 20260617T191738 - CU:10251/CP:31274
06-17 10:59:15.070 1257 1614 I SamsungAlarmManager: setLocked to kernel - T:2 / 20260617T110518, SetElapsed=655342, nowELAPSED=291415
06-17 10:59:15.071 1257 1614 I SamsungAlarmManager: setLocked to kernel - T:3 / 20260617T105930, SetElapsed=306890, nowELAPSED=291416
06-17 10:59:15.093 1257 1257 D EdgeLightingManager: isCallingUserSupported : callingUserId=0, mUserId=0, isDualAppId=false
06-17 10:59:15.096 1257 1257 D EdgeLightingManager: showForNotification : isInteractive=true, isHeadUp=false, color=0, sbn = StatusBarNotification(pkg=ru.yandex.searchplugin user=UserHandle{0} id=19810816 tag=SEARCHLIB_BAR key=0|ru.yandex.searchplugin|19810816|SEARCHLIB_BAR|10251: Notification(channel=searchlib_channel pri=0 contentView=ru.yandex.searchplugin/0x7f0e0745 vibrate=null sound=null defaults=0x0 flags=0x22 color=0x00000000 groupKey=searchlib_group vis=PUBLIC semFlags=0x0 semPriority=0 semMissedCount=0))
06-17 10:59:15.097 1257 1257 D EdgeLightingClientManager: isAvailableEdgeLighting: condition=1 mCondition=3 mIsConnected=false0
06-17 10:59:15.097 1257 1257 D EdgeLightingPolicyManager: isAcceptableApplication: pkg=ru.yandex.searchplugin , range=256 , includeAllApp=false , userId=0 , infoRange=0 , infoCategory=0
06-17 10:59:15.097 1257 1257 D EdgeLightingPolicyManager: putNotification tickerText:false,titleText:true,text:false,sub:falsecn= + null
06-17 10:59:15.097 1257 1257 D EdgeLightingPolicyManager.NotificationGroup: Remove previous child data. 0|ru.yandex.searchplugin|19810816|SEARCHLIB_BAR|10251
06-17 10:59:15.097 1257 1257 D EdgeLightingPolicyManager.NotificationGroup: group key = 0|com.whatsapp|g:group_key_messages ,value= summary : NotificationData { tag= null } , child : 2key = 0|com.whatsapp|1|f3nVRr13RKWQ4GQna4UvUqSgSqGMcIJZFm97HCnCmPI=
06-17 10:59:15.097 1257 1257 D EdgeLightingPolicyManager.NotificationGroup: |10255 , value = NotificationData { tag= f3nVRr13RKWQ4GQna4UvUqSgSqGMcIJZFm97HCnCmPI=
06-17 10:59:15.097 1257 1257 D EdgeLightingPolicyManager.NotificationGroup: } ,key = 0|com.whatsapp|1|ZYFXNF0t/ogbgalaIk8EWyOXr0x5+y8JgCRxSYkFyow=
06-17 10:59:15.097 1257 1257 D EdgeLightingPolicyManager.NotificationGroup: |10255 , value = NotificationData { tag= ZYFXNF0t/ogbgalaIk8EWyOXr0x5+y8JgCRxSYkFyow=
06-17 10:59:15.097 1257 1257 D EdgeLightingPolicyManager.NotificationGroup: } , }
06-17 10:59:15.097 1257 1257 D EdgeLightingPolicyManager.NotificationGroup: group key = 0|ru.oneme.app|g:ru.oneme.app.notifications.0 ,value= summary : NotificationData { tag= MESS_GROUP_NOTIF_0 } , child : 9key = 0|ru.oneme.app|9|CHAT_NOTIF_0|10450 , value = NotificationData { tag= CHAT_NOTIF_0 } ,key = 0|ru.oneme.app|31|CHAT_NOTIF_0|10450 , value = NotificationData { tag= CHAT_NOTIF_0 } ,key = 0|ru.oneme.app|16|CHAT_NOTIF_0|10450 , value = NotificationData { tag= CHAT_NOTIF_0 } ,key = 0|ru.oneme.app|7|CHAT_NOTIF_0|10450 , value = NotificationData { tag= CHAT_NOTIF_0 } ,key = 0|ru.oneme.app|43|CHAT_NOTIF_0|10450 , value = NotificationData { tag= CHAT_NOTIF_0 } ,key = 0|ru.oneme.app|13|CHAT_NOTIF_0|10450 , value = NotificationData { tag= CHAT_NOTIF_0 } ,key = 0|ru.oneme.app|25|CHAT_NOTIF_0|10450 , value = NotificationData { tag= CHAT_NOTIF_0 } ,key = 0|ru.oneme.app|150|CHAT_NOTIF_0|10450 , value = NotificationData { tag= CHAT_NOTIF_0 } ,key = 0|ru.oneme.app|6|CHAT_NOTIF_0|10450 , value = NotificationData { tag= CHAT_NOTIF_0 } , }
06-17 10:59:15.097 1257 1257 D EdgeLightingPolicyManager.NotificationGroup: group key = 0|com.samsung.android.messaging|g:MESSAGE_RECEIVED ,value= summary : NotificationData { tag= com.samsung.android.messaging:GROUP_RECEIVED: } , child : 4key = 0|com.samsung.android.messaging|123|com.samsung.android.messaging:MESSAGE_RECEIVED:308|10114 , value = NotificationData { tag= com.samsung.android.messaging:MESSAGE_RECEIVED:308 } ,key = 0|com.samsung.android.messaging|123|com.samsung.android.messaging:MESSAGE_RECEIVED:285|10114 , value = NotificationData { tag= com.samsung.android.messaging:MESSAGE_RECEIVED:285 } ,key = 0|com.samsung.android.messaging|123|com.samsung.android.messaging:MESSAGE_RECEIVED:284|10114 , value = NotificationData { tag= com.samsung.android.messaging:MESSAGE_RECEIVED:284 } ,key = 0|com.samsung.android.messaging|123|com.samsung.android.messaging:MESSAGE_RECEIVED:167|10114 , value = NotificationData { tag= com.samsung.android.messaging:MESSAGE_RECEIVED:167 } , }
06-17 10:59:15.097 1257 1257 D EdgeLightingPolicyManager.NotificationGroup: group key = 0|com.android.chrome|g:OfflinePageAutoFetchNotification ,value= summary : null , child : 1key = 0|com.android.chrome|0|OfflinePageAutoFetchInProgressNotification|10230 , value = NotificationData { tag= OfflinePageAutoFetchInProgressNotification } , }
06-17 10:59:15.097 1257 1257 D EdgeLightingPolicyManager.NotificationGroup: group key = 0|ru.yandex.searchplugin|g:searchlib_group ,value= summary : null , child : 1key = 0|ru.yandex.searchplugin|19810816|SEARCHLIB_BAR|10251 , value = NotificationData { tag= SEARCHLIB_BAR } , }
06-17 10:59:15.100 1257 1257 D EdgeLightingPolicyManager: isAcceptableApplication: pkg=ru.yandex.searchplugin , range=1 , includeAllApp=false , userId=0 , infoRange=0 , infoCategory=0
06-17 10:59:15.100 1257 1257 D EdgeLightingPolicyManager: isAcceptableApplication: getAcceptablePolicy false
06-17 10:59:15.100 1257 1257 D EdgeLightingManager: showForNotificationScreenOn : return false by isAcceptableApplication.
06-17 10:59:15.126 1257 1257 D SmartAlertController: SmartAlert - Found Missed Event
06-17 10:59:15.129 1257 31552 D SmartAlertController: SmartAlert - already registered or Setting disabled
06-17 10:59:15.174 1257 2112 W UriGrantsManagerService: No content provider found for permission check: content://com.sec.kidsplat.parentalcontrol.provider.v2/setup_wizzard
06-17 10:59:15.273 1257 1270 W BroadcastQueue: Background execution not allowed: receiving Intent { act=android.intent.action.DROPBOX_ENTRY_ADDED flg=0x10 (has extras) } to com.google.android.gms/.stats.service.DropBoxEntryAddedReceiver
06-17 10:59:15.276 1257 1281 W BroadcastQueue: Permission Denial: broadcasting Intent { act=com.sec.android.intent.action.WALLPAPER_CHANGED flg=0x1000010 } from com.android.systemui (pid=23686, uid=10054) is not exported from uid 10157 due to receiver com.sec.android.app.clockpackage/.alarmwidget.ClockAlarmWidgetProvider
06-17 10:59:15.279 1257 1281 W BroadcastQueue: Permission Denial: broadcasting Intent { act=com.sec.android.intent.action.WALLPAPER_CHANGED flg=0x1000010 } from com.android.systemui (pid=23686, uid=10054) is not exported from uid 10157 due to receiver com.sec.android.app.clockpackage/com.sec.android.widgetapp.digitalclock.DigitalClockWidgetProvider
06-17 10:59:15.281 1257 1281 W BroadcastQueue: Permission Denial: broadcasting Intent { act=com.sec.android.intent.action.WALLPAPER_CHANGED flg=0x1000010 } from com.android.systemui (pid=23686, uid=10054) is not exported from uid 10157 due to receiver com.sec.android.app.clockpackage/com.sec.android.widgetapp.dualclockdigital.DualClockDigitalWidgetProvider
06-17 10:59:15.283 1257 1281 W BroadcastQueue: Permission Denial: broadcasting Intent { act=com.sec.android.intent.action.WALLPAPER_CHANGED flg=0x1000010 } from com.android.systemui (pid=23686, uid=10054) is not exported from uid 10157 due to receiver com.sec.android.app.clockpackage/com.sec.android.widgetapp.analogclock.AnalogClockWidgetProvider
06-17 10:59:15.283 1257 1270 I Telecom:SamsungTelecomServiceImpl: getUserSelectedOutgoingPhoneAccount - callingPackage : com.samsung.android.app.telephonyui
06-17 10:59:15.284 1257 1613 D ConnectivityService: requestNetwork for uid/pid:10203/30866 NetworkRequest [ TRACK_DEFAULT id=265, [ Capabilities: INTERNET&NOT_RESTRICTED&TRUSTED Uid: 10203] ]
06-17 10:59:15.284 1257 3393 I Telecom:SamsungTelecomServiceImpl: getPhoneAccount - PhoneAccountHandle : ComponentInfo{com.android.phone/com.android.services.telephony.TelephonyConnectionService}, ***, UserHandle{0} / callingPid : 24305 / processName : sts
06-17 10:59:15.285 1257 1466 D ConnectivityService: sending new Min Network Score(0): NetworkRequest [ TRACK_DEFAULT id=265, [ Capabilities: INTERNET&NOT_RESTRICTED&TRUSTED Uid: 10203] ]
06-17 10:59:15.293 1257 1281 D ActivityManager: package com.samsung.android.app.reminder, user - 0 is SDcard whitelisted
06-17 10:59:15.306 1257 1613 I Telecom:SamsungTelecomServiceImpl: getCallCapablePhoneAccounts - includeDisabledAccounts : false / callingPackage : com.samsung.android.app.telephonyui
06-17 10:59:15.308 1257 1613 I Telecom:SamsungTelecomServiceImpl: getPhoneAccount - PhoneAccountHandle : ComponentInfo{com.android.phone/com.android.services.telephony.TelephonyConnectionService}, ***, UserHandle{0} / callingPid : 24305 / processName : sts
06-17 10:59:15.311 1257 2390 I Telecom:SamsungTelecomServiceImpl: getUserSelectedOutgoingPhoneAccount - callingPackage : com.samsung.android.app.telephonyui
06-17 10:59:15.313 1257 2390 I Telecom:SamsungTelecomServiceImpl: getPhoneAccount - PhoneAccountHandle : ComponentInfo{com.android.phone/com.android.services.telephony.TelephonyConnectionService}, ***, UserHandle{0} / callingPid : 24305 / processName : sts
06-17 10:59:15.325 1257 3393 I Telecom:SamsungTelecomServiceImpl: getCallCapablePhoneAccounts - includeDisabledAccounts : false / callingPackage : com.samsung.android.app.telephonyui
06-17 10:59:15.327 1257 3393 I Telecom:SamsungTelecomServiceImpl: getPhoneAccount - PhoneAccountHandle : ComponentInfo{com.android.phone/com.android.services.telephony.TelephonyConnectionService}, ***, UserHandle{0} / callingPid : 24305 / processName : sts
06-17 10:59:15.334 1257 1613 I Telecom:SamsungTelecomServiceImpl: getUserSelectedOutgoingPhoneAccount - callingPackage : com.samsung.android.app.telephonyui
06-17 10:59:15.335 1257 1613 I Telecom:SamsungTelecomServiceImpl: getPhoneAccount - PhoneAccountHandle : ComponentInfo{com.android.phone/com.android.services.telephony.TelephonyConnectionService}, ***, UserHandle{0} / callingPid : 24305 / processName : sts
06-17 10:59:15.343 1257 1282 W ActivityManager: Slow operation: 52ms so far, now at startProcess: returned from zygote!
06-17 10:59:15.344 1257 1282 W ActivityManager: Slow operation: 53ms so far, now at startProcess: done updating battery stats
06-17 10:59:15.344 1257 1282 W ActivityManager: Slow operation: 53ms so far, now at startProcess: building log message
06-17 10:59:15.344 1257 1282 I ActivityManager: Start proc 31597:com.samsung.android.app.reminder/u0a198 for broadcast {com.samsung.android.app.reminder/com.samsung.android.app.reminder.remote.widget.SelectedReminderWidgetProvider}
06-17 10:59:15.344 1257 1282 W ActivityManager: Slow operation: 53ms so far, now at startProcess: starting to update pids map
06-17 10:59:15.344 1257 1282 W ActivityManager: Slow operation: 53ms so far, now at startProcess: done updating pids map
06-17 10:59:15.350 1257 1613 I Telecom:SamsungTelecomServiceImpl: getCallCapablePhoneAccounts - includeDisabledAccounts : false / callingPackage : com.samsung.android.app.telephonyui
06-17 10:59:15.351 1257 1613 I Telecom:SamsungTelecomServiceImpl: getPhoneAccount - PhoneAccountHandle : ComponentInfo{com.android.phone/com.android.services.telephony.TelephonyConnectionService}, ***, UserHandle{0} / callingPid : 24305 / processName : sts
06-17 10:59:15.356 1257 1613 I Telecom:SamsungTelecomServiceImpl: getUserSelectedOutgoingPhoneAccount - callingPackage : com.samsung.android.app.telephonyui
06-17 10:59:15.358 1257 1270 I Telecom:SamsungTelecomServiceImpl: getPhoneAccount - PhoneAccountHandle : ComponentInfo{com.android.phone/com.android.services.telephony.TelephonyConnectionService}, ***, UserHandle{0} / callingPid : 24305 / processName : sts
06-17 10:59:15.368 1257 2003 I Telecom:SamsungTelecomServiceImpl: getCallCapablePhoneAccounts - includeDisabledAccounts : false / callingPackage : com.samsung.android.app.telephonyui
06-17 10:59:15.370 1257 1613 I Telecom:SamsungTelecomServiceImpl: getPhoneAccount - PhoneAccountHandle : ComponentInfo{com.android.phone/com.android.services.telephony.TelephonyConnectionService}, ***, UserHandle{0} / callingPid : 24305 / processName : sts
06-17 10:59:15.379 1257 2003 I Telecom:SamsungTelecomServiceImpl: getUserSelectedOutgoingPhoneAccount - callingPackage : com.samsung.android.app.telephonyui
06-17 10:59:15.381 1257 1613 I Telecom:SamsungTelecomServiceImpl: getPhoneAccount - PhoneAccountHandle : ComponentInfo{com.android.phone/com.android.services.telephony.TelephonyConnectionService}, ***, UserHandle{0} / callingPid : 24305 / processName : sts
06-17 10:59:15.393 1257 3393 I Telecom:SamsungTelecomServiceImpl: getCallCapablePhoneAccounts - includeDisabledAccounts : false / callingPackage : com.samsung.android.app.telephonyui
06-17 10:59:15.395 1257 2003 I Telecom:SamsungTelecomServiceImpl: getPhoneAccount - PhoneAccountHandle : ComponentInfo{com.android.phone/com.android.services.telephony.TelephonyConnectionService}, ***, UserHandle{0} / callingPid : 24305 / processName : sts
06-17 10:59:15.396 1257 3393 I SamsungAlarmManager: setLocked to kernel - T:2 / 20260617T110518, SetElapsed=655342, nowELAPSED=291741
06-17 10:59:15.396 1257 3393 I SamsungAlarmManager: setLocked to kernel - T:3 / 20260617T105930, SetElapsed=306890, nowELAPSED=291741
06-17 10:59:15.397 1257 3393 D SamsungAlarmManager: setExact Intent (T:2/F:1/AC:false) 20260617T110715 - CU:10203/CP:30866
06-17 10:59:15.397 1257 3393 I SamsungAlarmManager: setLocked to kernel - T:2 / 20260617T110518, SetElapsed=655342, nowELAPSED=291742
06-17 10:59:15.397 1257 3393 I SamsungAlarmManager: setLocked to kernel - T:3 / 20260617T105930, SetElapsed=306890, nowELAPSED=291742
06-17 10:59:15.397 1257 1613 I ActivityManager: DSS OFF for com.samsung.android.app.reminder
06-17 10:59:15.583 1257 2003 D SettingsProvider: isChangeAllowed() : name = pref_dynamic_plugin_version
06-17 10:59:15.583 1257 2003 D SettingsProvider: edmUri: content://com.sec.knox.provider/RestrictionPolicy3
06-17 10:59:15.583 1257 2003 D SettingsProvider: projectionArgs: isSettingsChangesAllowed
06-17 10:59:15.583 1257 2003 D SettingsProvider: selectionArgs: false
06-17 10:59:15.583 1257 2003 D SettingsProvider: selectionArgs: 10054
06-17 10:59:15.583 1257 2003 D SecContentProvider: called from android.uid.systemui:10054
06-17 10:59:15.583 1257 2003 D RestrictionPolicy: isSettingsChangesAllowedAsUser, userId 0 : true
06-17 10:59:15.583 1257 2003 D SettingsProvider: ret = 1
06-17 10:59:15.584 1257 2390 D SettingsProvider: isChangeAllowed() : name = pref_dynamic_plugin_connected
06-17 10:59:15.584 1257 2390 D SettingsProvider: edmUri: content://com.sec.knox.provider/RestrictionPolicy3
06-17 10:59:15.584 1257 2390 D SettingsProvider: projectionArgs: isSettingsChangesAllowed
06-17 10:59:15.584 1257 2390 D SettingsProvider: selectionArgs: false
06-17 10:59:15.584 1257 2390 D SettingsProvider: selectionArgs: 10054
06-17 10:59:15.584 1257 2390 D SecContentProvider: called from android.uid.systemui:10054
06-17 10:59:15.585 1257 2390 D RestrictionPolicy: isSettingsChangesAllowedAsUser, userId 0 : true
06-17 10:59:15.585 1257 2390 D SettingsProvider: ret = 1
06-17 10:59:15.738 1257 3461 D SettingsProvider: isChangeAllowed() : name = pref_allowed_number_sgg
06-17 10:59:15.738 1257 3461 D SettingsProvider: edmUri: content://com.sec.knox.provider/RestrictionPolicy3
06-17 10:59:15.738 1257 3461 D SettingsProvider: projectionArgs: isSettingsChangesAllowed
06-17 10:59:15.738 1257 3461 D SettingsProvider: selectionArgs: false
06-17 10:59:15.738 1257 3461 D SettingsProvider: selectionArgs: 10054
06-17 10:59:15.739 1257 3461 D SecContentProvider: called from android.uid.systemui:10054
06-17 10:59:15.739 1257 3461 D RestrictionPolicy: isSettingsChangesAllowedAsUser, userId 0 : true
06-17 10:59:15.739 1257 3461 D SettingsProvider: ret = 1
06-17 10:59:15.740 1257 1613 D SettingsProvider: isChangeAllowed() : name = pref_dynamic_allowed_number
06-17 10:59:15.740 1257 1613 D SettingsProvider: edmUri: content://com.sec.knox.provider/RestrictionPolicy3
06-17 10:59:15.740 1257 1613 D SettingsProvider: projectionArgs: isSettingsChangesAllowed
06-17 10:59:15.740 1257 1613 D SettingsProvider: selectionArgs: false
06-17 10:59:15.740 1257 1613 D SettingsProvider: selectionArgs: 10054
06-17 10:59:15.741 1257 1613 D SecContentProvider: called from android.uid.systemui:10054
06-17 10:59:15.741 1257 1613 D RestrictionPolicy: isSettingsChangesAllowedAsUser, userId 0 : true
06-17 10:59:15.741 1257 1613 D SettingsProvider: ret = 1
06-17 10:59:15.743 1257 1257 V SettingsProvider: Notifying for 0: content://settings/secure/pref_dynamic_allowed_number
06-17 10:59:15.753 1257 2112 D SettingsProvider: isChangeAllowed() : name = plugin_lock_event_dump
06-17 10:59:15.753 1257 2112 D SettingsProvider: edmUri: content://com.sec.knox.provider/RestrictionPolicy3
06-17 10:59:15.753 1257 2112 D SettingsProvider: projectionArgs: isSettingsChangesAllowed
06-17 10:59:15.753 1257 2112 D SettingsProvider: selectionArgs: false
06-17 10:59:15.753 1257 2112 D SettingsProvider: selectionArgs: 10054
06-17 10:59:15.754 1257 2112 D SecContentProvider: called from android.uid.systemui:10054
06-17 10:59:15.754 1257 2112 D RestrictionPolicy: isSettingsChangesAllowedAsUser, userId 0 : true
06-17 10:59:15.754 1257 2112 D SettingsProvider: ret = 1
06-17 10:59:15.755 1257 1257 V SettingsProvider: Notifying for 0: content://settings/secure/plugin_lock_event_dump
06-17 10:59:15.757 1257 3393 D SettingsProvider: isChangeAllowed() : name = pref_dynamic_plugin_version
06-17 10:59:15.757 1257 3393 D SettingsProvider: edmUri: content://com.sec.knox.provider/RestrictionPolicy3
06-17 10:59:15.757 1257 3393 D SettingsProvider: projectionArgs: isSettingsChangesAllowed
06-17 10:59:15.757 1257 3393 D SettingsProvider: selectionArgs: false
06-17 10:59:15.757 1257 3393 D SettingsProvider: selectionArgs: 10054
06-17 10:59:15.757 1257 3393 D SecContentProvider: called from android.uid.systemui:10054
06-17 10:59:15.759 1257 3393 D RestrictionPolicy: isSettingsChangesAllowedAsUser, userId 0 : true
06-17 10:59:15.759 1257 3393 D SettingsProvider: ret = 1
06-17 10:59:15.761 1257 3393 D SettingsProvider: isChangeAllowed() : name = pref_dynamic_plugin_connected
06-17 10:59:15.761 1257 3393 D SettingsProvider: edmUri: content://com.sec.knox.provider/RestrictionPolicy3
06-17 10:59:15.761 1257 3393 D SettingsProvider: projectionArgs: isSettingsChangesAllowed
06-17 10:59:15.761 1257 3393 D SettingsProvider: selectionArgs: false
06-17 10:59:15.761 1257 3393 D SettingsProvider: selectionArgs: 10054
06-17 10:59:15.762 1257 3393 D SecContentProvider: called from android.uid.systemui:10054
06-17 10:59:15.763 1257 3393 D RestrictionPolicy: isSettingsChangesAllowedAsUser, userId 0 : true
06-17 10:59:15.763 1257 3393 D SettingsProvider: ret = 1
06-17 10:59:15.807 1257 3461 D SettingsProvider: isChangeAllowed() : name = plugin_lock_event_dump
06-17 10:59:15.807 1257 3461 D SettingsProvider: edmUri: content://com.sec.knox.provider/RestrictionPolicy3
06-17 10:59:15.807 1257 3461 D SettingsProvider: projectionArgs: isSettingsChangesAllowed
06-17 10:59:15.807 1257 3461 D SettingsProvider: selectionArgs: false
06-17 10:59:15.807 1257 3461 D SettingsProvider: selectionArgs: 10054
06-17 10:59:15.808 1257 3461 D SecContentProvider: called from android.uid.systemui:10054
06-17 10:59:15.808 1257 3461 D RestrictionPolicy: isSettingsChangesAllowedAsUser, userId 0 : true
06-17 10:59:15.808 1257 3461 D SettingsProvider: ret = 1
06-17 10:59:15.810 1257 1257 V SettingsProvider: Notifying for 0: content://settings/secure/plugin_lock_event_dump
06-17 10:59:15.813 1257 3393 D SettingsProvider: isChangeAllowed() : name = pref_dynamic_plugin_version
06-17 10:59:15.813 1257 3393 D SettingsProvider: edmUri: content://com.sec.knox.provider/RestrictionPolicy3
06-17 10:59:15.813 1257 3393 D SettingsProvider: projectionArgs: isSettingsChangesAllowed
06-17 10:59:15.813 1257 3393 D SettingsProvider: selectionArgs: false
06-17 10:59:15.813 1257 3393 D SettingsProvider: selectionArgs: 10054
06-17 10:59:15.813 1257 3393 D SecContentProvider: called from android.uid.systemui:10054
06-17 10:59:15.814 1257 3393 D RestrictionPolicy: isSettingsChangesAllowedAsUser, userId 0 : true
06-17 10:59:15.814 1257 3393 D SettingsProvider: ret = 1
06-17 10:59:15.815 1257 2390 D SettingsProvider: isChangeAllowed() : name = pref_dynamic_plugin_connected
06-17 10:59:15.815 1257 2390 D SettingsProvider: edmUri: content://com.sec.knox.provider/RestrictionPolicy3
06-17 10:59:15.815 1257 2390 D SettingsProvider: projectionArgs: isSettingsChangesAllowed
06-17 10:59:15.815 1257 2390 D SettingsProvider: selectionArgs: false
06-17 10:59:15.815 1257 2390 D SettingsProvider: selectionArgs: 10054
06-17 10:59:15.815 1257 2390 D SecContentProvider: called from android.uid.systemui:10054
06-17 10:59:15.815 1257 2390 D RestrictionPolicy: isSettingsChangesAllowedAsUser, userId 0 : true
06-17 10:59:15.816 1257 2390 D SettingsProvider: ret = 1
06-17 10:59:15.822 1257 2003 D SettingsProvider: isChangeAllowed() : name = pref_allowed_number_dynamic
06-17 10:59:15.822 1257 2003 D SettingsProvider: edmUri: content://com.sec.knox.provider/RestrictionPolicy3
06-17 10:59:15.822 1257 2003 D SettingsProvider: projectionArgs: isSettingsChangesAllowed
06-17 10:59:15.822 1257 2003 D SettingsProvider: selectionArgs: false
06-17 10:59:15.822 1257 2003 D SettingsProvider: selectionArgs: 10054
06-17 10:59:15.822 1257 2003 D SecContentProvider: called from android.uid.systemui:10054
06-17 10:59:15.822 1257 2003 D RestrictionPolicy: isSettingsChangesAllowedAsUser, userId 0 : true
06-17 10:59:15.822 1257 2003 D SettingsProvider: ret = 1
06-17 10:59:15.823 1257 2112 D SettingsProvider: isChangeAllowed() : name = pref_dynamic_allowed_number
06-17 10:59:15.823 1257 2112 D SettingsProvider: edmUri: content://com.sec.knox.provider/RestrictionPolicy3
06-17 10:59:15.823 1257 2112 D SettingsProvider: projectionArgs: isSettingsChangesAllowed
06-17 10:59:15.823 1257 2112 D SettingsProvider: selectionArgs: false
06-17 10:59:15.823 1257 2112 D SettingsProvider: selectionArgs: 10054
06-17 10:59:15.824 1257 2112 D SecContentProvider: called from android.uid.systemui:10054
06-17 10:59:15.824 1257 2112 D RestrictionPolicy: isSettingsChangesAllowedAsUser, userId 0 : true
06-17 10:59:15.824 1257 2112 D SettingsProvider: ret = 1
06-17 10:59:15.829 1257 2003 D SettingsProvider: isChangeAllowed() : name = pref_allowed_number_wallpaper_settings
06-17 10:59:15.830 1257 2003 D SettingsProvider: edmUri: content://com.sec.knox.provider/RestrictionPolicy3
06-17 10:59:15.830 1257 2003 D SettingsProvider: projectionArgs: isSettingsChangesAllowed
06-17 10:59:15.830 1257 2003 D SettingsProvider: selectionArgs: false
06-17 10:59:15.830 1257 2003 D SettingsProvider: selectionArgs: 10054
06-17 10:59:15.830 1257 1257 V SettingsProvider: Notifying for 0: content://settings/secure/pref_dynamic_allowed_number
06-17 10:59:15.832 1257 2003 D SecContentProvider: called from android.uid.systemui:10054
06-17 10:59:15.833 1257 2003 D RestrictionPolicy: isSettingsChangesAllowedAsUser, userId 0 : true
06-17 10:59:15.833 1257 2003 D SettingsProvider: ret = 1
06-17 10:59:15.835 1257 3461 D SettingsProvider: isChangeAllowed() : name = pref_dynamic_allowed_number
06-17 10:59:15.835 1257 3461 D SettingsProvider: edmUri: content://com.sec.knox.provider/RestrictionPolicy3
06-17 10:59:15.835 1257 3461 D SettingsProvider: projectionArgs: isSettingsChangesAllowed
06-17 10:59:15.835 1257 3461 D SettingsProvider: selectionArgs: false
06-17 10:59:15.835 1257 3461 D SettingsProvider: selectionArgs: 10054
06-17 10:59:15.835 1257 3461 D SecContentProvider: called from android.uid.systemui:10054
06-17 10:59:15.835 1257 3461 D RestrictionPolicy: isSettingsChangesAllowedAsUser, userId 0 : true
06-17 10:59:15.835 1257 3461 D SettingsProvider: ret = 1
06-17 10:59:15.840 1257 1257 V SettingsProvider: Notifying for 0: content://settings/secure/pref_dynamic_allowed_number
06-17 10:59:15.842 1257 2390 D SettingsProvider: isChangeAllowed() : name = plugin_lock_event_dump
06-17 10:59:15.842 1257 2390 D SettingsProvider: edmUri: content://com.sec.knox.provider/RestrictionPolicy3
06-17 10:59:15.842 1257 2390 D SettingsProvider: projectionArgs: isSettingsChangesAllowed
06-17 10:59:15.842 1257 2390 D SettingsProvider: selectionArgs: false
06-17 10:59:15.842 1257 2390 D SettingsProvider: selectionArgs: 10054
06-17 10:59:15.844 1257 2390 D SecContentProvider: called from android.uid.systemui:10054
06-17 10:59:15.844 1257 2390 D RestrictionPolicy: isSettingsChangesAllowedAsUser, userId 0 : true
06-17 10:59:15.844 1257 2390 D SettingsProvider: ret = 1
06-17 10:59:15.848 1257 1257 V SettingsProvider: Notifying for 0: content://settings/secure/plugin_lock_event_dump
06-17 10:59:15.860 1257 3383 D AdaptiveDisplaySolutionService: setAutoCurrentLimitState() : true , mADSEnableCondition : true
06-17 10:59:15.860 1257 3383 I AdaptiveDisplaySolutionService: updateAdaptiveControlState() : true
06-17 10:59:15.860 1257 3383 D AdaptiveDisplaySolutionService: [AdaptiveControl]: ACL OFF
06-17 10:59:15.860 1257 3383 V MdnieScenarioControlService: mAutoCurrentLimitOffState : true
06-17 10:59:15.860 1257 3383 D AdaptiveDisplaySolutionService: fileWriteString to /sys/class/lcd/panel/adaptive_control, 1
06-17 10:59:15.868 1257 3383 D AdaptiveDisplaySolutionService: fileWriteString to /sys/class/lcd/panel/adaptive_control, 0
06-17 10:59:15.988 1257 3383 D ActivityManager: package com.samsung.android.calendar, user - 0 is SDcard whitelisted
06-17 10:59:16.015 1257 1282 I ActivityManager: Start proc 31740:com.samsung.android.calendar/u0a162 for broadcast {com.samsung.android.calendar/com.android.calendar.widget.month.MonthWidgetProvider}
06-17 10:59:16.031 1257 3461 D WallpaperManagerService: which : 2, return type : 8 (called by userId= 0)
06-17 10:59:16.060 1257 3461 D WallpaperManagerService: which : 2, return type : 8 (called by userId= 0)
06-17 10:59:16.061 1257 3383 I ActivityManager: DSS OFF for com.samsung.android.calendar
06-17 10:59:16.064 1257 3461 D WallpaperManagerService: which : 2, return type : 8 (called by userId= 0)
06-17 10:59:16.082 2568 2568 D io_stats: !@ 179,0 r 914080 20735577 w 20203 433612 d 11489 272048 f 19584 24421 iot 202188 207810 th 51200 0 0 pt 0 inp 0 0 292.426
06-17 10:59:16.117 1257 3461 D WallpaperManagerService: which : 2, return type : 8 (called by userId= 0)
06-17 10:59:16.137 1257 2003 D WallpaperManagerService: which : 2, return type : 8 (called by userId= 0)
06-17 10:59:16.142 1257 2112 D WallpaperManagerService: which : 2, return type : 8 (called by userId= 0)
06-17 10:59:16.156 1257 2112 D WallpaperManagerService: which : 2, return type : 8 (called by userId= 0)
06-17 10:59:16.161 1257 3393 D WallpaperManagerService: which : 2, return type : 8 (called by userId= 0)
06-17 10:59:16.181 1257 3393 I chatty : uid=1000(system) Binder:1257_16 identical 1 line
06-17 10:59:16.186 1257 3393 D WallpaperManagerService: which : 2, return type : 8 (called by userId= 0)
06-17 10:59:16.234 1257 2112 D WallpaperManagerService: which : 2, return type : 8 (called by userId= 0)
06-17 10:59:16.238 1257 2112 D WallpaperManagerService: which : 2, return type : 8 (called by userId= 0)
06-17 10:59:16.241 1257 2112 D ActivityManager: package com.android.providers.calendar, user - 0 is SDcard whitelisted
06-17 10:59:16.242 1257 2112 W ActivityManager: wait for provider publish: waiters=1 callerApp=ProcessRecord{6ddc4cd 31740:com.samsung.android.calendar/u0a162} cpr=ContentProviderRecord{1f17182 u0 com.android.providers.calendar/.CalendarProvider2}
06-17 10:59:16.254 1257 1613 D WallpaperManagerService: which : 2, return type : 8 (called by userId= 0)
06-17 10:59:16.261 1257 1613 D WallpaperManagerService: which : 2, return type : 8 (called by userId= 0)
06-17 10:59:16.266 1257 3461 I Telecom:SamsungTelecomServiceImpl: isInCall - callingPackage : com.android.systemui
06-17 10:59:16.273 1257 2003 D PowerManagerService: [api] userActivity : event: 0 flags: 0 (uid: 10054 pid: 31005) eventTime = 292618
06-17 10:59:16.277 1257 1282 I ActivityManager: Start proc 31778:com.android.providers.calendar/u0a103 for content provider {com.android.providers.calendar/com.android.providers.calendar.CalendarProvider2}
06-17 10:59:16.282 1257 3383 V WindowManager: performShow on Window{97c467e u0 com.android.systemui.ImageWallpaper}: mDrawState=READY_TO_SHOW readyForDisplay=false starting=false during animation: policyVis=true parentHidden=false tok.hiddenRequested=false tok.hidden=false animating=false tok animating=false Callers=com.android.server.wm.WindowState.performShowLocked:4719 com.android.server.wm.WindowStateAnimator.commitFinishDrawingLocked:401 com.android.server.wm.DisplayContent.lambda$new$8$DisplayContent:990 com.android.server.wm.-$$Lambda$DisplayContent$qxt4izS31fb0LF2uo_OF9DMa7gc.accept:4
06-17 10:59:16.283 1257 3383 I WindowManager: Reparenting to leash, surface=Surface(name=97c467e com.android.systemui.ImageWallpaper)/@0xaac1c7e
06-17 10:59:16.285 1257 3383 D WindowManager: makeSurface duration=2 leash=Surface(name=Surface(name=97c467e com.android.systemui.ImageWallpaper)/@0xaac1c7e - animation-leash)/@0x36ab5df
06-17 10:59:16.309 1257 3461 D SettingsProvider: isChangeAllowed() : name = friends_plugin_version
06-17 10:59:16.309 1257 3461 D SettingsProvider: edmUri: content://com.sec.knox.provider/RestrictionPolicy3
06-17 10:59:16.309 1257 3461 D SettingsProvider: projectionArgs: isSettingsChangesAllowed
06-17 10:59:16.309 1257 3461 D SettingsProvider: selectionArgs: false
06-17 10:59:16.309 1257 3461 D SettingsProvider: selectionArgs: 10054
06-17 10:59:16.310 1257 3461 D SecContentProvider: called from android.uid.systemui:10054
06-17 10:59:16.310 1257 3461 D RestrictionPolicy: isSettingsChangesAllowedAsUser, userId 0 : true
06-17 10:59:16.310 1257 3461 D SettingsProvider: ret = 1
06-17 10:59:16.310 1257 1613 D CustomFrequencyManagerService: FrequencyrequestList.getNextSchedTuneBoostRequest, index: 1
06-17 10:59:16.312 1257 3461 D SettingsProvider: isChangeAllowed() : name = friends_plugin_connected
06-17 10:59:16.312 1257 3461 D SettingsProvider: edmUri: content://com.sec.knox.provider/RestrictionPolicy3
06-17 10:59:16.312 1257 3461 D SettingsProvider: projectionArgs: isSettingsChangesAllowed
06-17 10:59:16.312 1257 3461 D SettingsProvider: selectionArgs: false
06-17 10:59:16.312 1257 3461 D SettingsProvider: selectionArgs: 10054
06-17 10:59:16.312 1257 3461 D SecContentProvider: called from android.uid.systemui:10054
06-17 10:59:16.312 1257 3461 D RestrictionPolicy: isSettingsChangesAllowedAsUser, userId 0 : true
06-17 10:59:16.312 1257 3461 D SettingsProvider: ret = 1
06-17 10:59:16.322 1257 2003 I ActivityManager: DSS OFF for com.android.providers.calendar
06-17 10:59:16.332 1257 3393 D ConnectivityService: requestNetwork for uid/pid:10203/30866 NetworkRequest [ TRACK_DEFAULT id=266, [ Capabilities: INTERNET&NOT_RESTRICTED&TRUSTED Uid: 10203] ]
06-17 10:59:16.335 1257 1466 D ConnectivityService: sending new Min Network Score(0): NetworkRequest [ TRACK_DEFAULT id=266, [ Capabilities: INTERNET&NOT_RESTRICTED&TRUSTED Uid: 10203] ]
06-17 10:59:16.344 1257 1270 D ActivityManager: package com.sec.android.app.fm, user - 0 is SDcard whitelisted
06-17 10:59:16.359 1257 3461 D SettingsProvider: isChangeAllowed() : name = plugin_lock_event_dump
06-17 10:59:16.359 1257 3461 D SettingsProvider: edmUri: content://com.sec.knox.provider/RestrictionPolicy3
06-17 10:59:16.359 1257 3461 D SettingsProvider: projectionArgs: isSettingsChangesAllowed
06-17 10:59:16.359 1257 3461 D SettingsProvider: selectionArgs: false
06-17 10:59:16.359 1257 3461 D SettingsProvider: selectionArgs: 10054
06-17 10:59:16.359 1257 3461 D SecContentProvider: called from android.uid.systemui:10054
06-17 10:59:16.360 1257 3393 D SettingsProvider: isChangeAllowed() : name = friends_plugin_allowed_number
06-17 10:59:16.360 1257 3393 D SettingsProvider: edmUri: content://com.sec.knox.provider/RestrictionPolicy3
06-17 10:59:16.360 1257 3393 D SettingsProvider: projectionArgs: isSettingsChangesAllowed
06-17 10:59:16.360 1257 3393 D SettingsProvider: selectionArgs: false
06-17 10:59:16.360 1257 3393 D SettingsProvider: selectionArgs: 10054
06-17 10:59:16.360 1257 3461 D RestrictionPolicy: isSettingsChangesAllowedAsUser, userId 0 : true
06-17 10:59:16.360 1257 3461 D SettingsProvider: ret = 1
06-17 10:59:16.360 1257 3393 D SecContentProvider: called from android.uid.systemui:10054
06-17 10:59:16.360 1257 3393 D RestrictionPolicy: isSettingsChangesAllowedAsUser, userId 0 : true
06-17 10:59:16.360 1257 3393 D SettingsProvider: ret = 1
06-17 10:59:16.361 1257 1257 V SettingsProvider: Notifying for 0: content://settings/secure/plugin_lock_event_dump
06-17 10:59:16.369 1257 1282 I ActivityManager: Start proc 31800:com.sec.android.app.fm/u0a86 for broadcast {com.sec.android.app.fm/com.sec.android.app.fm.widget.RadioWallpaperChangedReceiver}
06-17 10:59:16.372 1257 1270 D WallpaperManagerService: which : 2, return type : 8 (called by userId= 0)
06-17 10:59:16.403 1257 1270 I ActivityManager: DSS OFF for com.sec.android.app.fm
06-17 10:59:16.453 1257 2003 D StatusBarManagerService: notifyRequestedSystemKey recent=false home=false
06-17 10:59:16.454 1257 1275 D PowerManagerService: [api] setUserActivityTimeoutOverrideFromWindowManagerInternal: timeoutMillis: 5000
06-17 10:59:16.454 1257 1275 D PowerManagerService: getScreenOffTimeoutLocked: 30000 -> 5000
06-17 10:59:16.455 1257 1275 D PowerManagerService: [api] setScreenDimDurationOverrideFromWindowManagerInternal: timeoutMillis: 0
06-17 10:59:16.553 1257 1542 W ContextImpl: Calling a method in the system process without a qualified user: android.app.ContextImpl.sendBroadcast:1088 com.samsung.android.codecsolution.Logging.insertDiagmonLog:79 com.samsung.android.codecsolution.Logging.insertLog:53 com.samsung.android.codecsolution.Logging.insertLog:45 com.samsung.android.codecsolution.CodecSolutionManagerService$1.handleMessage:250
06-17 10:59:16.569 3346 3751 D SDHMS:com.sec.android.sdhms.thermal.siop.y: SIOP:: AP:525(519,0) BAT:335(335,0) CHG:497(497,0) USB:0(0,0) WIFI:376(431,50) PA:396(446,50) BLK:0(0,0) LRP:441(441,0) LRF:417(417) LRB:441(441)
06-17 10:59:16.583 1257 3393 I WindowManager: Reparenting to leash, surface=Surface(name=53e363a NavigationBar0)/@0x42829c0
06-17 10:59:16.584 1257 3393 D WindowManager: makeSurface duration=1 leash=Surface(name=Surface(name=53e363a NavigationBar0)/@0x42829c0 - animation-leash)/@0x644c59a
06-17 10:59:16.594 1257 1270 D CustomFrequencyManagerService: FrequencyrequestList.getNextSchedTuneBoostRequest, index: 1
06-17 10:59:16.603 1257 1274 D SettingsProvider: isChangeAllowed() : name = enabled_notification_listeners
06-17 10:59:16.603 1257 1274 D SettingsProvider: isChangeAllowed() : name = enabled_notification_assistant
06-17 10:59:16.604 1257 1274 D SettingsProvider: isChangeAllowed() : name = enabled_notification_policy_access_packages
06-17 10:59:16.607 1257 1270 I Telecom:SamsungTelecomServiceImpl: isInCall - callingPackage : com.android.systemui
06-17 10:59:16.621 1257 1274 D SettingsProvider: isChangeAllowed() : name = enabled_notification_listeners
06-17 10:59:16.621 1257 1274 D SettingsProvider: isChangeAllowed() : name = enabled_notification_assistant
06-17 10:59:16.621 1257 1274 D SettingsProvider: isChangeAllowed() : name = enabled_notification_policy_access_packages
06-17 10:59:16.728 1257 3393 D WallpaperManagerService: which : 2, return type : 8 (called by userId= 0)
06-17 10:59:16.771 1257 3461 I Telecom:SamsungTelecomServiceImpl: isInCall - callingPackage : com.android.systemui
06-17 10:59:16.777 1257 1257 D GameManagerService: com.samsung.keyguard.KEYGUARD_STATE. check for pause
06-17 10:59:16.777 1257 1540 D GameManagerService: sendPauseConditionally()
06-17 10:59:16.792 1257 1276 I WindowManager: Reparenting to original parent: Surface(name=WindowToken{5b44965 android.os.BinderProxy@35798cf})/@0xb0bde1c, destroyLeash=true, surface=Surface(name=53e363a NavigationBar0)/@0x42829c0
06-17 10:59:16.812 1257 2112 I WindowManager: Destroying surface Surface(name=NavigationBar0$_31005)/@0x5b85bf0 called by com.android.server.wm.WindowStateAnimator.destroySurface:1790 com.android.server.wm.WindowStateAnimator.destroySurfaceLocked:720 com.android.server.wm.WindowState.destroySurfaceUnchecked:3534 com.android.server.wm.RootWindowContainer.performSurfacePlacementNoTrace:817 com.android.server.wm.RootWindowContainer.performSurfacePlacement:669 com.android.server.wm.WindowSurfacePlacer.performSurfacePlacementLoop:180 com.android.server.wm.WindowSurfacePlacer.performSurfacePlacement:111 com.android.server.wm.WindowManagerService.relayoutWindow:2507
06-17 10:59:16.815 1257 1276 I WindowManager: Reparenting to original parent: Surface(name=WallpaperWindowToken{18297f8 token=android.os.Binder@248a855})/@0x4613058, destroyLeash=true, surface=Surface(name=97c467e com.android.systemui.ImageWallpaper)/@0xaac1c7e
06-17 10:59:16.901 1257 3393 D ActivityManager: package com.sec.android.widgetapp.easymodecontactswidget, user - 0 is SDcard whitelisted
06-17 10:59:16.932 3346 3346 D SDHMS:eb.h: VideoPlayListener mIsVideoPlay : true
06-17 10:59:16.951 1257 1282 W ActivityManager: Slow operation: 51ms so far, now at startProcess: returned from zygote!
06-17 10:59:16.952 1257 1282 W ActivityManager: Slow operation: 52ms so far, now at startProcess: done updating battery stats
06-17 10:59:16.952 1257 1282 W ActivityManager: Slow operation: 52ms so far, now at startProcess: building log message
06-17 10:59:16.952 1257 1282 I ActivityManager: Start proc 31871:com.sec.android.widgetapp.easymodecontactswidget/u0a185 for broadcast {com.sec.android.widgetapp.easymodecontactswidget/com.sec.android.widgetapp.easymodecontactswidget.SeniorFavoriteWidgetProviderLarge}
06-17 10:59:16.952 1257 1282 W ActivityManager: Slow operation: 52ms so far, now at startProcess: starting to update pids map
06-17 10:59:16.952 1257 1282 W ActivityManager: Slow operation: 53ms so far, now at startProcess: done updating pids map
06-17 10:59:17.018 1257 2003 I ActivityManager: DSS OFF for com.sec.android.widgetapp.easymodecontactswidget
06-17 10:59:17.150 1257 3393 D ActivityManager: package com.samsung.android.app.notes, user - 0 is SDcard whitelisted
06-17 10:59:17.194 1257 1282 I ActivityManager: Start proc 31893:com.samsung.android.app.notes/u0a382 for broadcast {com.samsung.android.app.notes/com.samsung.android.app.notes.widget.WidgetToolBarProvider}
06-17 10:59:17.243 1257 2003 I ActivityManager: DSS OFF for com.samsung.android.app.notes
06-17 10:59:17.972 1257 3393 D ActivityManager: package com.sec.android.app.sbrowser, user - 0 is SDcard whitelisted
06-17 10:59:17.997 1257 1282 I ActivityManager: Start proc 31939:com.sec.android.app.sbrowser/u0a236 for broadcast {com.sec.android.app.sbrowser/com.sec.android.app.sbrowser.DeviceWallpaperChangedReceiver}
06-17 10:59:18.034 1257 3393 I ActivityManager: DSS OFF for com.sec.android.app.sbrowser
06-17 10:59:18.556 1257 3393 D ConnectivityService: ConnectivityService NetworkRequestInfo binderDied(NetworkRequest [ LISTEN id=94, [ Transports: WIFI Capabilities: INTERNET&NOT_RESTRICTED&TRUSTED&NOT_VPN&VALIDATED Uid: 10238] ], android.os.BinderProxy@696f1)
06-17 10:59:18.556 1257 3461 D ConnectivityService: ConnectivityService NetworkRequestInfo binderDied(NetworkRequest [ LISTEN id=95, [ Transports: CELLULAR|WIFI Capabilities: INTERNET&NOT_RESTRICTED&TRUSTED&NOT_VPN&VALIDATED Uid: 10238] ], android.os.BinderProxy@dc96e98)
06-17 10:59:18.556 1257 1466 D ConnectivityService: releasing NetworkRequest [ LISTEN id=94, [ Transports: WIFI Capabilities: INTERNET&NOT_RESTRICTED&TRUSTED&NOT_VPN&VALIDATED Uid: 10238] ] (release request)
06-17 10:59:18.556 1257 2112 I ActivityManager: Process com.samsung.android.oneconnect:BeaconManagerControlService (pid 11926) has died: cch+99 CEM (23,1510)
06-17 10:59:18.556 1257 1466 D ConnectivityService: releasing NetworkRequest [ LISTEN id=95, [ Transports: CELLULAR|WIFI Capabilities: INTERNET&NOT_RESTRICTED&TRUSTED&NOT_VPN&VALIDATED Uid: 10238] ] (release request)
06-17 10:59:18.601 1257 5056 I ActivityManager: Process com.facebook.services (pid 30280) has died: cch+85 CEM (25,1511)
06-17 10:59:18.616 31005 31005 D SystemUIService: onTrimMemory : 5
06-17 10:59:18.644 1257 1269 D ConnectivityService: ConnectivityService NetworkRequestInfo binderDied(NetworkRequest [ LISTEN id=259, [ Capabilities: INTERNET&NOT_RESTRICTED&TRUSTED&NOT_VPN&FOREGROUND Uid: 10134] ], android.os.BinderProxy@35cb12d)
06-17 10:59:18.644 1257 1466 D ConnectivityService: releasing NetworkRequest [ LISTEN id=259, [ Capabilities: INTERNET&NOT_RESTRICTED&TRUSTED&NOT_VPN&FOREGROUND Uid: 10134] ] (release request)
06-17 10:59:18.644 1257 2112 I ActivityManager: Process com.microsoft.appmanager (pid 30453) has died: cch+75 CEM (47,1515)
06-17 10:59:18.648 1257 1455 D WifiP2pService: P2pDisabledState{ when=-4ms what=143378 obj=android.os.BinderProxy@c9f4a86 target=com.android.internal.util.StateMachine$SmHandler }
06-17 10:59:18.648 1257 1455 D WifiP2pService: Remove client - com.microsoft.appmanager
06-17 10:59:18.696 1257 3338 I ActivityManager: Process com.samsung.android.mobileservice (pid 30649) has died: cch+75 CEM (51,1518)
06-17 10:59:18.737 1257 3338 D ActivityManager: package com.google.android.apps.turbo, user - 0 is SDcard whitelisted
06-17 10:59:18.748 1257 3387 I ActivityManager: Process com.samsung.android.messaging (pid 29507) has died: cch+75 CEM (61,1519)
06-17 10:59:18.789 1257 1282 W ActivityManager: Slow operation: 53ms so far, now at startProcess: returned from zygote!
06-17 10:59:18.789 1257 1282 W ActivityManager: Slow operation: 53ms so far, now at startProcess: done updating battery stats
06-17 10:59:18.790 1257 1282 W ActivityManager: Slow operation: 54ms so far, now at startProcess: building log message
06-17 10:59:18.790 1257 1282 I ActivityManager: Start proc 31978:com.google.android.apps.turbo/u0a213 for broadcast {com.google.android.apps.turbo/com.google.android.apps.turbo.nudges.broadcasts.BatteryStatusChangedReceiver}
06-17 10:59:18.790 1257 1282 W ActivityManager: Slow operation: 54ms so far, now at startProcess: starting to update pids map
06-17 10:59:18.790 1257 1282 W ActivityManager: Slow operation: 54ms so far, now at startProcess: done updating pids map
06-17 10:59:18.792 1257 3387 I ActivityManager: Process com.osp.app.signin (pid 30417) has died: cch+75 CEM (77,1519)
06-17 10:59:18.826 1257 3387 I ActivityManager: DSS OFF for com.google.android.apps.turbo
06-17 10:59:18.888 1257 3387 D ConnectivityService: ConnectivityService NetworkRequestInfo binderDied(NetworkRequest [ LISTEN id=264, [ Capabilities: NOT_RESTRICTED&TRUSTED&FOREGROUND Uid: 10311] ], android.os.BinderProxy@a3f6fdc)
06-17 10:59:18.889 1257 1466 D ConnectivityService: releasing NetworkRequest [ LISTEN id=264, [ Capabilities: NOT_RESTRICTED&TRUSTED&FOREGROUND Uid: 10311] ] (release request)
06-17 10:59:18.889 1257 2550 I ActivityManager: Process com.zvooq.openplay (pid 31042) has died: cch+65 CEM (141,1518)
06-17 10:59:19.131 3154 3154 W ContextImpl: Calling a method in the system process without a qualified user: android.app.ContextImpl.startService:1632 android.content.ContextWrapper.startService:683 android.content.ContextWrapper.startService:683 com.sec.android.diagmonagent.sa.receiver.CFLogReceiver.sendCFLog:23 com.sec.android.diagmonagent.sa.receiver.CFLogReceiver.onReceive:15
06-17 10:59:19.138 1257 3387 W BroadcastQueue: Background execution not allowed: receiving Intent { act=android.intent.action.DROPBOX_ENTRY_ADDED flg=0x10 (has extras) } to com.google.android.gms/.stats.service.DropBoxEntryAddedReceiver
06-17 10:59:19.140 1257 1281 W BroadcastQueue: Permission Denial: broadcasting Intent { act=com.sec.android.intent.action.WALLPAPER_CHANGED flg=0x1000010 } from com.android.systemui (pid=25433, uid=10054) is not exported from uid 10157 due to receiver com.sec.android.app.clockpackage/.alarmwidget.ClockAlarmWidgetProvider
06-17 10:59:19.141 1257 1281 W BroadcastQueue: Permission Denial: broadcasting Intent { act=com.sec.android.intent.action.WALLPAPER_CHANGED flg=0x1000010 } from com.android.systemui (pid=25433, uid=10054) is not exported from uid 10157 due to receiver com.sec.android.app.clockpackage/com.sec.android.widgetapp.digitalclock.DigitalClockWidgetProvider
06-17 10:59:19.145 1257 1281 W BroadcastQueue: Permission Denial: broadcasting Intent { act=com.sec.android.intent.action.WALLPAPER_CHANGED flg=0x1000010 } from com.android.systemui (pid=25433, uid=10054) is not exported from uid 10157 due to receiver com.sec.android.app.clockpackage/com.sec.android.widgetapp.dualclockdigital.DualClockDigitalWidgetProvider
06-17 10:59:19.148 1257 1281 W BroadcastQueue: Permission Denial: broadcasting Intent { act=com.sec.android.intent.action.WALLPAPER_CHANGED flg=0x1000010 } from com.android.systemui (pid=25433, uid=10054) is not exported from uid 10157 due to receiver com.sec.android.app.clockpackage/com.sec.android.widgetapp.analogclock.AnalogClockWidgetProvider
06-17 10:59:19.250 1257 1435 D ActivityManager: package com.sec.android.gallery3d, user - 0 is SDcard whitelisted
06-17 10:59:19.278 1257 1282 I ActivityManager: Start proc 32012:com.sec.android.gallery3d/u0a109 for broadcast {com.sec.android.gallery3d/com.samsung.android.gallery.app.receiver.TrashUpdateReceiver}
06-17 10:59:19.323 1257 3387 I ActivityManager: DSS OFF for com.sec.android.gallery3d
06-17 10:59:19.588 1257 3387 D SettingsProvider: isChangeAllowed() : name = accelerometer_rotation
06-17 10:59:19.589 1257 3387 D SettingsProvider: isChangeAllowed() : name = user_rotation
06-17 10:59:19.590 1257 3387 V WindowManager: rotationForOrientation(orient=5, last=0); user=0 USER_ROTATION_LOCKED
06-17 10:59:19.591 1257 3387 V WindowManager: Computed rotation=0 for display id=0 based on lastOrientation=5 and oldRotation=0, caller=com.android.server.wm.DisplayContent.updateRotationUnchecked:1531 com.android.server.wm.WindowManagerService.updateRotationUnchecked:4230 com.android.server.wm.WindowManagerService.freezeDisplayRotation:4140 com.android.server.wm.WindowManagerService.freezeRotation:4099 android.view.IWindowManager$Stub.onTransact:2089 com.android.server.wm.WindowManagerService.onTransact:1379
06-17 10:59:19.609 1257 1269 D ActivityManager: package com.microsoft.skydrive, user - 0 is SDcard whitelisted
06-17 10:59:19.636 1257 1282 I ActivityManager: Start proc 32048:com.microsoft.skydrive/u0a101 for broadcast {com.microsoft.skydrive/com.microsoft.skydrive.samsung.SamsungMigrationStateBroadcastReceiver}
06-17 10:59:19.651 31005 31846 D SystemUIService: Starting getMemoryInfo in MemoryInfoReporter thread.
06-17 10:59:19.653 31005 32056 D SystemUIService: - Memory Information -
06-17 10:59:19.662 31005 31846 E AndroidRuntime: FATAL EXCEPTION: AsyncTask #8
06-17 10:59:19.662 31005 31846 E AndroidRuntime: Process: com.android.systemui, PID: 31005
06-17 10:59:19.662 31005 31846 E AndroidRuntime: java.lang.RuntimeException: An error occurred while executing doInBackground()
06-17 10:59:19.662 31005 31846 E AndroidRuntime: at android.os.AsyncTask$4.done(AsyncTask.java:399)
06-17 10:59:19.662 31005 31846 E AndroidRuntime: at java.util.concurrent.FutureTask.finishCompletion(FutureTask.java:383)
06-17 10:59:19.662 31005 31846 E AndroidRuntime: at java.util.concurrent.FutureTask.setException(FutureTask.java:252)
06-17 10:59:19.662 31005 31846 E AndroidRuntime: at java.util.concurrent.FutureTask.run(FutureTask.java:271)
06-17 10:59:19.662 31005 31846 E AndroidRuntime: at java.util.concurrent.ThreadPoolExecutor.runWorker(ThreadPoolExecutor.java:1167)
06-17 10:59:19.662 31005 31846 E AndroidRuntime: at java.util.concurrent.ThreadPoolExecutor$Worker.run(ThreadPoolExecutor.java:641)
06-17 10:59:19.662 31005 31846 E AndroidRuntime: at java.lang.Thread.run(Thread.java:919)
06-17 10:59:19.662 31005 31846 E AndroidRuntime: Caused by: java.lang.NullPointerException: Attempt to invoke virtual method 'void java.io.InputStream.close()' on a null object reference
06-17 10:59:19.662 31005 31846 E AndroidRuntime: at com.android.internal.widget.LocalImageResolver.getBoundsOptionsForImage(LocalImageResolver.java:67)
06-17 10:59:19.662 31005 31846 E AndroidRuntime: at com.android.internal.widget.LocalImageResolver.resolveImage(LocalImageResolver.java:39)
06-17 10:59:19.662 31005 31846 E AndroidRuntime: at com.android.systemui.statusbar.notification.row.NotificationInlineImageResolver.resolveImage(NotificationInlineImageResolver.java:76)
06-17 10:59:19.662 31005 31846 E AndroidRuntime: at com.android.systemui.statusbar.notification.row.NotificationInlineImageCache$PreloadImageTask.doInBackground(NotificationInlineImageCache.java:99)
06-17 10:59:19.662 31005 31846 E AndroidRuntime: at com.android.systemui.statusbar.notification.row.NotificationInlineImageCache$PreloadImageTask.doInBackground(NotificationInlineImageCache.java:86)
06-17 10:59:19.662 31005 31846 E AndroidRuntime: at android.os.AsyncTask$3.call(AsyncTask.java:378)
06-17 10:59:19.662 31005 31846 E AndroidRuntime: at java.util.concurrent.FutureTask.run(FutureTask.java:266)
06-17 10:59:19.662 31005 31846 E AndroidRuntime: ... 3 more
06-17 10:59:19.664 31005 31848 D SystemUIService: Already in calculating memory info. So skip this.
