06-17 11:01:08.906 1257 3383 D SettingsProvider: edmUri: content://com.sec.knox.provider/RestrictionPolicy3
06-17 11:01:08.906 1257 3383 D SettingsProvider: projectionArgs: isSettingsChangesAllowed
06-17 11:01:08.906 1257 3383 D SettingsProvider: selectionArgs: false
06-17 11:01:08.906 1257 3383 D SettingsProvider: selectionArgs: 10054
06-17 11:01:08.906 1257 3383 D SecContentProvider: called from android.uid.systemui:10054
06-17 11:01:08.906 1257 3383 D RestrictionPolicy: isSettingsChangesAllowedAsUser, userId 0 : true
06-17 11:01:08.906 1257 3383 D SettingsProvider: ret = 1
06-17 11:01:08.907 1257 5088 D SettingsProvider: isChangeAllowed() : name = pref_dynamic_plugin_connected
06-17 11:01:08.907 1257 5088 D SettingsProvider: edmUri: content://com.sec.knox.provider/RestrictionPolicy3
06-17 11:01:08.907 1257 5088 D SettingsProvider: projectionArgs: isSettingsChangesAllowed
06-17 11:01:08.907 1257 5088 D SettingsProvider: selectionArgs: false
06-17 11:01:08.907 1257 5088 D SettingsProvider: selectionArgs: 10054
06-17 11:01:08.908 1257 5088 D SecContentProvider: called from android.uid.systemui:10054
06-17 11:01:08.908 1257 5088 D RestrictionPolicy: isSettingsChangesAllowedAsUser, userId 0 : true
06-17 11:01:08.908 1257 5088 D SettingsProvider: ret = 1
06-17 11:01:08.909 1257 5088 D SettingsProvider: isChangeAllowed() : name = pref_allowed_number_wallpaper_settings
06-17 11:01:08.909 1257 5088 D SettingsProvider: edmUri: content://com.sec.knox.provider/RestrictionPolicy3
06-17 11:01:08.909 1257 5088 D SettingsProvider: projectionArgs: isSettingsChangesAllowed
06-17 11:01:08.909 1257 5088 D SettingsProvider: selectionArgs: false
06-17 11:01:08.909 1257 5088 D SettingsProvider: selectionArgs: 10054
06-17 11:01:08.909 1257 5088 D SecContentProvider: called from android.uid.systemui:10054
06-17 11:01:08.909 1257 5088 D RestrictionPolicy: isSettingsChangesAllowedAsUser, userId 0 : true
06-17 11:01:08.910 1257 5088 D SettingsProvider: ret = 1
06-17 11:01:08.912 1257 5088 D SettingsProvider: isChangeAllowed() : name = pref_dynamic_allowed_number
06-17 11:01:08.912 1257 5088 D SettingsProvider: edmUri: content://com.sec.knox.provider/RestrictionPolicy3
06-17 11:01:08.912 1257 5088 D SettingsProvider: projectionArgs: isSettingsChangesAllowed
06-17 11:01:08.912 1257 5088 D SettingsProvider: selectionArgs: false
06-17 11:01:08.912 1257 5088 D SettingsProvider: selectionArgs: 10054
06-17 11:01:08.912 1257 5088 D SecContentProvider: called from android.uid.systemui:10054
06-17 11:01:08.913 1257 5088 D RestrictionPolicy: isSettingsChangesAllowedAsUser, userId 0 : true
06-17 11:01:08.913 1257 5088 D SettingsProvider: ret = 1
06-17 11:01:08.915 1257 1257 V SettingsProvider: Notifying for 0: content://settings/secure/pref_dynamic_allowed_number
06-17 11:01:08.915 1257 3383 D SettingsProvider: isChangeAllowed() : name = pref_allowed_number_dynamic
06-17 11:01:08.916 1257 3383 D SettingsProvider: edmUri: content://com.sec.knox.provider/RestrictionPolicy3
06-17 11:01:08.916 1257 3383 D SettingsProvider: projectionArgs: isSettingsChangesAllowed
06-17 11:01:08.916 1257 3383 D SettingsProvider: selectionArgs: false
06-17 11:01:08.916 1257 3383 D SettingsProvider: selectionArgs: 10054
06-17 11:01:08.916 1257 3383 D SecContentProvider: called from android.uid.systemui:10054
06-17 11:01:08.916 1257 3383 D RestrictionPolicy: isSettingsChangesAllowedAsUser, userId 0 : true
06-17 11:01:08.916 1257 3383 D SettingsProvider: ret = 1
06-17 11:01:08.917 1257 3383 D SettingsProvider: isChangeAllowed() : name = pref_dynamic_allowed_number
06-17 11:01:08.917 1257 3383 D SettingsProvider: edmUri: content://com.sec.knox.provider/RestrictionPolicy3
06-17 11:01:08.917 1257 3383 D SettingsProvider: projectionArgs: isSettingsChangesAllowed
06-17 11:01:08.917 1257 3383 D SettingsProvider: selectionArgs: false
06-17 11:01:08.917 1257 3383 D SettingsProvider: selectionArgs: 10054
06-17 11:01:08.918 1257 3383 D SecContentProvider: called from android.uid.systemui:10054
06-17 11:01:08.918 1257 3383 D RestrictionPolicy: isSettingsChangesAllowedAsUser, userId 0 : true
06-17 11:01:08.918 1257 3383 D SettingsProvider: ret = 1
06-17 11:01:08.921 1257 1257 V SettingsProvider: Notifying for 0: content://settings/secure/pref_dynamic_allowed_number
06-17 11:01:08.926 1257 1929 D SettingsProvider: isChangeAllowed() : name = plugin_lock_event_dump
06-17 11:01:08.926 1257 1929 D SettingsProvider: edmUri: content://com.sec.knox.provider/RestrictionPolicy3
06-17 11:01:08.926 1257 1929 D SettingsProvider: projectionArgs: isSettingsChangesAllowed
06-17 11:01:08.926 1257 1929 D SettingsProvider: selectionArgs: false
06-17 11:01:08.926 1257 1929 D SettingsProvider: selectionArgs: 10054
06-17 11:01:08.927 1257 1929 D SecContentProvider: called from android.uid.systemui:10054
06-17 11:01:08.927 1257 1929 D RestrictionPolicy: isSettingsChangesAllowedAsUser, userId 0 : true
06-17 11:01:08.927 1257 1929 D SettingsProvider: ret = 1
06-17 11:01:08.929 1257 1257 V SettingsProvider: Notifying for 0: content://settings/secure/plugin_lock_event_dump
06-17 11:01:08.940 1257 1929 D AdaptiveDisplaySolutionService: setAutoCurrentLimitState() : true , mADSEnableCondition : true
06-17 11:01:08.940 1257 1929 I AdaptiveDisplaySolutionService: updateAdaptiveControlState() : true
06-17 11:01:08.940 1257 1929 D AdaptiveDisplaySolutionService: [AdaptiveControl]: ACL OFF
06-17 11:01:08.940 1257 1929 V MdnieScenarioControlService: mAutoCurrentLimitOffState : true
06-17 11:01:08.940 1257 1929 D AdaptiveDisplaySolutionService: fileWriteString to /sys/class/lcd/panel/adaptive_control, 1
06-17 11:01:08.940 1257 1929 D AdaptiveDisplaySolutionService: fileWriteString to /sys/class/lcd/panel/adaptive_control, 0
06-17 11:01:09.045 1257 3383 D WallpaperManagerService: which : 2, return type : 8 (called by userId= 0)
06-17 11:01:09.187 1257 3383 I chatty : uid=1000(system) Binder:1257_13 identical 9 lines
06-17 11:01:09.237 1257 3383 D WallpaperManagerService: which : 2, return type : 8 (called by userId= 0)
06-17 11:01:09.241 1257 5088 D WallpaperManagerService: which : 2, return type : 8 (called by userId= 0)
06-17 11:01:09.251 1257 5088 I chatty : uid=1000(system) Binder:1257_1F identical 1 line
06-17 11:01:09.256 1257 5088 D WallpaperManagerService: which : 2, return type : 8 (called by userId= 0)
06-17 11:01:09.260 1257 5088 I Telecom:SamsungTelecomServiceImpl: isInCall - callingPackage : com.android.systemui
06-17 11:01:09.270 1257 5088 D PowerManagerService: [api] userActivity : event: 0 flags: 0 (uid: 10054 pid: 12066) eventTime = 405615
06-17 11:01:09.281 1257 5088 V WindowManager: performShow on Window{cf5a43b u0 com.android.systemui.ImageWallpaper}: mDrawState=READY_TO_SHOW readyForDisplay=false starting=false during animation: policyVis=true parentHidden=false tok.hiddenRequested=false tok.hidden=false animating=false tok animating=false Callers=com.android.server.wm.WindowState.performShowLocked:4719 com.android.server.wm.WindowStateAnimator.commitFinishDrawingLocked:401 com.android.server.wm.DisplayContent.lambda$new$8$DisplayContent:990 com.android.server.wm.-$$Lambda$DisplayContent$qxt4izS31fb0LF2uo_OF9DMa7gc.accept:4
06-17 11:01:09.282 1257 5088 I WindowManager: Reparenting to leash, surface=Surface(name=cf5a43b com.android.systemui.ImageWallpaper)/@0xe1d6313
06-17 11:01:09.283 1257 5088 D WindowManager: makeSurface duration=1 leash=Surface(name=Surface(name=cf5a43b com.android.systemui.ImageWallpaper)/@0xe1d6313 - animation-leash)/@0xa652950
06-17 11:01:09.292 1257 5088 D SettingsProvider: isChangeAllowed() : name = friends_plugin_version
06-17 11:01:09.292 1257 5088 D SettingsProvider: edmUri: content://com.sec.knox.provider/RestrictionPolicy3
06-17 11:01:09.292 1257 5088 D SettingsProvider: projectionArgs: isSettingsChangesAllowed
06-17 11:01:09.292 1257 5088 D SettingsProvider: selectionArgs: false
06-17 11:01:09.292 1257 5088 D SettingsProvider: selectionArgs: 10054
06-17 11:01:09.292 1257 5088 D SecContentProvider: called from android.uid.systemui:10054
06-17 11:01:09.292 1257 5088 D RestrictionPolicy: isSettingsChangesAllowedAsUser, userId 0 : true
06-17 11:01:09.292 1257 5088 D SettingsProvider: ret = 1
06-17 11:01:09.293 1257 5088 D SettingsProvider: isChangeAllowed() : name = friends_plugin_connected
06-17 11:01:09.293 1257 5088 D SettingsProvider: edmUri: content://com.sec.knox.provider/RestrictionPolicy3
06-17 11:01:09.293 1257 5088 D SettingsProvider: projectionArgs: isSettingsChangesAllowed
06-17 11:01:09.293 1257 5088 D SettingsProvider: selectionArgs: false
06-17 11:01:09.293 1257 5088 D SettingsProvider: selectionArgs: 10054
06-17 11:01:09.293 1257 5088 D SecContentProvider: called from android.uid.systemui:10054
06-17 11:01:09.293 1257 5088 D RestrictionPolicy: isSettingsChangesAllowedAsUser, userId 0 : true
06-17 11:01:09.293 1257 5088 D SettingsProvider: ret = 1
06-17 11:01:09.299 1257 5088 D CustomFrequencyManagerService: FrequencyrequestList.getNextSchedTuneBoostRequest, index: 1
06-17 11:01:09.332 1257 5088 D SettingsProvider: isChangeAllowed() : name = friends_plugin_allowed_number
06-17 11:01:09.332 1257 5088 D SettingsProvider: edmUri: content://com.sec.knox.provider/RestrictionPolicy3
06-17 11:01:09.332 1257 5088 D SettingsProvider: projectionArgs: isSettingsChangesAllowed
06-17 11:01:09.332 1257 5088 D SettingsProvider: selectionArgs: false
06-17 11:01:09.332 1257 5088 D SettingsProvider: selectionArgs: 10054
06-17 11:01:09.332 1257 5088 D SecContentProvider: called from android.uid.systemui:10054
06-17 11:01:09.332 1257 5088 D RestrictionPolicy: isSettingsChangesAllowedAsUser, userId 0 : true
06-17 11:01:09.333 1257 5088 D SettingsProvider: ret = 1
06-17 11:01:09.339 1257 5088 D SettingsProvider: isChangeAllowed() : name = plugin_lock_event_dump
06-17 11:01:09.339 1257 5088 D SettingsProvider: edmUri: content://com.sec.knox.provider/RestrictionPolicy3
06-17 11:01:09.339 1257 5088 D SettingsProvider: projectionArgs: isSettingsChangesAllowed
06-17 11:01:09.339 1257 5088 D SettingsProvider: selectionArgs: false
06-17 11:01:09.339 1257 5088 D SettingsProvider: selectionArgs: 10054
06-17 11:01:09.339 1257 5088 D SecContentProvider: called from android.uid.systemui:10054
06-17 11:01:09.339 1257 5088 D RestrictionPolicy: isSettingsChangesAllowedAsUser, userId 0 : true
06-17 11:01:09.340 1257 5088 D SettingsProvider: ret = 1
06-17 11:01:09.341 1257 1257 V SettingsProvider: Notifying for 0: content://settings/secure/plugin_lock_event_dump
06-17 11:01:09.357 1257 3383 I WindowManager: Reparenting to leash, surface=Surface(name=a84304c NavigationBar0)/@0xcaa5aaf
06-17 11:01:09.359 1257 3383 D WindowManager: makeSurface duration=2 leash=Surface(name=Surface(name=a84304c NavigationBar0)/@0xcaa5aaf - animation-leash)/@0xe7b8a7c
06-17 11:01:09.366 1257 1929 D CustomFrequencyManagerService: FrequencyrequestList.getNextSchedTuneBoostRequest, index: 1
06-17 11:01:09.372 1257 5088 D WallpaperManagerService: which : 2, return type : 8 (called by userId= 0)
06-17 11:01:09.433 1257 3383 D StatusBarManagerService: notifyRequestedSystemKey recent=false home=false
06-17 11:01:09.434 1257 1275 D PowerManagerService: [api] setUserActivityTimeoutOverrideFromWindowManagerInternal: timeoutMillis: 5000
06-17 11:01:09.434 1257 1275 D PowerManagerService: getScreenOffTimeoutLocked: 30000 -> 5000
06-17 11:01:09.435 1257 1275 D PowerManagerService: [api] setScreenDimDurationOverrideFromWindowManagerInternal: timeoutMillis: 0
06-17 11:01:09.525 1257 1542 W ContextImpl: Calling a method in the system process without a qualified user: android.app.ContextImpl.sendBroadcast:1088 com.samsung.android.codecsolution.Logging.insertDiagmonLog:79 com.samsung.android.codecsolution.Logging.insertLog:53 com.samsung.android.codecsolution.Logging.insertLog:45 com.samsung.android.codecsolution.CodecSolutionManagerService$1.handleMessage:250
06-17 11:01:09.541 1257 5088 I Telecom:SamsungTelecomServiceImpl: isInCall - callingPackage : com.android.systemui
06-17 11:01:09.565 1257 1276 I WindowManager: Reparenting to original parent: Surface(name=WindowToken{9e0787f android.os.BinderProxy@b2da7d9})/@0x659eff9, destroyLeash=true, surface=Surface(name=a84304c NavigationBar0)/@0xcaa5aaf
06-17 11:01:09.583 1257 1276 I WindowManager: Destroying surface Surface(name=NavigationBar0$_12066)/@0x7611bb2 called by com.android.server.wm.WindowStateAnimator.destroySurface:1790 com.android.server.wm.WindowStateAnimator.destroySurfaceLocked:720 com.android.server.wm.WindowState.destroySurfaceUnchecked:3534 com.android.server.wm.RootWindowContainer.performSurfacePlacementNoTrace:817 com.android.server.wm.RootWindowContainer.performSurfacePlacement:669 com.android.server.wm.WindowSurfacePlacer.performSurfacePlacementLoop:180 com.android.server.wm.WindowSurfacePlacer.performSurfacePlacement:111 com.android.server.wm.WindowSurfacePlacer.performSurfacePlacement:99
06-17 11:01:09.651 1257 3378 D WallpaperManagerService: which : 2, return type : 8 (called by userId= 0)
06-17 11:01:09.676 1257 3378 I Telecom:SamsungTelecomServiceImpl: isInCall - callingPackage : com.android.systemui
06-17 11:01:09.680 1257 1257 D GameManagerService: com.samsung.keyguard.KEYGUARD_STATE. check for pause
06-17 11:01:09.680 1257 1540 D GameManagerService: sendPauseConditionally()
06-17 11:01:09.761 3346 3346 D SDHMS:eb.h: VideoPlayListener mIsVideoPlay : true
06-17 11:01:09.799 1257 1276 I WindowManager: Reparenting to original parent: Surface(name=WallpaperWindowToken{18297f8 token=android.os.Binder@248a855})/@0x4613058, destroyLeash=true, surface=Surface(name=cf5a43b com.android.systemui.ImageWallpaper)/@0xe1d6313
06-17 11:01:10.550 1257 5088 D SamsungAlarmManager: Cancel Alarm calling from uid:10215 pid :2832 / op:PendingIntent{2c140fe: PendingIntentRecord{8a405f com.google.android.gms startService}}
06-17 11:01:10.554 1257 5088 I SamsungAlarmManager: setLocked to kernel - T:2 / 20260617T110715, SetElapsed=771738, nowELAPSED=406899
06-17 11:01:10.556 1257 5088 I SamsungAlarmManager: setLocked to kernel - T:3 / 20260617T110118, SetElapsed=414838, nowELAPSED=406901
06-17 11:01:11.147 2568 2568 D io_stats: !@ 179,0 r 1075812 23763917 w 25126 541348 d 15384 348656 f 23263 28774 iot 243320 247419 th 51200 0 0 pt 0 inp 18 0 407.491
06-17 11:01:11.835 1257 3460 D SettingsProvider: isChangeAllowed() : name = accelerometer_rotation
06-17 11:01:11.836 1257 3460 D SettingsProvider: isChangeAllowed() : name = user_rotation
06-17 11:01:11.837 1257 3460 V WindowManager: rotationForOrientation(orient=5, last=0); user=0 USER_ROTATION_LOCKED
06-17 11:01:11.838 1257 3460 V WindowManager: Computed rotation=0 for display id=0 based on lastOrientation=5 and oldRotation=0, caller=com.android.server.wm.DisplayContent.updateRotationUnchecked:1531 com.android.server.wm.WindowManagerService.updateRotationUnchecked:4230 com.android.server.wm.WindowManagerService.freezeDisplayRotation:4140 com.android.server.wm.WindowManagerService.freezeRotation:4099 android.view.IWindowManager$Stub.onTransact:2089 com.android.server.wm.WindowManagerService.onTransact:1379
06-17 11:01:12.080 1257 1929 D SamsungAlarmManager: Cancel Alarm calling from uid:10215 pid :1766 / op:PendingIntent{2f48aac: PendingIntentRecord{167a375 com.google.android.gms startService}}
06-17 11:01:12.082 1257 1929 I SamsungAlarmManager: setLocked to kernel - T:2 / 20260617T110715, SetElapsed=771738, nowELAPSED=408427
06-17 11:01:12.082 1257 1929 I SamsungAlarmManager: setLocked to kernel - T:3 / 20260617T110118, SetElapsed=414838, nowELAPSED=408427
06-17 11:01:12.603 12066 12198 D SystemUIService: Starting getMemoryInfo in MemoryInfoReporter thread.
06-17 11:01:12.605 12066 12218 D SystemUIService: - Memory Information -
06-17 11:01:12.607 12066 12200 D SystemUIService: Already in calculating memory info. So skip this.
06-17 11:01:12.610 12066 12198 E AndroidRuntime: FATAL EXCEPTION: AsyncTask #8
06-17 11:01:12.610 12066 12198 E AndroidRuntime: Process: com.android.systemui, PID: 12066
06-17 11:01:12.610 12066 12198 E AndroidRuntime: java.lang.RuntimeException: An error occurred while executing doInBackground()
06-17 11:01:12.610 12066 12198 E AndroidRuntime: at android.os.AsyncTask$4.done(AsyncTask.java:399)
06-17 11:01:12.610 12066 12198 E AndroidRuntime: at java.util.concurrent.FutureTask.finishCompletion(FutureTask.java:383)
06-17 11:01:12.610 12066 12198 E AndroidRuntime: at java.util.concurrent.FutureTask.setException(FutureTask.java:252)
06-17 11:01:12.610 12066 12198 E AndroidRuntime: at java.util.concurrent.FutureTask.run(FutureTask.java:271)
06-17 11:01:12.610 12066 12198 E AndroidRuntime: at java.util.concurrent.ThreadPoolExecutor.runWorker(ThreadPoolExecutor.java:1167)
06-17 11:01:12.610 12066 12198 E AndroidRuntime: at java.util.concurrent.ThreadPoolExecutor$Worker.run(ThreadPoolExecutor.java:641)
06-17 11:01:12.610 12066 12198 E AndroidRuntime: at java.lang.Thread.run(Thread.java:919)
06-17 11:01:12.610 12066 12198 E AndroidRuntime: Caused by: java.lang.NullPointerException: Attempt to invoke virtual method 'void java.io.InputStream.close()' on a null object reference
06-17 11:01:12.610 12066 12198 E AndroidRuntime: at com.android.internal.widget.LocalImageResolver.getBoundsOptionsForImage(LocalImageResolver.java:67)
06-17 11:01:12.610 12066 12198 E AndroidRuntime: at com.android.internal.widget.LocalImageResolver.resolveImage(LocalImageResolver.java:39)
06-17 11:01:12.610 12066 12198 E AndroidRuntime: at com.android.systemui.statusbar.notification.row.NotificationInlineImageResolver.resolveImage(NotificationInlineImageResolver.java:76)
06-17 11:01:12.610 12066 12198 E AndroidRuntime: at com.android.systemui.statusbar.notification.row.NotificationInlineImageCache$PreloadImageTask.doInBackground(NotificationInlineImageCache.java:99)
06-17 11:01:12.610 12066 12198 E AndroidRuntime: at com.android.systemui.statusbar.notification.row.NotificationInlineImageCache$PreloadImageTask.doInBackground(NotificationInlineImageCache.java:86)
06-17 11:01:12.610 12066 12198 E AndroidRuntime: at android.os.AsyncTask$3.call(AsyncTask.java:378)
06-17 11:01:12.610 12066 12198 E AndroidRuntime: at java.util.concurrent.FutureTask.run(FutureTask.java:266)
06-17 11:01:12.610 12066 12198 E AndroidRuntime: ... 3 more
06-17 11:01:12.614 1257 12220 I DropBoxManagerService: add tag=system_app_crash isTagEnabled=true flags=0x2
06-17 11:01:12.615 1257 5088 W RescueParty: Noticed 4 events for UID 10054 in last 23 sec
06-17 11:01:12.615 1257 5088 W ActivityManager: crash : com.android.systemui,0
06-17 11:01:12.621 1257 5088 W ActivityManager: Process com.android.systemui has crashed too many times: killing!
06-17 11:01:12.640 1257 1929 D SamsungAlarmManager: setInexact Intent (T:3/F:0/AC:false) 20360614T110112 - CU:10215/CP:1766
06-17 11:01:12.640 1257 1929 I SamsungAlarmManager: setLocked to kernel - T:2 / 20260617T110715, SetElapsed=771738, nowELAPSED=408985
06-17 11:01:12.640 1257 1929 I SamsungAlarmManager: setLocked to kernel - T:3 / 20260617T110118, SetElapsed=414838, nowELAPSED=408985
06-17 11:01:12.737 1257 3387 D WallpaperManagerService: binderDied android.app.IWallpaperManagerCallback$Stub$Proxy@1068248
06-17 11:01:12.738 1257 3355 I StatusBarManagerService: binder died for pkg=com.android.systemui
06-17 11:01:12.740 1257 2550 D NotificationListeners: Removing active service ComponentInfo{com.android.systemui/com.android.systemui.statusbar.NotificationListener}
06-17 11:01:12.741 1257 2550 D ConnectivityService: ConnectivityService NetworkRequestInfo binderDied(NetworkRequest [ LISTEN id=354, [ Transports: WIFI Capabilities: NOT_VPN] ], android.os.BinderProxy@6f5dad3)
06-17 11:01:12.741 1257 3484 D ConnectivityService: ConnectivityService NetworkRequestInfo binderDied(NetworkRequest [ TRACK_DEFAULT id=355, [ Capabilities: INTERNET&NOT_RESTRICTED&TRUSTED Uid: 10054] ], android.os.BinderProxy@18ca610)
06-17 11:01:12.741 1257 2390 I WindowManager: WIN DEATH: Window{cf5a43b u0 com.android.systemui.ImageWallpaper}
06-17 11:01:12.741 1257 1466 D ConnectivityService: releasing NetworkRequest [ LISTEN id=354, [ Transports: WIFI Capabilities: NOT_VPN] ] (release request)
06-17 11:01:12.742 1257 2390 I WindowManager: Destroying surface Surface(name=com.android.systemui.ImageWallpaper$_12066)/@0x3dbc509 called by com.android.server.wm.WindowStateAnimator.destroySurface:1790 com.android.server.wm.WindowStateAnimator.destroySurfaceLocked:720 com.android.server.wm.WindowState.removeImmediately:2327 com.android.server.wm.WindowState.removeIfPossible:2463 com.android.server.wm.WindowState.access$300:264 com.android.server.wm.WindowState$DeathRecipient.binderDied:3034 android.os.BinderProxy.sendDeathNotice:637
06-17 11:01:12.742 1257 1466 D ConnectivityService: releasing NetworkRequest [ TRACK_DEFAULT id=355, [ Capabilities: INTERNET&NOT_RESTRICTED&TRUSTED Uid: 10054] ] (release request)
06-17 11:01:12.743 1257 5088 V AODManagerService: binderDied
06-17 11:01:12.744 1257 1613 D ConnectivityService: ConnectivityService NetworkRequestInfo binderDied(NetworkRequest [ LISTEN id=356, [] ], android.os.BinderProxy@891d30e)
06-17 11:01:12.746 1257 1257 W WallpaperManagerService: Wallpaper service gone: ComponentInfo{com.android.systemui/com.android.systemui.ImageWallpaper}
06-17 11:01:12.746 1257 1257 W WallpaperManagerService: Wallpaper service gone: ComponentInfo{com.android.systemui/com.android.systemui.ImageWallpaper}
06-17 11:01:12.748 3346 3346 D SDHMS:eb.h: VideoPlayListener mIsVideoPlay : false
06-17 11:01:12.749 1257 1906 V CocktailBarStatePolicyController: binderDied : binder = android.os.BinderProxy@b7e133c
06-17 11:01:12.750 1257 1466 D ConnectivityService: releasing NetworkRequest [ LISTEN id=356, [] ] (release request)
06-17 11:01:12.752 1257 3338 I WindowManager: WIN DEATH: Window{509dd01 u0 DockedStackDivider}
06-17 11:01:12.756 1257 3484 I WindowManager: WIN DEATH: Window{bf3e106 u0 AssistPreviewPanel}
06-17 11:01:12.764 1257 1907 I WindowManager: WIN DEATH: Window{6abc881 u0 StatusBar}
06-17 11:01:12.765 1257 1907 D WindowManager: setKeyguardOccluded occluded=false
06-17 11:01:12.765 1257 1907 I WindowManager: Destroying surface Surface(name=StatusBar$_12066)/@0x4a94b67 called by com.android.server.wm.WindowStateAnimator.destroySurface:1790 com.android.server.wm.WindowStateAnimator.destroySurfaceLocked:720 com.android.server.wm.WindowState.removeImmediately:2327 com.android.server.wm.WindowState.removeIfPossible:2463 com.android.server.wm.WindowState.access$300:264 com.android.server.wm.WindowState$DeathRecipient.binderDied:3034 android.os.BinderProxy.sendDeathNotice:637
06-17 11:01:12.771 1257 1907 W WindowManager: Failed to deliver inset state change
06-17 11:01:12.771 1257 1907 W WindowManager: android.os.DeadObjectException
06-17 11:01:12.771 1257 1907 W WindowManager: at android.os.BinderProxy.transactNative(Native Method)
06-17 11:01:12.771 1257 1907 W WindowManager: at android.os.BinderProxy.transact(BinderProxy.java:527)
06-17 11:01:12.771 1257 1907 W WindowManager: at android.view.IWindow$Stub$Proxy.insetsChanged(IWindow.java:734)
06-17 11:01:12.771 1257 1907 W WindowManager: at com.android.server.wm.WindowState.notifyInsetsChanged(WindowState.java:3856)
06-17 11:01:12.771 1257 1907 W WindowManager: at com.android.server.wm.InsetsStateController.lambda$new$0(InsetsStateController.java:56)
06-17 11:01:12.771 1257 1907 W WindowManager: at com.android.server.wm.-$$Lambda$InsetsStateController$sIYEJIR4ztgffCLMi5Z1RvdxyYs.accept(Unknown Source:2)
06-17 11:01:12.771 1257 1907 W WindowManager: at com.android.server.wm.WindowContainer$ForAllWindowsConsumerWrapper.apply(WindowContainer.java:1184)
06-17 11:01:12.771 1257 1907 W WindowManager: at com.android.server.wm.WindowContainer$ForAllWindowsConsumerWrapper.apply(WindowContainer.java:1174)
06-17 11:01:12.771 1257 1907 W WindowManager: at com.android.server.wm.WindowState.applyInOrderWithImeWindows(WindowState.java:4957)
06-17 11:01:12.771 1257 1907 W WindowManager: at com.android.server.wm.WindowState.forAllWindows(WindowState.java:4841)
06-17 11:01:12.771 1257 1907 W WindowManager: at com.android.server.wm.WindowContainer.forAllWindows(WindowContainer.java:883)
06-17 11:01:12.771 1257 1907 W WindowManager: at com.android.server.wm.WindowContainer.forAllWindows(WindowContainer.java:883)
06-17 11:01:12.771 1257 1907 W WindowManager: at com.android.server.wm.DisplayContent.forAllWindows(DisplayContent.java:2477)
06-17 11:01:12.771 1257 1907 W WindowManager: at com.android.server.wm.WindowContainer.forAllWindows(WindowContainer.java:900)
06-17 11:01:12.771 1257 1907 W WindowManager: at com.android.server.wm.InsetsStateController.notifyInsetsChanged(InsetsStateController.java:227)
06-17 11:01:12.771 1257 1907 W WindowManager: at com.android.server.wm.InsetsStateController.onPostLayout(InsetsStateController.java:121)
06-17 11:01:12.771 1257 1907 W WindowManager: at com.android.server.wm.DisplayContent.applySurfaceChangesTransaction(DisplayContent.java:4524)
06-17 11:01:12.771 1257 1907 W WindowManager: at com.android.server.wm.RootWindowContainer.applySurfaceChangesTransaction(RootWindowContainer.java:1013)
06-17 11:01:12.771 1257 1907 W WindowManager: at com.android.server.wm.RootWindowContainer.performSurfacePlacementNoTrace(RootWindowContainer.java:734)
06-17 11:01:12.771 1257 1907 W WindowManager: at com.android.server.wm.RootWindowContainer.performSurfacePlacement(RootWindowContainer.java:669)
06-17 11:01:12.771 1257 1907 W WindowManager: at com.android.server.wm.WindowSurfacePlacer.performSurfacePlacementLoop(WindowSurfacePlacer.java:180)
06-17 11:01:12.771 1257 1907 W WindowManager: at com.android.server.wm.WindowSurfacePlacer.performSurfacePlacement(WindowSurfacePlacer.java:111)
06-17 11:01:12.771 1257 1907 W WindowManager: at com.android.server.wm.WindowSurfacePlacer.performSurfacePlacement(WindowSurfacePlacer.java:99)
06-17 11:01:12.771 1257 1907 W WindowManager: at com.android.server.wm.WindowManagerService.postWindowRemoveCleanupLocked(WindowManagerService.java:2122)
06-17 11:01:12.771 1257 1907 W WindowManager: at com.android.server.wm.WindowState.removeImmediately(WindowState.java:2336)
06-17 11:01:12.771 1257 1907 W WindowManager: at com.android.server.wm.WindowState.removeIfPossible(WindowState.java:2463)
06-17 11:01:12.771 1257 1907 W WindowManager: at com.android.server.wm.WindowState.access$300(WindowState.java:264)
06-17 11:01:12.771 1257 1907 W WindowManager: at com.android.server.wm.WindowState$DeathRecipient.binderDied(WindowState.java:3034)
06-17 11:01:12.771 1257 1907 W WindowManager: at android.os.BinderProxy.sendDeathNotice(BinderProxy.java:637)
06-17 11:01:12.773 1257 1907 W WindowManager: Failed to deliver inset state change
06-17 11:01:12.773 1257 1907 W WindowManager: android.os.DeadObjectException
06-17 11:01:12.773 1257 1907 W WindowManager: at android.os.BinderProxy.transactNative(Native Method)
06-17 11:01:12.773 1257 1907 W WindowManager: at android.os.BinderProxy.transact(BinderProxy.java:527)
06-17 11:01:12.773 1257 1907 W WindowManager: at android.view.IWindow$Stub$Proxy.insetsChanged(IWindow.java:734)
06-17 11:01:12.773 1257 1907 W WindowManager: at com.android.server.wm.WindowState.notifyInsetsChanged(WindowState.java:3856)
06-17 11:01:12.773 1257 1907 W WindowManager: at com.android.server.wm.InsetsStateController.lambda$new$0(InsetsStateController.java:56)
06-17 11:01:12.773 1257 1907 W WindowManager: at com.android.server.wm.-$$Lambda$InsetsStateController$sIYEJIR4ztgffCLMi5Z1RvdxyYs.accept(Unknown Source:2)
06-17 11:01:12.773 1257 1907 W WindowManager: at com.android.server.wm.WindowContainer$ForAllWindowsConsumerWrapper.apply(WindowContainer.java:1184)
06-17 11:01:12.773 1257 1907 W WindowManager: at com.android.server.wm.WindowContainer$ForAllWindowsConsumerWrapper.apply(WindowContainer.java:1174)
06-17 11:01:12.773 1257 1907 W WindowManager: at com.android.server.wm.WindowState.applyInOrderWithImeWindows(WindowState.java:4957)
06-17 11:01:12.773 1257 1907 W WindowManager: at com.android.server.wm.WindowState.forAllWindows(WindowState.java:4841)
06-17 11:01:12.773 1257 1907 W WindowManager: at com.android.server.wm.WindowContainer.forAllWindows(WindowContainer.java:883)
06-17 11:01:12.773 1257 1907 W WindowManager: at com.android.server.wm.WindowContainer.forAllWindows(WindowContainer.java:883)
06-17 11:01:12.773 1257 1907 W WindowManager: at com.android.server.wm.DisplayContent.forAllWindows(DisplayContent.java:2477)
06-17 11:01:12.773 1257 1907 W WindowManager: at com.android.server.wm.WindowContainer.forAllWindows(WindowContainer.java:900)
06-17 11:01:12.773 1257 1907 W WindowManager: at com.android.server.wm.InsetsStateController.notifyInsetsChanged(InsetsStateController.java:227)
06-17 11:01:12.773 1257 1907 W WindowManager: at com.android.server.wm.InsetsStateController.onPostLayout(InsetsStateController.java:121)
06-17 11:01:12.773 1257 1907 W WindowManager: at com.android.server.wm.DisplayContent.applySurfaceChangesTransaction(DisplayContent.java:4524)
06-17 11:01:12.773 1257 1907 W WindowManager: at com.android.server.wm.RootWindowContainer.applySurfaceChangesTransaction(RootWindowContainer.java:1013)
06-17 11:01:12.773 1257 1907 W WindowManager: at com.android.server.wm.RootWindowContainer.performSurfacePlacementNoTrace(RootWindowContainer.java:734)
06-17 11:01:12.773 1257 1907 W WindowManager: at com.android.server.wm.RootWindowContainer.performSurfacePlacement(RootWindowContainer.java:669)
06-17 11:01:12.773 1257 1907 W WindowManager: at com.android.server.wm.WindowSurfacePlacer.performSurfacePlacementLoop(WindowSurfacePlacer.java:180)
06-17 11:01:12.773 1257 1907 W WindowManager: at com.android.server.wm.WindowSurfacePlacer.performSurfacePlacement(WindowSurfacePlacer.java:111)
06-17 11:01:12.773 1257 1907 W WindowManager: at com.android.server.wm.WindowSurfacePlacer.performSurfacePlacement(WindowSurfacePlacer.java:99)
06-17 11:01:12.773 1257 1907 W WindowManager: at com.android.server.wm.WindowManagerService.postWindowRemoveCleanupLocked(WindowManagerService.java:2122)
06-17 11:01:12.773 1257 1907 W WindowManager: at com.android.server.wm.WindowState.removeImmediately(WindowState.java:2336)
06-17 11:01:12.773 1257 1907 W WindowManager: at com.android.server.wm.WindowState.removeIfPossible(WindowState.java:2463)
06-17 11:01:12.773 1257 1907 W WindowManager: at com.android.server.wm.WindowState.access$300(WindowState.java:264)
06-17 11:01:12.773 1257 1907 W WindowManager: at com.android.server.wm.WindowState$DeathRecipient.binderDied(WindowState.java:3034)
06-17 11:01:12.773 1257 1907 W WindowManager: at android.os.BinderProxy.sendDeathNotice(BinderProxy.java:637)
06-17 11:01:12.778 1257 1907 W WindowManager: Failed to report 'resized' to the client of Window{72e3a00 u0 ScreenDecorOverlay}, removing this window.
06-17 11:01:12.780 1257 1907 I WindowManager: Destroying surface Surface(name=ScreenDecorOverlay$_12066)/@0x193d14b called by com.android.server.wm.WindowStateAnimator.destroySurface:1790 com.android.server.wm.WindowStateAnimator.destroySurfaceLocked:720 com.android.server.wm.WindowState.removeImmediately:2327 com.android.server.wm.RootWindowContainer.performSurfacePlacementNoTrace:901 com.android.server.wm.RootWindowContainer.performSurfacePlacement:669 com.android.server.wm.WindowSurfacePlacer.performSurfacePlacementLoop:180 com.android.server.wm.WindowSurfacePlacer.performSurfacePlacement:111 com.android.server.wm.WindowSurfacePlacer.performSurfacePlacement:99
06-17 11:01:12.787 1257 2003 I WindowManager: WIN DEATH: Window{cb4a714 u0 Bouncer}
06-17 11:01:12.792 1257 1269 I WindowManager: WIN DEATH: Window{a84304c u0 NavigationBar0}
06-17 11:01:12.796 1257 1269 W WindowManager: Failed to deliver inset state change
06-17 11:01:12.796 1257 1269 W WindowManager: android.os.DeadObjectException
06-17 11:01:12.796 1257 1269 W WindowManager: at android.os.BinderProxy.transactNative(Native Method)
06-17 11:01:12.796 1257 1269 W WindowManager: at android.os.BinderProxy.transact(BinderProxy.java:527)
06-17 11:01:12.796 1257 1269 W WindowManager: at android.view.IWindow$Stub$Proxy.insetsChanged(IWindow.java:734)
06-17 11:01:12.796 1257 1269 W WindowManager: at com.android.server.wm.WindowState.notifyInsetsChanged(WindowState.java:3856)
06-17 11:01:12.796 1257 1269 W WindowManager: at com.android.server.wm.InsetsStateController.lambda$new$0(InsetsStateController.java:56)
06-17 11:01:12.796 1257 1269 W WindowManager: at com.android.server.wm.-$$Lambda$InsetsStateController$sIYEJIR4ztgffCLMi5Z1RvdxyYs.accept(Unknown Source:2)
06-17 11:01:12.796 1257 1269 W WindowManager: at com.android.server.wm.WindowContainer$ForAllWindowsConsumerWrapper.apply(WindowContainer.java:1184)
06-17 11:01:12.796 1257 1269 W WindowManager: at com.android.server.wm.WindowContainer$ForAllWindowsConsumerWrapper.apply(WindowContainer.java:1174)
06-17 11:01:12.796 1257 1269 W WindowManager: at com.android.server.wm.WindowState.applyInOrderWithImeWindows(WindowState.java:4957)
06-17 11:01:12.796 1257 1269 W WindowManager: at com.android.server.wm.WindowState.forAllWindows(WindowState.java:4841)
06-17 11:01:12.796 1257 1269 W WindowManager: at com.android.server.wm.WindowContainer.forAllWindows(WindowContainer.java:883)
06-17 11:01:12.796 1257 1269 W WindowManager: at com.android.server.wm.WindowContainer.forAllWindows(WindowContainer.java:883)
06-17 11:01:12.796 1257 1269 W WindowManager: at com.android.server.wm.DisplayContent.forAllWindows(DisplayContent.java:2477)
06-17 11:01:12.796 1257 1269 W WindowManager: at com.android.server.wm.WindowContainer.forAllWindows(WindowContainer.java:900)
06-17 11:01:12.796 1257 1269 W WindowManager: at com.android.server.wm.InsetsStateController.notifyInsetsChanged(InsetsStateController.java:227)
06-17 11:01:12.796 1257 1269 W WindowManager: at com.android.server.wm.InsetsStateController.onPostLayout(InsetsStateController.java:121)
06-17 11:01:12.796 1257 1269 W WindowManager: at com.android.server.wm.DisplayContent.applySurfaceChangesTransaction(DisplayContent.java:4524)
06-17 11:01:12.796 1257 1269 W WindowManager: at com.android.server.wm.RootWindowContainer.applySurfaceChangesTransaction(RootWindowContainer.java:1013)
06-17 11:01:12.796 1257 1269 W WindowManager: at com.android.server.wm.RootWindowContainer.performSurfacePlacementNoTrace(RootWindowContainer.java:734)
06-17 11:01:12.796 1257 1269 W WindowManager: at com.android.server.wm.RootWindowContainer.performSurfacePlacement(RootWindowContainer.java:669)
06-17 11:01:12.796 1257 1269 W WindowManager: at com.android.server.wm.WindowSurfacePlacer.performSurfacePlacementLoop(WindowSurfacePlacer.java:180)
06-17 11:01:12.796 1257 1269 W WindowManager: at com.android.server.wm.WindowSurfacePlacer.performSurfacePlacement(WindowSurfacePlacer.java:111)
06-17 11:01:12.796 1257 1269 W WindowManager: at com.android.server.wm.WindowSurfacePlacer.performSurfacePlacement(WindowSurfacePlacer.java:99)
06-17 11:01:12.796 1257 1269 W WindowManager: at com.android.server.wm.WindowManagerService.postWindowRemoveCleanupLocked(WindowManagerService.java:2122)
06-17 11:01:12.796 1257 1269 W WindowManager: at com.android.server.wm.WindowState.removeImmediately(WindowState.java:2336)
06-17 11:01:12.796 1257 1269 W WindowManager: at com.android.server.wm.WindowState.removeIfPossible(WindowState.java:2463)
06-17 11:01:12.796 1257 1269 W WindowManager: at com.android.server.wm.WindowState.access$300(WindowState.java:264)
06-17 11:01:12.796 1257 1269 W WindowManager: at com.android.server.wm.WindowState$DeathRecipient.binderDied(WindowState.java:3034)
06-17 11:01:12.796 1257 1269 W WindowManager: at android.os.BinderProxy.sendDeathNotice(BinderProxy.java:637)
06-17 11:01:12.801 1257 1269 W WindowManager: Failed to report 'resized' to the client of Window{265dec4 u0 ScreenDecorOverlayBottom}, removing this window.
06-17 11:01:12.803 1257 1269 I WindowManager: Destroying surface Surface(name=ScreenDecorOverlayBottom$_12066)/@0xcda0c41 called by com.android.server.wm.WindowStateAnimator.destroySurface:1790 com.android.server.wm.WindowStateAnimator.destroySurfaceLocked:720 com.android.server.wm.WindowState.removeImmediately:2327 com.android.server.wm.RootWindowContainer.performSurfacePlacementNoTrace:901 com.android.server.wm.RootWindowContainer.performSurfacePlacement:669 com.android.server.wm.WindowSurfacePlacer.performSurfacePlacementLoop:180 com.android.server.wm.WindowSurfacePlacer.performSurfacePlacement:111 com.android.server.wm.WindowSurfacePlacer.performSurfacePlacement:99
06-17 11:01:12.821 1257 5092 W WindowManager: Failed looking up window callers=com.android.server.wm.WindowManagerService.windowForClientLocked:6039 com.android.server.wm.WindowState$DeathRecipient.binderDied:3027 android.os.BinderProxy.sendDeathNotice:637
06-17 11:01:12.821 1257 5092 I WindowManager: WIN DEATH: null
06-17 11:01:12.826 1257 1904 I ActivityManager: Process com.android.systemui (pid 12066) has died: pers PERU(429,1352)
06-17 11:01:12.827 1257 2112 W WindowManager: Failed looking up window callers=com.android.server.wm.WindowManagerService.windowForClientLocked:6039 com.android.server.wm.WindowState$DeathRecipient.binderDied:3027 android.os.BinderProxy.sendDeathNotice:637
06-17 11:01:12.827 1257 2112 I WindowManager: WIN DEATH: null
06-17 11:01:12.828 1257 1273 D ActivityTaskManager: setLockScreenShown(true,false) is called from 1257
06-17 11:01:12.839 1257 1275 D PowerManagerService: [api] setUserActivityTimeoutOverrideFromWindowManagerInternal: timeoutMillis: -1
06-17 11:01:12.839 1257 1275 D PowerManagerService: getScreenOffTimeoutLocked: 5000 -> 30000
06-17 11:01:12.839 1257 1275 D PowerManagerService: [api] setScreenDimDurationOverrideFromWindowManagerInternal: timeoutMillis: -1
06-17 11:01:12.851 1257 1904 W ActivityManager: Scheduling restart of crashed service com.android.systemui/.SystemUIService in 0ms
06-17 11:01:12.851 1257 1904 W ActivityManager: Scheduling restart of crashed service com.android.systemui/.keyguard.KeyguardService in 0ms
06-17 11:01:12.851 1257 1904 W ActivityManager: Scheduling restart of crashed service com.android.systemui/.ImageWallpaper in 0ms
06-17 11:01:12.852 1257 1904 W ActivityManager: Re-adding persistent process ProcessRecord{49feed7 12066:com.android.systemui/u0a54}
06-17 11:01:12.853 1257 1904 D ActivityManager: package com.android.systemui, user - 0 is SDcard whitelisted
06-17 11:01:12.863 1257 1275 W ActivityManager: setHasOverlayUi called on unknown pid: 12066
06-17 11:01:12.867 1257 1275 V UsbDeviceManager: onKeyguardStateChanged: isShowing=true secure=false user=0
06-17 11:01:12.868 1257 1275 D StorageManagerService: onKeyguardStateChanged = false
06-17 11:01:12.868 1257 1424 I StorageManagerService: handleMessage :{ when=0 what=15 target=com.android.server.StorageManagerService$StorageManagerServiceHandler }
06-17 11:01:12.868 1257 1424 D StorageManagerService: handleMessage :: H_KEYGUARD_CHANGED = 0
06-17 11:01:12.871 1257 1272 D UsbDeviceManager: handleMessage -> MSG_UPDATE_SCREEN_LOCK: mScreenLocked=false
06-17 11:01:12.882 1257 1282 I ActivityManager: Start proc 12224:com.android.systemui/u0a54 for restart com.android.systemui
06-17 11:01:12.931 1257 2003 I ActivityManager: DSS OFF for com.android.systemui
06-17 11:01:12.937 1257 2003 D OomAdjuster: Set persistent 12224 com.android.systemui adj -800: pers-top-ui com.android.server.am.OomAdjuster.updateOomAdjLocked:557 com.android.server.am.ActivityManagerService.updateOomAdjLocked:19836 com.android.server.am.ActiveServices.realStartServiceLocked:2895 com.android.server.am.ActiveServices.attachApplicationLocked:3589 com.android.server.am.ActivityManagerService.attachApplicationLocked:6237 com.android.server.am.ActivityManagerService.attachApplication:6307 android.app.IActivityManager$Stub.onTransact:2386
06-17 11:01:13.026 1257 1904 I DropBoxManagerService: add tag=system_server_wtf isTagEnabled=true flags=0x2
06-17 11:01:13.034 1257 1904 I DropBoxManagerService: add tag=system_server_wtf isTagEnabled=true flags=0x2
06-17 11:01:13.081 1257 1257 D TrustManagerService: Removing dead TrustListener.
06-17 11:01:13.144 1257 1904 D SettingsProvider: isChangeAllowed() : name = wallpaper_rotate_fixed
06-17 11:01:13.144 1257 1904 D SettingsProvider: edmUri: content://com.sec.knox.provider/RestrictionPolicy3
06-17 11:01:13.144 1257 1904 D SettingsProvider: projectionArgs: isSettingsChangesAllowed
06-17 11:01:13.144 1257 1904 D SettingsProvider: selectionArgs: false
06-17 11:01:13.144 1257 1904 D SettingsProvider: selectionArgs: 10054
06-17 11:01:13.145 1257 1904 D SecContentProvider: called from android.uid.systemui:10054
06-17 11:01:13.145 1257 1904 D RestrictionPolicy: isSettingsChangesAllowedAsUser, userId 0 : true
06-17 11:01:13.145 1257 1904 D SettingsProvider: ret = 1
06-17 11:01:13.155 1257 2003 D WallpaperManagerService: mDeviceColor:black
06-17 11:01:13.166 1257 1274 D SettingsProvider: isChangeAllowed() : name = enabled_notification_listeners
06-17 11:01:13.187 1257 1274 D SettingsProvider: isChangeAllowed() : name = enabled_notification_assistant
06-17 11:01:13.188 1257 1274 D SettingsProvider: isChangeAllowed() : name = enabled_notification_policy_access_packages
06-17 11:01:13.190 1257 1904 V WifiDisplayAdapter: getWifiDisplayStatusLocked: result=WifiDisplayStatus{featureState=0, scanState=0, activeDisplayState=0, activeDisplay=null, displays=[], sessionInfo=WifiDisplaySessionInfo:
06-17 11:01:13.190 1257 1904 V WifiDisplayAdapter: Client/Owner: Client
06-17 11:01:13.190 1257 1904 V WifiDisplayAdapter: GroupId:
06-17 11:01:13.190 1257 1904 V WifiDisplayAdapter: Passphrase:
06-17 11:01:13.190 1257 1904 V WifiDisplayAdapter: SessionId: 0
06-17 11:01:13.190 1257 1904 V WifiDisplayAdapter: IP Address: , connectedState=-1}
06-17 11:01:13.197 1257 1904 V WifiDisplayAdapter: getWifiDisplayStatusLocked: result=WifiDisplayStatus{featureState=0, scanState=0, activeDisplayState=0, activeDisplay=null, displays=[], sessionInfo=WifiDisplaySessionInfo:
06-17 11:01:13.197 1257 1904 V WifiDisplayAdapter: Client/Owner: Client
06-17 11:01:13.197 1257 1904 V WifiDisplayAdapter: GroupId:
06-17 11:01:13.197 1257 1904 V WifiDisplayAdapter: Passphrase:
06-17 11:01:13.197 1257 1904 V WifiDisplayAdapter: SessionId: 0
06-17 11:01:13.197 1257 1904 V WifiDisplayAdapter: IP Address: , connectedState=-1}
06-17 11:01:13.215 1257 1274 D SettingsProvider: isChangeAllowed() : name = enabled_notification_listeners
06-17 11:01:13.215 1257 1274 D SettingsProvider: isChangeAllowed() : name = enabled_notification_assistant
06-17 11:01:13.216 1257 1274 D SettingsProvider: isChangeAllowed() : name = enabled_notification_policy_access_packages
06-17 11:01:13.238 1257 1274 D SettingsProvider: isChangeAllowed() : name = enabled_notification_listeners
06-17 11:01:13.238 1257 1274 D SettingsProvider: isChangeAllowed() : name = enabled_notification_assistant
06-17 11:01:13.239 1257 1274 D SettingsProvider: isChangeAllowed() : name = enabled_notification_policy_access_packages
06-17 11:01:13.252 1257 1269 D ActivityTaskManager: setLockScreenShown(true,false) is called from 12224
06-17 11:01:13.253 1257 1275 V UsbDeviceManager: onKeyguardStateChanged: isShowing=true secure=false user=0
06-17 11:01:13.254 1257 1272 D UsbDeviceManager: handleMessage -> MSG_UPDATE_SCREEN_LOCK: mScreenLocked=false
06-17 11:01:13.254 1257 1275 D StorageManagerService: onKeyguardStateChanged = false
06-17 11:01:13.255 1257 1424 I StorageManagerService: handleMessage :{ when=0 what=15 target=com.android.server.StorageManagerService$StorageManagerServiceHandler }
06-17 11:01:13.255 1257 1424 D StorageManagerService: handleMessage :: H_KEYGUARD_CHANGED = 0
06-17 11:01:13.259 1257 1274 D SettingsProvider: isChangeAllowed() : name = enabled_notification_listeners
06-17 11:01:13.259 1257 1257 D RestrictionPolicy: isSettingsChangesAllowedAsUser, userId 0 : true
06-17 11:01:13.259 1257 1274 D SettingsProvider: isChangeAllowed() : name = enabled_notification_assistant
06-17 11:01:13.259 1257 1274 D SettingsProvider: isChangeAllowed() : name = enabled_notification_policy_access_packages
06-17 11:01:13.260 1257 1257 D RestrictionPolicy: isAirplaneModeAllowed : true
06-17 11:01:13.260 1257 1257 D RestrictionPolicy: isCellularDataAllowed: true
06-17 11:01:13.261 1257 1257 D RestrictionPolicy: isNFCEnabled : true
06-17 11:01:13.261 1257 1257 D RestrictionPolicy: isWifiTetheringEnabled : true
06-17 11:01:13.276 1257 2003 D PowerManagerService: [api] setDozeAfterScreenOff: true (uid: 10054 pid: 12224)
06-17 11:01:13.279 1257 1274 D SettingsProvider: isChangeAllowed() : name = enabled_notification_listeners
06-17 11:01:13.279 1257 1274 D SettingsProvider: isChangeAllowed() : name = enabled_notification_assistant
06-17 11:01:13.280 1257 1274 D SettingsProvider: isChangeAllowed() : name = enabled_notification_policy_access_packages
06-17 11:01:13.284 1257 1269 D SettingsProvider: isChangeAllowed() : name = lockstar_facewidget_area
06-17 11:01:13.284 1257 1269 D SettingsProvider: edmUri: content://com.sec.knox.provider/RestrictionPolicy3
06-17 11:01:13.284 1257 1269 D SettingsProvider: projectionArgs: isSettingsChangesAllowed
06-17 11:01:13.284 1257 1269 D SettingsProvider: selectionArgs: false
06-17 11:01:13.284 1257 1269 D SettingsProvider: selectionArgs: 10054
06-17 11:01:13.285 1257 1269 D SecContentProvider: called from android.uid.systemui:10054
06-17 11:01:13.285 1257 1269 D RestrictionPolicy: isSettingsChangesAllowedAsUser, userId 0 : true
06-17 11:01:13.285 1257 1269 D SettingsProvider: ret = 1
06-17 11:01:13.293 1257 3383 D WallpaperManagerService: which : 2, return type : 8 (called by userId= 0)
06-17 11:01:13.295 1257 1269 D WallpaperManagerService: WallpaperManagerCallbackClient android.app.IWallpaperManagerCallback$Stub$Proxy@69bfb66
06-17 11:01:13.297 1257 1269 D SettingsProvider: isChangeAllowed() : name = white_lockscreen_wallpaper
06-17 11:01:13.297 1257 1269 D SettingsProvider: WALLPAPER_FONT_THEME : white_lockscreen_wallpaper is allowed
06-17 11:01:13.298 1257 1269 D SettingsProvider: isChangeAllowed() : name = white_lockscreen_statusbar
06-17 11:01:13.298 1257 1269 D SettingsProvider: WALLPAPER_FONT_THEME : white_lockscreen_statusbar is allowed
06-17 11:01:13.298 1257 1269 D SettingsProvider: isChangeAllowed() : name = white_lockscreen_navigationbar
06-17 11:01:13.298 1257 1269 D SettingsProvider: WALLPAPER_FONT_THEME : white_lockscreen_navigationbar is allowed
06-17 11:01:13.301 1257 1274 D SettingsProvider: isChangeAllowed() : name = enabled_notification_listeners
06-17 11:01:13.301 1257 1274 D SettingsProvider: isChangeAllowed() : name = enabled_notification_assistant
06-17 11:01:13.301 1257 1274 D SettingsProvider: isChangeAllowed() : name = enabled_notification_policy_access_packages
06-17 11:01:13.332 1257 3383 D SettingsProvider: isChangeAllowed() : name = navigation_mode
06-17 11:01:13.332 1257 3383 D SettingsProvider: edmUri: content://com.sec.knox.provider/RestrictionPolicy3
06-17 11:01:13.333 1257 3383 D SettingsProvider: projectionArgs: isSettingsChangesAllowed
06-17 11:01:13.333 1257 3383 D SettingsProvider: selectionArgs: false
06-17 11:01:13.333 1257 3383 D SettingsProvider: selectionArgs: 10054
06-17 11:01:13.333 1257 3383 D SecContentProvider: called from android.uid.systemui:10054
06-17 11:01:13.333 1257 3383 D RestrictionPolicy: isSettingsChangesAllowedAsUser, userId 0 : true
06-17 11:01:13.333 1257 3383 D SettingsProvider: ret = 1
06-17 11:01:13.551 1257 1904 D ConnectivityService: listenForNetwork for uid/pid:10054/12224 NetworkRequest [ LISTEN id=357, [ Transports: WIFI Capabilities: NOT_VPN] ]
06-17 11:01:13.557 1257 1904 D ConnectivityService: requestNetwork for uid/pid:10054/12224 NetworkRequest [ TRACK_DEFAULT id=358, [ Capabilities: INTERNET&NOT_RESTRICTED&TRUSTED Uid: 10054] ]
06-17 11:01:13.557 1257 1466 D ConnectivityService: sending new Min Network Score(0): NetworkRequest [ TRACK_DEFAULT id=358, [ Capabilities: INTERNET&NOT_RESTRICTED&TRUSTED Uid: 10054] ]
06-17 11:01:13.568 1257 2003 I Telecom:SamsungTelecomServiceImpl: getCallState - callingPid : 12224 / processName : sts
06-17 11:01:13.583 1257 1269 I Telecom:SamsungTelecomServiceImpl: getCallState - callingPid : 12224 / processName : sts
06-17 11:01:13.616 1257 3480 D WindowManager: notifyMovementBoundsChanged: insetRect(42, 125 - 1038, 2232), normalRect(533, 1948 - 1038, 2232), animatingRect(533, 1948 - 1038, 2232), fromIme=false, fromShelffalse, rot=0
06-17 11:01:13.625 1257 1269 I StatusBarManagerService: registerStatusBar bar=com.android.internal.statusbar.IStatusBar$Stub$Proxy@5d59e4a
06-17 11:01:13.639 1257 1269 D SettingsProvider: isChangeAllowed() : name = navigation_bar_gesture_disabled_by_policy
06-17 11:01:13.639 1257 1269 D SettingsProvider: edmUri: content://com.sec.knox.provider/RestrictionPolicy3
06-17 11:01:13.639 1257 1269 D SettingsProvider: projectionArgs: isSettingsChangesAllowed
06-17 11:01:13.639 1257 1269 D SettingsProvider: selectionArgs: false
06-17 11:01:13.639 1257 1269 D SettingsProvider: selectionArgs: 10054
06-17 11:01:13.640 1257 1269 D SecContentProvider: called from android.uid.systemui:10054
06-17 11:01:13.640 1257 1269 D RestrictionPolicy: isSettingsChangesAllowedAsUser, userId 0 : true
06-17 11:01:13.640 1257 1269 D SettingsProvider: ret = 1
06-17 11:01:13.642 1257 1269 D SettingsProvider: isChangeAllowed() : name = navigationbar_color
06-17 11:01:13.642 1257 1269 D SettingsProvider: edmUri: content://com.sec.knox.provider/RestrictionPolicy3
06-17 11:01:13.642 1257 1269 D SettingsProvider: projectionArgs: isSettingsChangesAllowed
06-17 11:01:13.642 1257 1269 D SettingsProvider: selectionArgs: false
06-17 11:01:13.642 1257 1269 D SettingsProvider: selectionArgs: 10054
06-17 11:01:13.643 1257 1269 D SecContentProvider: called from android.uid.systemui:10054
06-17 11:01:13.643 1257 1269 D RestrictionPolicy: isSettingsChangesAllowedAsUser, userId 0 : true
06-17 11:01:13.643 1257 1269 D SettingsProvider: ret = 1
