06-17 10:59:22.207 1257 1282 I ActivityManager: Start proc 32268:com.instagram.android/u0a271 for broadcast {com.instagram.android/com.instagram.util.startup.appwarmer.KeepWarmReceiver}
06-17 10:59:22.260 1257 4992 D ActivityManager: package com.samsung.android.scloud, user - 0 is SDcard whitelisted
06-17 10:59:22.260 1257 4992 W ActivityManager: wait for provider publish: waiters=1 callerApp=ProcessRecord{d2a9b2b 32048:com.microsoft.skydrive/u0a101} cpr=ContentProviderRecord{4ad5b88 u0 com.samsung.android.scloud/.app.datamigrator.provider.LinkContextProvider}
06-17 10:59:22.265 1257 1612 I ActivityManager: DSS OFF for com.instagram.android
06-17 10:59:22.265 1257 1483 W Looper : Drained
06-17 10:59:22.291 1257 1282 I ActivityManager: Start proc 32292:com.samsung.android.scloud/5009 for content provider {com.samsung.android.scloud/com.samsung.android.scloud.app.datamigrator.provider.LinkContextProvider}
06-17 10:59:22.330 1257 1269 I ActivityManager: DSS OFF for com.samsung.android.scloud
06-17 10:59:22.343 1257 1269 I ActivityManager: Killing 31800:com.sec.android.app.fm/u0a86 (adj 999): empty #25
06-17 10:59:22.377 1257 3461 I ActivityManager: Killing 31871:com.sec.android.widgetapp.easymodecontactswidget/u0a185 (adj 999): empty #25
06-17 10:59:22.380 1257 2550 I Telecom:SamsungTelecomServiceImpl: getCallState - callingPid : 32078 / processName : sts
06-17 10:59:22.420 1257 2390 D WindowManager: makeSurface duration=3 name=com.android.systemui.ImageWallpaper$_32078
06-17 10:59:22.427 1257 1276 V WindowManager: performShow on Window{86f4ce7 u0 com.android.systemui.ImageWallpaper}: mDrawState=READY_TO_SHOW readyForDisplay=false starting=false during animation: policyVis=true parentHidden=false tok.hiddenRequested=false tok.hidden=false animating=false tok animating=false Callers=com.android.server.wm.WindowState.performShowLocked:4719 com.android.server.wm.WindowStateAnimator.commitFinishDrawingLocked:401 com.android.server.wm.DisplayContent.lambda$new$8$DisplayContent:990 com.android.server.wm.-$$Lambda$DisplayContent$qxt4izS31fb0LF2uo_OF9DMa7gc.accept:4
06-17 10:59:22.436 1257 1276 V WindowManager: performShow on Window{86f4ce7 u0 com.android.systemui.ImageWallpaper}: mDrawState=READY_TO_SHOW readyForDisplay=false starting=false during animation: policyVis=true parentHidden=false tok.hiddenRequested=false tok.hidden=false animating=false tok animating=false Callers=com.android.server.wm.WindowState.performShowLocked:4719 com.android.server.wm.DisplayContent.lambda$new$0$DisplayContent:680 com.android.server.wm.-$$Lambda$DisplayContent$0yxrqH9eGY2qTjH1u_BvaVrXCSA.accept:4 com.android.server.wm.WindowContainer$ForAllWindowsConsumerWrapper.apply:1184
06-17 10:59:22.448 1257 1483 W Looper : Slow delivery took 201ms PackageManagerHandlerThread h=android.os.Handler c= m=0
06-17 10:59:22.459 1257 1257 D EdgeLightingManager: isCallingUserSupported : callingUserId=-1, mUserId=0, isDualAppId=false
06-17 10:59:22.465 1257 1257 D SmartAlertController: SmartAlert - Found Missed Event
06-17 10:59:22.466 1257 32323 D SmartAlertController: SmartAlert - already registered or Setting disabled
06-17 10:59:22.604 1257 2390 D ActivityManager: package com.microsoft.appmanager, user - 0 is SDcard whitelisted
06-17 10:59:22.605 1257 2390 W ActivityManager: wait for provider publish: waiters=1 callerApp=ProcessRecord{d2a9b2b 32048:com.microsoft.skydrive/u0a101} cpr=ContentProviderRecord{c1fe073 u0 com.microsoft.appmanager/com.microsoft.identity.client.BrokerContentProvider}
06-17 10:59:22.624 1257 1282 I ActivityManager: Start proc 32329:com.microsoft.appmanager:auth/u0a134 for content provider {com.microsoft.appmanager/com.microsoft.identity.client.BrokerContentProvider}
06-17 10:59:22.639 1257 3461 D SettingsProvider: isChangeAllowed() : name = hide_rotation_lock_toggle_for_accessibility
06-17 10:59:22.639 1257 3461 D SettingsProvider: edmUri: content://com.sec.knox.provider/RestrictionPolicy3
06-17 10:59:22.639 1257 3461 D SettingsProvider: projectionArgs: isSettingsChangesAllowed
06-17 10:59:22.639 1257 3461 D SettingsProvider: selectionArgs: false
06-17 10:59:22.639 1257 3461 D SettingsProvider: selectionArgs: 10054
06-17 10:59:22.640 1257 3461 D SecContentProvider: called from android.uid.systemui:10054
06-17 10:59:22.640 1257 3461 D RestrictionPolicy: isSettingsChangesAllowedAsUser, userId 0 : true
06-17 10:59:22.640 1257 3461 D SettingsProvider: ret = 1
06-17 10:59:22.661 1257 3387 I ActivityManager: DSS OFF for com.microsoft.appmanager
06-17 10:59:22.725 1257 2550 V WindowManager: performShow on Window{86f4ce7 u0 com.android.systemui.ImageWallpaper}: mDrawState=READY_TO_SHOW readyForDisplay=false starting=false during animation: policyVis=true parentHidden=false tok.hiddenRequested=false tok.hidden=false animating=false tok animating=false Callers=com.android.server.wm.WindowState.performShowLocked:4719 com.android.server.wm.WindowStateAnimator.commitFinishDrawingLocked:401 com.android.server.wm.DisplayContent.lambda$new$8$DisplayContent:990 com.android.server.wm.-$$Lambda$DisplayContent$qxt4izS31fb0LF2uo_OF9DMa7gc.accept:4
06-17 10:59:22.734 1257 1276 V WindowManager: performShow on Window{86f4ce7 u0 com.android.systemui.ImageWallpaper}: mDrawState=READY_TO_SHOW readyForDisplay=false starting=false during animation: policyVis=true parentHidden=false tok.hiddenRequested=false tok.hidden=false animating=false tok animating=false Callers=com.android.server.wm.WindowState.performShowLocked:4719 com.android.server.wm.DisplayContent.lambda$new$0$DisplayContent:680 com.android.server.wm.-$$Lambda$DisplayContent$0yxrqH9eGY2qTjH1u_BvaVrXCSA.accept:4 com.android.server.wm.WindowContainer$ForAllWindowsConsumerWrapper.apply:1184
06-17 10:59:22.836 1257 3461 W UriGrantsManagerService: No content provider found for permission check: content://com.sec.kidsplat.parentalcontrol.provider.v2/setup_wizzard
06-17 10:59:22.881 32329 32329 E ActivityThread: Failed to find provider info for com.microsoft.yourphonecompanion.contentprovider.featureoverride
06-17 10:59:22.907 1257 2390 D ConnectivityService: listenForNetwork for uid/pid:10134/32329 NetworkRequest [ LISTEN id=271, [ Capabilities: INTERNET&NOT_RESTRICTED&TRUSTED&NOT_VPN&FOREGROUND Uid: 10134] ]
06-17 10:59:22.930 1257 2390 D ActivityManager: package com.microsoft.appmanager, user - 0 is SDcard whitelisted
06-17 10:59:22.958 1257 1282 I ActivityManager: Start proc 32386:com.microsoft.appmanager/u0a134 for service {com.microsoft.appmanager/androidx.room.MultiInstanceInvalidationService}
06-17 10:59:22.990 1257 2390 I ActivityManager: DSS OFF for com.microsoft.appmanager
06-17 10:59:23.053 1257 1612 D CustomFrequencyManagerService: FrequencyrequestList.getNextSchedTuneBoostRequest, index: 1
06-17 10:59:23.110 1257 3393 D SecContentProvider: called from android.uid.samsungcloud:5009
06-17 10:59:23.110 1257 3393 D SecContentProvider: called from android.uid.samsungcloud:5009
06-17 10:59:23.110 1257 3393 E BluetoothManagerService: Unable to handle updateBleAppCount
06-17 10:59:23.160 1257 2390 I Telecom:SamsungTelecomServiceImpl: getUserSelectedOutgoingPhoneAccount - callingPackage : com.samsung.android.app.telephonyui
06-17 10:59:23.162 1257 2390 I Telecom:SamsungTelecomServiceImpl: getPhoneAccount - PhoneAccountHandle : ComponentInfo{com.android.phone/com.android.services.telephony.TelephonyConnectionService}, ***, UserHandle{0} / callingPid : 24305 / processName : sts
06-17 10:59:23.177 1257 1612 I Telecom:SamsungTelecomServiceImpl: getCallCapablePhoneAccounts - includeDisabledAccounts : false / callingPackage : com.samsung.android.app.telephonyui
06-17 10:59:23.179 1257 4992 I Telecom:SamsungTelecomServiceImpl: getPhoneAccount - PhoneAccountHandle : ComponentInfo{com.android.phone/com.android.services.telephony.TelephonyConnectionService}, ***, UserHandle{0} / callingPid : 24305 / processName : sts
06-17 10:59:23.183 1257 3387 I Telecom:SamsungTelecomServiceImpl: getUserSelectedOutgoingPhoneAccount - callingPackage : com.samsung.android.app.telephonyui
06-17 10:59:23.185 1257 3387 I Telecom:SamsungTelecomServiceImpl: getPhoneAccount - PhoneAccountHandle : ComponentInfo{com.android.phone/com.android.services.telephony.TelephonyConnectionService}, ***, UserHandle{0} / callingPid : 24305 / processName : sts
06-17 10:59:23.196 1257 3387 I Telecom:SamsungTelecomServiceImpl: getCallCapablePhoneAccounts - includeDisabledAccounts : false / callingPackage : com.samsung.android.app.telephonyui
06-17 10:59:23.197 1257 3387 I Telecom:SamsungTelecomServiceImpl: getPhoneAccount - PhoneAccountHandle : ComponentInfo{com.android.phone/com.android.services.telephony.TelephonyConnectionService}, ***, UserHandle{0} / callingPid : 24305 / processName : sts
06-17 10:59:23.204 1257 3387 I Telecom:SamsungTelecomServiceImpl: getUserSelectedOutgoingPhoneAccount - callingPackage : com.samsung.android.app.telephonyui
06-17 10:59:23.206 1257 4992 I Telecom:SamsungTelecomServiceImpl: getPhoneAccount - PhoneAccountHandle : ComponentInfo{com.android.phone/com.android.services.telephony.TelephonyConnectionService}, ***, UserHandle{0} / callingPid : 24305 / processName : sts
06-17 10:59:23.216 1257 3387 I Telecom:SamsungTelecomServiceImpl: getCallCapablePhoneAccounts - includeDisabledAccounts : false / callingPackage : com.samsung.android.app.telephonyui
06-17 10:59:23.217 1257 3387 I Telecom:SamsungTelecomServiceImpl: getPhoneAccount - PhoneAccountHandle : ComponentInfo{com.android.phone/com.android.services.telephony.TelephonyConnectionService}, ***, UserHandle{0} / callingPid : 24305 / processName : sts
06-17 10:59:23.221 1257 3387 I Telecom:SamsungTelecomServiceImpl: getUserSelectedOutgoingPhoneAccount - callingPackage : com.samsung.android.app.telephonyui
06-17 10:59:23.222 1257 4992 I Telecom:SamsungTelecomServiceImpl: getPhoneAccount - PhoneAccountHandle : ComponentInfo{com.android.phone/com.android.services.telephony.TelephonyConnectionService}, ***, UserHandle{0} / callingPid : 24305 / processName : sts
06-17 10:59:23.228 32386 32386 E ActivityThread: Failed to find provider info for com.microsoft.yourphonecompanion.contentprovider.featureoverride
06-17 10:59:23.237 1257 3393 I Telecom:SamsungTelecomServiceImpl: getCallCapablePhoneAccounts - includeDisabledAccounts : false / callingPackage : com.samsung.android.app.telephonyui
06-17 10:59:23.238 1257 3393 I Telecom:SamsungTelecomServiceImpl: getPhoneAccount - PhoneAccountHandle : ComponentInfo{com.android.phone/com.android.services.telephony.TelephonyConnectionService}, ***, UserHandle{0} / callingPid : 24305 / processName : sts
06-17 10:59:23.256 1257 3387 I Telecom:SamsungTelecomServiceImpl: getUserSelectedOutgoingPhoneAccount - callingPackage : com.samsung.android.app.telephonyui
06-17 10:59:23.258 1257 3387 I Telecom:SamsungTelecomServiceImpl: getPhoneAccount - PhoneAccountHandle : ComponentInfo{com.android.phone/com.android.services.telephony.TelephonyConnectionService}, ***, UserHandle{0} / callingPid : 24305 / processName : sts
06-17 10:59:23.296 1257 1483 W Looper : Drained
06-17 10:59:23.349 1257 2550 D SamsungAlarmManager: Cancel Alarm calling from uid:10101 pid :32048 / op:PendingIntent{38b876a: PendingIntentRecord{ba7245b com.microsoft.skydrive broadcastIntent}}
06-17 10:59:23.359 1257 3387 D ActivityManager: package com.samsung.android.app.appsedge, user - 0 is SDcard whitelisted
06-17 10:59:23.362 1257 5088 I Telecom:SamsungTelecomServiceImpl: getCallCapablePhoneAccounts - includeDisabledAccounts : false / callingPackage : com.samsung.android.app.telephonyui
06-17 10:59:23.366 1257 2390 I Telecom:SamsungTelecomServiceImpl: getPhoneAccount - PhoneAccountHandle : ComponentInfo{com.android.phone/com.android.services.telephony.TelephonyConnectionService}, ***, UserHandle{0} / callingPid : 24305 / processName : sts
06-17 10:59:23.419 1257 1282 W ActivityManager: Slow operation: 61ms so far, now at startProcess: returned from zygote!
06-17 10:59:23.419 1257 1282 W ActivityManager: Slow operation: 61ms so far, now at startProcess: done updating battery stats
06-17 10:59:23.419 1257 1282 W ActivityManager: Slow operation: 61ms so far, now at startProcess: building log message
06-17 10:59:23.419 1257 1282 I ActivityManager: Start proc 32496:com.samsung.android.app.appsedge/u0a55 for service {com.samsung.android.app.appsedge/com.samsung.android.app.appsedge.edgepanel.EdgeIntentService}
06-17 10:59:23.419 1257 1282 W ActivityManager: Slow operation: 61ms so far, now at startProcess: starting to update pids map
06-17 10:59:23.419 1257 1282 W ActivityManager: Slow operation: 61ms so far, now at startProcess: done updating pids map
06-17 10:59:23.450 1257 1257 W LoadedApk: Slow system_server main thread handled for android.intent.action.PACKAGE_CHANGED took 118 ms, Receiver = com.android.server.appwidget.AppWidgetServiceImpl$1@112a754
06-17 10:59:23.450 1257 1257 W Looper : Slow dispatch took 119ms main h=android.app.ActivityThread$H c=android.app.-$$Lambda$LoadedApk$ReceiverDispatcher$Args$_BumDX2UKsnxLVrE6UJsJZkotuA@84c9f1a m=0
06-17 10:59:23.450 1257 1257 W Looper : Slow system_server main looper dispatch took 119ms h=android.app.ActivityThread$H c=android.app.-$$Lambda$LoadedApk$ReceiverDispatcher$Args$_BumDX2UKsnxLVrE6UJsJZkotuA@84c9f1a m=0
06-17 10:59:23.464 1257 1257 I Telecom : DefaultDialerCache: Refreshing default dialer for user 0: now com.samsung.android.dialer: DDC.oR@Ac4
06-17 10:59:23.464 1257 1257 D CocktailBarManagerServiceContainer: onReceive : android.intent.action.PACKAGE_CHANGED
06-17 10:59:23.466 1257 3387 D SamsungAlarmManager: setInexact Intent (T:3/F:0/AC:false) 20360614T105923 - CU:10215/CP:2832
06-17 10:59:23.467 1257 3387 I SamsungAlarmManager: setLocked to kernel - T:2 / 20260617T110518, SetElapsed=655342, nowELAPSED=299812
06-17 10:59:23.468 1257 3387 I SamsungAlarmManager: setLocked to kernel - T:3 / 20260617T105930, SetElapsed=306890, nowELAPSED=299813
06-17 10:59:23.475 1257 1257 D ActivityManager: package com.samsung.android.app.galaxyfinder, user - 0 is SDcard whitelisted
06-17 10:59:23.497 1257 1483 W Looper : Slow dispatch took 142ms PackageManagerHandlerThread h=android.os.Handler c= m=0
06-17 10:59:23.517 1257 3387 D SettingsProvider: isChangeAllowed() : name = pref_dynamic_plugin_version
06-17 10:59:23.518 1257 3387 D SettingsProvider: edmUri: content://com.sec.knox.provider/RestrictionPolicy3
06-17 10:59:23.518 1257 3387 D SettingsProvider: projectionArgs: isSettingsChangesAllowed
06-17 10:59:23.518 1257 3387 D SettingsProvider: selectionArgs: false
06-17 10:59:23.518 1257 3387 D SettingsProvider: selectionArgs: 10054
06-17 10:59:23.518 1257 3387 D SecContentProvider: called from android.uid.systemui:10054
06-17 10:59:23.518 1257 3387 D RestrictionPolicy: isSettingsChangesAllowedAsUser, userId 0 : true
06-17 10:59:23.518 1257 3387 D SettingsProvider: ret = 1
06-17 10:59:23.519 1257 2550 D SettingsProvider: isChangeAllowed() : name = pref_dynamic_plugin_connected
06-17 10:59:23.519 1257 2550 D SettingsProvider: edmUri: content://com.sec.knox.provider/RestrictionPolicy3
06-17 10:59:23.519 1257 2550 D SettingsProvider: projectionArgs: isSettingsChangesAllowed
06-17 10:59:23.519 1257 2550 D SettingsProvider: selectionArgs: false
06-17 10:59:23.519 1257 2550 D SettingsProvider: selectionArgs: 10054
06-17 10:59:23.520 1257 2550 D SecContentProvider: called from android.uid.systemui:10054
06-17 10:59:23.520 1257 2550 D RestrictionPolicy: isSettingsChangesAllowedAsUser, userId 0 : true
06-17 10:59:23.520 1257 2550 D SettingsProvider: ret = 1
06-17 10:59:23.531 1257 1282 W ActivityManager: Slow operation: 60ms so far, now at startProcess: returned from zygote!
06-17 10:59:23.531 1257 1282 W ActivityManager: Slow operation: 61ms so far, now at startProcess: done updating battery stats
06-17 10:59:23.532 1257 1282 W ActivityManager: Slow operation: 61ms so far, now at startProcess: building log message
06-17 10:59:23.532 1257 1282 I ActivityManager: Start proc 32522:com.samsung.android.app.galaxyfinder:appservice/u0a76 for service {com.samsung.android.app.galaxyfinder/com.samsung.android.app.galaxyfinder.acceleration.AppCoreService}
06-17 10:59:23.532 1257 1282 W ActivityManager: Slow operation: 61ms so far, now at startProcess: starting to update pids map
06-17 10:59:23.532 1257 1282 W ActivityManager: Slow operation: 61ms so far, now at startProcess: done updating pids map
06-17 10:59:23.541 1257 4992 I ActivityManager: DSS OFF for com.samsung.android.app.appsedge
06-17 10:59:23.580 1257 1483 W Looper : Slow delivery took 217ms PackageManagerHandlerThread h=android.os.Handler c= m=0
06-17 10:59:23.619 1257 2550 I ActivityManager: DSS OFF for com.samsung.android.app.galaxyfinder
06-17 10:59:23.663 1257 2550 D SettingsProvider: isChangeAllowed() : name = pref_allowed_number_sgg
06-17 10:59:23.663 1257 2550 D SettingsProvider: edmUri: content://com.sec.knox.provider/RestrictionPolicy3
06-17 10:59:23.663 1257 2550 D SettingsProvider: projectionArgs: isSettingsChangesAllowed
06-17 10:59:23.663 1257 2550 D SettingsProvider: selectionArgs: false
06-17 10:59:23.663 1257 2550 D SettingsProvider: selectionArgs: 10054
06-17 10:59:23.663 1257 2550 D SecContentProvider: called from android.uid.systemui:10054
06-17 10:59:23.664 1257 2550 D RestrictionPolicy: isSettingsChangesAllowedAsUser, userId 0 : true
06-17 10:59:23.664 1257 2550 D SettingsProvider: ret = 1
06-17 10:59:23.667 1257 2550 D SettingsProvider: isChangeAllowed() : name = pref_dynamic_allowed_number
06-17 10:59:23.667 1257 2550 D SettingsProvider: edmUri: content://com.sec.knox.provider/RestrictionPolicy3
06-17 10:59:23.667 1257 2550 D SettingsProvider: projectionArgs: isSettingsChangesAllowed
06-17 10:59:23.667 1257 2550 D SettingsProvider: selectionArgs: false
06-17 10:59:23.667 1257 2550 D SettingsProvider: selectionArgs: 10054
06-17 10:59:23.668 1257 2550 D SecContentProvider: called from android.uid.systemui:10054
06-17 10:59:23.669 1257 2550 D RestrictionPolicy: isSettingsChangesAllowedAsUser, userId 0 : true
06-17 10:59:23.669 1257 2550 D SettingsProvider: ret = 1
06-17 10:59:23.670 1257 1257 V SettingsProvider: Notifying for 0: content://settings/secure/pref_dynamic_allowed_number
06-17 10:59:23.674 1257 4992 D SettingsProvider: isChangeAllowed() : name = plugin_lock_event_dump
06-17 10:59:23.675 1257 4992 D SettingsProvider: edmUri: content://com.sec.knox.provider/RestrictionPolicy3
06-17 10:59:23.675 1257 4992 D SettingsProvider: projectionArgs: isSettingsChangesAllowed
06-17 10:59:23.675 1257 4992 D SettingsProvider: selectionArgs: false
06-17 10:59:23.675 1257 4992 D SettingsProvider: selectionArgs: 10054
06-17 10:59:23.675 1257 4992 D SecContentProvider: called from android.uid.systemui:10054
06-17 10:59:23.675 1257 4992 D RestrictionPolicy: isSettingsChangesAllowedAsUser, userId 0 : true
06-17 10:59:23.675 1257 4992 D SettingsProvider: ret = 1
06-17 10:59:23.681 1257 3387 D SettingsProvider: isChangeAllowed() : name = pref_dynamic_plugin_version
06-17 10:59:23.681 1257 3387 D SettingsProvider: edmUri: content://com.sec.knox.provider/RestrictionPolicy3
06-17 10:59:23.682 1257 3387 D SettingsProvider: projectionArgs: isSettingsChangesAllowed
06-17 10:59:23.682 1257 3387 D SettingsProvider: selectionArgs: false
06-17 10:59:23.682 1257 3387 D SettingsProvider: selectionArgs: 10054
06-17 10:59:23.682 1257 3387 D SecContentProvider: called from android.uid.systemui:10054
06-17 10:59:23.682 1257 1257 V SettingsProvider: Notifying for 0: content://settings/secure/plugin_lock_event_dump
06-17 10:59:23.682 1257 3387 D RestrictionPolicy: isSettingsChangesAllowedAsUser, userId 0 : true
06-17 10:59:23.683 1257 3387 D SettingsProvider: ret = 1
06-17 10:59:23.683 1257 5056 D SettingsProvider: isChangeAllowed() : name = pref_dynamic_plugin_connected
06-17 10:59:23.683 1257 5056 D SettingsProvider: edmUri: content://com.sec.knox.provider/RestrictionPolicy3
06-17 10:59:23.683 1257 5056 D SettingsProvider: projectionArgs: isSettingsChangesAllowed
06-17 10:59:23.683 1257 5056 D SettingsProvider: selectionArgs: false
06-17 10:59:23.684 1257 5056 D SettingsProvider: selectionArgs: 10054
06-17 10:59:23.684 1257 5056 D SecContentProvider: called from android.uid.systemui:10054
06-17 10:59:23.684 1257 5056 D RestrictionPolicy: isSettingsChangesAllowedAsUser, userId 0 : true
06-17 10:59:23.684 1257 5056 D SettingsProvider: ret = 1
06-17 10:59:23.703 1257 5056 D ConnectivityService: listenForNetwork for uid/pid:10134/32386 NetworkRequest [ LISTEN id=272, [ Capabilities: INTERNET&NOT_RESTRICTED&TRUSTED&NOT_VPN&FOREGROUND Uid: 10134] ]
06-17 10:59:23.740 1257 3387 D SettingsProvider: isChangeAllowed() : name = plugin_lock_event_dump
06-17 10:59:23.740 1257 3387 D SettingsProvider: edmUri: content://com.sec.knox.provider/RestrictionPolicy3
06-17 10:59:23.740 1257 3387 D SettingsProvider: projectionArgs: isSettingsChangesAllowed
06-17 10:59:23.740 1257 3387 D SettingsProvider: selectionArgs: false
06-17 10:59:23.740 1257 3387 D SettingsProvider: selectionArgs: 10054
06-17 10:59:23.741 1257 3387 D SecContentProvider: called from android.uid.systemui:10054
06-17 10:59:23.741 1257 3387 D RestrictionPolicy: isSettingsChangesAllowedAsUser, userId 0 : true
06-17 10:59:23.741 1257 3387 D SettingsProvider: ret = 1
06-17 10:59:23.742 1257 1257 V SettingsProvider: Notifying for 0: content://settings/secure/plugin_lock_event_dump
06-17 10:59:23.745 1257 3387 D SettingsProvider: isChangeAllowed() : name = pref_dynamic_plugin_version
06-17 10:59:23.745 1257 3387 D SettingsProvider: edmUri: content://com.sec.knox.provider/RestrictionPolicy3
06-17 10:59:23.745 1257 3387 D SettingsProvider: projectionArgs: isSettingsChangesAllowed
06-17 10:59:23.745 1257 3387 D SettingsProvider: selectionArgs: false
06-17 10:59:23.745 1257 3387 D SettingsProvider: selectionArgs: 10054
06-17 10:59:23.746 1257 3387 D SecContentProvider: called from android.uid.systemui:10054
06-17 10:59:23.746 1257 3387 D RestrictionPolicy: isSettingsChangesAllowedAsUser, userId 0 : true
06-17 10:59:23.746 1257 3387 D SettingsProvider: ret = 1
06-17 10:59:23.747 1257 3387 D SettingsProvider: isChangeAllowed() : name = pref_dynamic_plugin_connected
06-17 10:59:23.747 1257 3387 D SettingsProvider: edmUri: content://com.sec.knox.provider/RestrictionPolicy3
06-17 10:59:23.747 1257 3387 D SettingsProvider: projectionArgs: isSettingsChangesAllowed
06-17 10:59:23.747 1257 3387 D SettingsProvider: selectionArgs: false
06-17 10:59:23.747 1257 3387 D SettingsProvider: selectionArgs: 10054
06-17 10:59:23.747 1257 3387 D SecContentProvider: called from android.uid.systemui:10054
06-17 10:59:23.747 1257 3387 D RestrictionPolicy: isSettingsChangesAllowedAsUser, userId 0 : true
06-17 10:59:23.747 1257 3387 D SettingsProvider: ret = 1
06-17 10:59:23.758 1257 2550 D SettingsProvider: isChangeAllowed() : name = pref_allowed_number_dynamic
06-17 10:59:23.758 1257 2550 D SettingsProvider: edmUri: content://com.sec.knox.provider/RestrictionPolicy3
06-17 10:59:23.758 1257 2550 D SettingsProvider: projectionArgs: isSettingsChangesAllowed
06-17 10:59:23.758 1257 2550 D SettingsProvider: selectionArgs: false
06-17 10:59:23.758 1257 2550 D SettingsProvider: selectionArgs: 10054
06-17 10:59:23.759 1257 2550 D SecContentProvider: called from android.uid.systemui:10054
06-17 10:59:23.759 1257 2550 D RestrictionPolicy: isSettingsChangesAllowedAsUser, userId 0 : true
06-17 10:59:23.759 1257 2550 D SettingsProvider: ret = 1
06-17 10:59:23.769 1257 2550 D SettingsProvider: isChangeAllowed() : name = pref_dynamic_allowed_number
06-17 10:59:23.769 1257 2550 D SettingsProvider: edmUri: content://com.sec.knox.provider/RestrictionPolicy3
06-17 10:59:23.769 1257 2550 D SettingsProvider: projectionArgs: isSettingsChangesAllowed
06-17 10:59:23.769 1257 2550 D SettingsProvider: selectionArgs: false
06-17 10:59:23.769 1257 2550 D SettingsProvider: selectionArgs: 10054
06-17 10:59:23.769 1257 2550 D SecContentProvider: called from android.uid.systemui:10054
06-17 10:59:23.770 1257 2550 D RestrictionPolicy: isSettingsChangesAllowedAsUser, userId 0 : true
06-17 10:59:23.770 1257 2550 D SettingsProvider: ret = 1
06-17 10:59:23.771 1257 1257 V SettingsProvider: Notifying for 0: content://settings/secure/pref_dynamic_allowed_number
06-17 10:59:23.778 1257 2550 D SettingsProvider: isChangeAllowed() : name = plugin_lock_event_dump
06-17 10:59:23.778 1257 2550 D SettingsProvider: edmUri: content://com.sec.knox.provider/RestrictionPolicy3
06-17 10:59:23.778 1257 2550 D SettingsProvider: projectionArgs: isSettingsChangesAllowed
06-17 10:59:23.778 1257 2550 D SettingsProvider: selectionArgs: false
06-17 10:59:23.778 1257 2550 D SettingsProvider: selectionArgs: 10054
06-17 10:59:23.778 1257 2550 D SecContentProvider: called from android.uid.systemui:10054
06-17 10:59:23.779 1257 2550 D RestrictionPolicy: isSettingsChangesAllowedAsUser, userId 0 : true
06-17 10:59:23.779 1257 2550 D SettingsProvider: ret = 1
06-17 10:59:23.781 1257 1257 V SettingsProvider: Notifying for 0: content://settings/secure/plugin_lock_event_dump
06-17 10:59:23.783 1257 2550 D SettingsProvider: isChangeAllowed() : name = lockstar_enabled
06-17 10:59:23.783 1257 2550 D SettingsProvider: edmUri: content://com.sec.knox.provider/RestrictionPolicy3
06-17 10:59:23.783 1257 2550 D SettingsProvider: projectionArgs: isSettingsChangesAllowed
06-17 10:59:23.783 1257 2550 D SettingsProvider: selectionArgs: false
06-17 10:59:23.783 1257 2550 D SettingsProvider: selectionArgs: 10054
06-17 10:59:23.783 1257 2550 D SecContentProvider: called from android.uid.systemui:10054
06-17 10:59:23.784 1257 2550 D RestrictionPolicy: isSettingsChangesAllowedAsUser, userId 0 : true
06-17 10:59:23.784 1257 2550 D SettingsProvider: ret = 1
06-17 10:59:23.795 1257 3387 D AdaptiveDisplaySolutionService: setAutoCurrentLimitState() : true , mADSEnableCondition : true
06-17 10:59:23.795 1257 3387 I AdaptiveDisplaySolutionService: updateAdaptiveControlState() : true
06-17 10:59:23.795 1257 3387 D AdaptiveDisplaySolutionService: [AdaptiveControl]: ACL OFF
06-17 10:59:23.795 1257 3387 V MdnieScenarioControlService: mAutoCurrentLimitOffState : true
06-17 10:59:23.795 1257 3387 D AdaptiveDisplaySolutionService: fileWriteString to /sys/class/lcd/panel/adaptive_control, 1
06-17 10:59:23.798 1257 1455 D WifiP2pService: P2pDisabledState{ when=0 what=143376 target=com.android.internal.util.StateMachine$SmHandler }
06-17 10:59:23.802 1257 3387 D AdaptiveDisplaySolutionService: fileWriteString to /sys/class/lcd/panel/adaptive_control, 0
06-17 10:59:23.805 1257 1455 D WifiP2pService: P2pDisabledState{ when=0 what=139412 obj=Bundle[mParcelledData.dataSize=224] target=com.android.internal.util.StateMachine$SmHandler }
06-17 10:59:23.806 1257 1455 D WifiP2pService: DefaultState{ when=-1ms what=139412 obj=Bundle[mParcelledData.dataSize=224] target=com.android.internal.util.StateMachine$SmHandler }
06-17 10:59:23.806 1257 1455 D WifiP2pService: P2pDisabledState{ when=0 what=139360 obj=Bundle[mParcelledData.dataSize=248] target=com.android.internal.util.StateMachine$SmHandler }
06-17 10:59:23.807 1257 1455 D WifiP2pService: DefaultState{ when=0 what=139360 obj=Bundle[mParcelledData.dataSize=248] target=com.android.internal.util.StateMachine$SmHandler }
06-17 10:59:23.807 1257 1455 D WifiP2pService: add a new client
06-17 10:59:23.822 1257 3387 D SettingsProvider: isChangeAllowed() : name = pref_allowed_number_wallpaper_settings
06-17 10:59:23.822 1257 3387 D SettingsProvider: edmUri: content://com.sec.knox.provider/RestrictionPolicy3
06-17 10:59:23.822 1257 3387 D SettingsProvider: projectionArgs: isSettingsChangesAllowed
06-17 10:59:23.822 1257 3387 D SettingsProvider: selectionArgs: false
06-17 10:59:23.822 1257 3387 D SettingsProvider: selectionArgs: 10054
06-17 10:59:23.823 1257 3387 D SecContentProvider: called from android.uid.systemui:10054
06-17 10:59:23.823 1257 3387 D RestrictionPolicy: isSettingsChangesAllowedAsUser, userId 0 : true
06-17 10:59:23.823 1257 3387 D SettingsProvider: ret = 1
06-17 10:59:23.825 1257 3387 D SettingsProvider: isChangeAllowed() : name = pref_dynamic_allowed_number
06-17 10:59:23.825 1257 3387 D SettingsProvider: edmUri: content://com.sec.knox.provider/RestrictionPolicy3
06-17 10:59:23.825 1257 3387 D SettingsProvider: projectionArgs: isSettingsChangesAllowed
06-17 10:59:23.825 1257 3387 D SettingsProvider: selectionArgs: false
06-17 10:59:23.825 1257 3387 D SettingsProvider: selectionArgs: 10054
06-17 10:59:23.826 1257 3387 D SecContentProvider: called from android.uid.systemui:10054
06-17 10:59:23.826 1257 3387 D RestrictionPolicy: isSettingsChangesAllowedAsUser, userId 0 : true
06-17 10:59:23.826 1257 3387 D SettingsProvider: ret = 1
06-17 10:59:23.828 1257 1257 V SettingsProvider: Notifying for 0: content://settings/secure/pref_dynamic_allowed_number
06-17 10:59:23.837 1257 3387 D CustomFrequencyManagerService: acquireDVFSLockLocked : type : DVFS_MIN_LIMIT frequency : 1354000 uid : 1000 pid : 1257 pkgName : com.samsung.android.app.galaxyfinder@1
06-17 10:59:23.936 1257 4992 D WallpaperManagerService: which : 2, return type : 8 (called by userId= 0)
06-17 10:59:23.965 1257 4992 I chatty : uid=1000(system) Binder:1257_1C identical 1 line
06-17 10:59:23.973 1257 4992 D WallpaperManagerService: which : 2, return type : 8 (called by userId= 0)
06-17 10:59:24.000 1257 2550 D ActivityManager: package com.samsung.android.messaging, user - 0 is SDcard whitelisted
06-17 10:59:24.045 1257 5088 D WallpaperManagerService: which : 2, return type : 8 (called by userId= 0)
06-17 10:59:24.046 1257 1282 I ActivityManager: Start proc 32697:com.samsung.android.messaging/u0a114 for service {com.samsung.android.messaging/com.samsung.android.messaging.externalservice.rcs.RcsExternalService}
06-17 10:59:24.055 1257 1282 W ActivityManager: Slow operation: 56ms so far, now at startProcess: done updating pids map
06-17 10:59:24.060 1257 5056 D WallpaperManagerService: which : 2, return type : 8 (called by userId= 0)
06-17 10:59:24.068 1257 3387 D WallpaperManagerService: which : 2, return type : 8 (called by userId= 0)
06-17 10:59:24.102 1257 2550 I ActivityManager: DSS OFF for com.samsung.android.messaging
06-17 10:59:24.103 1257 5056 D WallpaperManagerService: which : 2, return type : 8 (called by userId= 0)
06-17 10:59:24.112 1257 3387 D WallpaperManagerService: which : 2, return type : 8 (called by userId= 0)
06-17 10:59:24.145 1257 2390 D WallpaperManagerService: which : 2, return type : 8 (called by userId= 0)
06-17 10:59:24.146 1257 1612 D ActivityManager: package com.samsung.android.app.reminder, user - 0 is SDcard whitelisted
06-17 10:59:24.157 1257 3389 D WallpaperManagerService: which : 2, return type : 8 (called by userId= 0)
06-17 10:59:24.202 1257 3393 D WallpaperManagerService: which : 2, return type : 8 (called by userId= 0)
06-17 10:59:24.206 1257 2550 D WallpaperManagerService: which : 2, return type : 8 (called by userId= 0)
06-17 10:59:24.223 1257 3393 D WallpaperManagerService: which : 2, return type : 8 (called by userId= 0)
06-17 10:59:24.228 1257 5056 D WallpaperManagerService: which : 2, return type : 8 (called by userId= 0)
06-17 10:59:24.233 1257 1612 I Telecom:SamsungTelecomServiceImpl: isInCall - callingPackage : com.android.systemui
06-17 10:59:24.243 1257 4992 D PowerManagerService: [api] userActivity : event: 0 flags: 0 (uid: 10054 pid: 32078) eventTime = 300588
06-17 10:59:24.251 1257 2550 V WindowManager: performShow on Window{86f4ce7 u0 com.android.systemui.ImageWallpaper}: mDrawState=READY_TO_SHOW readyForDisplay=false starting=false during animation: policyVis=true parentHidden=false tok.hiddenRequested=false tok.hidden=false animating=false tok animating=false Callers=com.android.server.wm.WindowState.performShowLocked:4719 com.android.server.wm.WindowStateAnimator.commitFinishDrawingLocked:401 com.android.server.wm.DisplayContent.lambda$new$8$DisplayContent:990 com.android.server.wm.-$$Lambda$DisplayContent$qxt4izS31fb0LF2uo_OF9DMa7gc.accept:4
06-17 10:59:24.254 1257 2550 I WindowManager: Reparenting to leash, surface=Surface(name=86f4ce7 com.android.systemui.ImageWallpaper)/@0xf4cb7b
06-17 10:59:24.259 1257 2550 D WindowManager: makeSurface duration=5 leash=Surface(name=Surface(name=86f4ce7 com.android.systemui.ImageWallpaper)/@0xf4cb7b - animation-leash)/@0x49559d6
06-17 10:59:24.277 1257 2550 D CustomFrequencyManagerService: FrequencyrequestList.getNextSchedTuneBoostRequest, index: 1
06-17 10:59:24.281 1257 2550 D SettingsProvider: isChangeAllowed() : name = friends_plugin_version
06-17 10:59:24.281 1257 2550 D SettingsProvider: edmUri: content://com.sec.knox.provider/RestrictionPolicy3
06-17 10:59:24.281 1257 2550 D SettingsProvider: projectionArgs: isSettingsChangesAllowed
06-17 10:59:24.281 1257 2550 D SettingsProvider: selectionArgs: false
06-17 10:59:24.281 1257 2550 D SettingsProvider: selectionArgs: 10054
06-17 10:59:24.282 1257 2550 D SecContentProvider: called from android.uid.systemui:10054
06-17 10:59:24.282 1257 2550 D RestrictionPolicy: isSettingsChangesAllowedAsUser, userId 0 : true
06-17 10:59:24.282 1257 2550 D SettingsProvider: ret = 1
06-17 10:59:24.283 1257 2550 D SettingsProvider: isChangeAllowed() : name = friends_plugin_connected
06-17 10:59:24.283 1257 2550 D SettingsProvider: edmUri: content://com.sec.knox.provider/RestrictionPolicy3
06-17 10:59:24.283 1257 2550 D SettingsProvider: projectionArgs: isSettingsChangesAllowed
06-17 10:59:24.283 1257 2550 D SettingsProvider: selectionArgs: false
06-17 10:59:24.283 1257 2550 D SettingsProvider: selectionArgs: 10054
06-17 10:59:24.284 1257 2550 D SecContentProvider: called from android.uid.systemui:10054
06-17 10:59:24.284 1257 2550 D RestrictionPolicy: isSettingsChangesAllowedAsUser, userId 0 : true
06-17 10:59:24.285 1257 2550 D SettingsProvider: ret = 1
06-17 10:59:24.289 1257 1282 W ActivityManager: Slow operation: 144ms so far, now at startProcess: returned from zygote!
06-17 10:59:24.290 1257 1282 W ActivityManager: Slow operation: 145ms so far, now at startProcess: done updating battery stats
06-17 10:59:24.290 1257 1282 W ActivityManager: Slow operation: 145ms so far, now at startProcess: building log message
06-17 10:59:24.290 1257 1282 I ActivityManager: Start proc 32758:com.samsung.android.app.reminder/u0a198 for service {com.samsung.android.app.reminder/com.samsung.android.app.reminder.data.sync.CloudConnectionService}
06-17 10:59:24.291 1257 1282 W ActivityManager: Slow operation: 146ms so far, now at startProcess: starting to update pids map
06-17 10:59:24.292 1257 1282 W ActivityManager: Slow operation: 147ms so far, now at startProcess: done updating pids map
06-17 10:59:24.333 1257 4992 D SettingsProvider: isChangeAllowed() : name = friends_plugin_allowed_number
06-17 10:59:24.333 1257 4992 D SettingsProvider: edmUri: content://com.sec.knox.provider/RestrictionPolicy3
06-17 10:59:24.333 1257 4992 D SettingsProvider: projectionArgs: isSettingsChangesAllowed
06-17 10:59:24.333 1257 4992 D SettingsProvider: selectionArgs: false
06-17 10:59:24.333 1257 4992 D SettingsProvider: selectionArgs: 10054
06-17 10:59:24.333 1257 4992 D SecContentProvider: called from android.uid.systemui:10054
06-17 10:59:24.333 1257 4992 D RestrictionPolicy: isSettingsChangesAllowedAsUser, userId 0 : true
06-17 10:59:24.333 1257 4992 D SettingsProvider: ret = 1
06-17 10:59:24.333 1257 2390 D SettingsProvider: isChangeAllowed() : name = plugin_lock_event_dump
06-17 10:59:24.333 1257 2390 D SettingsProvider: edmUri: content://com.sec.knox.provider/RestrictionPolicy3
06-17 10:59:24.334 1257 2390 D SettingsProvider: projectionArgs: isSettingsChangesAllowed
06-17 10:59:24.334 1257 2390 D SettingsProvider: selectionArgs: false
06-17 10:59:24.334 1257 2390 D SettingsProvider: selectionArgs: 10054
06-17 10:59:24.334 1257 2390 D SecContentProvider: called from android.uid.systemui:10054
06-17 10:59:24.334 1257 2390 D RestrictionPolicy: isSettingsChangesAllowedAsUser, userId 0 : true
06-17 10:59:24.334 1257 2390 D SettingsProvider: ret = 1
06-17 10:59:24.336 1257 1257 V SettingsProvider: Notifying for 0: content://settings/secure/plugin_lock_event_dump
06-17 10:59:24.346 1257 5088 D WallpaperManagerService: which : 2, return type : 8 (called by userId= 0)
06-17 10:59:24.364 1257 5056 I ActivityManager: DSS OFF for com.samsung.android.app.reminder
06-17 10:59:24.423 1257 2550 D StatusBarManagerService: notifyRequestedSystemKey recent=false home=false
06-17 10:59:24.427 1257 1275 D PowerManagerService: [api] setUserActivityTimeoutOverrideFromWindowManagerInternal: timeoutMillis: 5000
06-17 10:59:24.427 1257 1275 D PowerManagerService: getScreenOffTimeoutLocked: 30000 -> 5000
06-17 10:59:24.428 1257 1275 D PowerManagerService: [api] setScreenDimDurationOverrideFromWindowManagerInternal: timeoutMillis: 0
06-17 10:59:24.557 1257 5088 D ConnectivityService: requestNetwork for uid/pid:10101/32048 NetworkRequest [ TRACK_DEFAULT id=273, [ Capabilities: INTERNET&NOT_RESTRICTED&TRUSTED Uid: 10101] ]
06-17 10:59:24.559 1257 1466 D ConnectivityService: sending new Min Network Score(0): NetworkRequest [ TRACK_DEFAULT id=273, [ Capabilities: INTERNET&NOT_RESTRICTED&TRUSTED Uid: 10101] ]
06-17 10:59:24.567 1257 1542 W ContextImpl: Calling a method in the system process without a qualified user: android.app.ContextImpl.sendBroadcast:1088 com.samsung.android.codecsolution.Logging.insertDiagmonLog:79 com.samsung.android.codecsolution.Logging.insertLog:53 com.samsung.android.codecsolution.Logging.insertLog:45 com.samsung.android.codecsolution.CodecSolutionManagerService$1.handleMessage:250
06-17 10:59:24.590 1257 1906 I WindowManager: Reparenting to leash, surface=Surface(name=9cbd7b9 NavigationBar0)/@0x31eda69
06-17 10:59:24.591 1257 1906 D WindowManager: makeSurface duration=1 leash=Surface(name=Surface(name=9cbd7b9 NavigationBar0)/@0x31eda69 - animation-leash)/@0x7180017
06-17 10:59:24.596 1257 5056 D CustomFrequencyManagerService: FrequencyrequestList.getNextSchedTuneBoostRequest, index: 1
06-17 10:59:24.612 1257 2550 V WifiDisplayAdapter: getWifiDisplayStatusLocked: result=WifiDisplayStatus{featureState=0, scanState=0, activeDisplayState=0, activeDisplay=null, displays=[], sessionInfo=WifiDisplaySessionInfo:
06-17 10:59:24.612 1257 2550 V WifiDisplayAdapter: Client/Owner: Client
06-17 10:59:24.612 1257 2550 V WifiDisplayAdapter: GroupId:
06-17 10:59:24.612 1257 2550 V WifiDisplayAdapter: Passphrase:
06-17 10:59:24.612 1257 2550 V WifiDisplayAdapter: SessionId: 0
06-17 10:59:24.612 1257 2550 V WifiDisplayAdapter: IP Address: , connectedState=-1}
06-17 10:59:24.620 1257 3387 D ActivityManager: package com.samsung.android.mdx.kit, user - 0 is SDcard whitelisted
06-17 10:59:24.625 1257 3387 W ActivityManager: wait for provider publish: waiters=1 callerApp=ProcessRecord{cf0a8ab 24642:com.samsung.android.app.sharelive/5026} cpr=ContentProviderRecord{83ef5a5 u0 com.samsung.android.mdx.kit/.provider.CapabilityContentProvider}
06-17 10:59:24.637 1257 2390 V WifiDisplayAdapter: getWifiDisplayStatusLocked: result=WifiDisplayStatus{featureState=0, scanState=0, activeDisplayState=0, activeDisplay=null, displays=[], sessionInfo=WifiDisplaySessionInfo:
06-17 10:59:24.637 1257 2390 V WifiDisplayAdapter: Client/Owner: Client
06-17 10:59:24.637 1257 2390 V WifiDisplayAdapter: GroupId:
06-17 10:59:24.637 1257 2390 V WifiDisplayAdapter: Passphrase:
06-17 10:59:24.637 1257 2390 V WifiDisplayAdapter: SessionId: 0
06-17 10:59:24.637 1257 2390 V WifiDisplayAdapter: IP Address: , connectedState=-1}
06-17 10:59:24.638 1257 5056 I Telecom:SamsungTelecomServiceImpl: isInCall - callingPackage : com.android.systemui
06-17 10:59:24.661 1257 5088 I Telecom:SamsungTelecomServiceImpl: getCallState - callingPid : 24823 / processName : sts
06-17 10:59:24.672 29956 29956 E ActivityThread: Failed to find provider info for com.samsung.android.knox.sdk
06-17 10:59:24.693 1257 1282 W ActivityManager: Slow operation: 75ms so far, now at startProcess: returned from zygote!
06-17 10:59:24.705 1257 1282 W ActivityManager: Slow operation: 86ms so far, now at startProcess: done updating battery stats
06-17 10:59:24.705 1257 1282 W ActivityManager: Slow operation: 86ms so far, now at startProcess: building log message
06-17 10:59:24.705 1257 1282 I ActivityManager: Start proc 581:com.samsung.android.mdx.kit/5025 for content provider {com.samsung.android.mdx.kit/com.samsung.android.mdx.kit.provider.CapabilityContentProvider}
06-17 10:59:24.705 1257 1282 W ActivityManager: Slow operation: 86ms so far, now at startProcess: starting to update pids map
06-17 10:59:24.705 1257 1282 W ActivityManager: Slow operation: 87ms so far, now at startProcess: done updating pids map
06-17 10:59:24.765 1257 1269 I ActivityManager: DSS OFF for com.samsung.android.mdx.kit
06-17 10:59:24.778 1257 1276 I WindowManager: Reparenting to original parent: Surface(name=WallpaperWindowToken{18297f8 token=android.os.Binder@248a855})/@0x4613058, destroyLeash=true, surface=Surface(name=86f4ce7 com.android.systemui.ImageWallpaper)/@0xf4cb7b
06-17 10:59:24.809 1257 1276 I WindowManager: Reparenting to original parent: Surface(name=WindowToken{b9b9580 android.os.BinderProxy@316d2b2})/@0x500f095, destroyLeash=true, surface=Surface(name=9cbd7b9 NavigationBar0)/@0x31eda69
06-17 10:59:24.815 1257 1276 I WindowManager: Destroying surface Surface(name=NavigationBar0$_32078)/@0x1bc2a85 called by com.android.server.wm.WindowStateAnimator.destroySurface:1790 com.android.server.wm.WindowStateAnimator.destroySurfaceLocked:720 com.android.server.wm.WindowState.destroySurfaceUnchecked:3534 com.android.server.wm.RootWindowContainer.performSurfacePlacementNoTrace:817 com.android.server.wm.RootWindowContainer.performSurfacePlacement:669 com.android.server.wm.WindowSurfacePlacer.performSurfacePlacementLoop:180 com.android.server.wm.WindowSurfacePlacer.performSurfacePlacement:111 com.android.server.wm.WindowSurfacePlacer.performSurfacePlacement:99
06-17 10:59:24.835 1257 1904 D WallpaperManagerService: which : 2, return type : 8 (called by userId= 0)
06-17 10:59:24.861 1257 2459 D BatteryService: Sending ACTION_BATTERY_CHANGED. scale:100, info:{.chargerAcOnline = false, .chargerUsbOnline = true, .chargerWirelessOnline = false, .maxChargingCurrent = 0, .maxChargingVoltage = 0, .batteryStatus = CHARGING, .batteryHealth = GOOD, .batteryPresent = true, .batteryLevel = 48, .batteryVoltage = 3791, .batteryTemperature = 335, .batteryCurrent = 0, .batteryCycleCount = 0, .batteryFullCharge = 5000000, .batteryChargeCounter = 2440000, .batteryTechnology = Li-ion}
06-17 10:59:24.861 1257 2459 D BatteryService: online:4, current avg:-191, charge type:1, POGO powered:false, power sharing:false, high voltage charger:false, charger_type:0, capacity:280000, misc_event:65536, current_event:0, current_now:-218
06-17 10:59:24.865 1257 1257 D UsbDeviceManager: received ACTION_BATTERY_CHANGED
06-17 10:59:24.867 1257 1906 I Telecom:SamsungTelecomServiceImpl: isInCall - callingPackage : com.android.systemui
06-17 10:59:24.872 1257 1272 D UsbDeviceManager: handleMessage -> MSG_UPDATE_CHARGING_STATE: mUsbCharging=true
06-17 10:59:24.920 1257 1257 D GameManagerService: com.samsung.keyguard.KEYGUARD_STATE. check for pause
06-17 10:59:24.920 1257 1540 D GameManagerService: sendPauseConditionally()
06-17 10:59:25.165 3346 3346 D SDHMS:eb.h: VideoPlayListener mIsVideoPlay : true
06-17 10:59:25.375 1257 1906 D CustomFrequencyManagerService: releaseDVFSLockLocked : Getting Lock type frm List : DVFS_MIN_LIMIT frequency : 1354000 uid : 1000 pid : 1257 tag : com.samsung.android.app.galaxyfinder@1
06-17 10:59:25.498 1257 3387 D ConnectivityService: requestNetwork for uid/pid:10271/32268 NetworkRequest [ TRACK_DEFAULT id=274, [ Capabilities: INTERNET&NOT_RESTRICTED&TRUSTED Uid: 10271] ]
06-17 10:59:25.498 1257 1466 D ConnectivityService: sending new Min Network Score(0): NetworkRequest [ TRACK_DEFAULT id=274, [ Capabilities: INTERNET&NOT_RESTRICTED&TRUSTED Uid: 10271] ]
06-17 10:59:25.608 1257 1257 W Looper : Slow dispatch took 180ms main h=com.android.server.notification.NotificationManagerService$WorkerHandler c=com.android.server.notification.NotificationManagerService$18@fb5d6fd m=0
06-17 10:59:25.610 1257 1257 W Looper : Slow system_server main looper dispatch took 180ms h=com.android.server.notification.NotificationManagerService$WorkerHandler c=com.android.server.notification.NotificationManagerService$18@fb5d6fd m=0
06-17 10:59:25.644 1257 1274 D SettingsProvider: isChangeAllowed() : name = enabled_notification_listeners
06-17 10:59:25.645 1257 1274 D SettingsProvider: isChangeAllowed() : name = enabled_notification_assistant
06-17 10:59:25.645 1257 1274 D SettingsProvider: isChangeAllowed() : name = enabled_notification_policy_access_packages
06-17 10:59:26.085 2568 2568 D io_stats: !@ 179,0 r 932501 21144553 w 20599 441776 d 11940 300984 f 19870 24751 iot 207632 212933 th 51200 0 0 pt 0 inp 1 5 302.430
06-17 10:59:26.264 3346 3494 E SDHMS:ib.qa: e = /sys/class/lcd/panel/vrr: open failed: ENOENT (No such file or directory)
06-17 10:59:26.545 1257 3387 D ConnectivityService: listenForNetwork for uid/pid:10271/32268 NetworkRequest [ LISTEN id=275, [ Capabilities: INTERNET&NOT_RESTRICTED&TRUSTED&NOT_VPN Uid: 10271] ]
06-17 10:59:26.570 1257 1257 D CustomFrequencyManagerService: acquireDVFSLockLocked : type : DVFS_MIN_LIMIT frequency : 1295000 uid : 1000 pid : 1257 pkgName : LISTVIEW_SCROLL@CPU_MIN@52
06-17 10:59:26.608 1257 1269 D ActivityManager: package com.facebook.services, user - 0 is SDcard whitelisted
06-17 10:59:26.627 1257 1282 I ActivityManager: Start proc 1195:com.facebook.services/u0a73 for service {com.facebook.services/com.facebook.oxygen.services.fbns.PreloadedFbnsService}
06-17 10:59:26.631 3346 3751 D SDHMS:com.sec.android.sdhms.thermal.siop.y: SIOP:: AP:525(521,0) BAT:335(335,0) CHG:493(493,0) USB:0(0,0) WIFI:377(430,50) PA:396(445,50) BLK:0(0,0) LRP:440(440,0) LRF:417(417) LRB:440(440)
06-17 10:59:26.667 1257 3393 I ActivityManager: DSS OFF for com.facebook.services
06-17 10:59:26.902 1257 3393 I SamsungAlarmManager: setLocked to kernel - T:2 / 20260617T110715, SetElapsed=771738, nowELAPSED=303247
06-17 10:59:26.903 1257 3393 I SamsungAlarmManager: setLocked to kernel - T:3 / 20260617T105930, SetElapsed=306890, nowELAPSED=303248
06-17 10:59:26.904 1257 3393 D SamsungAlarmManager: setInexact Intent (T:2/F:0/AC:false) 20260617T110426 - CU:10271/CP:32268
06-17 10:59:26.904 1257 3393 I SamsungAlarmManager: setLocked to kernel - T:2 / 20260617T110518, SetElapsed=655342, nowELAPSED=303249
06-17 10:59:26.904 1257 3393 I SamsungAlarmManager: setLocked to kernel - T:3 / 20260617T105930, SetElapsed=306890, nowELAPSED=303249
06-17 10:59:27.028 1257 1274 D SettingsProvider: isChangeAllowed() : name = enabled_notification_listeners
06-17 10:59:27.028 1257 1274 D SettingsProvider: isChangeAllowed() : name = enabled_notification_assistant
06-17 10:59:27.028 1257 1274 D SettingsProvider: isChangeAllowed() : name = enabled_notification_policy_access_packages
06-17 10:59:27.050 1257 1274 D SettingsProvider: isChangeAllowed() : name = enabled_notification_listeners
06-17 10:59:27.051 1257 1274 D SettingsProvider: isChangeAllowed() : name = enabled_notification_assistant
06-17 10:59:27.051 1257 1274 D SettingsProvider: isChangeAllowed() : name = enabled_notification_policy_access_packages
06-17 10:59:27.158 1257 1274 D SettingsProvider: isChangeAllowed() : name = enabled_notification_listeners
06-17 10:59:27.159 1257 1274 D SettingsProvider: isChangeAllowed() : name = enabled_notification_assistant
06-17 10:59:27.159 1257 1274 D SettingsProvider: isChangeAllowed() : name = enabled_notification_policy_access_packages
06-17 10:59:27.783 32078 662 D SystemUIService: Starting getMemoryInfo in MemoryInfoReporter thread.
06-17 10:59:27.784 32078 1318 D SystemUIService: - Memory Information -
06-17 10:59:27.791 1257 1269 D SettingsProvider: isChangeAllowed() : name = all_splugin_disabled
06-17 10:59:27.791 1257 1269 D SettingsProvider: edmUri: content://com.sec.knox.provider/RestrictionPolicy3
06-17 10:59:27.791 1257 1269 D SettingsProvider: projectionArgs: isSettingsChangesAllowed
06-17 10:59:27.791 1257 1269 D SettingsProvider: selectionArgs: false
06-17 10:59:27.791 1257 1269 D SettingsProvider: selectionArgs: 10054
06-17 10:59:27.792 1257 1269 D SecContentProvider: called from android.uid.systemui:10054
06-17 10:59:27.792 1257 1269 D RestrictionPolicy: isSettingsChangesAllowedAsUser, userId 0 : true
06-17 10:59:27.792 1257 1269 D SettingsProvider: ret = 1
06-17 10:59:27.794 32078 662 E AndroidRuntime: FATAL EXCEPTION: AsyncTask #10
06-17 10:59:27.794 32078 662 E AndroidRuntime: Process: com.android.systemui, PID: 32078
06-17 10:59:27.794 32078 662 E AndroidRuntime: java.lang.RuntimeException: An error occurred while executing doInBackground()
06-17 10:59:27.794 32078 662 E AndroidRuntime: at android.os.AsyncTask$4.done(AsyncTask.java:399)
06-17 10:59:27.794 32078 662 E AndroidRuntime: at java.util.concurrent.FutureTask.finishCompletion(FutureTask.java:383)
06-17 10:59:27.794 32078 662 E AndroidRuntime: at java.util.concurrent.FutureTask.setException(FutureTask.java:252)
06-17 10:59:27.794 32078 662 E AndroidRuntime: at java.util.concurrent.FutureTask.run(FutureTask.java:271)
06-17 10:59:27.794 32078 662 E AndroidRuntime: at java.util.concurrent.ThreadPoolExecutor.runWorker(ThreadPoolExecutor.java:1167)
06-17 10:59:27.794 32078 662 E AndroidRuntime: at java.util.concurrent.ThreadPoolExecutor$Worker.run(ThreadPoolExecutor.java:641)
06-17 10:59:27.794 32078 662 E AndroidRuntime: at java.lang.Thread.run(Thread.java:919)
06-17 10:59:27.794 32078 662 E AndroidRuntime: Caused by: java.lang.NullPointerException: Attempt to invoke virtual method 'void java.io.InputStream.close()' on a null object reference
06-17 10:59:27.794 32078 662 E AndroidRuntime: at com.android.internal.widget.LocalImageResolver.getBoundsOptionsForImage(LocalImageResolver.java:67)
